000
CDUS46 KSEW 250841
CLIBLI


CLIMATE REPORT
NATIONAL WEATHER SERVICE SEATTLE WA
1240 AM PST SAT FEB 25 2017


...................................

...THE BELLINGHAM WA AIRPORT CLIMATE SUMMARY FOR FEBRUARY 24 2017...

CLIMATE NORMAL PERIOD 1981 TO 2010
CLIMATE RECORD PERIOD 1949 TO 2017


WEATHER ITEM   OBSERVED TIME   RECORD YEAR NORMAL DEPARTURE LAST
                VALUE   (LST)  VALUE       VALUE  FROM      YEAR
                                                  NORMAL
..................................................................
TEMPERATURE (F)
 YESTERDAY
  MAXIMUM         45    444 PM  61    1986  49     -4       59
  MINIMUM         29   1159 PM  20    2011  34     -5       38
  AVERAGE         37                        41     -4       49

PRECIPITATION (IN)
  YESTERDAY        0.14          1.03 1986   0.10   0.04     0.00
  MONTH TO DATE    3.84                      2.61   1.23     5.33
  SINCE OCT 1     24.63                     20.98   3.65    22.51
  SINCE JAN 1      5.51                      7.28  -1.77     8.44

DEGREE DAYS
 HEATING
  YESTERDAY       28                        24      4       16
  MONTH TO DATE  620                       587     33      462
  SINCE DEC 1   2477                      2221    256     1900

 COOLING
  YESTERDAY        0                         0      0        0
  MONTH TO DATE    0                         0      0        0
  SINCE DEC 1      0                         0      0        0
  SINCE JAN 1      0                         0      0        0
..................................................................


WIND (MPH)
  RESULTANT WIND SPEED   1   RESULTANT WIND DIRECTION   E (90)
  HIGHEST WIND SPEED    10   HIGHEST WIND DIRECTION    SE (150)
  HIGHEST GUST SPEED    17   HIGHEST GUST DIRECTION    SW (210)
  AVERAGE WIND SPEED     2.7


SKY COVER
  AVERAGE SKY COVER 0.6


WEATHER CONDITIONS
 THE FOLLOWING WEATHER WAS RECORDED YESTERDAY.
  RAIN
  LIGHT RAIN
  LIGHT SNOW
  FOG


RELATIVE HUMIDITY (PERCENT)
 HIGHEST   100           700 AM
 LOWEST     53           500 PM
 AVERAGE    77

..........................................................


THE BELLINGHAM WA AIRPORT CLIMATE NORMALS FOR TODAY
                         NORMAL    RECORD    YEAR
 MAXIMUM TEMPERATURE (F)   49        62      1992
 MINIMUM TEMPERATURE (F)   34        16      2011


SUNRISE AND SUNSET
FEBRUARY 25 2017......SUNRISE   659 AM PST   SUNSET   548 PM PST
FEBRUARY 26 2017......SUNRISE   657 AM PST   SUNSET   550 PM PST


-  INDICATES NEGATIVE NUMBERS.
R  INDICATES RECORD WAS SET OR TIED.
MM INDICATES DATA IS MISSING.
T  INDICATES TRACE AMOUNT.




$$
