000
CDUS46 KSEW 300828
CLIBLI


CLIMATE REPORT
NATIONAL WEATHER SERVICE SEATTLE WA
1228 AM PST FRI JAN 30 2015


...................................

...THE BELLINGHAM WA AIRPORT CLIMATE SUMMARY FOR JANUARY 29 2015...

CLIMATE NORMAL PERIOD 1981 TO 2010
CLIMATE RECORD PERIOD 1949 TO 2015


WEATHER ITEM   OBSERVED TIME   RECORD YEAR NORMAL DEPARTURE LAST
                VALUE   (LST)  VALUE       VALUE  FROM      YEAR
                                                  NORMAL
..................................................................
TEMPERATURE (F)
 YESTERDAY
  MAXIMUM         53    316 PM  62    1992  47      6       45
  MINIMUM         34   1155 PM  -2    1950  33      1       36
  AVERAGE         44                        40      4       41

PRECIPITATION (IN)
  YESTERDAY        0.00          0.82 1960   0.14  -0.14     0.47
  MONTH TO DATE    5.47                      4.39   1.08     2.73
  SINCE OCT 1     20.20                     18.09   2.11    13.04
  SINCE JAN 1      5.47                      4.39   1.08     2.73

DEGREE DAYS
 HEATING
  YESTERDAY       21                        25     -4       24
  MONTH TO DATE  645                       748   -103      688
  SINCE DEC 1   1340                      1582   -242     1580

 COOLING
  YESTERDAY        0                         0      0        0
  MONTH TO DATE    0                         0      0        0
  SINCE DEC 1      0                         0      0        0
  SINCE JAN 1      0                         0      0        0
..................................................................


WIND (MPH)
  RESULTANT WIND SPEED   4   RESULTANT WIND DIRECTION   N (360)
  HIGHEST WIND SPEED     9   HIGHEST WIND DIRECTION     N (360)
  HIGHEST GUST SPEED    14   HIGHEST GUST DIRECTION     N (350)
  AVERAGE WIND SPEED     3.9


SKY COVER
  AVERAGE SKY COVER 0.3


WEATHER CONDITIONS
 THE FOLLOWING WEATHER WAS RECORDED YESTERDAY.
  FOG


RELATIVE HUMIDITY (PERCENT)
 HIGHEST    96           300 AM
 LOWEST     54           200 PM
 AVERAGE    75

..........................................................


THE BELLINGHAM WA AIRPORT CLIMATE NORMALS FOR TODAY
                         NORMAL    RECORD    YEAR
 MAXIMUM TEMPERATURE (F)   47        60      1992
 MINIMUM TEMPERATURE (F)   33         9      1950


SUNRISE AND SUNSET
JANUARY 30 2015.......SUNRISE   743 AM PST   SUNSET   505 PM PST
JANUARY 31 2015.......SUNRISE   741 AM PST   SUNSET   506 PM PST


-  INDICATES NEGATIVE NUMBERS.
R  INDICATES RECORD WAS SET OR TIED.
MM INDICATES DATA IS MISSING.
T  INDICATES TRACE AMOUNT.




$$
