000
CDUS46 KSEW 260829
CLIBLI


CLIMATE REPORT
NATIONAL WEATHER SERVICE SEATTLE WA
1228 AM PST WED NOV 26 2014


...................................

...THE BELLINGHAM WA AIRPORT CLIMATE SUMMARY FOR NOVEMBER 25 2014...

CLIMATE NORMAL PERIOD 1981 TO 2010
CLIMATE RECORD PERIOD 1949 TO 2014


WEATHER ITEM   OBSERVED TIME   RECORD YEAR NORMAL DEPARTURE LAST
                VALUE   (LST)  VALUE       VALUE  FROM      YEAR
                                                  NORMAL
..................................................................
TEMPERATURE (F)
 YESTERDAY
  MAXIMUM         47    420 AM  60    1949  47      0       52
  MINIMUM         41   1159 PM  15    1993  35      6       29
  AVERAGE         44                        41      3       41

PRECIPITATION (IN)
  YESTERDAY        1.06          1.16 1977   0.19   0.87     0.00
  MONTH TO DATE    3.41                      4.88  -1.47     4.37
  SINCE OCT 1      8.98                      8.56   0.42     6.54
  SINCE JAN 1     31.07                     30.69   0.38    27.04

DEGREE DAYS
 HEATING
  YESTERDAY       21                        24     -3       24
  MONTH TO DATE  500                       530    -30      530
  SINCE SEP 1    873                      1237   -364     1162

 COOLING
  YESTERDAY        0                         0      0        0
  MONTH TO DATE    0                         0      0        0
  SINCE SEP 1      2                         2      0        6
  SINCE JAN 1    117                        42     75       95
..................................................................


WIND (MPH)
  RESULTANT WIND SPEED   4   RESULTANT WIND DIRECTION   N (10)
  HIGHEST WIND SPEED    12   HIGHEST WIND DIRECTION     N (10)
  HIGHEST GUST SPEED    16   HIGHEST GUST DIRECTION    NE (30)
  AVERAGE WIND SPEED     3.9


SKY COVER
  AVERAGE SKY COVER 1.0


WEATHER CONDITIONS
 THE FOLLOWING WEATHER WAS RECORDED YESTERDAY.
  RAIN
  LIGHT RAIN
  FOG


RELATIVE HUMIDITY (PERCENT)
 HIGHEST    96           500 PM
 LOWEST     86          1200 AM
 AVERAGE    91

..........................................................


THE BELLINGHAM WA AIRPORT CLIMATE NORMALS FOR TODAY
                         NORMAL    RECORD    YEAR
 MAXIMUM TEMPERATURE (F)   47        66      1950
 MINIMUM TEMPERATURE (F)   35         9      1985


SUNRISE AND SUNSET
NOVEMBER 26 2014......SUNRISE   735 AM PST   SUNSET   419 PM PST
NOVEMBER 27 2014......SUNRISE   737 AM PST   SUNSET   418 PM PST


-  INDICATES NEGATIVE NUMBERS.
R  INDICATES RECORD WAS SET OR TIED.
MM INDICATES DATA IS MISSING.
T  INDICATES TRACE AMOUNT.




$$
