000
CDUS46 KSEW 030121
CLIBLI


CLIMATE REPORT
NATIONAL WEATHER SERVICE SEATTLE WA
620 PM PDT MON MAY 2 2016


...................................

...THE BELLINGHAM WA AIRPORT CLIMATE SUMMARY FOR MAY 2 2016...
VALID TODAY AS OF 0600 PM LOCAL TIME.

CLIMATE NORMAL PERIOD 1981 TO 2010
CLIMATE RECORD PERIOD 1949 TO 2016


WEATHER ITEM   OBSERVED TIME   RECORD YEAR NORMAL DEPARTURE LAST
                VALUE   (LST)  VALUE       VALUE  FROM      YEAR
                                                  NORMAL
..................................................................
TEMPERATURE (F)
 TODAY
  MAXIMUM         86R   327 PM  73    1991  60     26       61
  MINIMUM         45    445 AM  33    2006  43      2       42
  AVERAGE         66                        51     15       52

PRECIPITATION (IN)
  TODAY            0.00          0.53 2010   0.08  -0.08     0.00
  MONTH TO DATE    0.00                      0.16  -0.16     0.00
  SINCE OCT 1     29.01                     27.46   1.55    28.70
  SINCE JAN 1     14.94                     13.76   1.18    13.97

DEGREE DAYS
 HEATING
  TODAY            0                        14    -14       13
  MONTH TO DATE    9                        28    -19       25
  SINCE MAR 1    829                      1169   -340     1000

 COOLING
  TODAY            1                         0      1        0
  MONTH TO DATE    1                         0      1        0
  SINCE MAR 1      1                         0      1        0
  SINCE JAN 1      1                         0      1        0
..................................................................


WIND (MPH)
  RESULTANT WIND SPEED   2   RESULTANT WIND DIRECTION   N (10)
  HIGHEST WIND SPEED    10   HIGHEST WIND DIRECTION    NE (30)
  HIGHEST GUST SPEED    13   HIGHEST GUST DIRECTION     N (20)
  AVERAGE WIND SPEED     2.8


SKY COVER
  AVERAGE SKY COVER 0.0


WEATHER CONDITIONS
 THE FOLLOWING WEATHER WAS RECORDED TODAY.
  NO SIGNIFICANT WEATHER WAS OBSERVED.


RELATIVE HUMIDITY (PERCENT)
 HIGHEST    93           300 AM
 LOWEST     23           500 PM
 AVERAGE    58

..........................................................


THE BELLINGHAM WA AIRPORT CLIMATE NORMALS FOR TOMORROW
                         NORMAL    RECORD    YEAR
 MAXIMUM TEMPERATURE (F)   60        74      1992
 MINIMUM TEMPERATURE (F)   43        32      2006
                                             1956


SUNRISE AND SUNSET
MAY  2 2016...........SUNRISE   547 AM PDT   SUNSET   828 PM PDT
MAY  3 2016...........SUNRISE   545 AM PDT   SUNSET   829 PM PDT


-  INDICATES NEGATIVE NUMBERS.
R  INDICATES RECORD WAS SET OR TIED.
MM INDICATES DATA IS MISSING.
T  INDICATES TRACE AMOUNT.




$$
