000
CDUS46 KSEW 290123
CLIBLI


CLIMATE REPORT
NATIONAL WEATHER SERVICE SEATTLE WA
622 PM PDT THU MAY 28 2015


...................................

...THE BELLINGHAM WA AIRPORT CLIMATE SUMMARY FOR MAY 28 2015...
VALID TODAY AS OF 0600 PM LOCAL TIME.

CLIMATE NORMAL PERIOD 1981 TO 2010
CLIMATE RECORD PERIOD 1949 TO 2015


WEATHER ITEM   OBSERVED TIME   RECORD YEAR NORMAL DEPARTURE LAST
                VALUE   (LST)  VALUE       VALUE  FROM      YEAR
                                                  NORMAL
..................................................................
TEMPERATURE (F)
 TODAY
  MAXIMUM         76    332 PM  90    1983  64     12       64
  MINIMUM         53    231 AM  35    1966  48      5       46
  AVERAGE         65                        56      9       55

PRECIPITATION (IN)
  TODAY            0.00          0.84 2010   0.08  -0.08     0.02
  MONTH TO DATE    0.67                      2.24  -1.57     2.49
  SINCE OCT 1     29.37                     29.54  -0.17    27.19
  SINCE JAN 1     14.64                     15.84  -1.20    16.88

DEGREE DAYS
 HEATING
  TODAY            0                         9     -9       10
  MONTH TO DATE  216                       318   -102      202
  SINCE MAR 1   1191                      1459   -268     1217

 COOLING
  TODAY            0                         0      0        0
  MONTH TO DATE    0                         0      0        1
  SINCE MAR 1      0                         0      0        1
  SINCE JAN 1      0                         0      0        1
..................................................................


WIND (MPH)
  RESULTANT WIND SPEED   3   RESULTANT WIND DIRECTION   S (160)
  HIGHEST WIND SPEED     8   HIGHEST WIND DIRECTION     W (270)
  HIGHEST GUST SPEED    12   HIGHEST GUST DIRECTION     W (270)
  AVERAGE WIND SPEED     3.6


SKY COVER
  AVERAGE SKY COVER 0.0


WEATHER CONDITIONS
 THE FOLLOWING WEATHER WAS RECORDED TODAY.
  NO SIGNIFICANT WEATHER WAS OBSERVED.


RELATIVE HUMIDITY (PERCENT)
 HIGHEST    93           200 AM
 LOWEST     50           300 PM
 AVERAGE    72

..........................................................


THE BELLINGHAM WA AIRPORT CLIMATE NORMALS FOR TOMORROW
                         NORMAL    RECORD    YEAR
 MAXIMUM TEMPERATURE (F)   64        82      1983
 MINIMUM TEMPERATURE (F)   48        36      1949


SUNRISE AND SUNSET
MAY 28 2015...........SUNRISE   515 AM PDT   SUNSET   901 PM PDT
MAY 29 2015...........SUNRISE   514 AM PDT   SUNSET   902 PM PDT


-  INDICATES NEGATIVE NUMBERS.
R  INDICATES RECORD WAS SET OR TIED.
MM INDICATES DATA IS MISSING.
T  INDICATES TRACE AMOUNT.




$$
