000
CDUS46 KSEW 240837
CLIBLI


CLIMATE REPORT
NATIONAL WEATHER SERVICE SEATTLE WA
137 AM PDT SAT JUN 24 2017


...................................

...THE BELLINGHAM WA AIRPORT CLIMATE SUMMARY FOR JUNE 23 2017...

CLIMATE NORMAL PERIOD 1981 TO 2010
CLIMATE RECORD PERIOD 1949 TO 2017


WEATHER ITEM   OBSERVED TIME   RECORD YEAR NORMAL DEPARTURE LAST
                VALUE   (LST)  VALUE       VALUE  FROM      YEAR
                                                  NORMAL
..................................................................
TEMPERATURE (F)
 YESTERDAY
  MAXIMUM         77    449 PM  82    1992  68      9       65
  MINIMUM         48    453 AM  42    2008  51     -3       53
  AVERAGE         63                        59      4       59

PRECIPITATION (IN)
  YESTERDAY        0.00          0.80 1972   0.06  -0.06     0.21
  MONTH TO DATE    0.95                      1.51  -0.56     0.92
  SINCE OCT 1     35.86                     31.29   4.57    30.99
  SINCE JAN 1     16.74                     17.59  -0.85    16.92

DEGREE DAYS
 HEATING
  YESTERDAY        2                         6     -4        6
  MONTH TO DATE  132                       160    -28      126
  SINCE JUN 1    132                       160    -28      126

 COOLING
  YESTERDAY        0                         0      0        0
  MONTH TO DATE    1                         0      1       16
  SINCE JUN 1      1                         0      1       16
  SINCE JAN 1      3                         0      3       17
..................................................................


WIND (MPH)
  RESULTANT WIND SPEED   1   RESULTANT WIND DIRECTION  NW (300)
  HIGHEST WIND SPEED    12   HIGHEST WIND DIRECTION     W (260)
  HIGHEST GUST SPEED    17   HIGHEST GUST DIRECTION    NW (300)
  AVERAGE WIND SPEED     3.0


SKY COVER
  AVERAGE SKY COVER 0.0


WEATHER CONDITIONS
 THE FOLLOWING WEATHER WAS RECORDED YESTERDAY.
  NO SIGNIFICANT WEATHER WAS OBSERVED.


RELATIVE HUMIDITY (PERCENT)
 HIGHEST    93           400 AM
 LOWEST     46          1100 AM
 AVERAGE    70

..........................................................


THE BELLINGHAM WA AIRPORT CLIMATE NORMALS FOR TODAY
                         NORMAL    RECORD    YEAR
 MAXIMUM TEMPERATURE (F)   68        83      1989
                                             1982
 MINIMUM TEMPERATURE (F)   51        40      1954


SUNRISE AND SUNSET
JUNE 24 2017..........SUNRISE   508 AM PDT   SUNSET   917 PM PDT
JUNE 25 2017..........SUNRISE   508 AM PDT   SUNSET   918 PM PDT


-  INDICATES NEGATIVE NUMBERS.
R  INDICATES RECORD WAS SET OR TIED.
MM INDICATES DATA IS MISSING.
T  INDICATES TRACE AMOUNT.




$$
