000
CDUS46 KSEW 250830
CLIBLI


CLIMATE REPORT
NATIONAL WEATHER SERVICE SEATTLE WA
1230 AM PST THU DEC 25 2014


...................................

...THE BELLINGHAM WA AIRPORT CLIMATE SUMMARY FOR DECEMBER 24 2014...

CLIMATE NORMAL PERIOD 1981 TO 2010
CLIMATE RECORD PERIOD 1949 TO 2014


WEATHER ITEM   OBSERVED TIME   RECORD YEAR NORMAL DEPARTURE LAST
                VALUE   (LST)  VALUE       VALUE  FROM      YEAR
                                                  NORMAL
..................................................................
TEMPERATURE (F)
 YESTERDAY
  MAXIMUM         47    302 PM  63    1963  44      3       46
  MINIMUM         42   1159 PM   7    1964  32     10       32
  AVERAGE         45                        38      7       39

PRECIPITATION (IN)
  YESTERDAY        0.05          1.89 1967   0.13  -0.08     0.00
  MONTH TO DATE    4.37                      3.38   0.99     2.55
  SINCE OCT 1     14.31                     12.86   1.45     9.72
  SINCE JAN 1     36.40                     34.99   1.41    30.22

DEGREE DAYS
 HEATING
  YESTERDAY       20                        27     -7       26
  MONTH TO DATE  488                       638   -150      717
  SINCE DEC 1    488                       638   -150      717

 COOLING
  YESTERDAY        0                         0      0        0
  MONTH TO DATE    0                         0      0        0
  SINCE DEC 1      0                         0      0        0
  SINCE JAN 1    117                        42     75       95
..................................................................


WIND (MPH)
  RESULTANT WIND SPEED   4   RESULTANT WIND DIRECTION  SE (150)
  HIGHEST WIND SPEED    16   HIGHEST WIND DIRECTION    SE (150)
  HIGHEST GUST SPEED    22   HIGHEST GUST DIRECTION     S (170)
  AVERAGE WIND SPEED     5.2


SKY COVER
  AVERAGE SKY COVER 0.9


WEATHER CONDITIONS
 THE FOLLOWING WEATHER WAS RECORDED YESTERDAY.
  LIGHT RAIN


RELATIVE HUMIDITY (PERCENT)
 HIGHEST    89           100 AM
 LOWEST     70          1000 PM
 AVERAGE    80

..........................................................


THE BELLINGHAM WA AIRPORT CLIMATE NORMALS FOR TODAY
                         NORMAL    RECORD    YEAR
 MAXIMUM TEMPERATURE (F)   44        60      1980
 MINIMUM TEMPERATURE (F)   32         7      1964


SUNRISE AND SUNSET
DECEMBER 25 2014......SUNRISE   802 AM PST   SUNSET   418 PM PST
DECEMBER 26 2014......SUNRISE   803 AM PST   SUNSET   419 PM PST


-  INDICATES NEGATIVE NUMBERS.
R  INDICATES RECORD WAS SET OR TIED.
MM INDICATES DATA IS MISSING.
T  INDICATES TRACE AMOUNT.




$$
