000
CDUS46 KSEW 200120
CLIBLI


CLIMATE REPORT
NATIONAL WEATHER SERVICE SEATTLE WA
619 PM PDT SAT APR 19 2014


...................................

...THE BELLINGHAM WA AIRPORT CLIMATE SUMMARY FOR APRIL 19 2014...
VALID TODAY AS OF 0600 PM LOCAL TIME.

CLIMATE NORMAL PERIOD 1981 TO 2010
CLIMATE RECORD PERIOD 1949 TO 2014


WEATHER ITEM   OBSERVED TIME   RECORD YEAR NORMAL DEPARTURE LAST
                VALUE   (LST)  VALUE       VALUE  FROM      YEAR
                                                  NORMAL
..................................................................
TEMPERATURE (F)
 TODAY
  MAXIMUM         56   1111 AM  73    2010  57     -1       53
  MINIMUM         41    340 AM  28    1951  40      1       48
  AVERAGE         49                        49      0       51

PRECIPITATION (IN)
  TODAY            0.03          1.02 2012   0.09  -0.06     0.41
  MONTH TO DATE    1.53                      1.81  -0.28     3.40
  SINCE OCT 1     22.81                     26.42  -3.61    11.66
  SINCE JAN 1     12.50                     12.72  -0.22     9.88

DEGREE DAYS
 HEATING
  TODAY           16                        16      0       14
  MONTH TO DATE  278                       329    -51      319
  SINCE MAR 1    871                       972   -101      937

 COOLING
  TODAY            0                         0      0        0
  MONTH TO DATE    0                         0      0        0
  SINCE MAR 1      0                         0      0        0
  SINCE JAN 1      0                         0      0        0
..................................................................


WIND (MPH)
  RESULTANT WIND SPEED   3   RESULTANT WIND DIRECTION  SE (130)
  HIGHEST WIND SPEED    28   HIGHEST WIND DIRECTION    SE (150)
  HIGHEST GUST SPEED    39   HIGHEST GUST DIRECTION    SE (150)
  AVERAGE WIND SPEED     6.4


SKY COVER
  AVERAGE SKY COVER 0.7


WEATHER CONDITIONS
 THE FOLLOWING WEATHER WAS RECORDED TODAY.
  LIGHT RAIN


RELATIVE HUMIDITY (PERCENT)
 HIGHEST    82          1200 AM
 LOWEST     51          1100 AM
 AVERAGE    67

..........................................................


THE BELLINGHAM WA AIRPORT CLIMATE NORMALS FOR TOMORROW
                         NORMAL    RECORD    YEAR
 MAXIMUM TEMPERATURE (F)   58        73      1956
 MINIMUM TEMPERATURE (F)   40        24      1951


SUNRISE AND SUNSET
APRIL 19 2014.........SUNRISE   611 AM PDT   SUNSET   808 PM PDT
APRIL 20 2014.........SUNRISE   609 AM PDT   SUNSET   809 PM PDT


-  INDICATES NEGATIVE NUMBERS.
R  INDICATES RECORD WAS SET OR TIED.
MM INDICATES DATA IS MISSING.
T  INDICATES TRACE AMOUNT.




$$
