000
CDUS46 KSEW 190832
CLIBLI


CLIMATE REPORT
NATIONAL WEATHER SERVICE SEATTLE WA
132 AM PDT SAT AUG 19 2017


...................................

...THE BELLINGHAM WA AIRPORT CLIMATE SUMMARY FOR AUGUST 18 2017...

CLIMATE NORMAL PERIOD 1981 TO 2010
CLIMATE RECORD PERIOD 1949 TO 2017


WEATHER ITEM   OBSERVED TIME   RECORD YEAR NORMAL DEPARTURE LAST
                VALUE   (LST)  VALUE       VALUE  FROM      YEAR
                                                  NORMAL
..................................................................
TEMPERATURE (F)
 YESTERDAY
  MAXIMUM         69    219 PM  88    2016  72     -3       88
  MINIMUM         57    414 AM  42    1973  53      4       54
  AVERAGE         63                        63      0       71

PRECIPITATION (IN)
  YESTERDAY        0.00          0.84 1990   0.05  -0.05     0.00
  MONTH TO DATE    0.09                      0.62  -0.53     0.02
  SINCE OCT 1     36.03                     33.44   2.59    31.66
  SINCE JAN 1     16.91                     19.74  -2.83    17.59

DEGREE DAYS
 HEATING
  YESTERDAY        2                         2      0        0
  MONTH TO DATE   17                        35    -18       19
  SINCE JUN 1    205                       337   -132      206

 COOLING
  YESTERDAY        0                         0      0        6
  MONTH TO DATE   24                         0     24       26
  SINCE JUN 1     48                        23     25       72
  SINCE JAN 1     50                        23     27       73
..................................................................


WIND (MPH)
  RESULTANT WIND SPEED  10   RESULTANT WIND DIRECTION   S (160)
  HIGHEST WIND SPEED    22   HIGHEST WIND DIRECTION     S (160)
  HIGHEST GUST SPEED    29   HIGHEST GUST DIRECTION     S (160)
  AVERAGE WIND SPEED    10.6


SKY COVER
  AVERAGE SKY COVER 0.6


WEATHER CONDITIONS
 THE FOLLOWING WEATHER WAS RECORDED YESTERDAY.
  NO SIGNIFICANT WEATHER WAS OBSERVED.


RELATIVE HUMIDITY (PERCENT)
 HIGHEST    87           700 AM
 LOWEST     68           200 PM
 AVERAGE    78

..........................................................


THE BELLINGHAM WA AIRPORT CLIMATE NORMALS FOR TODAY
                         NORMAL    RECORD    YEAR
 MAXIMUM TEMPERATURE (F)   72        89      2016
 MINIMUM TEMPERATURE (F)   53        44      1973


SUNRISE AND SUNSET
AUGUST 19 2017........SUNRISE   609 AM PDT   SUNSET   817 PM PDT
AUGUST 20 2017........SUNRISE   611 AM PDT   SUNSET   815 PM PDT


-  INDICATES NEGATIVE NUMBERS.
R  INDICATES RECORD WAS SET OR TIED.
MM INDICATES DATA IS MISSING.
T  INDICATES TRACE AMOUNT.




$$
