877
CDUS46 KSEW 010123
CLIBLI


CLIMATE REPORT
NATIONAL WEATHER SERVICE SEATTLE WA
623 PM PDT SUN APR 30 2017


...................................

...THE BELLINGHAM WA AIRPORT CLIMATE SUMMARY FOR APRIL 30 2017...
VALID TODAY AS OF 0600 PM LOCAL TIME.

CLIMATE NORMAL PERIOD 1981 TO 2010
CLIMATE RECORD PERIOD 1949 TO 2017


WEATHER ITEM   OBSERVED TIME   RECORD YEAR NORMAL DEPARTURE LAST
                VALUE   (LST)  VALUE       VALUE  FROM      YEAR
                                                  NORMAL
..................................................................
TEMPERATURE (F)
 TODAY
  MAXIMUM         57    417 PM  76    1989  59     -2       65
  MINIMUM         47    527 AM  29    1954  42      5       42
  AVERAGE         52                        51      1       54

PRECIPITATION (IN)
  TODAY            0.00          0.87 1987   0.08  -0.08     0.00
  MONTH TO DATE    2.72                      2.69   0.03     2.44
  SINCE OCT 1     33.70                     27.30   6.40    29.01
  SINCE JAN 1     14.58                     13.60   0.98    14.94

DEGREE DAYS
 HEATING
  TODAY           13                        14     -1       11
  MONTH TO DATE  422                       496    -74      324
  SINCE MAR 1   1028                      1141   -113      820

 COOLING
  TODAY            0                         0      0        0
  MONTH TO DATE    0                         0      0        0
  SINCE MAR 1      0                         0      0        0
  SINCE JAN 1      0                         0      0        0
..................................................................


WIND (MPH)
  RESULTANT WIND SPEED   7   RESULTANT WIND DIRECTION   S (160)
  HIGHEST WIND SPEED    15   HIGHEST WIND DIRECTION     S (170)
  HIGHEST GUST SPEED    22   HIGHEST GUST DIRECTION     S (160)
  AVERAGE WIND SPEED     8.1


SKY COVER
  AVERAGE SKY COVER 0.5


WEATHER CONDITIONS
 THE FOLLOWING WEATHER WAS RECORDED TODAY.
  NO SIGNIFICANT WEATHER WAS OBSERVED.


RELATIVE HUMIDITY (PERCENT)
 HIGHEST    86           100 AM
 LOWEST     51          1200 PM
 AVERAGE    69

..........................................................


THE BELLINGHAM WA AIRPORT CLIMATE NORMALS FOR TOMORROW
                         NORMAL    RECORD    YEAR
 MAXIMUM TEMPERATURE (F)   60        78      2014
 MINIMUM TEMPERATURE (F)   42        25      1954


SUNRISE AND SUNSET
APRIL 30 2017.........SUNRISE   551 AM PDT   SUNSET   825 PM PDT
MAY  1 2017...........SUNRISE   549 AM PDT   SUNSET   826 PM PDT


-  INDICATES NEGATIVE NUMBERS.
R  INDICATES RECORD WAS SET OR TIED.
MM INDICATES DATA IS MISSING.
T  INDICATES TRACE AMOUNT.




$$
