000
CDUS46 KSEW 230832
CLIBLI


CLIMATE REPORT
NATIONAL WEATHER SERVICE SEATTLE WA
1232 AM PST TUE JAN 23 2018


...................................

...THE BELLINGHAM WA AIRPORT CLIMATE SUMMARY FOR JANUARY 22 2018...

CLIMATE NORMAL PERIOD 1981 TO 2010
CLIMATE RECORD PERIOD 1949 TO 2018


WEATHER ITEM   OBSERVED TIME   RECORD YEAR NORMAL DEPARTURE LAST
                VALUE   (LST)  VALUE       VALUE  FROM      YEAR
                                                  NORMAL
..................................................................
TEMPERATURE (F)
 YESTERDAY
  MAXIMUM         46    229 PM  65    1981  46      0       46
  MINIMUM         41   1126 PM  11    1969  33      8       33
  AVERAGE         44                        40      4       40

PRECIPITATION (IN)
  YESTERDAY        0.07          1.06 1953   0.14  -0.07     0.03
  MONTH TO DATE    2.97                      3.39  -0.42     1.65
  SINCE OCT 1     20.59                     17.09   3.50    20.77
  SINCE JAN 1      2.97                      3.39  -0.42     1.65

DEGREE DAYS
 HEATING
  YESTERDAY       21                        25     -4       25
  MONTH TO DATE  497                       573    -76      667
  SINCE DEC 1   1356                      1407    -51     1617

 COOLING
  YESTERDAY        0                         0      0        0
  MONTH TO DATE    0                         0      0        0
  SINCE DEC 1      0                         0      0        0
  SINCE JAN 1      0                         0      0        0
..................................................................


WIND (MPH)
  RESULTANT WIND SPEED   9   RESULTANT WIND DIRECTION   S (160)
  HIGHEST WIND SPEED    18   HIGHEST WIND DIRECTION    SE (150)
  HIGHEST GUST SPEED    26   HIGHEST GUST DIRECTION    SE (150)
  AVERAGE WIND SPEED    10.0


SKY COVER
  AVERAGE SKY COVER 0.9


WEATHER CONDITIONS
 THE FOLLOWING WEATHER WAS RECORDED YESTERDAY.
  LIGHT RAIN


RELATIVE HUMIDITY (PERCENT)
 HIGHEST    96           500 AM
 LOWEST     76           200 PM
 AVERAGE    86

..........................................................


THE BELLINGHAM WA AIRPORT CLIMATE NORMALS FOR TODAY
                         NORMAL    RECORD    YEAR
 MAXIMUM TEMPERATURE (F)   46        60      2005
 MINIMUM TEMPERATURE (F)   33         9      1969


SUNRISE AND SUNSET
JANUARY 23 2018.......SUNRISE   751 AM PST   SUNSET   454 PM PST
JANUARY 24 2018.......SUNRISE   750 AM PST   SUNSET   455 PM PST


-  INDICATES NEGATIVE NUMBERS.
R  INDICATES RECORD WAS SET OR TIED.
MM INDICATES DATA IS MISSING.
T  INDICATES TRACE AMOUNT.




$$
