000
CDUS43 KIND 210538
CLIBMG


CLIMATE REPORT
NATIONAL WEATHER SERVICE INDIANAPOLIS IN
1237 AM EST SAT JAN 21 2017


...................................

...THE BLOOMINGTON IN CLIMATE SUMMARY FOR JANUARY 20 2017...

CLIMATE NORMAL PERIOD 1981 TO 2010
CLIMATE RECORD PERIOD 9999 TO 9999


WEATHER ITEM   OBSERVED TIME   NORMAL DEPARTURE LAST
                VALUE   (LST)  VALUE  FROM      YEAR
                                      NORMAL
......................................................
TEMPERATURE (F)
 YESTERDAY
  MAXIMUM         55    542 PM  39     16       24
  MINIMUM         46    135 AM  20     26       17
  AVERAGE         51            29     22       21

PRECIPITATION (IN)
  YESTERDAY        0.54          0.07   0.47     0.14
  MONTH TO DATE    3.88          2.39   1.49     1.44
  SINCE DEC 1      6.36          5.93   0.43     6.70
  SINCE JAN 1      3.88          2.39   1.49     1.44

DEGREE DAYS
 HEATING
  YESTERDAY       14            36    -22       44
  MONTH TO DATE  613           720   -107      737
  SINCE DEC 1   1639          1737    -98     1390
  SINCE JUL 1   2322          2793   -471     2182

 COOLING
  YESTERDAY        0             0      0        0
  MONTH TO DATE    0             0      0        0
  SINCE DEC 1      0             0      0        0
  SINCE JAN 1      0             0      0        0
......................................................


WIND (MPH)
  HIGHEST WIND SPEED    16   HIGHEST WIND DIRECTION    SW (230)
  HIGHEST GUST SPEED    23   HIGHEST GUST DIRECTION    SW (240)
  AVERAGE WIND SPEED     6.8


SKY COVER
  AVERAGE SKY COVER 1.0


WEATHER CONDITIONS
 THE FOLLOWING WEATHER WAS RECORDED YESTERDAY.
  HEAVY RAIN
  RAIN
  LIGHT RAIN
  FOG
  HAZE


RELATIVE HUMIDITY (PERCENT)
 HIGHEST    93          1200 AM
 LOWEST     72           400 PM
 AVERAGE    83

..........................................................


THE BLOOMINGTON IN CLIMATE NORMALS FOR TODAY
                         NORMAL
 MAXIMUM TEMPERATURE (F)   39
 MINIMUM TEMPERATURE (F)   20


SUNRISE AND SUNSET
JANUARY 21 2017.......SUNRISE   801 AM EST   SUNSET   555 PM EST
JANUARY 22 2017.......SUNRISE   801 AM EST   SUNSET   556 PM EST


-  INDICATES NEGATIVE NUMBERS.
R  INDICATES RECORD WAS SET OR TIED.
MM INDICATES DATA IS MISSING.
T  INDICATES TRACE AMOUNT.




$$
