000
CDUS43 KIND 040533
CLIBMG


CLIMATE REPORT
NATIONAL WEATHER SERVICE INDIANAPOLIS IN
1232 AM EST WED MAR 4 2015


...................................

...THE BLOOMINGTON IN CLIMATE SUMMARY FOR MARCH 3 2015...

CLIMATE NORMAL PERIOD 1981 TO 2010
CLIMATE RECORD PERIOD 9999 TO 9999


WEATHER ITEM   OBSERVED TIME   NORMAL DEPARTURE LAST
                VALUE   (LST)  VALUE  FROM      YEAR
                                      NORMAL
......................................................
TEMPERATURE (F)
 YESTERDAY
  MAXIMUM         45    410 PM  49     -4       22
  MINIMUM         27    121 AM  27      0       11
  AVERAGE         36            38     -2       17

PRECIPITATION (IN)
  YESTERDAY        0.50          0.08   0.42      T
  MONTH TO DATE    0.91          0.23   0.68     0.34
  SINCE MAR 1      0.91          0.23   0.68     0.34
  SINCE JAN 1      4.48          6.30  -1.82     4.99

DEGREE DAYS
 HEATING
  YESTERDAY       29            27      2       48
  MONTH TO DATE  104            82     22      114
  SINCE MAR 1    104            82     22      114
  SINCE JUL 1   4675          4150    525     4676

 COOLING
  YESTERDAY        0             0      0        0
  MONTH TO DATE    0             0      0        0
  SINCE MAR 1      0             0      0        0
  SINCE JAN 1      0             0      0        0
......................................................


WIND (MPH)
  HIGHEST WIND SPEED    20   HIGHEST WIND DIRECTION    SW (240)
  HIGHEST GUST SPEED    29   HIGHEST GUST DIRECTION    SW (220)
  AVERAGE WIND SPEED     9.9


SKY COVER
  AVERAGE SKY COVER 0.9


WEATHER CONDITIONS
 THE FOLLOWING WEATHER WAS RECORDED YESTERDAY.
  HEAVY RAIN
  RAIN
  LIGHT RAIN
  FOG
  HAZE


RELATIVE HUMIDITY (PERCENT)
 HIGHEST   100           200 PM
 LOWEST     58           200 AM
 AVERAGE    79

..........................................................


THE BLOOMINGTON IN CLIMATE NORMALS FOR TODAY
                         NORMAL
 MAXIMUM TEMPERATURE (F)   49
 MINIMUM TEMPERATURE (F)   28


SUNRISE AND SUNSET
MARCH  4 2015.........SUNRISE   715 AM EST   SUNSET   642 PM EST
MARCH  5 2015.........SUNRISE   714 AM EST   SUNSET   643 PM EST


-  INDICATES NEGATIVE NUMBERS.
R  INDICATES RECORD WAS SET OR TIED.
MM INDICATES DATA IS MISSING.
T  INDICATES TRACE AMOUNT.




$$
