000
CDUS44 KOHX 260034
CLIBNA


CLIMATE REPORT
NATIONAL WEATHER SERVICE NASHVILLE TN
733 PM CDT TUE APR 25 2017


...................................

...THE NASHVILLE CLIMATE SUMMARY FOR APRIL 25 2017...
VALID TODAY AS OF 0400 PM LOCAL TIME.

CLIMATE NORMAL PERIOD 1981 TO 2010
CLIMATE RECORD PERIOD 1871 TO 2017


WEATHER ITEM   OBSERVED TIME   RECORD YEAR NORMAL DEPARTURE
                VALUE   (LST)  VALUE       VALUE  FROM
                                                  NORMAL
...............................................................
TEMPERATURE (F)
 TODAY
  MAXIMUM         77    444 PM  89    1989  73      4
  MINIMUM         50    548 AM  32    1910  51     -1
  AVERAGE         64                        62      2

PRECIPITATION (IN)
  TODAY            0.00          1.35 1993   0.16  -0.16
  MONTH TO DATE    6.91                      3.23   3.68
  SINCE JAN 1     15.83                     15.03   0.80

SNOWFALL (IN)
  TODAY            0.0           1.5  1910
  MONTH TO DATE    0.0
  SINCE MAR 1      1.5
  SINCE JUL 1      2.2

DEGREE DAYS
 HEATING
  TODAY            1                               -4
  MONTH TO DATE   75                             -122
  SINCE MAR 1    440                             -230
  SINCE JUL 1   2408                            -1200

 COOLING
  TODAY            0                               -2
  MONTH TO DATE   76                               46
  SINCE MAR 1     90                               52
  SINCE JAN 1     97                               59
...............................................................


WIND (MPH)
  HIGHEST WIND SPEED    12   HIGHEST WIND DIRECTION     S (200)
  HIGHEST GUST SPEED    15   HIGHEST GUST DIRECTION     S (200)
  AVERAGE WIND SPEED     3.5




RELATIVE HUMIDITY (PERCENT)
 HIGHEST   100
 LOWEST     47
 AVERAGE    74

..........................................................


THE NASHVILLE CLIMATE NORMALS FOR TOMORROW
                         NORMAL    RECORD    YEAR
 MAXIMUM TEMPERATURE (F)   73        91      1989
 MINIMUM TEMPERATURE (F)   51        36      1919


SUNRISE AND SUNSET
APRIL 25 2017.........SUNRISE   601 AM CDT   SUNSET   729 PM CDT
APRIL 26 2017.........SUNRISE   559 AM CDT   SUNSET   730 PM CDT


-  INDICATES NEGATIVE NUMBERS.
R  INDICATES RECORD WAS SET OR TIED.
MM INDICATES DATA IS MISSING.
T  INDICATES TRACE AMOUNT.




$$
