840
CDUS44 KOHX 192116
CLIBNA


CLIMATE REPORT
NATIONAL WEATHER SERVICE NASHVILLE TN
416 PM CDT THU OCT 19 2017


...................................

...THE NASHVILLE CLIMATE SUMMARY FOR OCTOBER 19 2017...
VALID TODAY AS OF 0400 PM LOCAL TIME.

CLIMATE NORMAL PERIOD 1981 TO 2010
CLIMATE RECORD PERIOD 1871 TO 2017


WEATHER ITEM   OBSERVED TIME   RECORD YEAR NORMAL DEPARTURE
                VALUE   (LST)  VALUE       VALUE  FROM
                                                  NORMAL
...............................................................
TEMPERATURE (F)
 TODAY
  MAXIMUM         77    244 PM  91    2016  71      6
  MINIMUM         44    639 AM  29    1948  48     -4
  AVERAGE         61                        59      2

PRECIPITATION (IN)
  TODAY            0.00          0.87 1885   0.09  -0.09
  MONTH TO DATE    0.67                      1.83  -1.16
  SINCE JAN 1     41.09                     37.49   3.60

SNOWFALL (IN)
  TODAY            0.0           0.0  2002
                                      2001
                                      2000
  MONTH TO DATE    0.0
  SINCE SEP 1      0.0
  SINCE JUL 1      0.0

DEGREE DAYS
 HEATING
  TODAY            4                               -3
  MONTH TO DATE   37                              -53
  SINCE SEP 1     49                              -65
  SINCE JUL 1     49                              -65

 COOLING
  TODAY            0                               -1
  MONTH TO DATE   90                               53
  SINCE SEP 1    313                               56
  SINCE JAN 1   1893                              262
...............................................................


WIND (MPH)
  HIGHEST WIND SPEED    10   HIGHEST WIND DIRECTION     S (200)
  HIGHEST GUST SPEED    14   HIGHEST GUST DIRECTION     S (180)
  AVERAGE WIND SPEED     2.5




RELATIVE HUMIDITY (PERCENT)
 HIGHEST    93
 LOWEST     29
 AVERAGE    61

..........................................................


THE NASHVILLE CLIMATE NORMALS FOR TOMORROW
                         NORMAL    RECORD    YEAR
 MAXIMUM TEMPERATURE (F)   70        87      1953
                                             1947
                                             1941
 MINIMUM TEMPERATURE (F)   48        30      1917
                                             1913


SUNRISE AND SUNSET
OCTOBER 19 2017.......SUNRISE   657 AM CDT   SUNSET   605 PM CDT
OCTOBER 20 2017.......SUNRISE   658 AM CDT   SUNSET   604 PM CDT


-  INDICATES NEGATIVE NUMBERS.
R  INDICATES RECORD WAS SET OR TIED.
MM INDICATES DATA IS MISSING.
T  INDICATES TRACE AMOUNT.




$$
