000
CDUS44 KOHX 151459
CLIBNA


CLIMATE REPORT
NATIONAL WEATHER SERVICE NASHVILLE TN
856 AM CST FRI DEC 15 2017


...................................

...THE NASHVILLE CLIMATE SUMMARY FOR DECEMBER 15 2017...
VALID AS OF 0800 AM LOCAL TIME.

CLIMATE NORMAL PERIOD 1981 TO 2010
CLIMATE RECORD PERIOD 1871 TO 2017


WEATHER ITEM   OBSERVED TIME   RECORD YEAR NORMAL DEPARTURE
                VALUE   (LST)  VALUE       VALUE  FROM
                                                  NORMAL
...............................................................
TEMPERATURE (F)
 TODAY
  MINIMUM         32    633 AM  -2    1901  31      1

PRECIPITATION (IN)
  TODAY            0.00          2.02 1902   0.14  -0.14
  MONTH TO DATE    0.48                      2.29  -1.81
  SINCE JAN 1     48.84                     45.30   3.54

SNOWFALL (IN)
  TODAY            0.0           1.8  1886
  MONTH TO DATE    0.0
  SINCE DEC 1      0.0
  SINCE JUL 1      0.0

DEGREE DAYS
 HEATING
  TODAY           MM                               MM
  MONTH TO DATE  312                              -33
  SINCE DEC 1    312                              -33
  SINCE JUL 1    886                             -133

 COOLING
  TODAY           MM                               MM
  MONTH TO DATE    0                                0
  SINCE DEC 1      0                                0
  SINCE JAN 1   1923                              278
...............................................................


WIND (MPH)
  HIGHEST WIND SPEED    15   HIGHEST WIND DIRECTION    NW (330)
  HIGHEST GUST SPEED    21   HIGHEST GUST DIRECTION    NW (320)
  AVERAGE WIND SPEED     7.3




RELATIVE HUMIDITY (PERCENT)
 HIGHEST    61
 LOWEST     56
 AVERAGE    59

..........................................................


THE NASHVILLE CLIMATE NORMALS FOR TOMORROW
                         NORMAL    RECORD    YEAR
 MAXIMUM TEMPERATURE (F)   49        74      1984
 MINIMUM TEMPERATURE (F)   31         2      1989


SUNRISE AND SUNSET
DECEMBER 15 2017......SUNRISE   650 AM CST   SUNSET   434 PM CST
DECEMBER 16 2017......SUNRISE   651 AM CST   SUNSET   434 PM CST


-  INDICATES NEGATIVE NUMBERS.
R  INDICATES RECORD WAS SET OR TIED.
MM INDICATES DATA IS MISSING.
T  INDICATES TRACE AMOUNT.




$$
