120
CDUS44 KOHX 300648
CLIBNA

CLIMATE REPORT
NATIONAL WEATHER SERVICE NASHVILLE TN
148 AM CDT MON MAY 30 2016

...THE NASHVILLE CLIMATE SUMMARY FOR MAY 29 2016...

CLIMATE NORMAL PERIOD 1981 TO 2010
CLIMATE RECORD PERIOD 1871 TO 2016


WEATHER ITEM   OBSERVED TIME   RECORD YEAR NORMAL DEPARTURE
                VALUE   (LST)  VALUE       VALUE  FROM
                                                  NORMAL
...............................................................
TEMPERATURE (F)
 YESTERDAY
  MAXIMUM         90    358 PM  95    1941  82      8
                                      1914
                                      1911
  MINIMUM         64    446 AM  42    1984  61      3
  AVERAGE         77                        71      6

PRECIPITATION (IN)
  YESTERDAY        0.00          2.32 1924   0.17  -0.17
  MONTH TO DATE    2.37                      5.17  -2.80
  SINCE JAN 1     14.45                     20.97  -6.52

SNOWFALL (IN)
  YESTERDAY        0.0           0.0  2002
                                      2001
  MONTH TO DATE    0.0
  SINCE MAR 1      0.0
  SINCE JUL 1     11.3

DEGREE DAYS
 HEATING
  YESTERDAY        0                               -1
  MONTH TO DATE   67                               11
  SINCE MAR 1    493                             -253
  SINCE JUL 1   2736                             -948

 COOLING
  YESTERDAY       12                                5
  MONTH TO DATE  131                               12
  SINCE MAR 1    210                               46
  SINCE JAN 1    210                               46
...............................................................

WIND (MPH)
  HIGHEST WIND SPEED    10   HIGHEST WIND DIRECTION     W (290)
  HIGHEST GUST SPEED    15   HIGHEST GUST DIRECTION     W (290)
  AVERAGE WIND SPEED   2.9


WEATHER CONDITIONS
 THE FOLLOWING WEATHER WAS RECORDED YESTERDAY.
  FOG


RELATIVE HUMIDITY (PERCENT)
 HIGHEST    93
 LOWEST     41

..........................................................

THE NASHVILLE CLIMATE NORMALS FOR TODAY
                         NORMAL    RECORD    YEAR
 MAXIMUM TEMPERATURE (F)   82        95      1911
 MINIMUM TEMPERATURE (F)   61        38      1984


SUNRISE AND SUNSET
MAY 30 2016...........SUNRISE   532 AM CDT   SUNSET   757 PM CDT
MAY 31 2016...........SUNRISE   531 AM CDT   SUNSET   758 PM CDT


-  INDICATES NEGATIVE NUMBERS.
R  INDICATES RECORD WAS SET OR TIED.
MM INDICATES DATA IS MISSING.
T  INDICATES TRACE AMOUNT.
$$
31
