000
CDUS44 KOHX 301233 AAA
CLIBNA

CLIMATE REPORT
NATIONAL WEATHER SERVICE NASHVILLE TN
731 AM CDT THU OCT 30 2014


...................................

...THE NASHVILLE CLIMATE SUMMARY FOR OCTOBER 29 2014...

CLIMATE NORMAL PERIOD 1981 TO 2010
CLIMATE RECORD PERIOD 1871 TO 2014


WEATHER ITEM   OBSERVED TIME   RECORD YEAR NORMAL DEPARTURE
                VALUE   (LST)  VALUE       VALUE  FROM
                                                  NORMAL
...............................................................
TEMPERATURE (F)
 YESTERDAY
  MAXIMUM         69    117 PM  83    1950  67      2
  MINIMUM         46   1038 PM  26    1925  45      1
  AVERAGE         58                        56      2

PRECIPITATION (IN)
  YESTERDAY        0.27          1.47 1883   0.10   0.17
  MONTH TO DATE    8.41                      2.83   5.58
  SINCE SEP 1      8.62                      6.24   2.38
  SINCE JAN 1     44.02                     38.49   5.53

SNOWFALL (IN)
  YESTERDAY        0.0           0.0  2002   0.0    0.0
                                      2001
                                      2000
  MONTH TO DATE    0.0                       0.0    0.0
  SINCE SEP 1      0.0                       0.0    0.0
  SINCE JUL 1      0.0                       0.0    0.0
  SNOW DEPTH       0

DEGREE DAYS
 HEATING
  YESTERDAY        7                               -2
  MONTH TO DATE  118                              -54
  SINCE SEP 1    121                              -75
  SINCE JUL 1    121                              -75

 COOLING
  YESTERDAY        0                               -1
  MONTH TO DATE   62                               15
  SINCE SEP 1    314                               47
  SINCE JAN 1   1803                              162
...............................................................


WIND (MPH)
  HIGHEST WIND SPEED    14   HIGHEST WIND DIRECTION    NW (320)
  HIGHEST GUST SPEED    18   HIGHEST GUST DIRECTION    NW (330)
  AVERAGE WIND SPEED     4.1




RELATIVE HUMIDITY (PERCENT)
 HIGHEST    96
 LOWEST     29
 AVERAGE    63

..........................................................


THE NASHVILLE CLIMATE NORMALS FOR TODAY
                         NORMAL    RECORD    YEAR
 MAXIMUM TEMPERATURE (F)   67        86      1937
 MINIMUM TEMPERATURE (F)   45        26      1952


SUNRISE AND SUNSET
OCTOBER 30 2014.......SUNRISE   707 AM CDT   SUNSET   553 PM CDT
OCTOBER 31 2014.......SUNRISE   708 AM CDT   SUNSET   552 PM CDT


-  INDICATES NEGATIVE NUMBERS.
R  INDICATES RECORD WAS SET OR TIED.
MM INDICATES DATA IS MISSING.
T  INDICATES TRACE AMOUNT.

&&

THE LOW SINCE MIDNIGHT HAS BEEN 39 DEGREES.
NO RAINFALL HAS BEEN MEASURED SINCE MIDNIGHT.

$$
