000
CDUS45 KBOI 210931
CLIBNO


CLIMATE REPORT
NATIONAL WEATHER SERVICE BOISE ID
231 AM MST SUN JAN 21 2018


...................................

...THE BURNS OR CLIMATE SUMMARY FOR JANUARY 20 2018...

CLIMATE NORMAL PERIOD 1981 TO 2010
CLIMATE RECORD PERIOD 1938 TO 2018


WEATHER ITEM   OBSERVED TIME   RECORD YEAR NORMAL DEPARTURE LAST
                VALUE   (LST)  VALUE       VALUE  FROM      YEAR
                                                  NORMAL
..................................................................
TEMPERATURE (F)
 YESTERDAY
  MAXIMUM         37    240 PM  51    1981  35      2       32
  MINIMUM         18    604 AM -13    1949  15      3       16
  AVERAGE         28                        25      3       24

PRECIPITATION (IN)
  YESTERDAY        T             1.00 1969   0.04  -0.04     0.33
  MONTH TO DATE    0.82                      0.82   0.00     2.95
  SINCE OCT 1      3.48                      4.32  -0.84     6.46
  SINCE JAN 1      0.82                      0.82   0.00     2.95

DEGREE DAYS
 HEATING
  YESTERDAY       37                        40     -3       41
  MONTH TO DATE  662                       811   -149     1086
  SINCE DEC 1   1994                      2077    -83     2435
  SINCE JUL 1   3910                      4078   -168     4248

 COOLING
  YESTERDAY        0                         0      0        0
  MONTH TO DATE    0                         0      0        0
  SINCE DEC 1      0                         0      0        0
  SINCE JAN 1      0                         0      0        0
..................................................................


WIND (MPH)
  HIGHEST WIND SPEED    13   HIGHEST WIND DIRECTION     W (250)
  HIGHEST GUST SPEED    16   HIGHEST GUST DIRECTION    SW (240)
  AVERAGE WIND SPEED     3.0


SKY COVER
  POSSIBLE SUNSHINE  MM
  AVERAGE SKY COVER 0.5


WEATHER CONDITIONS
 THE FOLLOWING WEATHER WAS RECORDED YESTERDAY.
  LIGHT SNOW
  FOG


RELATIVE HUMIDITY (PERCENT)
 HIGHEST   100           500 AM
 LOWEST     64           200 PM
 AVERAGE    82

..........................................................


THE BURNS OR CLIMATE NORMALS FOR TODAY
                         NORMAL    RECORD    YEAR
 MAXIMUM TEMPERATURE (F)   35        57      1963
 MINIMUM TEMPERATURE (F)   15       -26      1962


SUNRISE AND SUNSET
JANUARY 21 2018.......SUNRISE   722 AM PST   SUNSET   453 PM PST
JANUARY 22 2018.......SUNRISE   721 AM PST   SUNSET   454 PM PST


-  INDICATES NEGATIVE NUMBERS.
R  INDICATES RECORD WAS SET OR TIED.
MM INDICATES DATA IS MISSING.
T  INDICATES TRACE AMOUNT.




$$
