000
CDUS45 KBOI 300931
CLIBNO


CLIMATE REPORT
NATIONAL WEATHER SERVICE BOISE ID
331 AM MDT MON MAY 30 2016


...................................

...THE BURNS OR CLIMATE SUMMARY FOR MAY 29 2016...

CLIMATE NORMAL PERIOD 1981 TO 2010
CLIMATE RECORD PERIOD 1938 TO 2016


WEATHER ITEM   OBSERVED TIME   RECORD YEAR NORMAL DEPARTURE LAST
                VALUE   (LST)  VALUE       VALUE  FROM      YEAR
                                                  NORMAL
..................................................................
TEMPERATURE (F)
 YESTERDAY
  MAXIMUM         76    238 PM  92    1986  70      6       84
  MINIMUM         32    356 AM  23    2014  39     -7       44
  AVERAGE         54                        54      0       64

PRECIPITATION (IN)
  YESTERDAY        0.00          0.38 2005   0.05  -0.05      T
  MONTH TO DATE    0.69                      1.15  -0.46     1.68
  SINCE OCT 1      8.72                      8.88  -0.16     8.43
  SINCE JAN 1      3.85                      5.38  -1.53     3.93

DEGREE DAYS
 HEATING
  YESTERDAY       11                        11      0        1
  MONTH TO DATE  385                       408    -23      333
  SINCE MAR 1   1601                      1920   -319     1694
  SINCE JUL 1   6762                      7448   -686     6168

 COOLING
  YESTERDAY        0                         0      0        0
  MONTH TO DATE    0                         0      0        0
  SINCE MAR 1      0                         0      0        0
  SINCE JAN 1      0                         0      0        0
..................................................................


WIND (MPH)
  HIGHEST WIND SPEED    21   HIGHEST WIND DIRECTION     W (280)
  HIGHEST GUST SPEED    26   HIGHEST GUST DIRECTION     W (270)
  AVERAGE WIND SPEED     8.1


SKY COVER
  POSSIBLE SUNSHINE  MM
  AVERAGE SKY COVER 0.0


WEATHER CONDITIONS
 THE FOLLOWING WEATHER WAS RECORDED YESTERDAY.
  NO SIGNIFICANT WEATHER WAS OBSERVED.


RELATIVE HUMIDITY (PERCENT)
 HIGHEST    78           400 AM
 LOWEST     16           400 PM
 AVERAGE    47

..........................................................


THE BURNS OR CLIMATE NORMALS FOR TODAY
                         NORMAL    RECORD    YEAR
 MAXIMUM TEMPERATURE (F)   70        94      1986
 MINIMUM TEMPERATURE (F)   39        26      2014
                                             1985


SUNRISE AND SUNSET
MAY 30 2016...........SUNRISE   518 AM PDT   SUNSET   829 PM PDT
MAY 31 2016...........SUNRISE   518 AM PDT   SUNSET   830 PM PDT


-  INDICATES NEGATIVE NUMBERS.
R  INDICATES RECORD WAS SET OR TIED.
MM INDICATES DATA IS MISSING.
T  INDICATES TRACE AMOUNT.




$$
