000
CDUS45 KBOI 290121
CLIBNO


CLIMATE REPORT
NATIONAL WEATHER SERVICE BOISE ID
720 PM MDT WED SEP 28 2016


...................................

...THE BURNS OR CLIMATE SUMMARY FOR SEPTEMBER 28 2016...
VALID TODAY AS OF 0600 PM LOCAL TIME.

CLIMATE NORMAL PERIOD 1981 TO 2010
CLIMATE RECORD PERIOD 1938 TO 2016


WEATHER ITEM   OBSERVED TIME   RECORD YEAR NORMAL DEPARTURE LAST
                VALUE   (LST)  VALUE       VALUE  FROM      YEAR
                                                  NORMAL
..................................................................
TEMPERATURE (F)
 TODAY
  MAXIMUM         88    404 PM  91    1963  71     17       80
  MINIMUM         38    557 AM  17    1999  32      6       38
  AVERAGE         63                        51     12       59

PRECIPITATION (IN)
  TODAY            0.00          0.39 1977   0.02  -0.02     0.00
  MONTH TO DATE    0.13                      0.41  -0.28     0.59
  SINCE OCT 1      9.39                     10.89  -1.50     9.87
  SINCE JAN 1      4.52                      7.39  -2.87     5.37

DEGREE DAYS
 HEATING
  TODAY            2                        14    -12        6
  MONTH TO DATE  292                       253     39      244
  SINCE SEP 1    292                       253     39      244
  SINCE JUL 1    408                       390     18      305

 COOLING
  TODAY            0                         0      0        0
  MONTH TO DATE    0                         7     -7       17
  SINCE SEP 1      0                         7     -7       17
  SINCE JAN 1    226                       213     13      330
..................................................................


WIND (MPH)
  HIGHEST WIND SPEED    10   HIGHEST WIND DIRECTION     E (100)
  HIGHEST GUST SPEED    14   HIGHEST GUST DIRECTION     E (100)
  AVERAGE WIND SPEED     4.5



WEATHER CONDITIONS
 THE FOLLOWING WEATHER WAS RECORDED TODAY.
  NO SIGNIFICANT WEATHER WAS OBSERVED.


RELATIVE HUMIDITY (PERCENT)
 HIGHEST    76           600 AM
 LOWEST     12           400 PM
 AVERAGE    44

..........................................................


THE BURNS OR CLIMATE NORMALS FOR TOMORROW
                         NORMAL    RECORD    YEAR
 MAXIMUM TEMPERATURE (F)   70        89      1992
 MINIMUM TEMPERATURE (F)   32        21      2007
                                             1983


SUNRISE AND SUNSET
SEPTEMBER 28 2016.....SUNRISE   650 AM PDT   SUNSET   641 PM PDT
SEPTEMBER 29 2016.....SUNRISE   652 AM PDT   SUNSET   639 PM PDT


-  INDICATES NEGATIVE NUMBERS.
R  INDICATES RECORD WAS SET OR TIED.
MM INDICATES DATA IS MISSING.
T  INDICATES TRACE AMOUNT.




$$
