000
CDUS45 KBOI 190137
CLIBNO


CLIMATE REPORT
NATIONAL WEATHER SERVICE BOISE ID
636 PM MST SAT NOV 18 2017


...................................

...THE BURNS OR CLIMATE SUMMARY FOR NOVEMBER 18 2017...
VALID TODAY AS OF 0600 PM LOCAL TIME.

CLIMATE NORMAL PERIOD 1981 TO 2010
CLIMATE RECORD PERIOD 1938 TO 2017


WEATHER ITEM   OBSERVED TIME   RECORD YEAR NORMAL DEPARTURE LAST
                VALUE   (LST)  VALUE       VALUE  FROM      YEAR
                                                  NORMAL
..................................................................
TEMPERATURE (F)
 TODAY
  MAXIMUM         41    147 PM  61    2008  44     -3       39
  MINIMUM         15    704 AM  -6    1985  21     -6       19
  AVERAGE         28                        32     -4       29

PRECIPITATION (IN)
  TODAY            0.00          0.48 1968   0.04  -0.04     0.00
  MONTH TO DATE    1.21                      0.66   0.55     0.36
  SINCE OCT 1      1.85                      1.44   0.41     1.46
  SINCE JAN 1     10.49                      8.86   1.63     5.98

DEGREE DAYS
 HEATING
  TODAY           37                        33      4       36
  MONTH TO DATE  526                       526      0      414
  SINCE SEP 1   1566                      1439    127     1326
  SINCE JUL 1   1581                      1576      5     1442

 COOLING
  TODAY            0                         0      0        0
  MONTH TO DATE    0                         0      0        0
  SINCE SEP 1     50                         9     41        0
  SINCE JAN 1    343                       215    128      226
..................................................................


WIND (MPH)
  HIGHEST WIND SPEED    14   HIGHEST WIND DIRECTION    NE (50)
  HIGHEST GUST SPEED    16   HIGHEST GUST DIRECTION    NE (60)
  AVERAGE WIND SPEED     5.5



WEATHER CONDITIONS
 THE FOLLOWING WEATHER WAS RECORDED TODAY.
  NO SIGNIFICANT WEATHER WAS OBSERVED.


RELATIVE HUMIDITY (PERCENT)
 HIGHEST    92           200 AM
 LOWEST     50          1200 PM
 AVERAGE    71

..........................................................


THE BURNS OR CLIMATE NORMALS FOR TOMORROW
                         NORMAL    RECORD    YEAR
 MAXIMUM TEMPERATURE (F)   43        60      1939
 MINIMUM TEMPERATURE (F)   21         3      1994


SUNRISE AND SUNSET
NOVEMBER 18 2017......SUNRISE   654 AM PST   SUNSET   428 PM PST
NOVEMBER 19 2017......SUNRISE   655 AM PST   SUNSET   427 PM PST


-  INDICATES NEGATIVE NUMBERS.
R  INDICATES RECORD WAS SET OR TIED.
MM INDICATES DATA IS MISSING.
T  INDICATES TRACE AMOUNT.




$$
