533
CDUS45 KBOI 240121
CLIBNO


CLIMATE REPORT
NATIONAL WEATHER SERVICE BOISE ID
721 PM MDT SUN APR 23 2017


...................................

...THE BURNS OR CLIMATE SUMMARY FOR APRIL 23 2017...
VALID TODAY AS OF 0600 PM LOCAL TIME.

CLIMATE NORMAL PERIOD 1981 TO 2010
CLIMATE RECORD PERIOD 1938 TO 2017


WEATHER ITEM   OBSERVED TIME   RECORD YEAR NORMAL DEPARTURE LAST
                VALUE   (LST)  VALUE       VALUE  FROM      YEAR
                                                  NORMAL
..................................................................
TEMPERATURE (F)
 TODAY
  MAXIMUM         57    201 PM  82    2012  59     -2       62
  MINIMUM         41    527 AM  13    2013  30     11       32
  AVERAGE         49                        45      4       47

PRECIPITATION (IN)
  TODAY            T             0.49 2005   0.04  -0.04     0.00
  MONTH TO DATE    0.80                      0.72   0.08     0.11
  SINCE OCT 1     11.01                      7.52   3.49     8.03
  SINCE JAN 1      7.50                      4.02   3.48     3.16

DEGREE DAYS
 HEATING
  TODAY           16                        20     -4       18
  MONTH TO DATE  530                       520     10      345
  SINCE MAR 1   1325                      1377    -52     1087
  SINCE JUL 1   7199                      6905    294     6248

 COOLING
  TODAY            0                         0      0        0
  MONTH TO DATE    0                         0      0        0
  SINCE MAR 1      0                         0      0        0
  SINCE JAN 1      0                         0      0        0
..................................................................


WIND (MPH)
  HIGHEST WIND SPEED    21   HIGHEST WIND DIRECTION    SW (220)
  HIGHEST GUST SPEED    26   HIGHEST GUST DIRECTION     W (250)
  AVERAGE WIND SPEED     8.9



WEATHER CONDITIONS
 THE FOLLOWING WEATHER WAS RECORDED TODAY.
  NO SIGNIFICANT WEATHER WAS OBSERVED.


RELATIVE HUMIDITY (PERCENT)
 HIGHEST    76           200 AM
 LOWEST     30           400 PM
 AVERAGE    53

..........................................................


THE BURNS OR CLIMATE NORMALS FOR TOMORROW
                         NORMAL    RECORD    YEAR
 MAXIMUM TEMPERATURE (F)   59        84      1977
 MINIMUM TEMPERATURE (F)   31        17      2002


SUNRISE AND SUNSET
APRIL 23 2017.........SUNRISE   600 AM PDT   SUNSET   749 PM PDT
APRIL 24 2017.........SUNRISE   558 AM PDT   SUNSET   750 PM PDT


-  INDICATES NEGATIVE NUMBERS.
R  INDICATES RECORD WAS SET OR TIED.
MM INDICATES DATA IS MISSING.
T  INDICATES TRACE AMOUNT.




$$
