000
CDUS45 KBOI 300121
CLIBNO


CLIMATE REPORT
NATIONAL WEATHER SERVICE BOISE ID
721 PM MDT FRI JUL 29 2016


...................................

...THE BURNS OR CLIMATE SUMMARY FOR JULY 29 2016...
VALID TODAY AS OF 0600 PM LOCAL TIME.

CLIMATE NORMAL PERIOD 1981 TO 2010
CLIMATE RECORD PERIOD 1938 TO 2016


WEATHER ITEM   OBSERVED TIME   RECORD YEAR NORMAL DEPARTURE LAST
                VALUE   (LST)  VALUE       VALUE  FROM      YEAR
                                                  NORMAL
..................................................................
TEMPERATURE (F)
 TODAY
  MAXIMUM         99R   408 PM  99    2003  88     11       88
  MINIMUM         56    349 AM  38    1950  48      8       42
  AVERAGE         78                        68     10       65

PRECIPITATION (IN)
  TODAY            0.00          0.80 1985   0.01  -0.01     0.00
  MONTH TO DATE    0.14                      0.37  -0.23     0.51
  SINCE OCT 1      9.26                     10.09  -0.83     9.07
  SINCE JAN 1      4.39                      6.59  -2.20     4.57

DEGREE DAYS
 HEATING
  TODAY            0                         1     -1        0
  MONTH TO DATE   57                        55      2       28
  SINCE JUN 1    237                       273    -36       77
  SINCE JUL 1     57                        55      2       28

 COOLING
  TODAY           13                         4      9        0
  MONTH TO DATE   65                        98    -33       98
  SINCE JUN 1    123                       118      5      208
  SINCE JAN 1    123                       121      2      211
..................................................................


WIND (MPH)
  HIGHEST WIND SPEED    18   HIGHEST WIND DIRECTION     W (250)
  HIGHEST GUST SPEED    34   HIGHEST GUST DIRECTION     W (260)
  AVERAGE WIND SPEED     6.6



WEATHER CONDITIONS
 THE FOLLOWING WEATHER WAS RECORDED TODAY.
  NO SIGNIFICANT WEATHER WAS OBSERVED.


RELATIVE HUMIDITY (PERCENT)
 HIGHEST    55           400 AM
 LOWEST     10           400 PM
 AVERAGE    33

..........................................................


THE BURNS OR CLIMATE NORMALS FOR TOMORROW
                         NORMAL    RECORD    YEAR
 MAXIMUM TEMPERATURE (F)   88       103      2003
 MINIMUM TEMPERATURE (F)   48        30      1995


SUNRISE AND SUNSET
JULY 29 2016..........SUNRISE   543 AM PDT   SUNSET   821 PM PDT
JULY 30 2016..........SUNRISE   544 AM PDT   SUNSET   820 PM PDT


-  INDICATES NEGATIVE NUMBERS.
R  INDICATES RECORD WAS SET OR TIED.
MM INDICATES DATA IS MISSING.
T  INDICATES TRACE AMOUNT.




$$
