000
CDUS45 KBOI 050205
CLIBNO


CLIMATE REPORT
NATIONAL WEATHER SERVICE BOISE ID
720 PM MDT WED MAY 4 2016


...................................

...THE BURNS OR CLIMATE SUMMARY FOR MAY 4 2016...
VALID TODAY AS OF 0600 PM LOCAL TIME.

CLIMATE NORMAL PERIOD 1981 TO 2010
CLIMATE RECORD PERIOD 1938 TO 2016


WEATHER ITEM   OBSERVED TIME   RECORD YEAR NORMAL DEPARTURE LAST
                VALUE   (LST)  VALUE       VALUE  FROM      YEAR
                                                  NORMAL
..................................................................
TEMPERATURE (F)
 TODAY
  MAXIMUM         71    157 PM  86    1966  63      8       78
  MINIMUM         49    541 AM  15    1996  33     16       40
  AVERAGE         60                        48     12       59

PRECIPITATION (IN)
  TODAY            0.02          0.69 1983   0.04  -0.02     0.00
  MONTH TO DATE    0.02                      0.14  -0.12     0.00
  SINCE OCT 1      8.05                      7.87   0.18     6.75
  SINCE JAN 1      3.18                      4.37  -1.19     2.25

DEGREE DAYS
 HEATING
  TODAY            5                        17    -12        6
  MONTH TO DATE   45                        70    -25       40
  SINCE MAR 1   1261                      1582   -321     1401
  SINCE JUL 1   6422                      7110   -688     5875

 COOLING
  TODAY            0                         0      0        0
  MONTH TO DATE    0                         0      0        0
  SINCE MAR 1      0                         0      0        0
  SINCE JAN 1      0                         0      0        0
..................................................................


WIND (MPH)
  HIGHEST WIND SPEED    31   HIGHEST WIND DIRECTION    SW (220)
  HIGHEST GUST SPEED    39   HIGHEST GUST DIRECTION    SW (220)
  AVERAGE WIND SPEED     6.7



WEATHER CONDITIONS
 THE FOLLOWING WEATHER WAS RECORDED TODAY.
  THUNDERSTORM
  LIGHT RAIN
  HAZE


RELATIVE HUMIDITY (PERCENT)
 HIGHEST    66           600 AM
 LOWEST     31           100 PM
 AVERAGE    49

..........................................................


THE BURNS OR CLIMATE NORMALS FOR TOMORROW
                         NORMAL    RECORD    YEAR
 MAXIMUM TEMPERATURE (F)   63        87      1990
 MINIMUM TEMPERATURE (F)   34        20      1965


SUNRISE AND SUNSET
MAY  4 2016...........SUNRISE   543 AM PDT   SUNSET   802 PM PDT
MAY  5 2016...........SUNRISE   542 AM PDT   SUNSET   803 PM PDT


-  INDICATES NEGATIVE NUMBERS.
R  INDICATES RECORD WAS SET OR TIED.
MM INDICATES DATA IS MISSING.
T  INDICATES TRACE AMOUNT.




$$
