000
CDUS45 KBOI 290931
CLIBNO


CLIMATE REPORT
NATIONAL WEATHER SERVICE BOISE ID
330 AM MDT SAT JUL 29 2017


...................................

...THE BURNS OR CLIMATE SUMMARY FOR JULY 28 2017...

CLIMATE NORMAL PERIOD 1981 TO 2010
CLIMATE RECORD PERIOD 1938 TO 2017


WEATHER ITEM   OBSERVED TIME   RECORD YEAR NORMAL DEPARTURE LAST
                VALUE   (LST)  VALUE       VALUE  FROM      YEAR
                                                  NORMAL
..................................................................
TEMPERATURE (F)
 YESTERDAY
  MAXIMUM         93    350 PM 101    1968  88      5       97
  MINIMUM         49    451 AM  36    2015  48      1       50
  AVERAGE         71                        68      3       74

PRECIPITATION (IN)
  YESTERDAY        0.00          0.35 1941   0.01  -0.01     0.00
  MONTH TO DATE    T                         0.36  -0.36     0.14
  SINCE OCT 1     11.85                     10.08   1.77     9.26
  SINCE JAN 1      8.34                      6.58   1.76     4.39

DEGREE DAYS
 HEATING
  YESTERDAY        0                         1     -1        0
  MONTH TO DATE    0                        54    -54       57
  SINCE JUN 1    183                       272    -89      237
  SINCE JUL 1      0                        54    -54       57

 COOLING
  YESTERDAY        6                         4      2        9
  MONTH TO DATE  146                        94     52       52
  SINCE JUN 1    173                       114     59      110
  SINCE JAN 1    174                       117     57      110
..................................................................


WIND (MPH)
  HIGHEST WIND SPEED    30   HIGHEST WIND DIRECTION    SW (240)
  HIGHEST GUST SPEED    41   HIGHEST GUST DIRECTION     W (270)
  AVERAGE WIND SPEED     5.8


SKY COVER
  POSSIBLE SUNSHINE  MM
  AVERAGE SKY COVER 0.0


WEATHER CONDITIONS
 THE FOLLOWING WEATHER WAS RECORDED YESTERDAY.
  NO SIGNIFICANT WEATHER WAS OBSERVED.


RELATIVE HUMIDITY (PERCENT)
 HIGHEST    74           500 AM
 LOWEST     11           600 PM
 AVERAGE    43

..........................................................


THE BURNS OR CLIMATE NORMALS FOR TODAY
                         NORMAL    RECORD    YEAR
 MAXIMUM TEMPERATURE (F)   88        99      2016
                                             2003
 MINIMUM TEMPERATURE (F)   48        38      1950


SUNRISE AND SUNSET
JULY 29 2017..........SUNRISE   542 AM PDT   SUNSET   822 PM PDT
JULY 30 2017..........SUNRISE   543 AM PDT   SUNSET   820 PM PDT


-  INDICATES NEGATIVE NUMBERS.
R  INDICATES RECORD WAS SET OR TIED.
MM INDICATES DATA IS MISSING.
T  INDICATES TRACE AMOUNT.




$$
