000
CDUS45 KBOI 270123
CLIBNO


CLIMATE REPORT
NATIONAL WEATHER SERVICE BOISE ID
722 PM MDT TUE MAY 26 2015


...................................

...THE BURNS OR CLIMATE SUMMARY FOR MAY 26 2015...
VALID TODAY AS OF 0600 PM LOCAL TIME.

CLIMATE NORMAL PERIOD 1981 TO 2010
CLIMATE RECORD PERIOD 1938 TO 2015


WEATHER ITEM   OBSERVED TIME   RECORD YEAR NORMAL DEPARTURE LAST
                VALUE   (LST)  VALUE       VALUE  FROM      YEAR
                                                  NORMAL
..................................................................
TEMPERATURE (F)
 TODAY
  MAXIMUM         73    440 PM  89    1986  69      4       75
  MINIMUM         40    437 AM  29    1989  39      1       39
  AVERAGE         57                        54      3       57

PRECIPITATION (IN)
  TODAY            0.00          0.26 1945   0.04  -0.04     0.00
  MONTH TO DATE    1.68                      1.01   0.67     0.38
  SINCE OCT 1      8.43                      8.74  -0.31     5.90
  SINCE JAN 1      3.93                      5.24  -1.31     4.93

DEGREE DAYS
 HEATING
  TODAY            8                        11     -3        8
  MONTH TO DATE  318                       375    -57      330
  SINCE MAR 1   1679                      1887   -208     1754
  SINCE JUL 1   6153                      7415  -1262     7037

 COOLING
  TODAY            0                         0      0        0
  MONTH TO DATE    0                         0      0        0
  SINCE MAR 1      0                         0      0        0
  SINCE JAN 1      0                         0      0        0
..................................................................


WIND (MPH)
  HIGHEST WIND SPEED    16   HIGHEST WIND DIRECTION    SW (220)
  HIGHEST GUST SPEED    23   HIGHEST GUST DIRECTION     S (180)
  AVERAGE WIND SPEED     6.6



WEATHER CONDITIONS
 THE FOLLOWING WEATHER WAS RECORDED TODAY.
  NO SIGNIFICANT WEATHER WAS OBSERVED.


RELATIVE HUMIDITY (PERCENT)
 HIGHEST    85           400 AM
 LOWEST     14           300 PM
 AVERAGE    50

..........................................................


THE BURNS OR CLIMATE NORMALS FOR TOMORROW
                         NORMAL    RECORD    YEAR
 MAXIMUM TEMPERATURE (F)   69        86      2003
                                             1983
 MINIMUM TEMPERATURE (F)   39        27      1954
                                             1953


SUNRISE AND SUNSET
MAY 26 2015...........SUNRISE   521 AM PDT   SUNSET   825 PM PDT
MAY 27 2015...........SUNRISE   521 AM PDT   SUNSET   826 PM PDT


-  INDICATES NEGATIVE NUMBERS.
R  INDICATES RECORD WAS SET OR TIED.
MM INDICATES DATA IS MISSING.
T  INDICATES TRACE AMOUNT.




$$
