000
CDUS45 KBOI 290122
CLIBOI


CLIMATE REPORT
NATIONAL WEATHER SERVICE BOISE ID
621 PM MST FRI NOV 28 2014


...................................

...THE BOISE ID CLIMATE SUMMARY FOR NOVEMBER 28 2014...
VALID TODAY AS OF 0600 PM LOCAL TIME.

CLIMATE NORMAL PERIOD 1981 TO 2010
CLIMATE RECORD PERIOD 1878 TO 2014


WEATHER ITEM   OBSERVED TIME   RECORD YEAR NORMAL DEPARTURE LAST
                VALUE   (LST)  VALUE       VALUE  FROM      YEAR
                                                  NORMAL
..................................................................
TEMPERATURE (F)
 TODAY
  MAXIMUM         65R   228 PM  63    1891  42     23       47
  MINIMUM         40    659 AM -10    1896  28     12       28
  AVERAGE         53                        35     18       38

PRECIPITATION (IN)
  TODAY            0.00          0.72 1893   0.05  -0.05     0.00
                                      1881
  MONTH TO DATE    2.17                      1.25   0.92     1.49
  SINCE OCT 1      2.57                      2.00   0.57     2.25
  SINCE JAN 1     12.10                     10.08   2.02     8.91

DEGREE DAYS
 HEATING
  TODAY           12                        30    -18       27
  MONTH TO DATE  808                       687    121      698
  SINCE SEP 1   1073                      1175   -102     1241
  SINCE JUL 1   1077                      1193   -116     1241

 COOLING
  TODAY            0                         0      0        0
  MONTH TO DATE    0                         0      0        0
  SINCE SEP 1    146                       108     38      148
  SINCE JAN 1   1129                       942    187     1320
..................................................................


WIND (MPH)
  HIGHEST WIND SPEED    16   HIGHEST WIND DIRECTION    SE (120)
  HIGHEST GUST SPEED    20   HIGHEST GUST DIRECTION    SE (120)
  AVERAGE WIND SPEED     6.2



WEATHER CONDITIONS
 THE FOLLOWING WEATHER WAS RECORDED TODAY.
  FOG


RELATIVE HUMIDITY (PERCENT)
 HIGHEST   100           600 AM
 LOWEST     24           200 PM
 AVERAGE    62

..........................................................


THE BOISE ID CLIMATE NORMALS FOR TOMORROW
                         NORMAL    RECORD    YEAR
 MAXIMUM TEMPERATURE (F)   42        68      1932
 MINIMUM TEMPERATURE (F)   28        -9      1896


SUNRISE AND SUNSET
NOVEMBER 28 2014......SUNRISE   755 AM MST   SUNSET   511 PM MST
NOVEMBER 29 2014......SUNRISE   756 AM MST   SUNSET   510 PM MST


-  INDICATES NEGATIVE NUMBERS.
R  INDICATES RECORD WAS SET OR TIED.
MM INDICATES DATA IS MISSING.
T  INDICATES TRACE AMOUNT.




$$
