000
CDUS45 KBOI 300931
CLIBOI


CLIMATE REPORT
NATIONAL WEATHER SERVICE BOISE ID
331 AM MDT MON MAY 30 2016


...................................

...THE BOISE ID CLIMATE SUMMARY FOR MAY 29 2016...

CLIMATE NORMAL PERIOD 1981 TO 2010
CLIMATE RECORD PERIOD 1875 TO 2016


WEATHER ITEM   OBSERVED TIME   RECORD YEAR NORMAL DEPARTURE LAST
                VALUE   (LST)  VALUE       VALUE  FROM      YEAR
                                                  NORMAL
..................................................................
TEMPERATURE (F)
 YESTERDAY
  MAXIMUM         82    253 PM 100    1897  76      6       86
  MINIMUM         50    524 AM  32    1976  50      0       57
  AVERAGE         66                        63      3       72

PRECIPITATION (IN)
  YESTERDAY        0.00          1.77 1990   0.05  -0.05     0.00
  MONTH TO DATE    0.87                      1.31  -0.44     1.50
  SINCE OCT 1      8.86                      9.81  -0.95    10.70
  SINCE JAN 1      4.52                      6.16  -1.64     4.79

SNOWFALL (IN)
  YESTERDAY        0.0           0.0  2007   0.0    0.0      0.0
  MONTH TO DATE    0.0                       0.0    0.0      0.0
  SINCE OCT 1     10.9                      19.2   -8.3     13.3
  SINCE JUL 1     10.9                      19.2   -8.3     13.3
  SNOW DEPTH       0

DEGREE DAYS
 HEATING
  YESTERDAY        0                         4     -4        0
  MONTH TO DATE  136                       217    -81      117
  SINCE MAR 1    925                      1282   -357      991
  SINCE JUL 1   4674                      5441   -767     4586

 COOLING
  YESTERDAY        1                         2     -1        7
  MONTH TO DATE   26                        37    -11       15
  SINCE MAR 1     31                        40     -9       15
  SINCE JAN 1     31                        40     -9       15
..................................................................


WIND (MPH)
  HIGHEST WIND SPEED    18   HIGHEST WIND DIRECTION    NW (310)
  HIGHEST GUST SPEED    22   HIGHEST GUST DIRECTION    NW (300)
  AVERAGE WIND SPEED     9.0


SKY COVER
  POSSIBLE SUNSHINE  MM
  AVERAGE SKY COVER 0.0


WEATHER CONDITIONS
 THE FOLLOWING WEATHER WAS RECORDED YESTERDAY.
  HAZE


RELATIVE HUMIDITY (PERCENT)
 HIGHEST    54           400 AM
 LOWEST     15           300 PM
 AVERAGE    35

..........................................................


THE BOISE ID CLIMATE NORMALS FOR TODAY
                         NORMAL    RECORD    YEAR
 MAXIMUM TEMPERATURE (F)   76        98      1986
 MINIMUM TEMPERATURE (F)   50        33      1979
                                             1919


SUNRISE AND SUNSET
MAY 30 2016...........SUNRISE   607 AM MDT   SUNSET   918 PM MDT
MAY 31 2016...........SUNRISE   607 AM MDT   SUNSET   919 PM MDT


-  INDICATES NEGATIVE NUMBERS.
R  INDICATES RECORD WAS SET OR TIED.
MM INDICATES DATA IS MISSING.
T  INDICATES TRACE AMOUNT.




$$
