001
CDUS45 KBOI 230931
CLIBOI


CLIMATE REPORT
NATIONAL WEATHER SERVICE BOISE ID
231 AM MST THU NOV 23 2017


...................................

...THE BOISE ID CLIMATE SUMMARY FOR NOVEMBER 22 2017...

CLIMATE NORMAL PERIOD 1981 TO 2010
CLIMATE RECORD PERIOD 1875 TO 2017


WEATHER ITEM   OBSERVED TIME   RECORD YEAR NORMAL DEPARTURE LAST
                VALUE   (LST)  VALUE       VALUE  FROM      YEAR
                                                  NORMAL
..................................................................
TEMPERATURE (F)
 YESTERDAY
  MAXIMUM         63    229 PM  65    1892  45     18       51
  MINIMUM         47   1059 PM  -3    1985  30     17       29
  AVERAGE         55                        37     18       40

PRECIPITATION (IN)
  YESTERDAY        0.01          0.69 1953   0.05  -0.04     0.00
  MONTH TO DATE    1.50                      0.96   0.54     0.08
  SINCE OCT 1      2.10                      1.71   0.39     1.36
  SINCE JAN 1     14.08                      9.79   4.29     6.54

SNOWFALL (IN)
  YESTERDAY        0.0           2.5  1986   0.1   -0.1      0.0
  MONTH TO DATE    0.0                       1.4   -1.4      0.0
  SINCE OCT 1      T                         1.5   -1.5      0.0
  SINCE JUL 1      T                         1.5   -1.5      0.0
  SNOW DEPTH       0

DEGREE DAYS
 HEATING
  YESTERDAY       10                        28    -18       25
  MONTH TO DATE  462                       512    -50      350
  SINCE SEP 1   1055                      1000     55      707
  SINCE JUL 1   1055                      1018     37      715

 COOLING
  YESTERDAY        0                         0      0        0
  MONTH TO DATE    0                         0      0        0
  SINCE SEP 1    175                       108     67       64
  SINCE JAN 1   1341                       942    399     1001
..................................................................


WIND (MPH)
  HIGHEST WIND SPEED    15   HIGHEST WIND DIRECTION    SE (120)
  HIGHEST GUST SPEED    20   HIGHEST GUST DIRECTION     E (110)
  AVERAGE WIND SPEED     4.5


SKY COVER
  POSSIBLE SUNSHINE  MM
  AVERAGE SKY COVER 0.4


WEATHER CONDITIONS
 THE FOLLOWING WEATHER WAS RECORDED YESTERDAY.
  LIGHT RAIN
  FOG


RELATIVE HUMIDITY (PERCENT)
 HIGHEST   100          1100 PM
 LOWEST     65           100 PM
 AVERAGE    83

..........................................................


THE BOISE ID CLIMATE NORMALS FOR TODAY
                         NORMAL    RECORD    YEAR
 MAXIMUM TEMPERATURE (F)   44        64      1897
 MINIMUM TEMPERATURE (F)   30         2      1985


SUNRISE AND SUNSET
NOVEMBER 23 2017......SUNRISE   749 AM MST   SUNSET   513 PM MST
NOVEMBER 24 2017......SUNRISE   750 AM MST   SUNSET   513 PM MST


-  INDICATES NEGATIVE NUMBERS.
R  INDICATES RECORD WAS SET OR TIED.
MM INDICATES DATA IS MISSING.
T  INDICATES TRACE AMOUNT.




$$
