000
CDUS45 KBOI 230931
CLIBOI


CLIMATE REPORT
NATIONAL WEATHER SERVICE BOISE ID
331 AM MDT SAT JUL 23 2016


...................................

...THE BOISE ID CLIMATE SUMMARY FOR JULY 22 2016...

CLIMATE NORMAL PERIOD 1981 TO 2010
CLIMATE RECORD PERIOD 1875 TO 2016


WEATHER ITEM   OBSERVED TIME   RECORD YEAR NORMAL DEPARTURE LAST
                VALUE   (LST)  VALUE       VALUE  FROM      YEAR
                                                  NORMAL
..................................................................
TEMPERATURE (F)
 YESTERDAY
  MAXIMUM         90    524 PM 108    2003  93     -3       89
  MINIMUM         69    400 AM  44    1954  62      7       66
                                      1914
  AVERAGE         80                        77      3       78

PRECIPITATION (IN)
  YESTERDAY        0.00          0.22 2008   0.01  -0.01     0.03
  MONTH TO DATE    0.27                      0.25   0.02     0.97
  SINCE OCT 1      9.31                     10.83  -1.52    11.84
  SINCE JAN 1      4.97                      7.18  -2.21     5.93

SNOWFALL (IN)
  YESTERDAY        0.0           0.0  2006   0.0    0.0      0.0
  MONTH TO DATE    0.0                       0.0    0.0      0.0
  SINCE OCT 1     10.9                      19.2   -8.3     13.3
  SINCE JUL 1      0.0                       0.0    0.0      0.0
  SNOW DEPTH       0

DEGREE DAYS
 HEATING
  YESTERDAY        0                         0      0        0
  MONTH TO DATE    8                         4      4        0
  SINCE JUN 1     45                        68    -23        2
  SINCE JUL 1      8                         4      4        0

 COOLING
  YESTERDAY       15                        12      3       13
  MONTH TO DATE  201                       228    -27      282
  SINCE JUN 1    448                       367     81      620
  SINCE JAN 1    479                       411     68      655
..................................................................


WIND (MPH)
  HIGHEST WIND SPEED    20   HIGHEST WIND DIRECTION     N (340)
  HIGHEST GUST SPEED    33   HIGHEST GUST DIRECTION    NE (60)
  AVERAGE WIND SPEED     9.3


SKY COVER
  POSSIBLE SUNSHINE  MM
  AVERAGE SKY COVER 0.0


WEATHER CONDITIONS
 THE FOLLOWING WEATHER WAS RECORDED YESTERDAY.
  NO SIGNIFICANT WEATHER WAS OBSERVED.


RELATIVE HUMIDITY (PERCENT)
 HIGHEST    31           300 AM
 LOWEST     13           800 PM
 AVERAGE    22

..........................................................


THE BOISE ID CLIMATE NORMALS FOR TODAY
                         NORMAL    RECORD    YEAR
 MAXIMUM TEMPERATURE (F)   93       107      2003
 MINIMUM TEMPERATURE (F)   62        42      1892


SUNRISE AND SUNSET
JULY 23 2016..........SUNRISE   625 AM MDT   SUNSET   917 PM MDT
JULY 24 2016..........SUNRISE   626 AM MDT   SUNSET   916 PM MDT


-  INDICATES NEGATIVE NUMBERS.
R  INDICATES RECORD WAS SET OR TIED.
MM INDICATES DATA IS MISSING.
T  INDICATES TRACE AMOUNT.




$$
