994
CDUS45 KBOI 140124
CLIBOI


CLIMATE REPORT
NATIONAL WEATHER SERVICE BOISE ID
624 PM MST SAT FEB 13 2016


...................................

...THE BOISE ID CLIMATE SUMMARY FOR FEBRUARY 13 2016...
VALID TODAY AS OF 0600 PM LOCAL TIME.

CLIMATE NORMAL PERIOD 1981 TO 2010
CLIMATE RECORD PERIOD 1878 TO 2016


WEATHER ITEM   OBSERVED TIME   RECORD YEAR NORMAL DEPARTURE LAST
                VALUE   (LST)  VALUE       VALUE  FROM      YEAR
                                                  NORMAL
..................................................................
TEMPERATURE (F)
 TODAY
  MAXIMUM         51    428 PM  63    1921  44      7       55
  MINIMUM         30    914 AM  -5    1933  28      2       34
  AVERAGE         41                        36      5       45

PRECIPITATION (IN)
  TODAY            0.00          0.70 1987   0.03  -0.03     0.00
  MONTH TO DATE    0.07                      0.45  -0.38     1.27
  SINCE OCT 1      5.24                      5.34  -0.10     8.01
  SINCE JAN 1      0.90                      1.69  -0.79     2.10

DEGREE DAYS
 HEATING
  TODAY           24                        29     -5       20
  MONTH TO DATE  379                       395    -16      227
  SINCE DEC 1   2368                      2502   -134     2101
  SINCE JUL 1   3440                      3756   -316     3240

 COOLING
  TODAY            0                         0      0        0
  MONTH TO DATE    0                         0      0        0
  SINCE DEC 1      0                         0      0        0
  SINCE JAN 1      0                         0      0        0
..................................................................


WIND (MPH)
  HIGHEST WIND SPEED    15   HIGHEST WIND DIRECTION    NW (300)
  HIGHEST GUST SPEED    18   HIGHEST GUST DIRECTION    NW (320)
  AVERAGE WIND SPEED     4.6



WEATHER CONDITIONS
 THE FOLLOWING WEATHER WAS RECORDED TODAY.
  FOG
  FOG W/VISIBILITY <= 1/4 MILE
  HAZE


RELATIVE HUMIDITY (PERCENT)
 HIGHEST   100           700 AM
 LOWEST     38           400 PM
 AVERAGE    69

..........................................................


THE BOISE ID CLIMATE NORMALS FOR TOMORROW
                         NORMAL    RECORD    YEAR
 MAXIMUM TEMPERATURE (F)   44        65      1876
 MINIMUM TEMPERATURE (F)   28        -6      1884


SUNRISE AND SUNSET
FEBRUARY 13 2016......SUNRISE   747 AM MST   SUNSET   612 PM MST
FEBRUARY 14 2016......SUNRISE   745 AM MST   SUNSET   613 PM MST


-  INDICATES NEGATIVE NUMBERS.
R  INDICATES RECORD WAS SET OR TIED.
MM INDICATES DATA IS MISSING.
T  INDICATES TRACE AMOUNT.




$$
