101
CDUS45 KBOI 280947
CLIBOI


CLIMATE REPORT
NATIONAL WEATHER SERVICE BOISE ID
347 AM MDT WED JUN 28 2017


...................................

...THE BOISE ID CLIMATE SUMMARY FOR JUNE 27 2017...

CLIMATE NORMAL PERIOD 1981 TO 2010
CLIMATE RECORD PERIOD 1875 TO 2017


WEATHER ITEM   OBSERVED TIME   RECORD YEAR NORMAL DEPARTURE LAST
                VALUE   (LST)  VALUE       VALUE  FROM      YEAR
                                                  NORMAL
..................................................................
TEMPERATURE (F)
 YESTERDAY
  MAXIMUM         89    531 PM 106    2015  86      3      101
  MINIMUM         61    459 AM  41    1980  56      5       64
                                      1965
                                      1887
  AVERAGE         75                        71      4       83

PRECIPITATION (IN)
  YESTERDAY        0.00          0.52 1941   0.01  -0.01     0.00
  MONTH TO DATE    1.40                      0.65   0.75     0.18
  SINCE OCT 1     14.69                     10.54   4.15     9.04
  SINCE JAN 1     11.19                      6.89   4.30     4.70

SNOWFALL (IN)
  YESTERDAY        0.0           0.0  2007   0.0    0.0      0.0
  MONTH TO DATE    0.0                       0.0    0.0      0.0
  SINCE OCT 1     39.1                      19.2   19.9     10.9
  SINCE JUL 1     39.1                      19.2   19.9     10.9
  SNOW DEPTH       0

DEGREE DAYS
 HEATING
  YESTERDAY        0                         1     -1        0
  MONTH TO DATE   45                        61    -16       37
  SINCE JUN 1     45                        61    -16       37
  SINCE JUL 1   5499                      5511    -12     4713

 COOLING
  YESTERDAY       10                         7      3       18
  MONTH TO DATE  149                       116     33      193
  SINCE JUN 1    149                       116     33      193
  SINCE JAN 1    211                       160     51      224
..................................................................


WIND (MPH)
  HIGHEST WIND SPEED    24   HIGHEST WIND DIRECTION    NW (300)
  HIGHEST GUST SPEED    31   HIGHEST GUST DIRECTION    NW (300)
  AVERAGE WIND SPEED     8.2


SKY COVER
  POSSIBLE SUNSHINE  MM
  AVERAGE SKY COVER 0.0


WEATHER CONDITIONS
 THE FOLLOWING WEATHER WAS RECORDED YESTERDAY.
  NO SIGNIFICANT WEATHER WAS OBSERVED.


RELATIVE HUMIDITY (PERCENT)
 HIGHEST    65           400 AM
 LOWEST     19           500 PM
 AVERAGE    42

..........................................................


THE BOISE ID CLIMATE NORMALS FOR TODAY
                         NORMAL    RECORD    YEAR
 MAXIMUM TEMPERATURE (F)   86       110      2015
 MINIMUM TEMPERATURE (F)   57        36      1881


SUNRISE AND SUNSET
JUNE 28 2017..........SUNRISE   606 AM MDT   SUNSET   930 PM MDT
JUNE 29 2017..........SUNRISE   607 AM MDT   SUNSET   930 PM MDT


-  INDICATES NEGATIVE NUMBERS.
R  INDICATES RECORD WAS SET OR TIED.
MM INDICATES DATA IS MISSING.
T  INDICATES TRACE AMOUNT.




$$
