000
CDUS45 KBOI 270931
CLIBOI


CLIMATE REPORT
NATIONAL WEATHER SERVICE BOISE ID
331 AM MDT FRI MAR 27 2015


...................................

...THE BOISE ID CLIMATE SUMMARY FOR MARCH 26 2015...

CLIMATE NORMAL PERIOD 1981 TO 2010
CLIMATE RECORD PERIOD 1878 TO 2015


WEATHER ITEM   OBSERVED TIME   RECORD YEAR NORMAL DEPARTURE LAST
                VALUE   (LST)  VALUE       VALUE  FROM      YEAR
                                                  NORMAL
..................................................................
TEMPERATURE (F)
 YESTERDAY
  MAXIMUM         65    548 PM  82    1877  57      8       56
  MINIMUM         34    529 AM  18    1913  36     -2       37
  AVERAGE         50                        47      3       47

PRECIPITATION (IN)
  YESTERDAY        0.00          0.70 1945   0.05  -0.05     0.11
  MONTH TO DATE    0.50                      1.16  -0.66     1.67
  SINCE OCT 1      8.59                      7.04   1.55     7.59
  SINCE JAN 1      2.68                      3.39  -0.71     4.68

SNOWFALL (IN)
  YESTERDAY        0.0           0.8  1901   0.1   -0.1      0.0
  MONTH TO DATE    T                         1.2   -1.2       T
  SINCE OCT 1     13.3                      18.8   -5.5     14.4
  SINCE JUL 1     13.3                      18.8   -5.5     14.4
  SNOW DEPTH       0

DEGREE DAYS
 HEATING
  YESTERDAY       15                        18     -3       18
  MONTH TO DATE  421                       548   -127      491
  SINCE MAR 1    421                       548   -127      491
  SINCE JUL 1   4016                      4707   -691     4831

 COOLING
  YESTERDAY        0                         0      0        0
  MONTH TO DATE    0                         0      0        0
  SINCE MAR 1      0                         0      0        0
  SINCE JAN 1      0                         0      0        0
..................................................................


WIND (MPH)
  HIGHEST WIND SPEED    10   HIGHEST WIND DIRECTION    NW (300)
  HIGHEST GUST SPEED    14   HIGHEST GUST DIRECTION    NW (310)
  AVERAGE WIND SPEED     3.9


SKY COVER
  POSSIBLE SUNSHINE  MM
  AVERAGE SKY COVER 0.0


WEATHER CONDITIONS
 THE FOLLOWING WEATHER WAS RECORDED YESTERDAY.
  NO SIGNIFICANT WEATHER WAS OBSERVED.


RELATIVE HUMIDITY (PERCENT)
 HIGHEST    92           800 AM
 LOWEST     37           400 PM
 AVERAGE    65

..........................................................


THE BOISE ID CLIMATE NORMALS FOR TODAY
                         NORMAL    RECORD    YEAR
 MAXIMUM TEMPERATURE (F)   58        78      1877
 MINIMUM TEMPERATURE (F)   37        14      1944


SUNRISE AND SUNSET
MARCH 27 2015.........SUNRISE   736 AM MDT   SUNSET   805 PM MDT
MARCH 28 2015.........SUNRISE   734 AM MDT   SUNSET   807 PM MDT


-  INDICATES NEGATIVE NUMBERS.
R  INDICATES RECORD WAS SET OR TIED.
MM INDICATES DATA IS MISSING.
T  INDICATES TRACE AMOUNT.




$$
