000
CDUS41 KBOX 170602
CLIBOS


CLIMATE REPORT
NATIONAL WEATHER SERVICE TAUNTON MA
159 AM EDT THU AUG 17 2017


...................................

...THE BOSTON MA CLIMATE SUMMARY FOR AUGUST 16 2017...

CLIMATE NORMAL PERIOD 1981 TO 2010
CLIMATE RECORD PERIOD 1872 TO 2017


WEATHER ITEM   OBSERVED TIME   RECORD YEAR NORMAL DEPARTURE LAST
                VALUE   (LST)  VALUE       VALUE  FROM      YEAR
                                                  NORMAL
..................................................................
TEMPERATURE (F)
 YESTERDAY
  MAXIMUM         85    151 PM  97    1944  80      5       81
  MINIMUM         66    413 AM  47    1880  65      1       69
  AVERAGE         76                        72      4       75

PRECIPITATION (IN)
  YESTERDAY        0.00          1.77 1872   0.11  -0.11      T
  MONTH TO DATE    1.22                      1.85  -0.63     0.82
  SINCE JUN 1     10.10                      8.96   1.14     3.02
  SINCE JAN 1     30.93                     27.12   3.81    19.36

SNOWFALL (IN)
  YESTERDAY        0.0           0.0  2002   0.0    0.0      0.0
                                      2001
                                      2000
  MONTH TO DATE    0.0                       0.0    0.0      0.0
  SINCE JUN 1      0.0                       0.0    0.0      0.0
  SINCE JUL 1      0.0                       0.0    0.0      0.0
  SNOW DEPTH       0

DEGREE DAYS
 HEATING
  YESTERDAY        0                         0      0        0
  MONTH TO DATE    0                         0      0        0
  SINCE JUN 1     60                        61     -1       24
  SINCE JUL 1     10                         6      4        7

 COOLING
  YESTERDAY       11                         8      3       10
  MONTH TO DATE  131                       132     -1      200
  SINCE JUN 1    572                       534     38      687
  SINCE JAN 1    632                       564     68      732
..................................................................


WIND (MPH)
  RESULTANT WIND SPEED   7   RESULTANT WIND DIRECTION  NW (310)
  HIGHEST WIND SPEED    20   HIGHEST WIND DIRECTION    NW (320)
  HIGHEST GUST SPEED    25   HIGHEST GUST DIRECTION    NW (330)
  AVERAGE WIND SPEED    10.4


SKY COVER
  POSSIBLE SUNSHINE  MM
  AVERAGE SKY COVER 0.4


WEATHER CONDITIONS
 THE FOLLOWING WEATHER WAS RECORDED YESTERDAY.
  FOG
  HAZE


RELATIVE HUMIDITY (PERCENT)
 HIGHEST   100           500 AM
 LOWEST     36           600 PM
 AVERAGE    68

..........................................................


THE BOSTON MA CLIMATE NORMALS FOR TODAY
                         NORMAL    RECORD    YEAR
 MAXIMUM TEMPERATURE (F)   80        97      1944
 MINIMUM TEMPERATURE (F)   65        51      1934


SUNRISE AND SUNSET
AUGUST 17 2017........SUNRISE   554 AM EDT   SUNSET   742 PM EDT
AUGUST 18 2017........SUNRISE   555 AM EDT   SUNSET   740 PM EDT


-  INDICATES NEGATIVE NUMBERS.
R  INDICATES RECORD WAS SET OR TIED.
MM INDICATES DATA IS MISSING.
T  INDICATES TRACE AMOUNT.




$$
