000
CDUS41 KBOX 102140
CLIBOS


CLIMATE REPORT
NATIONAL WEATHER SERVICE TAUNTON MA
529 PM EDT THU JUL 10 2014


...................................

...THE BOSTON MA CLIMATE SUMMARY FOR JULY 10 2014...
VALID AS OF 0500 PM LOCAL TIME.

CLIMATE NORMAL PERIOD 1981 TO 2010
CLIMATE RECORD PERIOD 1872 TO 2014


WEATHER ITEM   OBSERVED TIME   RECORD YEAR NORMAL DEPARTURE LAST
                VALUE   (LST)  VALUE       VALUE  FROM      YEAR
                                                  NORMAL
..................................................................
TEMPERATURE (F)
 TODAY
  MAXIMUM         82    358 PM 101    1880  81      1       86
  MINIMUM         71    548 AM  53    1890  65      6       67
  AVERAGE         77                        73      4       77

PRECIPITATION (IN)
  TODAY            0.00          2.39 1955   0.11  -0.11     0.01
  MONTH TO DATE    2.59                      0.94   1.65     0.05
  SINCE JUN 1      5.21                      4.62   0.59    10.55
  SINCE JAN 1     23.16                     22.78   0.38    24.80

SNOWFALL (IN)
  TODAY            0.0           T    1955   0.0    0.0      0.0
  MONTH TO DATE    0.0                       0.0    0.0      0.0
  SINCE JUN 1      0.0                       0.0    0.0      0.0
  SINCE JUL 1      0.0                       0.0    0.0      0.0
  SNOW DEPTH      MM

DEGREE DAYS
 HEATING
  TODAY            0                         0      0        0
  MONTH TO DATE    0                         0      0        0
  SINCE JUN 1     28                        55    -27       25
  SINCE JUL 1      0                         0      0        0

 COOLING
  TODAY           12                         8      4       12
  MONTH TO DATE  128                        79     49      141
  SINCE JUN 1    266                       215     51      312
  SINCE JAN 1    288                       245     43      350
..................................................................


WIND (MPH)
  HIGHEST WIND SPEED    14   HIGHEST WIND DIRECTION    NW (310)
  HIGHEST GUST SPEED    18   HIGHEST GUST DIRECTION    NW (320)
  AVERAGE WIND SPEED     8.7


SKY COVER
  POSSIBLE SUNSHINE  MM
  AVERAGE SKY COVER 0.6


WEATHER CONDITIONS
 THE FOLLOWING WEATHER WAS RECORDED TODAY.
  NO SIGNIFICANT WEATHER WAS OBSERVED.


RELATIVE HUMIDITY (PERCENT)
 HIGHEST    68           300 AM
 LOWEST     36           200 PM
 AVERAGE    52

..........................................................


THE BOSTON MA CLIMATE NORMALS FOR TOMORROW
                         NORMAL    RECORD    YEAR
 MAXIMUM TEMPERATURE (F)   82       100      1911
 MINIMUM TEMPERATURE (F)   65        54      1890


SUNRISE AND SUNSET
JULY 10 2014..........SUNRISE   517 AM EDT   SUNSET   822 PM EDT
JULY 11 2014..........SUNRISE   517 AM EDT   SUNSET   821 PM EDT


-  INDICATES NEGATIVE NUMBERS.
R  INDICATES RECORD WAS SET OR TIED.
MM INDICATES DATA IS MISSING.
T  INDICATES TRACE AMOUNT.




$$
