000
CDUS41 KBOX 050540
CLIBOS


CLIMATE REPORT
NATIONAL WEATHER SERVICE TAUNTON MA
137 AM EDT SAT SEP 5 2015


...................................

...THE BOSTON MA CLIMATE SUMMARY FOR SEPTEMBER 4 2015...

CLIMATE NORMAL PERIOD 1981 TO 2010
CLIMATE RECORD PERIOD 1872 TO 2015


WEATHER ITEM   OBSERVED TIME   RECORD YEAR NORMAL DEPARTURE LAST
                VALUE   (LST)  VALUE       VALUE  FROM      YEAR
                                                  NORMAL
..................................................................
TEMPERATURE (F)
 YESTERDAY
  MAXIMUM         72    204 AM  94    1973  76     -4       83
                                      1884
  MINIMUM         62   1159 PM  43    1872  61      1       66
  AVERAGE         67                        69     -2       75

PRECIPITATION (IN)
  YESTERDAY        T             1.73 1905   0.10  -0.10     0.00
  MONTH TO DATE    0.01                      0.40  -0.39     0.01
  SINCE SEP 1      0.01                      0.40  -0.39     0.01
  SINCE JAN 1     22.79                     29.02  -6.23    26.90

SNOWFALL (IN)
  YESTERDAY        0.0           0.0  2002   0.0    0.0      0.0
                                      2001
                                      2000
  MONTH TO DATE    0.0                       0.0    0.0      0.0
  SINCE SEP 1      0.0                       0.0    0.0      0.0
  SINCE JUL 1      0.0                       0.0    0.0      0.0
  SNOW DEPTH      MM

DEGREE DAYS
 HEATING
  YESTERDAY        0                         1     -1        0
  MONTH TO DATE    0                         4     -4        0
  SINCE SEP 1      0                         4     -4        0
  SINCE JUL 1      1                        17    -16        0

 COOLING
  YESTERDAY        2                         5     -3       10
  MONTH TO DATE   36                        20     16       55
  SINCE SEP 1     36                        20     16       55
  SINCE JAN 1    786                       679    107      694
..................................................................


WIND (MPH)
  RESULTANT WIND SPEED  11   RESULTANT WIND DIRECTION  NE (50)
  HIGHEST WIND SPEED    23   HIGHEST WIND DIRECTION    NE (40)
  HIGHEST GUST SPEED    32   HIGHEST GUST DIRECTION    NE (50)
  AVERAGE WIND SPEED    10.8


SKY COVER
  POSSIBLE SUNSHINE  MM
  AVERAGE SKY COVER 0.6


WEATHER CONDITIONS
 THE FOLLOWING WEATHER WAS RECORDED YESTERDAY.
  LIGHT RAIN
  FOG


RELATIVE HUMIDITY (PERCENT)
 HIGHEST    93           200 AM
 LOWEST     63          1000 AM
 AVERAGE    78

..........................................................


THE BOSTON MA CLIMATE NORMALS FOR TODAY
                         NORMAL    RECORD    YEAR
 MAXIMUM TEMPERATURE (F)   76        93      1880
 MINIMUM TEMPERATURE (F)   61        48      1896
                                             1872


SUNRISE AND SUNSET
SEPTEMBER  5 2015.....SUNRISE   613 AM EDT   SUNSET   712 PM EDT
SEPTEMBER  6 2015.....SUNRISE   614 AM EDT   SUNSET   710 PM EDT


-  INDICATES NEGATIVE NUMBERS.
R  INDICATES RECORD WAS SET OR TIED.
MM INDICATES DATA IS MISSING.
T  INDICATES TRACE AMOUNT.




$$
