000
CDUS41 KBOX 220544
CLIBOS


CLIMATE REPORT
NATIONAL WEATHER SERVICE TAUNTON MA
139 AM EDT MON MAY 22 2017


...................................

...THE BOSTON MA CLIMATE SUMMARY FOR MAY 21 2017...

CLIMATE NORMAL PERIOD 1981 TO 2010
CLIMATE RECORD PERIOD 1872 TO 2017


WEATHER ITEM   OBSERVED TIME   RECORD YEAR NORMAL DEPARTURE LAST
                VALUE   (LST)  VALUE       VALUE  FROM      YEAR
                                                  NORMAL
..................................................................
TEMPERATURE (F)
 YESTERDAY
  MAXIMUM         61    413 PM  93    1921  68     -7       76
  MINIMUM         48    435 AM  41    1907  51     -3       53
  AVERAGE         55                        60     -5       65

PRECIPITATION (IN)
  YESTERDAY        0.00          2.24 1889   0.11  -0.11     0.00
  MONTH TO DATE    2.04                      2.22  -0.18     1.44
  SINCE MAR 1     11.95                     10.28   1.67     7.51
  SINCE JAN 1     19.42                     16.89   2.53    14.95

SNOWFALL (IN)
  YESTERDAY        0.0           0.0  2002   0.0    0.0      0.0
                                      2001
                                      2000
  MONTH TO DATE    0.0                       0.1   -0.1      0.0
  SINCE MAR 1     11.3                       9.8    1.5     10.7
  SINCE JUL 1     47.6                      43.9    3.7     36.1
  SNOW DEPTH       0

DEGREE DAYS
 HEATING
  YESTERDAY       10                         7      3        0
  MONTH TO DATE  220                       193     27      213
  SINCE MAR 1   1581                      1532     49     1436
  SINCE JUL 1   5120                      5574   -454     4766

 COOLING
  YESTERDAY        0                         1     -1        0
  MONTH TO DATE   41                         8     33        3
  SINCE MAR 1     60                        11     49        6
  SINCE JAN 1     60                        11     49        6
..................................................................


WIND (MPH)
  RESULTANT WIND SPEED   6   RESULTANT WIND DIRECTION   E (110)
  HIGHEST WIND SPEED    16   HIGHEST WIND DIRECTION     E (110)
  HIGHEST GUST SPEED    20   HIGHEST GUST DIRECTION     E (100)
  AVERAGE WIND SPEED    10.4


SKY COVER
  POSSIBLE SUNSHINE  MM
  AVERAGE SKY COVER 0.6


WEATHER CONDITIONS
 THE FOLLOWING WEATHER WAS RECORDED YESTERDAY.
  NO SIGNIFICANT WEATHER WAS OBSERVED.


RELATIVE HUMIDITY (PERCENT)
 HIGHEST    80           500 AM
 LOWEST     36           300 PM
 AVERAGE    58

..........................................................


THE BOSTON MA CLIMATE NORMALS FOR TODAY
                         NORMAL    RECORD    YEAR
 MAXIMUM TEMPERATURE (F)   68        93      1959
 MINIMUM TEMPERATURE (F)   52        39      1894


SUNRISE AND SUNSET
MAY 22 2017...........SUNRISE   516 AM EDT   SUNSET   806 PM EDT
MAY 23 2017...........SUNRISE   515 AM EDT   SUNSET   807 PM EDT


-  INDICATES NEGATIVE NUMBERS.
R  INDICATES RECORD WAS SET OR TIED.
MM INDICATES DATA IS MISSING.
T  INDICATES TRACE AMOUNT.




$$
