000
CDUS41 KBOX 230540
CLIBOS


CLIMATE REPORT
NATIONAL WEATHER SERVICE TAUNTON MA
138 AM EDT SAT MAY 23 2015


...................................

...THE BOSTON MA CLIMATE SUMMARY FOR MAY 22 2015...

CLIMATE NORMAL PERIOD 1981 TO 2010
CLIMATE RECORD PERIOD 1872 TO 2015


WEATHER ITEM   OBSERVED TIME   RECORD YEAR NORMAL DEPARTURE LAST
                VALUE   (LST)  VALUE       VALUE  FROM      YEAR
                                                  NORMAL
..................................................................
TEMPERATURE (F)
 YESTERDAY
  MAXIMUM         76    243 PM  93    1959  68      8       59
  MINIMUM         52    456 AM  39    1894  52      0       51
  AVERAGE         64                        60      4       55

PRECIPITATION (IN)
  YESTERDAY        T             3.23 1920   0.12  -0.12     0.25
  MONTH TO DATE    0.31                      2.34  -2.03     1.98
  SINCE MAR 1      5.64                     10.40  -4.76     9.70
  SINCE JAN 1     12.58                     17.01  -4.43    17.07

SNOWFALL (IN)
  YESTERDAY        0.0           0.0  2014   0.0    0.0      0.0
  MONTH TO DATE    0.0                       0.1   -0.1      0.0
  SINCE MAR 1      8.6                       9.8   -1.2      2.5
  SINCE JUL 1    110.6                      43.9   66.7     58.9
  SNOW DEPTH      MM

DEGREE DAYS
 HEATING
  YESTERDAY        1                         6     -5       10
  MONTH TO DATE  124                       199    -75      134
  SINCE MAR 1   1603                      1538     65     1605
  SINCE JUL 1   5918                      5580    338     5753

 COOLING
  YESTERDAY        0                         1     -1        0
  MONTH TO DATE   15                         9      6       19
  SINCE MAR 1     15                        12      3       20
  SINCE JAN 1     15                        12      3       20
..................................................................


WIND (MPH)
  RESULTANT WIND SPEED  12   RESULTANT WIND DIRECTION   W (270)
  HIGHEST WIND SPEED    26   HIGHEST WIND DIRECTION     W (260)
  HIGHEST GUST SPEED    37   HIGHEST GUST DIRECTION     W (250)
  AVERAGE WIND SPEED    12.9


SKY COVER
  POSSIBLE SUNSHINE  MM
  AVERAGE SKY COVER 0.5


WEATHER CONDITIONS
 THE FOLLOWING WEATHER WAS RECORDED YESTERDAY.
  LIGHT RAIN


RELATIVE HUMIDITY (PERCENT)
 HIGHEST    64           300 AM
 LOWEST     16           300 PM
 AVERAGE    40

..........................................................


THE BOSTON MA CLIMATE NORMALS FOR TODAY
                         NORMAL    RECORD    YEAR
 MAXIMUM TEMPERATURE (F)   68        93      1964
 MINIMUM TEMPERATURE (F)   52        40      1967
                                             1882
                                             1876


SUNRISE AND SUNSET
MAY 23 2015...........SUNRISE   516 AM EDT   SUNSET   806 PM EDT
MAY 24 2015...........SUNRISE   515 AM EDT   SUNSET   807 PM EDT


-  INDICATES NEGATIVE NUMBERS.
R  INDICATES RECORD WAS SET OR TIED.
MM INDICATES DATA IS MISSING.
T  INDICATES TRACE AMOUNT.




$$
