000
CDUS41 KBOX 220542
CLIBOS


CLIMATE REPORT
NATIONAL WEATHER SERVICE TAUNTON MA
139 AM EDT MON SEP 22 2014


...................................

...THE BOSTON MA CLIMATE SUMMARY FOR SEPTEMBER 21 2014...

CLIMATE NORMAL PERIOD 1981 TO 2010
CLIMATE RECORD PERIOD 1872 TO 2014


WEATHER ITEM   OBSERVED TIME   RECORD YEAR NORMAL DEPARTURE LAST
                VALUE   (LST)  VALUE       VALUE  FROM      YEAR
                                                  NORMAL
..................................................................
TEMPERATURE (F)
 YESTERDAY
  MAXIMUM         82   1128 AM  94    1895  71     11       77
  MINIMUM         63    339 AM  40    1929  56      7       57
                                      1904
  AVERAGE         73                        63     10       67

PRECIPITATION (IN)
  YESTERDAY        0.01          2.77 1961   0.13  -0.12      T
  MONTH TO DATE    0.52                      2.32  -1.80     1.84
  SINCE SEP 1      0.52                      2.32  -1.80     1.84
  SINCE JAN 1     27.41                     30.94  -3.53    32.04

SNOWFALL (IN)
  YESTERDAY        0.0           0.0  2002   0.0    0.0      0.0
                                      2001
                                      2000
  MONTH TO DATE    0.0                       0.0    0.0      0.0
  SINCE SEP 1      0.0                       0.0    0.0      0.0
  SINCE JUL 1      0.0                       0.0    0.0      0.0
  SNOW DEPTH      MM

DEGREE DAYS
 HEATING
  YESTERDAY        0                         4     -4        0
  MONTH TO DATE   48                        39      9       34
  SINCE SEP 1     48                        39      9       34
  SINCE JUL 1     48                        52     -4       36

 COOLING
  YESTERDAY        8                         2      6        2
  MONTH TO DATE  104                        70     34       82
  SINCE SEP 1    104                        70     34       82
  SINCE JAN 1    743                       729     14      903
..................................................................


WIND (MPH)
  RESULTANT WIND SPEED   6   RESULTANT WIND DIRECTION   S (160)
  HIGHEST WIND SPEED    17   HIGHEST WIND DIRECTION     S (180)
  HIGHEST GUST SPEED    21   HIGHEST GUST DIRECTION     S (180)
  AVERAGE WIND SPEED     7.5


SKY COVER
  POSSIBLE SUNSHINE  MM
  AVERAGE SKY COVER 0.9


WEATHER CONDITIONS
 THE FOLLOWING WEATHER WAS RECORDED YESTERDAY.
  LIGHT RAIN
  FOG


RELATIVE HUMIDITY (PERCENT)
 HIGHEST    97          1000 PM
 LOWEST     62          1100 AM
 AVERAGE    80

..........................................................


THE BOSTON MA CLIMATE NORMALS FOR TODAY
                         NORMAL    RECORD    YEAR
 MAXIMUM TEMPERATURE (F)   70        94      1895
 MINIMUM TEMPERATURE (F)   55        35      1904


SUNRISE AND SUNSET
SEPTEMBER 22 2014.....SUNRISE   631 AM EDT   SUNSET   641 PM EDT
SEPTEMBER 23 2014.....SUNRISE   632 AM EDT   SUNSET   640 PM EDT


-  INDICATES NEGATIVE NUMBERS.
R  INDICATES RECORD WAS SET OR TIED.
MM INDICATES DATA IS MISSING.
T  INDICATES TRACE AMOUNT.




$$
