000
CDUS41 KBOX 030527
CLIBOS


CLIMATE REPORT
NATIONAL WEATHER SERVICE TAUNTON MA
127 AM EDT TUE MAY 3 2016


...................................

...THE BOSTON MA CLIMATE SUMMARY FOR MAY 2 2016...

CLIMATE NORMAL PERIOD 1981 TO 2010
CLIMATE RECORD PERIOD 1872 TO 2016


WEATHER ITEM   OBSERVED TIME   RECORD YEAR NORMAL DEPARTURE LAST
                VALUE   (LST)  VALUE       VALUE  FROM      YEAR
                                                  NORMAL
..................................................................
TEMPERATURE (F)
 YESTERDAY
  MAXIMUM         51    555 PM  91    2001  62    -11       50
                                      1930
  MINIMUM         43   1218 AM  33    1874  46     -3       39
  AVERAGE         47                        54     -7       45

PRECIPITATION (IN)
  YESTERDAY        0.39          1.14 1897   0.11   0.28     0.00
  MONTH TO DATE    0.49                      0.21   0.28     0.00
  SINCE MAR 1      6.56                      8.27  -1.71     5.33
  SINCE JAN 1     14.00                     14.88  -0.88    12.27

SNOWFALL (IN)
  YESTERDAY        0.0           T    1953   0.0    0.0      0.0
  MONTH TO DATE    0.0                       0.0    0.0      0.0
  SINCE MAR 1     10.7                       9.7    1.0      8.6
  SINCE JUL 1     36.1                      43.8   -7.7    110.6
  SNOW DEPTH      MM

DEGREE DAYS
 HEATING
  YESTERDAY       18                        12      6       20
  MONTH TO DATE   35                        24     11       41
  SINCE MAR 1   1258                      1363   -105     1520
  SINCE JUL 1   4588                      5405   -817     5835

 COOLING
  YESTERDAY        0                         0      0        0
  MONTH TO DATE    0                         0      0        0
  SINCE MAR 1      3                         3      0        0
  SINCE JAN 1      3                         3      0        0
..................................................................


WIND (MPH)
  RESULTANT WIND SPEED   7   RESULTANT WIND DIRECTION  NE (40)
  HIGHEST WIND SPEED    15   HIGHEST WIND DIRECTION    NE (50)
  HIGHEST GUST SPEED    18   HIGHEST GUST DIRECTION    NE (60)
  AVERAGE WIND SPEED     8.0


SKY COVER
  POSSIBLE SUNSHINE  MM
  AVERAGE SKY COVER 1.0


WEATHER CONDITIONS
 THE FOLLOWING WEATHER WAS RECORDED YESTERDAY.
  HEAVY RAIN
  LIGHT RAIN
  FOG


RELATIVE HUMIDITY (PERCENT)
 HIGHEST   100          1200 PM
 LOWEST     86           800 PM
 AVERAGE    93

..........................................................


THE BOSTON MA CLIMATE NORMALS FOR TODAY
                         NORMAL    RECORD    YEAR
 MAXIMUM TEMPERATURE (F)   62        92      2001
 MINIMUM TEMPERATURE (F)   46        31      1882


SUNRISE AND SUNSET
MAY  3 2016...........SUNRISE   536 AM EDT   SUNSET   746 PM EDT
MAY  4 2016...........SUNRISE   535 AM EDT   SUNSET   748 PM EDT


-  INDICATES NEGATIVE NUMBERS.
R  INDICATES RECORD WAS SET OR TIED.
MM INDICATES DATA IS MISSING.
T  INDICATES TRACE AMOUNT.




$$
