000
CDUS41 KBOX 280548
CLIBOS


CLIMATE REPORT
NATIONAL WEATHER SERVICE TAUNTON MA
137 AM EDT THU AUG 28 2014


...................................

...THE BOSTON MA CLIMATE SUMMARY FOR AUGUST 27 2014...

CLIMATE NORMAL PERIOD 1981 TO 2010
CLIMATE RECORD PERIOD 1872 TO 2014


WEATHER ITEM   OBSERVED TIME   RECORD YEAR NORMAL DEPARTURE LAST
                VALUE   (LST)  VALUE       VALUE  FROM      YEAR
                                                  NORMAL
..................................................................
TEMPERATURE (F)
 YESTERDAY
  MAXIMUM         91    231 PM 100    1948  78     13       76
  MINIMUM         67    552 AM  47    1880  63      4       65
  AVERAGE         79                        71      8       71

PRECIPITATION (IN)
  YESTERDAY        0.02          2.19 1946   0.10  -0.08     0.01
  MONTH TO DATE    1.21                      2.97  -1.76     1.84
  SINCE JUN 1      8.40                     10.08  -1.68    15.95
  SINCE JAN 1     26.35                     28.24  -1.89    30.20

SNOWFALL (IN)
  YESTERDAY        0.0           0.0  2002   0.0    0.0      0.0
                                      2001
                                      2000
  MONTH TO DATE    0.0                       0.0    0.0      0.0
  SINCE JUN 1      0.0                       0.0    0.0      0.0
  SINCE JUL 1      0.0                       0.0    0.0      0.0
  SNOW DEPTH       0

DEGREE DAYS
 HEATING
  YESTERDAY        0                         0      0        0
  MONTH TO DATE    0                         0      0        0
  SINCE JUN 1     28                        61    -33       27
  SINCE JUL 1      0                         6     -6        2

 COOLING
  YESTERDAY       14                         6      8        6
  MONTH TO DATE  165                       205    -40      207
  SINCE JUN 1    594                       607    -13      761
  SINCE JAN 1    616                       637    -21      799
..................................................................


WIND (MPH)
  RESULTANT WIND SPEED  13   RESULTANT WIND DIRECTION  SW (230)
  HIGHEST WIND SPEED    21   HIGHEST WIND DIRECTION    SW (240)
  HIGHEST GUST SPEED    33   HIGHEST GUST DIRECTION     W (250)
  AVERAGE WIND SPEED    12.6


SKY COVER
  POSSIBLE SUNSHINE  MM
  AVERAGE SKY COVER 0.4


WEATHER CONDITIONS
 THE FOLLOWING WEATHER WAS RECORDED YESTERDAY.
  LIGHT RAIN


RELATIVE HUMIDITY (PERCENT)
 HIGHEST    82           900 PM
 LOWEST     44          1200 PM
 AVERAGE    63

..........................................................


THE BOSTON MA CLIMATE NORMALS FOR TODAY
                         NORMAL    RECORD    YEAR
 MAXIMUM TEMPERATURE (F)   78        99      1948
 MINIMUM TEMPERATURE (F)   63        47      1885


SUNRISE AND SUNSET
AUGUST 28 2014........SUNRISE   605 AM EDT   SUNSET   725 PM EDT
AUGUST 29 2014........SUNRISE   606 AM EDT   SUNSET   723 PM EDT


-  INDICATES NEGATIVE NUMBERS.
R  INDICATES RECORD WAS SET OR TIED.
MM INDICATES DATA IS MISSING.
T  INDICATES TRACE AMOUNT.




$$
