518
CDUS41 KBOX 300541
CLIBOS


CLIMATE REPORT
NATIONAL WEATHER SERVICE TAUNTON MA
137 AM EDT THU MAR 30 2017


...................................

...THE BOSTON MA CLIMATE SUMMARY FOR MARCH 29 2017...

CLIMATE NORMAL PERIOD 1981 TO 2010
CLIMATE RECORD PERIOD 1872 TO 2017


WEATHER ITEM   OBSERVED TIME   RECORD YEAR NORMAL DEPARTURE LAST
                VALUE   (LST)  VALUE       VALUE  FROM      YEAR
                                                  NORMAL
..................................................................
TEMPERATURE (F)
 YESTERDAY
  MAXIMUM         47    304 PM  86    1945  49     -2       51
  MINIMUM         37   1159 PM   4    1923  35      2       38
  AVERAGE         42                        42      0       45

PRECIPITATION (IN)
  YESTERDAY        0.06          1.96 2010   0.13  -0.07     0.00
  MONTH TO DATE    3.31                      4.04  -0.73     3.16
  SINCE MAR 1      3.31                      4.04  -0.73     3.16
  SINCE JAN 1     10.78                     10.65   0.13    10.60

SNOWFALL (IN)
  YESTERDAY        0.0           9.1  1984   0.1   -0.1      0.0
  MONTH TO DATE    9.5                       7.5    2.0      4.1
  SINCE MAR 1      9.5                       7.5    2.0      4.1
  SINCE JUL 1     45.8                      41.6    4.2     29.5
  SNOW DEPTH       0

DEGREE DAYS
 HEATING
  YESTERDAY       23                        23      0       20
  MONTH TO DATE  899                       784    115      662
  SINCE MAR 1    899                       784    115      662
  SINCE JUL 1   4438                      4826   -388     3992

 COOLING
  YESTERDAY        0                         0      0        0
  MONTH TO DATE    0                         0      0        0
  SINCE MAR 1      0                         0      0        0
  SINCE JAN 1      0                         0      0        0
..................................................................


WIND (MPH)
  RESULTANT WIND SPEED  13   RESULTANT WIND DIRECTION  NW (330)
  HIGHEST WIND SPEED    26   HIGHEST WIND DIRECTION    NW (330)
  HIGHEST GUST SPEED    33   HIGHEST GUST DIRECTION    NW (330)
  AVERAGE WIND SPEED    13.3


SKY COVER
  POSSIBLE SUNSHINE  MM
  AVERAGE SKY COVER 0.8


WEATHER CONDITIONS
 THE FOLLOWING WEATHER WAS RECORDED YESTERDAY.
  LIGHT RAIN
  FOG


RELATIVE HUMIDITY (PERCENT)
 HIGHEST   100          1200 AM
 LOWEST     49           400 PM
 AVERAGE    75

..........................................................


THE BOSTON MA CLIMATE NORMALS FOR TODAY
                         NORMAL    RECORD    YEAR
 MAXIMUM TEMPERATURE (F)   50        81      1977
 MINIMUM TEMPERATURE (F)   35        10      1884


SUNRISE AND SUNSET
MARCH 30 2017.........SUNRISE   630 AM EDT   SUNSET   708 PM EDT
MARCH 31 2017.........SUNRISE   628 AM EDT   SUNSET   709 PM EDT


-  INDICATES NEGATIVE NUMBERS.
R  INDICATES RECORD WAS SET OR TIED.
MM INDICATES DATA IS MISSING.
T  INDICATES TRACE AMOUNT.




$$
