000
CDUS41 KBOX 240547
CLIBOS


CLIMATE REPORT
NATIONAL WEATHER SERVICE TAUNTON MA
137 AM EDT THU APR 24 2014


...................................

...THE BOSTON MA CLIMATE SUMMARY FOR APRIL 23 2014...

CLIMATE NORMAL PERIOD 1981 TO 2010
CLIMATE RECORD PERIOD 1872 TO 2014


WEATHER ITEM   OBSERVED TIME   RECORD YEAR NORMAL DEPARTURE LAST
                VALUE   (LST)  VALUE       VALUE  FROM      YEAR
                                                  NORMAL
..................................................................
TEMPERATURE (F)
 YESTERDAY
  MAXIMUM         57    708 AM  86    2007  58     -1       43
  MINIMUM         46   1146 PM  29    1933  43      3       41
  AVERAGE         52                        51      1       42

PRECIPITATION (IN)
  YESTERDAY        0.23          1.48 2012   0.11   0.12     0.13
  MONTH TO DATE    2.54                      2.95  -0.41     1.34
  SINCE MAR 1      7.02                      7.27  -0.25     4.66
  SINCE JAN 1     14.39                     13.88   0.51    11.00

SNOWFALL (IN)
  YESTERDAY        0.0           0.1  1956   0.0    0.0      0.0
  MONTH TO DATE    0.3                       1.8   -1.5       T
  SINCE MAR 1      2.5                       9.6   -7.1     20.6
  SINCE JUL 1     58.9                      43.7   15.2     63.4
  SNOW DEPTH      MM

DEGREE DAYS
 HEATING
  YESTERDAY       13                        14     -1       23
  MONTH TO DATE  372                       417    -45      396
  SINCE MAR 1   1342                      1246     96     1235
  SINCE JUL 1   5490                      5288    202     5037

 COOLING
  YESTERDAY        0                         0      0        0
  MONTH TO DATE    1                         0      1        0
  SINCE MAR 1      1                         0      1        0
  SINCE JAN 1      1                         0      1        0
..................................................................


WIND (MPH)
  RESULTANT WIND SPEED  11   RESULTANT WIND DIRECTION  NW (310)
  HIGHEST WIND SPEED    31   HIGHEST WIND DIRECTION    NW (320)
  HIGHEST GUST SPEED    41   HIGHEST GUST DIRECTION    NW (330)
  AVERAGE WIND SPEED    14.9


SKY COVER
  POSSIBLE SUNSHINE  MM
  AVERAGE SKY COVER 0.8


WEATHER CONDITIONS
 THE FOLLOWING WEATHER WAS RECORDED YESTERDAY.
  HEAVY RAIN
  RAIN
  LIGHT RAIN
  FOG


RELATIVE HUMIDITY (PERCENT)
 HIGHEST    93          1200 AM
 LOWEST     50           500 PM
 AVERAGE    72

..........................................................


THE BOSTON MA CLIMATE NORMALS FOR TODAY
                         NORMAL    RECORD    YEAR
 MAXIMUM TEMPERATURE (F)   59        84      2001
 MINIMUM TEMPERATURE (F)   43        28      1882


SUNRISE AND SUNSET
APRIL 24 2014.........SUNRISE   549 AM EDT   SUNSET   736 PM EDT
APRIL 25 2014.........SUNRISE   548 AM EDT   SUNSET   737 PM EDT


-  INDICATES NEGATIVE NUMBERS.
R  INDICATES RECORD WAS SET OR TIED.
MM INDICATES DATA IS MISSING.
T  INDICATES TRACE AMOUNT.




$$
