000
CDUS41 KBOX 010530
CLIBOS


CLIMATE REPORT
NATIONAL WEATHER SERVICE TAUNTON MA
1230 AM EST SUN MAR 1 2015


...................................

...THE BOSTON MA CLIMATE SUMMARY FOR FEBRUARY 28 2015...

CLIMATE NORMAL PERIOD 1981 TO 2010
CLIMATE RECORD PERIOD 1872 TO 2015


WEATHER ITEM   OBSERVED TIME   RECORD YEAR NORMAL DEPARTURE LAST
                VALUE   (LST)  VALUE       VALUE  FROM      YEAR
                                                  NORMAL
..................................................................
TEMPERATURE (F)
 YESTERDAY
  MAXIMUM         31    435 PM  63    1976  41    -10       25
  MINIMUM         12    711 AM   2    1907  27    -15       10
  AVERAGE         22                        34    -12       18

PRECIPITATION (IN)
  YESTERDAY        0.00          2.01 1958   0.13  -0.13     0.00
  MONTH TO DATE    3.37                      3.25   0.12     4.13
  SINCE DEC 1     13.50                     10.39   3.11    11.99
  SINCE JAN 1      6.94                      6.61   0.33     7.37

SNOWFALL (IN)
  YESTERDAY        0.0           6.6  1948   0.4   -0.4      0.0
  MONTH TO DATE   64.8                      10.9   53.9     22.9
  SINCE DEC 1     99.4                      32.8   66.6     56.4
  SINCE JUL 1    102.0                      34.1   67.9     56.4
  SNOW DEPTH      MM

DEGREE DAYS
 HEATING
  YESTERDAY       43                        31     12       47
  MONTH TO DATE 1281                       931    350     1002
  SINCE DEC 1   3302                      2987    315     3132
  SINCE JUL 1   4315                      4042    273     4148

 COOLING
  YESTERDAY        0                         0      0        0
  MONTH TO DATE    0                         0      0        0
  SINCE DEC 1      0                         0      0        0
  SINCE JAN 1      0                         0      0        0
..................................................................


WIND (MPH)
  RESULTANT WIND SPEED   8   RESULTANT WIND DIRECTION   W (280)
  HIGHEST WIND SPEED    15   HIGHEST WIND DIRECTION    NW (300)
  HIGHEST GUST SPEED    20   HIGHEST GUST DIRECTION     W (250)
  AVERAGE WIND SPEED     8.7


SKY COVER
  POSSIBLE SUNSHINE  MM
  AVERAGE SKY COVER 0.0


WEATHER CONDITIONS
 THE FOLLOWING WEATHER WAS RECORDED YESTERDAY.
  NO SIGNIFICANT WEATHER WAS OBSERVED.


RELATIVE HUMIDITY (PERCENT)
 HIGHEST    58           500 AM
 LOWEST     27           500 PM
 AVERAGE    43

..........................................................


THE BOSTON MA CLIMATE NORMALS FOR TODAY
                         NORMAL    RECORD    YEAR
 MAXIMUM TEMPERATURE (F)   42        63      1991
 MINIMUM TEMPERATURE (F)   27        -1      1886


SUNRISE AND SUNSET
MARCH  1 2015.........SUNRISE   620 AM EST   SUNSET   534 PM EST
MARCH  2 2015.........SUNRISE   618 AM EST   SUNSET   535 PM EST


-  INDICATES NEGATIVE NUMBERS.
R  INDICATES RECORD WAS SET OR TIED.
MM INDICATES DATA IS MISSING.
T  INDICATES TRACE AMOUNT.




$$
