000
CDUS41 KBOX 200528
CLIBOS


CLIMATE REPORT
NATIONAL WEATHER SERVICE TAUNTON MA
127 AM EDT FRI OCT 20 2017


...................................

...THE BOSTON MA CLIMATE SUMMARY FOR OCTOBER 19 2017...

CLIMATE NORMAL PERIOD 1981 TO 2010
CLIMATE RECORD PERIOD 1872 TO 2017


WEATHER ITEM   OBSERVED TIME   RECORD YEAR NORMAL DEPARTURE LAST
                VALUE   (LST)  VALUE       VALUE  FROM      YEAR
                                                  NORMAL
..................................................................
TEMPERATURE (F)
 YESTERDAY
  MAXIMUM         74    233 PM  84    1945  60     14       81
  MINIMUM         52    618 AM  28    1922  45      7       62
  AVERAGE         63                        53     10       72

PRECIPITATION (IN)
  YESTERDAY        0.00          2.06 1932   0.13  -0.13     0.00
  MONTH TO DATE    0.49                      2.42  -1.93     2.73
  SINCE SEP 1      4.22                      5.86  -1.64     4.11
  SINCE JAN 1     35.51                     34.48   1.03    24.37

SNOWFALL (IN)
  YESTERDAY        0.0           T    1972   0.0    0.0      0.0
  MONTH TO DATE    0.0                       0.0    0.0      0.0
  SINCE SEP 1      0.0                       0.0    0.0      0.0
  SINCE JUL 1      0.0                       0.0    0.0      0.0
  SNOW DEPTH      MM

DEGREE DAYS
 HEATING
  YESTERDAY        2                        12    -10        0
  MONTH TO DATE   80                       180   -100      139
  SINCE SEP 1    117                       264   -147      185
  SINCE JUL 1    129                       277   -148      192

 COOLING
  YESTERDAY        0                         0      0        7
  MONTH TO DATE   36                         6     30       11
  SINCE SEP 1    147                        87     60      139
  SINCE JAN 1    876                       746    130     1033
..................................................................


WIND (MPH)
  RESULTANT WIND SPEED  13   RESULTANT WIND DIRECTION  SW (210)
  HIGHEST WIND SPEED    24   HIGHEST WIND DIRECTION    SW (210)
  HIGHEST GUST SPEED    29   HIGHEST GUST DIRECTION    SW (210)
  AVERAGE WIND SPEED    13.2


SKY COVER
  POSSIBLE SUNSHINE  MM
  AVERAGE SKY COVER 0.2


WEATHER CONDITIONS
 THE FOLLOWING WEATHER WAS RECORDED YESTERDAY.
  FOG


RELATIVE HUMIDITY (PERCENT)
 HIGHEST    93           600 AM
 LOWEST     33           300 PM
 AVERAGE    63

..........................................................


THE BOSTON MA CLIMATE NORMALS FOR TODAY
                         NORMAL    RECORD    YEAR
 MAXIMUM TEMPERATURE (F)   60        79      1969
 MINIMUM TEMPERATURE (F)   45        32      1974
                                             1972
                                             1900


SUNRISE AND SUNSET
OCTOBER 20 2017.......SUNRISE   703 AM EDT   SUNSET   554 PM EDT
OCTOBER 21 2017.......SUNRISE   704 AM EDT   SUNSET   552 PM EDT


-  INDICATES NEGATIVE NUMBERS.
R  INDICATES RECORD WAS SET OR TIED.
MM INDICATES DATA IS MISSING.
T  INDICATES TRACE AMOUNT.




$$
