000
CDUS41 KBOX 260540
CLIBOS


CLIMATE REPORT
NATIONAL WEATHER SERVICE TAUNTON MA
138 AM EDT MON JUN 26 2017


...................................

...THE BOSTON MA CLIMATE SUMMARY FOR JUNE 25 2017...

CLIMATE NORMAL PERIOD 1981 TO 2010
CLIMATE RECORD PERIOD 1872 TO 2017


WEATHER ITEM   OBSERVED TIME   RECORD YEAR NORMAL DEPARTURE LAST
                VALUE   (LST)  VALUE       VALUE  FROM      YEAR
                                                  NORMAL
..................................................................
TEMPERATURE (F)
 YESTERDAY
  MAXIMUM         85    155 PM  97    1943  79      6       73
  MINIMUM         65    951 PM  48    1903  62      3       59
  AVERAGE         75                        71      4       66

PRECIPITATION (IN)
  YESTERDAY        T             2.23 1884   0.10  -0.10     0.00
  MONTH TO DATE    4.70                      3.20   1.50     1.22
  SINCE JUN 1      4.70                      3.20   1.50     1.22
  SINCE JAN 1     25.53                     21.36   4.17    17.56

SNOWFALL (IN)
  YESTERDAY        0.0           0.0  2002   0.0    0.0      0.0
                                      2001
                                      2000
  MONTH TO DATE    0.0                       0.0    0.0      0.0
  SINCE JUN 1      0.0                       0.0    0.0      0.0
  SINCE JUL 1     47.6                      43.8    3.8     36.1
  SNOW DEPTH      MM

DEGREE DAYS
 HEATING
  YESTERDAY        0                         1     -1        0
  MONTH TO DATE   50                        53     -3       17
  SINCE JUN 1     50                        53     -3       17
  SINCE JUL 1   5254                      5679   -425     4804

 COOLING
  YESTERDAY       10                         6      4        1
  MONTH TO DATE  161                       102     59       81
  SINCE JUN 1    161                       102     59       81
  SINCE JAN 1    221                       132     89      126
..................................................................


WIND (MPH)
  RESULTANT WIND SPEED  10   RESULTANT WIND DIRECTION   W (260)
  HIGHEST WIND SPEED    29   HIGHEST WIND DIRECTION     W (290)
  HIGHEST GUST SPEED    35   HIGHEST GUST DIRECTION     W (280)
  AVERAGE WIND SPEED    10.5


SKY COVER
  POSSIBLE SUNSHINE  MM
  AVERAGE SKY COVER 0.5


WEATHER CONDITIONS
 THE FOLLOWING WEATHER WAS RECORDED YESTERDAY.
  NO SIGNIFICANT WEATHER WAS OBSERVED.


RELATIVE HUMIDITY (PERCENT)
 HIGHEST    73          1000 PM
 LOWEST     32           200 PM
 AVERAGE    53

..........................................................


THE BOSTON MA CLIMATE NORMALS FOR TODAY
                         NORMAL    RECORD    YEAR
 MAXIMUM TEMPERATURE (F)   79       100      1952
 MINIMUM TEMPERATURE (F)   63        52      1986
                                             1985
                                             1940


SUNRISE AND SUNSET
JUNE 26 2017..........SUNRISE   509 AM EDT   SUNSET   825 PM EDT
JUNE 27 2017..........SUNRISE   509 AM EDT   SUNSET   825 PM EDT


-  INDICATES NEGATIVE NUMBERS.
R  INDICATES RECORD WAS SET OR TIED.
MM INDICATES DATA IS MISSING.
T  INDICATES TRACE AMOUNT.




$$
