000
CDUS45 KRIW 270741
CLIBPI


CLIMATE REPORT
NATIONAL WEATHER SERVICE RIVERTON WY
1241 AM MST FRI FEB 27 2015


...................................

...THE BIG PINEY WY CLIMATE SUMMARY FOR FEBRUARY 26 2015...

CLIMATE NORMAL PERIOD 1981 TO 2010
CLIMATE RECORD PERIOD 1976 TO 2015


WEATHER ITEM   OBSERVED TIME   RECORD YEAR NORMAL DEPARTURE LAST
                VALUE   (LST)  VALUE       VALUE  FROM      YEAR
                                                  NORMAL
..................................................................
TEMPERATURE (F)
 YESTERDAY
  MAXIMUM         27    331 PM  48    1988  33     -6       34
  MINIMUM         10   1159 PM -22    1987   5      5        7
  AVERAGE         19                        19      0       21

PRECIPITATION (IN)
  YESTERDAY        0.01          0.34 2004   0.02  -0.01     0.00
  MONTH TO DATE    0.05                      0.33  -0.28     0.02
  SINCE DEC 1      0.18                      0.94  -0.76     0.23
  SINCE JAN 1      0.06                      0.64  -0.58     0.04

DEGREE DAYS
 HEATING
  YESTERDAY       46                        46      0       44
  MONTH TO DATE  970                      1319   -349     1265
  SINCE DEC 1   3781                      4617   -836     4403
  SINCE JUL 1   6009                      7432  -1423     6868

 COOLING
  YESTERDAY        0                         0      0        0
  MONTH TO DATE    0                         0      0        0
  SINCE DEC 1      0                         0      0        0
  SINCE JAN 1      0                         0      0        0
..................................................................


WIND (MPH)
  HIGHEST WIND SPEED    14   HIGHEST WIND DIRECTION     S (170)
  HIGHEST GUST SPEED    18   HIGHEST GUST DIRECTION     S (170)
  AVERAGE WIND SPEED     7.5


SKY COVER
  POSSIBLE SUNSHINE  MM
  AVERAGE SKY COVER 1.0


WEATHER CONDITIONS
 THE FOLLOWING WEATHER WAS RECORDED YESTERDAY.
  LIGHT SNOW
  FOG
  HAZE


RELATIVE HUMIDITY (PERCENT)
 HIGHEST    84          1200 AM
 LOWEST     67           700 PM
 AVERAGE    76

..........................................................


THE BIG PINEY WY CLIMATE NORMALS FOR TODAY
                         NORMAL    RECORD    YEAR
 MAXIMUM TEMPERATURE (F)   33        46      1989
 MINIMUM TEMPERATURE (F)    5       -28      1993


SUNRISE AND SUNSET
FEBRUARY 27 2015......SUNRISE   659 AM MST   SUNSET   607 PM MST
FEBRUARY 28 2015......SUNRISE   658 AM MST   SUNSET   609 PM MST


-  INDICATES NEGATIVE NUMBERS.
R  INDICATES RECORD WAS SET OR TIED.
MM INDICATES DATA IS MISSING.
T  INDICATES TRACE AMOUNT.




$$
