000
CDUS45 KRIW 170733
CLIBPI


CLIMATE REPORT
NATIONAL WEATHER SERVICE RIVERTON WY
131 AM MDT TUE OCT 17 2017


...................................

...THE BIG PINEY WY CLIMATE SUMMARY FOR OCTOBER 16 2017...

CLIMATE NORMAL PERIOD 1981 TO 2010
CLIMATE RECORD PERIOD 1976 TO 2017


WEATHER ITEM   OBSERVED TIME   RECORD YEAR NORMAL DEPARTURE LAST
                VALUE   (LST)  VALUE       VALUE  FROM      YEAR
                                                  NORMAL
..................................................................
TEMPERATURE (F)
 YESTERDAY
  MAXIMUM         63    351 PM  70    2015  56      7       53
  MINIMUM         14    700 AM   9    1999  21     -7       32
                                      1976
  AVERAGE         39                        38      1       43

PRECIPITATION (IN)
  YESTERDAY        0.00          0.69 2016   0.02  -0.02     0.69
  MONTH TO DATE    0.01                      0.34  -0.33     1.65
  SINCE SEP 1      1.73                      1.12   0.61     3.21
  SINCE JAN 1      8.83                      5.78   3.05    10.69

DEGREE DAYS
 HEATING
  YESTERDAY       26                        27     -1       22
  MONTH TO DATE  474                       381     93      354
  SINCE SEP 1    900                       839     61      723
  SINCE JUL 1   1087                      1132    -45     1006

 COOLING
  YESTERDAY        0                         0      0        0
  MONTH TO DATE    0                         0      0        0
  SINCE SEP 1      0                         0      0        0
  SINCE JAN 1     27                        35     -8       23
..................................................................


WIND (MPH)
  HIGHEST WIND SPEED    14   HIGHEST WIND DIRECTION    NW (330)
  HIGHEST GUST SPEED    15   HIGHEST GUST DIRECTION     N (340)
  AVERAGE WIND SPEED     3.1


SKY COVER
  POSSIBLE SUNSHINE  MM
  AVERAGE SKY COVER 0.0


WEATHER CONDITIONS
 THE FOLLOWING WEATHER WAS RECORDED YESTERDAY.
  NO SIGNIFICANT WEATHER WAS OBSERVED.


RELATIVE HUMIDITY (PERCENT)
 HIGHEST    88           300 AM
 LOWEST     12           200 PM
 AVERAGE    50

..........................................................


THE BIG PINEY WY CLIMATE NORMALS FOR TODAY
                         NORMAL    RECORD    YEAR
 MAXIMUM TEMPERATURE (F)   55        71      2003
 MINIMUM TEMPERATURE (F)   21         9      1996


SUNRISE AND SUNSET
OCTOBER 17 2017.......SUNRISE   736 AM MDT   SUNSET   634 PM MDT
OCTOBER 18 2017.......SUNRISE   737 AM MDT   SUNSET   633 PM MDT


-  INDICATES NEGATIVE NUMBERS.
R  INDICATES RECORD WAS SET OR TIED.
MM INDICATES DATA IS MISSING.
T  INDICATES TRACE AMOUNT.




$$
