000
CDUS45 KRIW 140046
CLIBPI


CLIMATE REPORT
NATIONAL WEATHER SERVICE RIVERTON WY
644 PM MDT SUN JUL 13 2014


...................................

...THE BIG PINEY WY CLIMATE SUMMARY FOR JULY 13 2014...
VALID TODAY AS OF 0500 PM LOCAL TIME.

CLIMATE NORMAL PERIOD 1981 TO 2010
CLIMATE RECORD PERIOD 1976 TO 2014


WEATHER ITEM   OBSERVED TIME   RECORD YEAR NORMAL DEPARTURE LAST
                VALUE   (LST)  VALUE       VALUE  FROM      YEAR
                                                  NORMAL
..................................................................
TEMPERATURE (F)
 TODAY
  MAXIMUM         87        MM  96    1976  81      6       75
  MINIMUM         47        MM  28    1993  44      3       46
  AVERAGE         67

PRECIPITATION (IN)
  TODAY            0.00          0.42 1989   0.02  -0.02     0.07
  MONTH TO DATE    0.13                      0.26  -0.13     0.43
  SINCE JUN 1      0.31                      1.05  -0.74     0.43
  SINCE JAN 1      1.46                      3.52  -2.06     2.13

DEGREE DAYS
 HEATING
  TODAY            0                         4     -4        4
  MONTH TO DATE   23                        60    -37        8
  SINCE JUN 1    370                       365      5      225
  SINCE JUL 1     23                        60    -37        8

 COOLING
  TODAY            2                         1      1        0
  MONTH TO DATE   10                         5      5       35
  SINCE JUN 1     10                         7      3       55
  SINCE JAN 1     10                         7      3       55
..................................................................


WIND (MPH)
  HIGHEST WIND SPEED    MM   HIGHEST WIND DIRECTION    MM
  HIGHEST GUST SPEED    MM   HIGHEST GUST DIRECTION    MM
  AVERAGE WIND SPEED    MM


SKY COVER
  POSSIBLE SUNSHINE  MM
  AVERAGE SKY COVER  MM


WEATHER CONDITIONS
 THE FOLLOWING WEATHER WAS RECORDED TODAY.
  NO SIGNIFICANT WEATHER WAS OBSERVED.


RELATIVE HUMIDITY (PERCENT)
 HIGHEST    MM
 LOWEST     MM
 AVERAGE    MM

..........................................................


THE BIG PINEY WY CLIMATE NORMALS FOR TOMORROW
                         NORMAL    RECORD    YEAR
 MAXIMUM TEMPERATURE (F)   81        96      2002
 MINIMUM TEMPERATURE (F)   44        30      1986


SUNRISE AND SUNSET
JULY 13 2014..........SUNRISE   555 AM MDT   SUNSET   857 PM MDT
JULY 14 2014..........SUNRISE   556 AM MDT   SUNSET   857 PM MDT


-  INDICATES NEGATIVE NUMBERS.
R  INDICATES RECORD WAS SET OR TIED.
MM INDICATES DATA IS MISSING.
T  INDICATES TRACE AMOUNT.




$$
