000
CDUS45 KRIW 140744
CLIBPI


CLIMATE REPORT
NATIONAL WEATHER SERVICE RIVERTON WY
1233 AM MST SUN FEB 14 2016


...................................

...THE BIG PINEY WY CLIMATE SUMMARY FOR FEBRUARY 13 2016...

CLIMATE NORMAL PERIOD 1981 TO 2010
CLIMATE RECORD PERIOD 1976 TO 2016


WEATHER ITEM   OBSERVED TIME   RECORD YEAR NORMAL DEPARTURE LAST
                VALUE   (LST)  VALUE       VALUE  FROM      YEAR
                                                  NORMAL
..................................................................
TEMPERATURE (F)
 YESTERDAY
  MAXIMUM         43    119 PM  57    2015  28     15       57
  MINIMUM         17    506 AM -19    2004   1     16       21
  AVERAGE         30                        14     16       39

PRECIPITATION (IN)
  YESTERDAY        0.00          0.57 1995   0.01  -0.01     0.00
  MONTH TO DATE    T                         0.15  -0.15     0.01
  SINCE DEC 1      0.15                      0.76  -0.61     0.14
  SINCE JAN 1      0.04                      0.46  -0.42     0.02

DEGREE DAYS
 HEATING
  YESTERDAY       35                        51    -16       26
  MONTH TO DATE  571                       685   -114      423
  SINCE DEC 1   3815                      3983   -168     3234
  SINCE JUL 1   6296                      6798   -502     5462

 COOLING
  YESTERDAY        0                         0      0        0
  MONTH TO DATE    0                         0      0        0
  SINCE DEC 1      0                         0      0        0
  SINCE JAN 1      0                         0      0        0
..................................................................


WIND (MPH)
  HIGHEST WIND SPEED    37   HIGHEST WIND DIRECTION     W (290)
  HIGHEST GUST SPEED    45   HIGHEST GUST DIRECTION     W (290)
  AVERAGE WIND SPEED    10.5


SKY COVER
  POSSIBLE SUNSHINE  MM
  AVERAGE SKY COVER 0.0


WEATHER CONDITIONS
 THE FOLLOWING WEATHER WAS RECORDED YESTERDAY.
  NO SIGNIFICANT WEATHER WAS OBSERVED.


RELATIVE HUMIDITY (PERCENT)
 HIGHEST    91           100 AM
 LOWEST     39           200 PM
 AVERAGE    65

..........................................................


THE BIG PINEY WY CLIMATE NORMALS FOR TODAY
                         NORMAL    RECORD    YEAR
 MAXIMUM TEMPERATURE (F)   28        54      2015
 MINIMUM TEMPERATURE (F)    0       -24      1993
                                             1989


SUNRISE AND SUNSET
FEBRUARY 14 2016......SUNRISE   719 AM MST   SUNSET   551 PM MST
FEBRUARY 15 2016......SUNRISE   718 AM MST   SUNSET   552 PM MST


-  INDICATES NEGATIVE NUMBERS.
R  INDICATES RECORD WAS SET OR TIED.
MM INDICATES DATA IS MISSING.
T  INDICATES TRACE AMOUNT.




$$
