104
CDUS45 KRIW 040738
CLIBPI


CLIMATE REPORT
NATIONAL WEATHER SERVICE RIVERTON WY
129 AM MDT WED MAY 4 2016


...................................

...THE BIG PINEY WY CLIMATE SUMMARY FOR MAY 3 2016...

CLIMATE NORMAL PERIOD 1981 TO 2010
CLIMATE RECORD PERIOD 1976 TO 2016


WEATHER ITEM   OBSERVED TIME   RECORD YEAR NORMAL DEPARTURE LAST
                VALUE   (LST)  VALUE       VALUE  FROM      YEAR
                                                  NORMAL
..................................................................
TEMPERATURE (F)
 YESTERDAY
  MAXIMUM         68    513 PM  75    2000  58     10       64
  MINIMUM         25    432 AM   1    1984  26     -1       32
  AVERAGE         47                        42      5       48

PRECIPITATION (IN)
  YESTERDAY        0.00          0.17 1995   0.02  -0.02     0.04
  MONTH TO DATE    0.00                      0.07  -0.07     0.04
  SINCE MAR 1      1.89                      1.04   0.85     0.66
  SINCE JAN 1      2.06                      1.70   0.36     0.72

DEGREE DAYS
 HEATING
  YESTERDAY       18                        23     -5       17
  MONTH TO DATE   71                        70      1       50
  SINCE MAR 1   1879                      2078   -199     1760
  SINCE JUL 1   8733                      9601   -868     7860

 COOLING
  YESTERDAY        0                         0      0        0
  MONTH TO DATE    0                         0      0        0
  SINCE MAR 1      0                         0      0        0
  SINCE JAN 1      0                         0      0        0
..................................................................


WIND (MPH)
  HIGHEST WIND SPEED    13   HIGHEST WIND DIRECTION    SW (230)
  HIGHEST GUST SPEED    18   HIGHEST GUST DIRECTION    SW (230)
  AVERAGE WIND SPEED     4.1


SKY COVER
  POSSIBLE SUNSHINE  MM
  AVERAGE SKY COVER 0.0


WEATHER CONDITIONS
 THE FOLLOWING WEATHER WAS RECORDED YESTERDAY.
  NO SIGNIFICANT WEATHER WAS OBSERVED.


RELATIVE HUMIDITY (PERCENT)
 HIGHEST    69           300 AM
 LOWEST     16           300 PM
 AVERAGE    43

..........................................................


THE BIG PINEY WY CLIMATE NORMALS FOR TODAY
                         NORMAL    RECORD    YEAR
 MAXIMUM TEMPERATURE (F)   58        75      2004
 MINIMUM TEMPERATURE (F)   27        13      2011


SUNRISE AND SUNSET
MAY  4 2016...........SUNRISE   610 AM MDT   SUNSET   824 PM MDT
MAY  5 2016...........SUNRISE   609 AM MDT   SUNSET   826 PM MDT


-  INDICATES NEGATIVE NUMBERS.
R  INDICATES RECORD WAS SET OR TIED.
MM INDICATES DATA IS MISSING.
T  INDICATES TRACE AMOUNT.




$$
