000
CDUS45 KRIW 200743
CLIBPI


CLIMATE REPORT
NATIONAL WEATHER SERVICE RIVERTON WY
1242 AM MST FRI JAN 20 2017


...................................

...THE BIG PINEY WY CLIMATE SUMMARY FOR JANUARY 19 2017...

CLIMATE NORMAL PERIOD 1981 TO 2010
CLIMATE RECORD PERIOD 1976 TO 2017


WEATHER ITEM   OBSERVED TIME   RECORD YEAR NORMAL DEPARTURE LAST
                VALUE   (LST)  VALUE       VALUE  FROM      YEAR
                                                  NORMAL
..................................................................
TEMPERATURE (F)
 YESTERDAY
  MAXIMUM         15    451 PM  46    1994  26    -11       27
                                      1977
  MINIMUM         -6    722 AM -43    1984  -4     -2       -4
  AVERAGE          5                        11     -6       12

PRECIPITATION (IN)
  YESTERDAY        T             0.15 1998   0.01  -0.01      T
  MONTH TO DATE    0.53                      0.20   0.33     0.03
  SINCE DEC 1      1.08                      0.50   0.58     0.14
  SINCE JAN 1      0.53                      0.20   0.33     0.03

DEGREE DAYS
 HEATING
  YESTERDAY       60                        54      6       53
  MONTH TO DATE 1236                      1026    210      996
  SINCE DEC 1   2964                      2650    314     2668
  SINCE JUL 1   5413                      5465    -52     5149

 COOLING
  YESTERDAY        0                         0      0        0
  MONTH TO DATE    0                         0      0        0
  SINCE DEC 1      0                         0      0        0
  SINCE JAN 1      0                         0      0        0
..................................................................


WIND (MPH)
  HIGHEST WIND SPEED    10   HIGHEST WIND DIRECTION    NE (60)
  HIGHEST GUST SPEED    11   HIGHEST GUST DIRECTION    NW (320)
  AVERAGE WIND SPEED     1.4


SKY COVER
  POSSIBLE SUNSHINE  MM
  AVERAGE SKY COVER 0.9


WEATHER CONDITIONS
 THE FOLLOWING WEATHER WAS RECORDED YESTERDAY.
  LIGHT SNOW
  FOG


RELATIVE HUMIDITY (PERCENT)
 HIGHEST    95           300 AM
 LOWEST     79          1200 AM
 AVERAGE    87

..........................................................


THE BIG PINEY WY CLIMATE NORMALS FOR TODAY
                         NORMAL    RECORD    YEAR
 MAXIMUM TEMPERATURE (F)   26        46      1994
 MINIMUM TEMPERATURE (F)   -4       -37      1984


SUNRISE AND SUNSET
JANUARY 20 2017.......SUNRISE   744 AM MST   SUNSET   519 PM MST
JANUARY 21 2017.......SUNRISE   744 AM MST   SUNSET   520 PM MST


-  INDICATES NEGATIVE NUMBERS.
R  INDICATES RECORD WAS SET OR TIED.
MM INDICATES DATA IS MISSING.
T  INDICATES TRACE AMOUNT.




$$
