000
CDUS45 KRIW 280745
CLIBPI


CLIMATE REPORT
NATIONAL WEATHER SERVICE RIVERTON WY
127 AM MDT TUE MAR 28 2017


...................................

...THE BIG PINEY WY CLIMATE SUMMARY FOR MARCH 27 2017...

CLIMATE NORMAL PERIOD 1981 TO 2010
CLIMATE RECORD PERIOD 1976 TO 2017


WEATHER ITEM   OBSERVED TIME   RECORD YEAR NORMAL DEPARTURE LAST
                VALUE   (LST)  VALUE       VALUE  FROM      YEAR
                                                  NORMAL
..................................................................
TEMPERATURE (F)
 YESTERDAY
  MAXIMUM         45    221 PM  66    2015  46     -1       50
  MINIMUM         23    529 AM  -5    1996  18      5        9
  AVERAGE         34                        32      2       30

PRECIPITATION (IN)
  YESTERDAY        0.00          0.22 2003   0.02  -0.02     0.00
  MONTH TO DATE    1.18                      0.36   0.82     0.36
  SINCE MAR 1      1.18                      0.36   0.82     0.36
  SINCE JAN 1      2.92                      1.02   1.90     0.53

DEGREE DAYS
 HEATING
  YESTERDAY       31                        33     -2       35
  MONTH TO DATE 1006                      1042    -36      940
  SINCE MAR 1   1006                      1042    -36      940
  SINCE JUL 1   8436                      8565   -129     7794

 COOLING
  YESTERDAY        0                         0      0        0
  MONTH TO DATE    0                         0      0        0
  SINCE MAR 1      0                         0      0        0
  SINCE JAN 1      0                         0      0        0
..................................................................


WIND (MPH)
  HIGHEST WIND SPEED    14   HIGHEST WIND DIRECTION     N (360)
  HIGHEST GUST SPEED    17   HIGHEST GUST DIRECTION     N (360)
  AVERAGE WIND SPEED     5.5


SKY COVER
  POSSIBLE SUNSHINE  MM
  AVERAGE SKY COVER 0.6


WEATHER CONDITIONS
 THE FOLLOWING WEATHER WAS RECORDED YESTERDAY.
  NO SIGNIFICANT WEATHER WAS OBSERVED.


RELATIVE HUMIDITY (PERCENT)
 HIGHEST    92           200 AM
 LOWEST     45           200 PM
 AVERAGE    69

..........................................................


THE BIG PINEY WY CLIMATE NORMALS FOR TODAY
                         NORMAL    RECORD    YEAR
 MAXIMUM TEMPERATURE (F)   46        64      2015
 MINIMUM TEMPERATURE (F)   18         3      2008


SUNRISE AND SUNSET
MARCH 28 2017.........SUNRISE   709 AM MDT   SUNSET   742 PM MDT
MARCH 29 2017.........SUNRISE   707 AM MDT   SUNSET   743 PM MDT


-  INDICATES NEGATIVE NUMBERS.
R  INDICATES RECORD WAS SET OR TIED.
MM INDICATES DATA IS MISSING.
T  INDICATES TRACE AMOUNT.




$$
