000
CDUS45 KRIW 230030
CLIBPI


CLIMATE REPORT
NATIONAL WEATHER SERVICE RIVERTON WY
628 PM MDT MON MAY 22 2017


...................................

...THE BIG PINEY WY CLIMATE SUMMARY FOR MAY 22 2017...
VALID TODAY AS OF 0500 PM LOCAL TIME.

CLIMATE NORMAL PERIOD 1981 TO 2010
CLIMATE RECORD PERIOD 1976 TO 2017


WEATHER ITEM   OBSERVED TIME   RECORD YEAR NORMAL DEPARTURE LAST
                VALUE   (LST)  VALUE       VALUE  FROM      YEAR
                                                  NORMAL
..................................................................
TEMPERATURE (F)
 TODAY
  MAXIMUM         66        MM  76    1986  64      2       51
                                      1980
  MINIMUM         26        MM  20    2007  32     -6       30
                                      1989
  AVERAGE         46

PRECIPITATION (IN)
  TODAY            0.00          1.43 1976   0.03  -0.03      T
  MONTH TO DATE    0.94                      0.59   0.35     3.58
  SINCE MAR 1      3.56                      1.56   2.00     5.47
  SINCE JAN 1      5.30                      2.22   3.08     5.64

DEGREE DAYS
 HEATING
  TODAY           19                        17      2       24
  MONTH TO DATE  429                       452    -23      436
  SINCE MAR 1   2392                      2460    -68     2244
  SINCE JUL 1   9822                      9983   -161     9098

 COOLING
  TODAY            0                         0      0        0
  MONTH TO DATE    0                         0      0        0
  SINCE MAR 1      0                         0      0        0
  SINCE JAN 1      0                         0      0        0
..................................................................


WIND (MPH)
  HIGHEST WIND SPEED    22   HIGHEST WIND DIRECTION     N (350)
  HIGHEST GUST SPEED    38   HIGHEST GUST DIRECTION    NW (330)
  AVERAGE WIND SPEED     9.1


SKY COVER
  POSSIBLE SUNSHINE  MM
  AVERAGE SKY COVER 0.3


WEATHER CONDITIONS
 THE FOLLOWING WEATHER WAS RECORDED TODAY.
  NO SIGNIFICANT WEATHER WAS OBSERVED.


RELATIVE HUMIDITY (PERCENT)
 HIGHEST    92           100 AM
 LOWEST     22           200 PM
 AVERAGE    57

..........................................................


THE BIG PINEY WY CLIMATE NORMALS FOR TOMORROW
                         NORMAL    RECORD    YEAR
 MAXIMUM TEMPERATURE (F)   64        78      2003
                                             2001
 MINIMUM TEMPERATURE (F)   32        18      1986


SUNRISE AND SUNSET
MAY 22 2017...........SUNRISE   552 AM MDT   SUNSET   843 PM MDT
MAY 23 2017...........SUNRISE   551 AM MDT   SUNSET   844 PM MDT


-  INDICATES NEGATIVE NUMBERS.
R  INDICATES RECORD WAS SET OR TIED.
MM INDICATES DATA IS MISSING.
T  INDICATES TRACE AMOUNT.




$$
