000
CDUS45 KRIW 030731
CLIBPI


CLIMATE REPORT
NATIONAL WEATHER SERVICE RIVERTON WY
1230 AM MST SAT DEC 3 2016


...................................

...THE BIG PINEY WY CLIMATE SUMMARY FOR DECEMBER 2 2016...

CLIMATE NORMAL PERIOD 1981 TO 2010
CLIMATE RECORD PERIOD 1976 TO 2016


WEATHER ITEM   OBSERVED TIME   RECORD YEAR NORMAL DEPARTURE LAST
                VALUE   (LST)  VALUE       VALUE  FROM      YEAR
                                                  NORMAL
..................................................................
TEMPERATURE (F)
 YESTERDAY
  MAXIMUM         28    319 PM  52    2005  29     -1       20
  MINIMUM          2   1049 PM -11    2015   3     -1      -11
                                      2004
  AVERAGE         15                        16     -1        5

PRECIPITATION (IN)
  YESTERDAY        0.00          0.20 1978   0.01  -0.01     0.00
  MONTH TO DATE    0.01                      0.02  -0.01     0.00
  SINCE DEC 1      0.01                      0.02  -0.01     0.00
  SINCE JAN 1     12.05                      6.20   5.85     6.76

DEGREE DAYS
 HEATING
  YESTERDAY       50                        49      1       60
  MONTH TO DATE   99                        98      1      116
  SINCE DEC 1     99                        98      1      116
  SINCE JUL 1   2548                      2913   -365     2597

 COOLING
  YESTERDAY        0                         0      0        0
  MONTH TO DATE    0                         0      0        0
  SINCE DEC 1      0                         0      0        0
  SINCE JAN 1     23                        35    -12       53
..................................................................


WIND (MPH)
  HIGHEST WIND SPEED    14   HIGHEST WIND DIRECTION     N (350)
  HIGHEST GUST SPEED    17   HIGHEST GUST DIRECTION     N (360)
  AVERAGE WIND SPEED     4.7


SKY COVER
  POSSIBLE SUNSHINE  MM
  AVERAGE SKY COVER 0.2


WEATHER CONDITIONS
 THE FOLLOWING WEATHER WAS RECORDED YESTERDAY.
  NO SIGNIFICANT WEATHER WAS OBSERVED.


RELATIVE HUMIDITY (PERCENT)
 HIGHEST    88          1200 AM
 LOWEST     46           300 PM
 AVERAGE    67

..........................................................


THE BIG PINEY WY CLIMATE NORMALS FOR TODAY
                         NORMAL    RECORD    YEAR
 MAXIMUM TEMPERATURE (F)   29        51      1998
 MINIMUM TEMPERATURE (F)    2       -23      1978


SUNRISE AND SUNSET
DECEMBER  3 2016......SUNRISE   733 AM MST   SUNSET   448 PM MST
DECEMBER  4 2016......SUNRISE   734 AM MST   SUNSET   447 PM MST


-  INDICATES NEGATIVE NUMBERS.
R  INDICATES RECORD WAS SET OR TIED.
MM INDICATES DATA IS MISSING.
T  INDICATES TRACE AMOUNT.




$$
