000
CDUS44 KLCH 242219
CLIBPT


CLIMATE REPORT
NATIONAL WEATHER SERVICE LAKE CHARLES, LA
419 PM CST MON NOV 24 2014


...................................

...THE BEAUMONT PORT ARTHUR CLIMATE SUMMARY FOR NOVEMBER 24 2014...
VALID TODAY AS OF 0400 PM LOCAL TIME.

CLIMATE NORMAL PERIOD 1981 TO 2010
CLIMATE RECORD PERIOD 1901 TO 2014


WEATHER ITEM   OBSERVED TIME   RECORD YEAR NORMAL DEPARTURE LAST
                VALUE   (LST)  VALUE       VALUE  FROM      YEAR
                                                  NORMAL
..................................................................
TEMPERATURE (F)
 TODAY
  MAXIMUM         66    327 PM  94    1923  69     -3       54
  MINIMUM         51    710 AM  30    1970  49      2       40
                                      1918
  AVERAGE         59                        59      0       47

PRECIPITATION (IN)
  TODAY            T             3.19 2007   0.14  -0.14      T
  MONTH TO DATE    4.37                      3.51   0.86     0.88
  SINCE SEP 1     13.31                     15.06  -1.75    16.80
  SINCE JAN 1     48.71                     54.29  -5.58    52.01

SNOWFALL (IN)
  TODAY            0.0           0.0    MM   0.0    0.0     MM
  MONTH TO DATE    0.0                       0.0    0.0      0.0
  SINCE SEP 1      0.0                       0.0    0.0      0.0
  SINCE JUL 1      0.0                       0.0    0.0      0.0
  SNOW DEPTH       0

DEGREE DAYS
 HEATING
  TODAY            6                         7     -1       18
  MONTH TO DATE  193                       112     81      111
  SINCE SEP 1    193                       146     47      120
  SINCE JUL 1    193                       146     47      120

 COOLING
  TODAY            0                         1     -1        0
  MONTH TO DATE   25                        57    -32       50
  SINCE SEP 1    759                       681     78      805
  SINCE JAN 1   2902                      2848     54     2995
..................................................................


WIND (MPH)
  HIGHEST WIND SPEED    22   HIGHEST WIND DIRECTION     N (360)
  HIGHEST GUST SPEED    31   HIGHEST GUST DIRECTION     W (290)
  AVERAGE WIND SPEED    13.6


SKY COVER
  POSSIBLE SUNSHINE  MM
  AVERAGE SKY COVER 0.0


WEATHER CONDITIONS
 THE FOLLOWING WEATHER WAS RECORDED TODAY.
  LIGHT RAIN


RELATIVE HUMIDITY (PERCENT)
 HIGHEST    93          1200 AM
 LOWEST     29           200 PM
 AVERAGE    61

..........................................................


THE BEAUMONT PORT ARTHUR CLIMATE NORMALS FOR TOMORROW
                         NORMAL    RECORD    YEAR
 MAXIMUM TEMPERATURE (F)   69        88      1915
 MINIMUM TEMPERATURE (F)   49        25      1950


SUNRISE AND SUNSET
NOVEMBER 24 2014......SUNRISE   649 AM CST   SUNSET   517 PM CST
NOVEMBER 25 2014......SUNRISE   649 AM CST   SUNSET   517 PM CST


-  INDICATES NEGATIVE NUMBERS.
R  INDICATES RECORD WAS SET OR TIED.
MM INDICATES DATA IS MISSING.
T  INDICATES TRACE AMOUNT.




$$
