000
CDUS44 KLCH 230825
CLIBPT


CLIMATE REPORT
NATIONAL WEATHER SERVICE LAKE CHARLES, LA
323 AM CDT MON OCT 23 2017


...................................

...THE BEAUMONT PORT ARTHUR CLIMATE SUMMARY FOR OCTOBER 22 2017...

CLIMATE NORMAL PERIOD 1981 TO 2010
CLIMATE RECORD PERIOD 1901 TO 2017


WEATHER ITEM   OBSERVED TIME   RECORD YEAR NORMAL DEPARTURE LAST
                VALUE   (LST)  VALUE       VALUE  FROM      YEAR
                                                  NORMAL
..................................................................
TEMPERATURE (F)
 YESTERDAY
  MAXIMUM         76    100 AM  92    1939  79     -3       76
  MINIMUM         56   1003 PM  42    1952  59     -3       47
  AVERAGE         66                        69     -3       62

PRECIPITATION (IN)
  YESTERDAY        0.39          2.35 2009   0.19   0.20     0.00
  MONTH TO DATE    3.16                      4.03  -0.87     0.41
  SINCE SEP 1      5.73                     10.00  -4.27     4.41
  SINCE JAN 1     95.33                     49.23  46.10    61.93

SNOWFALL (IN)
  YESTERDAY        0.0           0.0    MM   0.0    0.0      0.0
  MONTH TO DATE    0.0                       0.0    0.0      0.0
  SINCE SEP 1      0.0                       0.0    0.0      0.0
  SINCE JUL 1      0.0                       0.0    0.0      0.0
  SNOW DEPTH       0

DEGREE DAYS
 HEATING
  YESTERDAY        0                         1     -1        3
  MONTH TO DATE    1                        12    -11        4
  SINCE SEP 1      1                        13    -12        4
  SINCE JUL 1      1                        13    -12        4

 COOLING
  YESTERDAY        1                         5     -4        0
  MONTH TO DATE  257                       164     93      245
  SINCE SEP 1    693                       583    110      780
  SINCE JAN 1   2986                      2750    236     3233
..................................................................


WIND (MPH)
  HIGHEST WIND SPEED    40   HIGHEST WIND DIRECTION     N (360)
  HIGHEST GUST SPEED    52   HIGHEST GUST DIRECTION     N (360)
  AVERAGE WIND SPEED     7.9


SKY COVER
  POSSIBLE SUNSHINE  MM
  AVERAGE SKY COVER 0.5


WEATHER CONDITIONS
 THE FOLLOWING WEATHER WAS RECORDED YESTERDAY.
  THUNDERSTORM
  HEAVY RAIN
  RAIN
  LIGHT RAIN
  FOG


RELATIVE HUMIDITY (PERCENT)
 HIGHEST   100          1200 AM
 LOWEST     68           500 PM
 AVERAGE    84

..........................................................


THE BEAUMONT PORT ARTHUR CLIMATE NORMALS FOR TODAY
                         NORMAL    RECORD    YEAR
 MAXIMUM TEMPERATURE (F)   79        89      2003
 MINIMUM TEMPERATURE (F)   58        39      1952
                                             1937


SUNRISE AND SUNSET
OCTOBER 23 2017.......SUNRISE   723 AM CDT   SUNSET   637 PM CDT
OCTOBER 24 2017.......SUNRISE   724 AM CDT   SUNSET   636 PM CDT


-  INDICATES NEGATIVE NUMBERS.
R  INDICATES RECORD WAS SET OR TIED.
MM INDICATES DATA IS MISSING.
T  INDICATES TRACE AMOUNT.




$$
