000
CDUS44 KLCH 242209
CLIBPT


CLIMATE REPORT
NATIONAL WEATHER SERVICE LAKE CHARLES, LA
509 PM CDT FRI OCT 24 2014


...................................

...THE BEAUMONT PORT ARTHUR CLIMATE SUMMARY FOR OCTOBER 24 2014...
VALID TODAY AS OF 0500 PM LOCAL TIME.

CLIMATE NORMAL PERIOD 1981 TO 2010
CLIMATE RECORD PERIOD 1901 TO 2014


WEATHER ITEM   OBSERVED TIME   RECORD YEAR NORMAL DEPARTURE LAST
                VALUE   (LST)  VALUE       VALUE  FROM      YEAR
                                                  NORMAL
..................................................................
TEMPERATURE (F)
 TODAY
  MAXIMUM         80    253 PM  90    1919  79      1       84
  MINIMUM         51    602 AM  39    1917  58     -7       54
  AVERAGE         66                        68     -2       69

PRECIPITATION (IN)
  TODAY            0.00          2.12 1996   0.17  -0.17     0.00
                                      1926
                                      1918
  MONTH TO DATE    2.18                      4.39  -2.21     3.99
  SINCE SEP 1      8.93                     10.36  -1.43    12.13
  SINCE JAN 1     44.33                     49.59  -5.26    47.34

SNOWFALL (IN)
  TODAY            0.0           0.0    MM   0.0    0.0      0.0
  MONTH TO DATE    0.0                       0.0    0.0      0.0
  SINCE SEP 1      0.0                       0.0    0.0      0.0
  SINCE JUL 1      0.0                       0.0    0.0      0.0
  SNOW DEPTH       0

DEGREE DAYS
 HEATING
  TODAY            0                         2     -2        0
  MONTH TO DATE    0                        16    -16        9
  SINCE SEP 1      0                        17    -17        9
  SINCE JUL 1      0                        17    -17        9

 COOLING
  TODAY            1                         5     -4        4
  MONTH TO DATE  215                       174     41      182
  SINCE SEP 1    695                       593    102      716
  SINCE JAN 1   2838                      2760     78     2906
..................................................................


WIND (MPH)
  HIGHEST WIND SPEED    12   HIGHEST WIND DIRECTION     N (20)
  HIGHEST GUST SPEED    15   HIGHEST GUST DIRECTION    NE (40)
  AVERAGE WIND SPEED     6.3


SKY COVER
  POSSIBLE SUNSHINE  MM
  AVERAGE SKY COVER 0.0


WEATHER CONDITIONS
 THE FOLLOWING WEATHER WAS RECORDED TODAY.
  NO SIGNIFICANT WEATHER WAS OBSERVED.


RELATIVE HUMIDITY (PERCENT)
 HIGHEST    96           400 AM
 LOWEST     32           200 PM
 AVERAGE    64

..........................................................


THE BEAUMONT PORT ARTHUR CLIMATE NORMALS FOR TOMORROW
                         NORMAL    RECORD    YEAR
 MAXIMUM TEMPERATURE (F)   78        92      1927
 MINIMUM TEMPERATURE (F)   58        40      2005
                                             1980
                                             1965


SUNRISE AND SUNSET
OCTOBER 24 2014.......SUNRISE   724 AM CDT   SUNSET   636 PM CDT
OCTOBER 25 2014.......SUNRISE   725 AM CDT   SUNSET   635 PM CDT


-  INDICATES NEGATIVE NUMBERS.
R  INDICATES RECORD WAS SET OR TIED.
MM INDICATES DATA IS MISSING.
T  INDICATES TRACE AMOUNT.




$$
