000
CDUS43 KDVN 182125
CLIBRL


CLIMATE REPORT
NATIONAL WEATHER SERVICE QUAD CITIES IA IL
422 PM CDT WED OCT 18 2017


...................................

...THE BURLINGTON IA CLIMATE SUMMARY FOR OCTOBER 18 2017...
VALID TODAY AS OF 0400 PM LOCAL TIME.

CLIMATE NORMAL PERIOD 1981 TO 2010
CLIMATE RECORD PERIOD 1897 TO 2017


WEATHER ITEM   OBSERVED TIME   RECORD YEAR NORMAL DEPARTURE LAST
                VALUE   (LST)  VALUE       VALUE  FROM      YEAR
                                                  NORMAL
..................................................................
TEMPERATURE (F)
 TODAY
  MAXIMUM         73    244 PM  87    1950  65      8       75
  MINIMUM         47    511 AM  23    1948  44      3       53
  AVERAGE         60                        55      5       64

PRECIPITATION (IN)
  TODAY            0.00         MM      MM   0.10  -0.10     0.00
  MONTH TO DATE    4.50                      1.88   2.62     2.11
  SINCE SEP 1      4.63                      5.40  -0.77     5.34
  SINCE JAN 1     29.96                     32.65  -2.69    29.59

DEGREE DAYS
 HEATING
  TODAY            5                        11     -6        1
  MONTH TO DATE   65                       151    -86       79
  SINCE SEP 1    105                       218   -113      103
  SINCE JUL 1    105                       222   -117      109

 COOLING
  TODAY            0                         0      0        0
  MONTH TO DATE   35                        19     16       39
  SINCE SEP 1    188                       158     30      235
  SINCE JAN 1   1062                      1201   -139     1268
..................................................................


WIND (MPH)
  HIGHEST WIND SPEED    21   HIGHEST WIND DIRECTION    SW (210)
  HIGHEST GUST SPEED    27   HIGHEST GUST DIRECTION     S (200)
  AVERAGE WIND SPEED    11.1


SKY COVER
  POSSIBLE SUNSHINE  MM
  AVERAGE SKY COVER 0.0


WEATHER CONDITIONS
 THE FOLLOWING WEATHER WAS RECORDED TODAY.
  NO SIGNIFICANT WEATHER WAS OBSERVED.


RELATIVE HUMIDITY (PERCENT)
 HIGHEST    80           500 AM
 LOWEST     38           200 PM
 AVERAGE    59

..........................................................


THE BURLINGTON IA CLIMATE NORMALS FOR TOMORROW
                         NORMAL    RECORD    YEAR
 MAXIMUM TEMPERATURE (F)   65        85      1953
 MINIMUM TEMPERATURE (F)   44        18      1972


SUNRISE AND SUNSET
OCTOBER 18 2017.......SUNRISE   719 AM CDT   SUNSET   619 PM CDT
OCTOBER 19 2017.......SUNRISE   720 AM CDT   SUNSET   618 PM CDT


-  INDICATES NEGATIVE NUMBERS.
R  INDICATES RECORD WAS SET OR TIED.
MM INDICATES DATA IS MISSING.
T  INDICATES TRACE AMOUNT.




$$
