941
CDUS43 KDVN 272139
CLIBRL


CLIMATE REPORT
NATIONAL WEATHER SERVICE QUAD CITIES IA IL
439 PM CDT FRI MAY 27 2016


...................................

...THE BURLINGTON IA CLIMATE SUMMARY FOR MAY 27 2016...
VALID TODAY AS OF 0400 PM LOCAL TIME.

CLIMATE NORMAL PERIOD 1981 TO 2010
CLIMATE RECORD PERIOD 1897 TO 2016


WEATHER ITEM   OBSERVED TIME   RECORD YEAR NORMAL DEPARTURE LAST
                VALUE   (LST)  VALUE       VALUE  FROM      YEAR
                                                  NORMAL
..................................................................
TEMPERATURE (F)
 TODAY
  MAXIMUM         77    259 PM  93    2012  78     -1       80
                                      2006
                                      1914
  MINIMUM         63    417 AM  36    1907  57      6       61
  AVERAGE         70                        67      3       71

PRECIPITATION (IN)
  TODAY            0.16         MM      MM   0.14   0.02     0.00
  MONTH TO DATE    2.15                      4.25  -2.10     3.71
  SINCE MAR 1      8.62                     10.80  -2.18     5.61
  SINCE JAN 1     10.00                     13.66  -3.66     8.03

DEGREE DAYS
 HEATING
  TODAY            0                         2     -2        0
  MONTH TO DATE  158                       118     40       90
  SINCE MAR 1   1114                      1202    -88     1154
  SINCE JUL 1   4996                      5580   -584     6085

 COOLING
  TODAY            5                         4      1        6
  MONTH TO DATE   47                        64    -17       76
  SINCE MAR 1     65                        84    -19       79
  SINCE JAN 1     65                        84    -19       79
..................................................................


WIND (MPH)
  HIGHEST WIND SPEED    24   HIGHEST WIND DIRECTION     S (180)
  HIGHEST GUST SPEED    30   HIGHEST GUST DIRECTION     S (190)
  AVERAGE WIND SPEED    12.6


SKY COVER
  POSSIBLE SUNSHINE  MM
  AVERAGE SKY COVER 0.8


WEATHER CONDITIONS
 THE FOLLOWING WEATHER WAS RECORDED TODAY.
  THUNDERSTORM
  RAIN
  LIGHT RAIN
  FOG


RELATIVE HUMIDITY (PERCENT)
 HIGHEST   100           200 AM
 LOWEST     76           300 PM
 AVERAGE    88

..........................................................


THE BURLINGTON IA CLIMATE NORMALS FOR TOMORROW
                         NORMAL    RECORD    YEAR
 MAXIMUM TEMPERATURE (F)   78        94      2006
 MINIMUM TEMPERATURE (F)   57        37      1947


SUNRISE AND SUNSET
MAY 27 2016...........SUNRISE   538 AM CDT   SUNSET   826 PM CDT
MAY 28 2016...........SUNRISE   537 AM CDT   SUNSET   827 PM CDT


-  INDICATES NEGATIVE NUMBERS.
R  INDICATES RECORD WAS SET OR TIED.
MM INDICATES DATA IS MISSING.
T  INDICATES TRACE AMOUNT.




$$
