000
CDUS43 KDVN 260915
CLIBRL


CLIMATE REPORT
NATIONAL WEATHER SERVICE QUAD CITIES IA IL
413 AM CDT SAT JUL 26 2014


...................................

...THE BURLINGTON IA CLIMATE SUMMARY FOR JULY 25 2014...

CLIMATE NORMAL PERIOD 1981 TO 2010
CLIMATE RECORD PERIOD 1897 TO 2014


WEATHER ITEM   OBSERVED TIME   RECORD YEAR NORMAL DEPARTURE LAST
                VALUE   (LST)  VALUE       VALUE  FROM      YEAR
                                                  NORMAL
..................................................................
TEMPERATURE (F)
 YESTERDAY
  MAXIMUM         78    330 PM 107    1936  87     -9       82
  MINIMUM         61    916 AM  53    1911  67     -6       56
  AVERAGE         70                        77     -7       69

PRECIPITATION (IN)
  YESTERDAY        0.23         MM      MM   0.12   0.11      T
  MONTH TO DATE    2.38                      3.46  -1.08     0.28
  SINCE JUN 1     11.47                      7.93   3.54     2.55
  SINCE JAN 1     22.86                     22.19   0.67    25.75

DEGREE DAYS
 HEATING
  YESTERDAY        0                         0      0        0
  MONTH TO DATE    7                         0      7        0
  SINCE JUN 1      9                        13     -4       15
  SINCE JUL 1      7                         0      7        0

 COOLING
  YESTERDAY        5                        12     -7        4
  MONTH TO DATE  153                       300   -147      281
  SINCE JUN 1    408                       560   -152      489
  SINCE JAN 1    546                       663   -117      588
..................................................................


WIND (MPH)
  HIGHEST WIND SPEED    30   HIGHEST WIND DIRECTION     S (190)
  HIGHEST GUST SPEED    40   HIGHEST GUST DIRECTION     S (190)
  AVERAGE WIND SPEED    10.7


SKY COVER
  POSSIBLE SUNSHINE  MM
  AVERAGE SKY COVER 0.5


WEATHER CONDITIONS
 THE FOLLOWING WEATHER WAS RECORDED YESTERDAY.
  THUNDERSTORM
  RAIN
  LIGHT RAIN
  FOG


RELATIVE HUMIDITY (PERCENT)
 HIGHEST    93           800 AM
 LOWEST     68           200 PM
 AVERAGE    81

..........................................................


THE BURLINGTON IA CLIMATE NORMALS FOR TODAY
                         NORMAL    RECORD    YEAR
 MAXIMUM TEMPERATURE (F)   86       107      1936
 MINIMUM TEMPERATURE (F)   67        48      1962


SUNRISE AND SUNSET
JULY 26 2014..........SUNRISE   555 AM CDT   SUNSET   826 PM CDT
JULY 27 2014..........SUNRISE   556 AM CDT   SUNSET   825 PM CDT


-  INDICATES NEGATIVE NUMBERS.
R  INDICATES RECORD WAS SET OR TIED.
MM INDICATES DATA IS MISSING.
T  INDICATES TRACE AMOUNT.




$$
