000
CDUS43 KDVN 220920
CLIBRL


CLIMATE REPORT
NATIONAL WEATHER SERVICE QUAD CITIES IA IL
420 AM CDT FRI AUG 22 2014


...................................

...THE BURLINGTON IA CLIMATE SUMMARY FOR AUGUST 21 2014...

CLIMATE NORMAL PERIOD 1981 TO 2010
CLIMATE RECORD PERIOD 1897 TO 2014


WEATHER ITEM   OBSERVED TIME   RECORD YEAR NORMAL DEPARTURE LAST
                VALUE   (LST)  VALUE       VALUE  FROM      YEAR
                                                  NORMAL
..................................................................
TEMPERATURE (F)
 YESTERDAY
  MAXIMUM         88    456 PM 101    1947  85      3       90
  MINIMUM         72    533 AM  44    1950  65      7       67
  AVERAGE         80                        75      5       79

PRECIPITATION (IN)
  YESTERDAY        0.25         MM      MM   0.14   0.11     0.00
  MONTH TO DATE    3.11                      2.85   0.26      T
  SINCE JUN 1     14.58                     11.57   3.01     3.86
  SINCE JAN 1     25.97                     25.83   0.14    27.06

DEGREE DAYS
 HEATING
  YESTERDAY        0                         0      0        0
  MONTH TO DATE    0                         0      0        3
  SINCE JUN 1      9                        14     -5       26
  SINCE JUL 1      7                         1      6       11

 COOLING
  YESTERDAY       15                        10      5       14
  MONTH TO DATE  142                       224    -82      137
  SINCE JUN 1    579                       850   -271      642
  SINCE JAN 1    717                       953   -236      741
..................................................................


WIND (MPH)
  HIGHEST WIND SPEED    23   HIGHEST WIND DIRECTION     S (200)
  HIGHEST GUST SPEED    29   HIGHEST GUST DIRECTION     S (190)
  AVERAGE WIND SPEED     7.2


SKY COVER
  POSSIBLE SUNSHINE  MM
  AVERAGE SKY COVER 0.1


WEATHER CONDITIONS
 THE FOLLOWING WEATHER WAS RECORDED YESTERDAY.
  THUNDERSTORM
  HEAVY RAIN
  LIGHT RAIN
  FOG


RELATIVE HUMIDITY (PERCENT)
 HIGHEST   100           200 AM
 LOWEST     70           200 PM
 AVERAGE    85

..........................................................


THE BURLINGTON IA CLIMATE NORMALS FOR TODAY
                         NORMAL    RECORD    YEAR
 MAXIMUM TEMPERATURE (F)   85       101      1936
 MINIMUM TEMPERATURE (F)   65        50      1923


SUNRISE AND SUNSET
AUGUST 22 2014........SUNRISE   622 AM CDT   SUNSET   752 PM CDT
AUGUST 23 2014........SUNRISE   623 AM CDT   SUNSET   751 PM CDT


-  INDICATES NEGATIVE NUMBERS.
R  INDICATES RECORD WAS SET OR TIED.
MM INDICATES DATA IS MISSING.
T  INDICATES TRACE AMOUNT.




$$
