000
CDUS43 KDVN 290919
CLIBRL


CLIMATE REPORT
NATIONAL WEATHER SERVICE QUAD CITIES IA IL
418 AM CDT SAT AUG 29 2015


...................................

...THE BURLINGTON IA CLIMATE SUMMARY FOR AUGUST 28 2015...

CLIMATE NORMAL PERIOD 1981 TO 2010
CLIMATE RECORD PERIOD 1897 TO 2015


WEATHER ITEM   OBSERVED TIME   RECORD YEAR NORMAL DEPARTURE LAST
                VALUE   (LST)  VALUE       VALUE  FROM      YEAR
                                                  NORMAL
..................................................................
TEMPERATURE (F)
 YESTERDAY
  MAXIMUM         73    522 PM  97    2013  84    -11       83
  MINIMUM         60    605 AM  42    1986  63     -3       68
  AVERAGE         67                        74     -7       76

PRECIPITATION (IN)
  YESTERDAY        T            MM      MM   0.14  -0.14     1.38
  MONTH TO DATE    3.47                      3.83  -0.36     5.76
  SINCE JUN 1     19.63                     12.55   7.08    17.23
  SINCE JAN 1     28.59                     26.81   1.78    28.62

DEGREE DAYS
 HEATING
  YESTERDAY        0                         0      0        0
  MONTH TO DATE    3                         0      3        0
  SINCE JUN 1     12                        14     -2        9
  SINCE JUL 1      7                         1      6        7

 COOLING
  YESTERDAY        2                         9     -7       11
  MONTH TO DATE  194                       289    -95      244
  SINCE JUN 1    730                       915   -185      681
  SINCE JAN 1    823                      1018   -195      819
..................................................................


WIND (MPH)
  HIGHEST WIND SPEED    15   HIGHEST WIND DIRECTION     S (170)
  HIGHEST GUST SPEED    21   HIGHEST GUST DIRECTION     S (170)
  AVERAGE WIND SPEED     8.4


SKY COVER
  POSSIBLE SUNSHINE  MM
  AVERAGE SKY COVER 0.2


WEATHER CONDITIONS
 THE FOLLOWING WEATHER WAS RECORDED YESTERDAY.
  LIGHT RAIN


RELATIVE HUMIDITY (PERCENT)
 HIGHEST    93           700 AM
 LOWEST     73           400 PM
 AVERAGE    83

..........................................................


THE BURLINGTON IA CLIMATE NORMALS FOR TODAY
                         NORMAL    RECORD    YEAR
 MAXIMUM TEMPERATURE (F)   84        96      1953
 MINIMUM TEMPERATURE (F)   63        43      1986


SUNRISE AND SUNSET
AUGUST 29 2015........SUNRISE   628 AM CDT   SUNSET   742 PM CDT
AUGUST 30 2015........SUNRISE   629 AM CDT   SUNSET   740 PM CDT


-  INDICATES NEGATIVE NUMBERS.
R  INDICATES RECORD WAS SET OR TIED.
MM INDICATES DATA IS MISSING.
T  INDICATES TRACE AMOUNT.




$$
