000
CDUS43 KDVN 162136
CLIBRL


CLIMATE REPORT
NATIONAL WEATHER SERVICE QUAD CITIES IA IL
435 PM CDT WED APR 16 2014


...................................

...THE BURLINGTON IA CLIMATE SUMMARY FOR APRIL 16 2014...
VALID TODAY AS OF 0400 PM LOCAL TIME.

CLIMATE NORMAL PERIOD 1981 TO 2010
CLIMATE RECORD PERIOD 1897 TO 2014


WEATHER ITEM   OBSERVED TIME   RECORD YEAR NORMAL DEPARTURE LAST
                VALUE   (LST)  VALUE       VALUE  FROM      YEAR
                                                  NORMAL
..................................................................
TEMPERATURE (F)
 TODAY
  MAXIMUM         59    216 PM  88    2004  65     -6       50
  MINIMUM         36    548 AM  22    1949  43     -7       37
  AVERAGE         48                        54     -6       44

PRECIPITATION (IN)
  TODAY            0.00         MM      MM   0.13  -0.13      T
  MONTH TO DATE    2.30                      1.78   0.52     2.35
  SINCE MAR 1      3.47                      4.57  -1.10     4.30
  SINCE JAN 1      7.84                      7.43   0.41     8.27

DEGREE DAYS
 HEATING
  TODAY           17                        12      5       21
  MONTH TO DATE  266                       227     39      261
  SINCE MAR 1   1231                       955    276     1216
  SINCE JUL 1   6554                      5333   1221     5587

 COOLING
  TODAY            0                         1     -1        0
  MONTH TO DATE    5                         6     -1        0
  SINCE MAR 1      5                         8     -3        0
  SINCE JAN 1      5                         8     -3        0
..................................................................


WIND (MPH)
  HIGHEST WIND SPEED    30   HIGHEST WIND DIRECTION     S (180)
  HIGHEST GUST SPEED    41   HIGHEST GUST DIRECTION     S (180)
  AVERAGE WIND SPEED    17.4


SKY COVER
  POSSIBLE SUNSHINE  MM
  AVERAGE SKY COVER 0.0


WEATHER CONDITIONS
 THE FOLLOWING WEATHER WAS RECORDED TODAY.
  NO SIGNIFICANT WEATHER WAS OBSERVED.


RELATIVE HUMIDITY (PERCENT)
 HIGHEST    64           500 AM
 LOWEST     30           200 PM
 AVERAGE    47

..........................................................


THE BURLINGTON IA CLIMATE NORMALS FOR TOMORROW
                         NORMAL    RECORD    YEAR
 MAXIMUM TEMPERATURE (F)   66        85      1977
 MINIMUM TEMPERATURE (F)   43        23      1907


SUNRISE AND SUNSET
APRIL 16 2014.........SUNRISE   624 AM CDT   SUNSET   745 PM CDT
APRIL 17 2014.........SUNRISE   623 AM CDT   SUNSET   746 PM CDT


-  INDICATES NEGATIVE NUMBERS.
R  INDICATES RECORD WAS SET OR TIED.
MM INDICATES DATA IS MISSING.
T  INDICATES TRACE AMOUNT.




$$
