000
CDUS44 KBRO 190726
CLIBRO


CLIMATE REPORT
NATIONAL WEATHER SERVICE BROWNSVILLE TX
125 AM CST FRI DEC 19 2014


...................................

...THE BROWNSVILLE CLIMATE SUMMARY FOR DECEMBER 18 2014...

CLIMATE NORMAL PERIOD 1981 TO 2010
CLIMATE RECORD PERIOD 1878 TO 2014


WEATHER ITEM   OBSERVED TIME   RECORD YEAR NORMAL DEPARTURE LAST
                VALUE   (LST)  VALUE       VALUE  FROM      YEAR
                                                  NORMAL
..................................................................
TEMPERATURE (F)
 YESTERDAY
  MAXIMUM         80   1247 PM  85    2012  71      9       78
  MINIMUM         69    812 AM  32    1964  52     17       49
  AVERAGE         75                        62     13       64

PRECIPITATION (IN)
  YESTERDAY        T             2.18 1918   0.03  -0.03     0.00
  MONTH TO DATE    0.88                      0.71   0.17     0.11
  SINCE DEC 1      0.88                      0.71   0.17     0.11
  SINCE JAN 1     28.04                     27.00   1.04    25.60

SNOWFALL (IN)
  YESTERDAY        0.0           0.0  2001   0.0
  MONTH TO DATE    0.0                       0.0
  SINCE DEC 1      0.0                       0.0
  SINCE JUL 1      0.0                       0.0

DEGREE DAYS
 HEATING
  YESTERDAY        0                         6     -6        1
  MONTH TO DATE    9                        85    -76      138
  SINCE DEC 1      9                        85    -76      138
  SINCE JUL 1    122                       139    -17      246

 COOLING
  YESTERDAY       10                         2      8        0
  MONTH TO DATE   93                        53     40       40
  SINCE DEC 1     93                        53     40       40
  SINCE JAN 1   3993                      3998     -5     4160
..................................................................


WIND (MPH)
  HIGHEST WIND SPEED    20   HIGHEST WIND DIRECTION    SE (150)
  HIGHEST GUST SPEED    24   HIGHEST GUST DIRECTION    SE (150)
  AVERAGE WIND SPEED     9.2


SKY COVER
  POSSIBLE SUNSHINE  MM
  AVERAGE SKY COVER 0.8


WEATHER CONDITIONS
 THE FOLLOWING WEATHER WAS RECORDED YESTERDAY.
  LIGHT RAIN
  FOG
  HAZE


RELATIVE HUMIDITY (PERCENT)
 HIGHEST    97           700 AM
 LOWEST     67          1200 PM
 AVERAGE    82

..........................................................


THE BROWNSVILLE CLIMATE NORMALS FOR TODAY
                         NORMAL    RECORD    YEAR
 MAXIMUM TEMPERATURE (F)   71        85      2012
 MINIMUM TEMPERATURE (F)   52        29      1996


SUNRISE AND SUNSET
DECEMBER 19 2014......SUNRISE   711 AM CST   SUNSET   543 PM CST
DECEMBER 20 2014......SUNRISE   712 AM CST   SUNSET   543 PM CST


-  INDICATES NEGATIVE NUMBERS.
R  INDICATES RECORD WAS SET OR TIED.
MM INDICATES DATA IS MISSING.
T  INDICATES TRACE AMOUNT.




$$
