000
CDUS44 KBRO 132232
CLIBRO


CLIMATE REPORT
NATIONAL WEATHER SERVICE BROWNSVILLE TX
425 PM CST WED DEC 13 2017


...................................

...THE BROWNSVILLE CLIMATE SUMMARY FOR DECEMBER 13 2017...
VALID TODAY AS OF 0400 PM LOCAL TIME.

CLIMATE NORMAL PERIOD 1981 TO 2010
CLIMATE RECORD PERIOD 1878 TO 2017


WEATHER ITEM   OBSERVED TIME   RECORD YEAR NORMAL DEPARTURE LAST
                VALUE   (LST)  VALUE       VALUE  FROM      YEAR
                                                  NORMAL
..................................................................
TEMPERATURE (F)
 TODAY
  MAXIMUM         72    326 PM  89    1921  72      0       84
  MINIMUM         43    251 AM  30    1989  53    -10       69
  AVERAGE         58                        62     -4       77

PRECIPITATION (IN)
  TODAY            0.00          1.19 1936   0.04  -0.04     0.00
  MONTH TO DATE    0.83                      0.53   0.30     1.42
  SINCE DEC 1      0.83                      0.53   0.30     1.42
  SINCE JAN 1     22.55                     26.82  -4.27    22.56

SNOWFALL (IN)
  TODAY            0.0           0.0  2001   0.0
  MONTH TO DATE    0.3                       0.0
  SINCE DEC 1      0.3                       0.0
  SINCE JUL 1      0.3                       0.0

DEGREE DAYS
 HEATING
  TODAY            7                         5      2        0
  MONTH TO DATE   94                        57     37       47
  SINCE DEC 1     94                        57     37       47
  SINCE JUL 1    110                       111     -1       55

 COOLING
  TODAY            0                         3     -3       12
  MONTH TO DATE   51                        41     10       53
  SINCE DEC 1     51                        41     10       53
  SINCE JAN 1   4770                      3986    784     4520
..................................................................


WIND (MPH)
  HIGHEST WIND SPEED     9   HIGHEST WIND DIRECTION     S (170)
  HIGHEST GUST SPEED    13   HIGHEST GUST DIRECTION    SW (240)
  AVERAGE WIND SPEED     3.3


SKY COVER
  POSSIBLE SUNSHINE  MM
  AVERAGE SKY COVER 0.0


WEATHER CONDITIONS
 THE FOLLOWING WEATHER WAS RECORDED TODAY.
  NO SIGNIFICANT WEATHER WAS OBSERVED.


RELATIVE HUMIDITY (PERCENT)
 HIGHEST    93           200 AM
 LOWEST     41           400 PM
 AVERAGE    67

..........................................................


THE BROWNSVILLE CLIMATE NORMALS FOR TOMORROW
                         NORMAL    RECORD    YEAR
 MAXIMUM TEMPERATURE (F)   72        84      1987
                                             1951
                                             1921
 MINIMUM TEMPERATURE (F)   53        30      1985


SUNRISE AND SUNSET
DECEMBER 13 2017......SUNRISE   708 AM CST   SUNSET   540 PM CST
DECEMBER 14 2017......SUNRISE   708 AM CST   SUNSET   541 PM CST


-  INDICATES NEGATIVE NUMBERS.
R  INDICATES RECORD WAS SET OR TIED.
MM INDICATES DATA IS MISSING.
T  INDICATES TRACE AMOUNT.




$$
