363
CDUS44 KBRO 220725
CLIBRO


CLIMATE REPORT
NATIONAL WEATHER SERVICE BROWNSVILLE TX
125 AM CST THU FEB 22 2018


...................................

...THE BROWNSVILLE CLIMATE SUMMARY FOR FEBRUARY 21 2018...

CLIMATE NORMAL PERIOD 1981 TO 2010
CLIMATE RECORD PERIOD 1878 TO 2018


WEATHER ITEM   OBSERVED TIME   RECORD YEAR NORMAL DEPARTURE LAST
                VALUE   (LST)  VALUE       VALUE  FROM      YEAR
                                                  NORMAL
..................................................................
TEMPERATURE (F)
 YESTERDAY
  MAXIMUM         85   1244 PM  91    2017  75     10       91
  MINIMUM         72    736 AM  34    1921  56     16       56
  AVERAGE         79                        65     14       74

PRECIPITATION (IN)
  YESTERDAY        T             1.61 1886   0.02  -0.02     0.00
  MONTH TO DATE    1.34                      0.86   0.48     1.35
  SINCE DEC 1      3.25                      3.28  -0.03     3.20
  SINCE JAN 1      2.10                      2.13  -0.03     1.53

SNOWFALL (IN)
  YESTERDAY        0.0           0.0  2002   0.0
                                      2000
  MONTH TO DATE    0.0                       0.0
  SINCE DEC 1      0.3                       0.0
  SINCE JUL 1      0.3                       0.0

DEGREE DAYS
 HEATING
  YESTERDAY        0                         3     -3        0
  MONTH TO DATE   53                        86    -33        9
  SINCE DEC 1    465                       431     34      191
  SINCE JUL 1    481                       485     -4      199

 COOLING
  YESTERDAY       14                         3     11        9
  MONTH TO DATE  146                        58     88      172
  SINCE DEC 1    296                       197     99      489
  SINCE JAN 1    189                       117     72      313
..................................................................


WIND (MPH)
  HIGHEST WIND SPEED    25   HIGHEST WIND DIRECTION     S (160)
  HIGHEST GUST SPEED    33   HIGHEST GUST DIRECTION    SE (150)
  AVERAGE WIND SPEED    13.2


SKY COVER
  POSSIBLE SUNSHINE  MM
  AVERAGE SKY COVER 1.0


WEATHER CONDITIONS
 THE FOLLOWING WEATHER WAS RECORDED YESTERDAY.
  LIGHT RAIN


RELATIVE HUMIDITY (PERCENT)
 HIGHEST   100           400 AM
 LOWEST     74          1100 AM
 AVERAGE    87

..........................................................


THE BROWNSVILLE CLIMATE NORMALS FOR TODAY
                         NORMAL    RECORD    YEAR
 MAXIMUM TEMPERATURE (F)   75        92      2017
 MINIMUM TEMPERATURE (F)   56        27      1894


SUNRISE AND SUNSET
FEBRUARY 22 2018......SUNRISE   659 AM CST   SUNSET   627 PM CST
FEBRUARY 23 2018......SUNRISE   658 AM CST   SUNSET   628 PM CST


-  INDICATES NEGATIVE NUMBERS.
R  INDICATES RECORD WAS SET OR TIED.
MM INDICATES DATA IS MISSING.
T  INDICATES TRACE AMOUNT.




$$
