000
CDUS44 KBRO 312233
CLIBRO


CLIMATE REPORT
NATIONAL WEATHER SERVICE BROWNSVILLE TX
433 PM CST SAT JAN 31 2015


...................................

...THE BROWNSVILLE CLIMATE SUMMARY FOR JANUARY 31 2015...
VALID TODAY AS OF 0400 PM LOCAL TIME.

CLIMATE NORMAL PERIOD 1981 TO 2010
CLIMATE RECORD PERIOD 1878 TO 2015


WEATHER ITEM   OBSERVED TIME   RECORD YEAR NORMAL DEPARTURE LAST
                VALUE   (LST)  VALUE       VALUE  FROM      YEAR
                                                  NORMAL
..................................................................
TEMPERATURE (F)
 TODAY
  MAXIMUM         77    108 PM  93    1971  72      5       78
  MINIMUM         60    359 AM  23    1949  53      7       53
  AVERAGE         69                        62      7       66

PRECIPITATION (IN)
  TODAY            0.00          1.12 1945   0.04  -0.04     0.00
  MONTH TO DATE    3.56                      1.27   2.29     0.68
  SINCE DEC 1      4.99                      2.42   2.57     4.20
  SINCE JAN 1      3.56                      1.27   2.29     0.68

SNOWFALL (IN)
  TODAY            0.0           0.0  2002   0.0
                                      1998
                                      2000
  MONTH TO DATE    0.0                       0.0
  SINCE DEC 1      0.0                       0.0
  SINCE JUL 1      0.0                       0.0

DEGREE DAYS
 HEATING
  TODAY            0                         5     -5        0
  MONTH TO DATE  291                       176    115      233
  SINCE DEC 1    363                       345     18      450
  SINCE JUL 1    476                       399     77      558

 COOLING
  TODAY            4                         2      2        1
  MONTH TO DATE   13                        59    -46       21
  SINCE DEC 1    122                       139    -17       98
  SINCE JAN 1     13                        59    -46       21
..................................................................


WIND (MPH)
  HIGHEST WIND SPEED    25   HIGHEST WIND DIRECTION    SE (150)
  HIGHEST GUST SPEED    32   HIGHEST GUST DIRECTION    SE (150)
  AVERAGE WIND SPEED    11.8


SKY COVER
  POSSIBLE SUNSHINE  MM
  AVERAGE SKY COVER 0.3


WEATHER CONDITIONS
 THE FOLLOWING WEATHER WAS RECORDED TODAY.
  NO SIGNIFICANT WEATHER WAS OBSERVED.


RELATIVE HUMIDITY (PERCENT)
 HIGHEST    97           400 AM
 LOWEST     60           100 PM
 AVERAGE    79

..........................................................


THE BROWNSVILLE CLIMATE NORMALS FOR TOMORROW
                         NORMAL    RECORD    YEAR
 MAXIMUM TEMPERATURE (F)   72        83      1974
                                             1965
                                             1963
 MINIMUM TEMPERATURE (F)   53        22      1951


SUNRISE AND SUNSET
JANUARY 31 2015.......SUNRISE   714 AM CST   SUNSET   612 PM CST
FEBRUARY  1 2015......SUNRISE   714 AM CST   SUNSET   613 PM CST


-  INDICATES NEGATIVE NUMBERS.
R  INDICATES RECORD WAS SET OR TIED.
MM INDICATES DATA IS MISSING.
T  INDICATES TRACE AMOUNT.




$$
