905
CDUS44 KBRO 212235
CLIBRO


CLIMATE REPORT
NATIONAL WEATHER SERVICE BROWNSVILLE TX
435 PM CST TUE FEB 21 2017


...................................

...THE BROWNSVILLE CLIMATE SUMMARY FOR FEBRUARY 21 2017...
VALID TODAY AS OF 0400 PM LOCAL TIME.

CLIMATE NORMAL PERIOD 1981 TO 2010
CLIMATE RECORD PERIOD 1878 TO 2017


WEATHER ITEM   OBSERVED TIME   RECORD YEAR NORMAL DEPARTURE LAST
                VALUE   (LST)  VALUE       VALUE  FROM      YEAR
                                                  NORMAL
..................................................................
TEMPERATURE (F)
 TODAY
  MAXIMUM         91R   325 PM  90    1909  75     16       81
  MINIMUM         56    233 AM  34    1921  56      0       62
  AVERAGE         74                        65      9       72

PRECIPITATION (IN)
  TODAY            0.00          1.61 1886   0.02  -0.02     0.00
  MONTH TO DATE    1.35                      0.86   0.49     0.00
  SINCE DEC 1      3.20                      3.28  -0.08     2.04
  SINCE JAN 1      1.53                      2.13  -0.60     1.88

SNOWFALL (IN)
  TODAY            0.0           0.0  2002   0.0
                                      2000
  MONTH TO DATE    0.0                       0.0
  SINCE DEC 1      0.0                       0.0
  SINCE JUL 1      0.0                       0.0

DEGREE DAYS
 HEATING
  TODAY            0                         3     -3        0
  MONTH TO DATE    9                        86    -77       55
  SINCE DEC 1    191                       431   -240      320
  SINCE JUL 1    199                       485   -286      342

 COOLING
  TODAY            9                         3      6        7
  MONTH TO DATE  172                        58    114       56
  SINCE DEC 1    489                       197    292      211
  SINCE JAN 1    313                       117    196       77
..................................................................


WIND (MPH)
  HIGHEST WIND SPEED    22   HIGHEST WIND DIRECTION     W (290)
  HIGHEST GUST SPEED    28   HIGHEST GUST DIRECTION     W (290)
  AVERAGE WIND SPEED     9.7


SKY COVER
  POSSIBLE SUNSHINE  MM
  AVERAGE SKY COVER 0.0


WEATHER CONDITIONS
 THE FOLLOWING WEATHER WAS RECORDED TODAY.
  FOG


RELATIVE HUMIDITY (PERCENT)
 HIGHEST   100           100 AM
 LOWEST     12           400 PM
 AVERAGE    56

..........................................................


THE BROWNSVILLE CLIMATE NORMALS FOR TOMORROW
                         NORMAL    RECORD    YEAR
 MAXIMUM TEMPERATURE (F)   75        87      1909
 MINIMUM TEMPERATURE (F)   56        27      1894


SUNRISE AND SUNSET
FEBRUARY 21 2017......SUNRISE   700 AM CST   SUNSET   627 PM CST
FEBRUARY 22 2017......SUNRISE   659 AM CST   SUNSET   628 PM CST


-  INDICATES NEGATIVE NUMBERS.
R  INDICATES RECORD WAS SET OR TIED.
MM INDICATES DATA IS MISSING.
T  INDICATES TRACE AMOUNT.




$$
