000
CDUS44 KBRO 270631
CLIBRO


CLIMATE REPORT
NATIONAL WEATHER SERVICE BROWNSVILLE TX
131 AM CDT TUE JUN 27 2017


...................................

...THE BROWNSVILLE CLIMATE SUMMARY FOR JUNE 26 2017...

CLIMATE NORMAL PERIOD 1981 TO 2010
CLIMATE RECORD PERIOD 1878 TO 2017


WEATHER ITEM   OBSERVED TIME   RECORD YEAR NORMAL DEPARTURE LAST
                VALUE   (LST)  VALUE       VALUE  FROM      YEAR
                                                  NORMAL
..................................................................
TEMPERATURE (F)
 YESTERDAY
  MAXIMUM         91    116 PM 103    2012  93     -2       93
  MINIMUM         75    614 AM  60    1974  76     -1       77
  AVERAGE         83                        84     -1       85

PRECIPITATION (IN)
  YESTERDAY        0.00          4.26 1906   0.10  -0.10     0.00
  MONTH TO DATE    1.55                      2.21  -0.66     2.95
  SINCE JUN 1      1.55                      2.21  -0.66     2.95
  SINCE JAN 1      7.41                      9.97  -2.56    12.94

SNOWFALL (IN)
  YESTERDAY        0.0          MM    2001   0.0
                                      2000
  MONTH TO DATE    0.0                       0.0
  SINCE JUN 1      0.0                       0.0
  SINCE JUL 1      0.0                       0.0

DEGREE DAYS
 HEATING
  YESTERDAY        0                         0      0        0
  MONTH TO DATE    0                         0      0        0
  SINCE JUN 1      0                         0      0        0
  SINCE JUL 1    201                       554   -353      374

 COOLING
  YESTERDAY       18                        19     -1       20
  MONTH TO DATE  538                       487     51      483
  SINCE JUN 1    538                       487     51      483
  SINCE JAN 1   2175                      1580    595     1643
..................................................................


WIND (MPH)
  HIGHEST WIND SPEED    17   HIGHEST WIND DIRECTION     E (90)
  HIGHEST GUST SPEED    23   HIGHEST GUST DIRECTION     E (80)
  AVERAGE WIND SPEED     7.0


SKY COVER
  POSSIBLE SUNSHINE  MM
  AVERAGE SKY COVER 0.3


WEATHER CONDITIONS
 THE FOLLOWING WEATHER WAS RECORDED YESTERDAY.
  NO SIGNIFICANT WEATHER WAS OBSERVED.


RELATIVE HUMIDITY (PERCENT)
 HIGHEST    94           300 AM
 LOWEST     59           100 PM
 AVERAGE    77

..........................................................


THE BROWNSVILLE CLIMATE NORMALS FOR TODAY
                         NORMAL    RECORD    YEAR
 MAXIMUM TEMPERATURE (F)   93       100      1980
 MINIMUM TEMPERATURE (F)   76        61      1974


SUNRISE AND SUNSET
JUNE 27 2017..........SUNRISE   640 AM CDT   SUNSET   825 PM CDT
JUNE 28 2017..........SUNRISE   641 AM CDT   SUNSET   825 PM CDT


-  INDICATES NEGATIVE NUMBERS.
R  INDICATES RECORD WAS SET OR TIED.
MM INDICATES DATA IS MISSING.
T  INDICATES TRACE AMOUNT.




$$
