000
CDAK49 PABR 290910
CLIBRW

CLIMATE REPORT
NATIONAL WEATHER SERVICE BARROW, AK
110 AM AKDT FRI MAY 29 2015

...................................
...THE BARROW WSO AP CLIMATE SUMMARY FOR MAY 28 2015...

CLIMATE NORMAL PERIOD  1981 TO  2010
CLIMATE RECORD PERIOD  1915 TO  2015

WEATHER ITEM   OBSERVED TIME    RECORD YEAR NORMAL DEPARTURE LAST
               VALUE    (LST)   VALUE       VALUE  FROM      YEAR
                                                   NORMAL
...................................................................
TEMPERATURE
YESTERDAY
 MAXIMUM            36  0533 PM    43  1998     32       4     26
 MINIMUM            28  0442 AM     5  1936     24       4     21
 AVERAGE            32                          28       4     24

PRECIPITATION
(INCHES)
 YESTERDAY           T           0.30  2010   0.01   -0.01      T
 MONTH TO DATE    0.50                        0.16    0.34   0.83
 SINCE MAR 1      1.24                        0.41    0.83   1.18
 SINCE JAN 1      1.81                        0.68    1.13   1.55

SNOWFALL
(INCHES)
 YESTERDAY         0.0            0.9  2009    0.1    -0.1      T
 MONTH TO DATE     1.1                         2.5    -1.4    3.8
 SINCE MAR 1      11.7                         7.8     3.9    9.4
 SINCE JUL 1      54.8                        36.8    18.0   52.0
 SNOW DEPTH (IN)     0                                          T

DEGREE DAYS
 HEATING
  YESTERDAY         33                          37      -4     41
  MONTH TO DATE   1046                        1251    -205   1071
  SINCE MAR 1     5135                        5550    -415   5055
  SINCE JUL 1    17278                       18398   -1120  16778

 COOLING
  YESTERDAY          0                           0       0      0
  MONTH TO DATE      0                           0       0      0
  SINCE MAR 1        0                           0       0      0
  SINCE JAN 1        0                           0       0      0
...................................................................

WIND (MPH)
 HIGHEST WIND SPEED    26     HIGHEST WIND DIRECTION     60
 HIGHEST GUST SPEED    29     HIGHEST GUST DIRECTION     70
 AVERAGE WIND SPEED  15.0

WEATHER CONDITIONS
 THE FOLLOWING WEATHER WAS RECORDED YESTERDAY.
  FOG
  RAIN

RELATIVE HUMIDITY
 HIGHEST RH    100 PERCENT  AT  253 PM AST
 LOWEST  RH     85 PERCENT  AT 1153 PM AST
 AVERAGE RH     91 PERCENT
...................................................................

THE BARROW CLIMATE NORMALS FOR TODAY
                           NORMAL    RECORD   YEAR
 MAXIMUM TEMPERATURE (F)     32        46     1996
 MINIMUM TEMPERATURE (F)     24         4     1926

SUNRISE AND SUNSET
 THE SUN IS CONTINUOUSLY ABOVE THE HORIZON ALL DAY.

-  INDICATES NEGATIVE NUMBERS.
R  INDICATES RECORD HAS BEEN SET OR TIED.
MM INDICATES DATA IS MISSING.
T  INDICATES TRACE OF PRECIPITATION.

&&
-------------------------------------------------------------------

AMOUNT OF DAYLIGHT TODAY  (HOUR:MIN)........24 HOURS 00 MINUTES
GAIN/LOSS SINCE YESTERDAY (HOUR:MIN:SEC)....+0:00:00

$$
RFL MAY 15
