804
CDAK49 PAFG 250958
CLIBRW

CLIMATE REPORT
NATIONAL WEATHER SERVICE FAIRBANKS AK
1258 AM AKST SAT FEB 25 2017


...................................

...THE BARROW AK CLIMATE SUMMARY FOR FEBRUARY 24 2017...

CLIMATE NORMAL PERIOD 1981 TO 2010
CLIMATE RECORD PERIOD 1920 TO 2017


WEATHER ITEM   OBSERVED TIME   RECORD YEAR NORMAL DEPARTURE LAST
                VALUE   (LST)  VALUE       VALUE  FROM      YEAR
                                                  NORMAL
..................................................................
TEMPERATURE (F)
 YESTERDAY
  MAXIMUM         -3    635 AM  29    2011  -8      5        5
  MINIMUM        -13   1159 PM -48    1954 -21      8        0
  AVERAGE         -8                       -14      6        3

PRECIPITATION (IN)
  YESTERDAY        0.07          0.11 2011   0.00   0.07      T
  MONTH TO DATE    0.26                      0.12   0.14     2.08
  SINCE DEC 1      1.03                      0.39   0.64     3.06
  SINCE JAN 1      0.73                      0.25   0.48     3.05

SNOWFALL (IN)
  YESTERDAY        0.7           2.1  1934   0.1    0.6     MM
  MONTH TO DATE    3.5                       2.2    1.3      2.8
  SINCE DEC 1     12.4                       8.3    4.1      5.1
  SINCE JUL 1     25.5                      28.6   -3.1      8.6
  SNOW DEPTH       9

DEGREE DAYS
 HEATING
  YESTERDAY       73                        79     -6       62
  MONTH TO DATE 1689                      1896   -207     1688
  SINCE DEC 1   5709                      6583   -874     6037
  SINCE JUL 1  10664                     12535  -1871    11098

 COOLING
  YESTERDAY        0                         0      0        0
  MONTH TO DATE    0                         0      0        0
  SINCE DEC 1      0                         0      0        0
  SINCE JAN 1      0                         0      0        0
..................................................................


WIND (MPH)
  HIGHEST GUST SPEED    38   HIGHEST GUST DIRECTION    NE (60)


SKY COVER
  AVERAGE SKY COVER 1.0


WEATHER CONDITIONS
 THE FOLLOWING WEATHER WAS RECORDED YESTERDAY.
  SNOW
  LIGHT SNOW
  HAZE
  BLOWING SNOW


RELATIVE HUMIDITY (PERCENT)
 HIGHEST    78
 LOWEST     70
 AVERAGE    74

..........................................................


THE BARROW AK CLIMATE NORMALS FOR TODAY
                         NORMAL    RECORD    YEAR
 MAXIMUM TEMPERATURE (F)   -8        31      1989
                                             1962
 MINIMUM TEMPERATURE (F)  -21       -48      1923


SUNRISE AND SUNSET
FEBRUARY 25 2017......SUNRISE   918 AM AKST  SUNSET   605 PM AKST
FEBRUARY 26 2017......SUNRISE   913 AM AKST  SUNSET   610 PM AKST

-  INDICATES NEGATIVE NUMBERS.
R  INDICATES RECORD WAS SET OR TIED.
MM INDICATES DATA IS MISSING.
T  INDICATES TRACE AMOUNT.

&&

SNOW DEPTH IS MEASURED AT 3AM AKST/4AM AKDT.

----------------------------
AVAILABLE DAYLIGHT

AMOUNT OF DAYLIGHT TODAY  (HOUR:MIN)........8:47
GAIN/LOSS SINCE YESTERDAY (HOUR:MIN:SEC)....+0:09:53

$$
CCC FEB 17
