000
CDAK49 PABR 302346
CLIBRW

CLIMATE REPORT
NATIONAL WEATHER SERVICE BARROW, AK
346 PM AKDT TUE JUN 30 2015

...................................
...THE BARROW WSO AP CLIMATE SUMMARY FOR JUNE 30 2015...
VALID TODAY AS OF 2:00 PM LOCAL TIME

CLIMATE NORMAL PERIOD  1981 TO  2010
CLIMATE RECORD PERIOD  1915 TO  2015

WEATHER ITEM   OBSERVED TIME    RECORD YEAR NORMAL DEPARTURE LAST
               VALUE    (LST)   VALUE       VALUE  FROM      YEAR
                                                   NORMAL
...................................................................
TEMPERATURE
TODAY
 MAXIMUM            53  0858 AM    70  1942     46       7     47
 MINIMUM            45  0228 PM    26  1943     34      11     36
 AVERAGE            49                          40       9     42

PRECIPITATION
(INCHES)
 TODAY               T           0.35  1964   0.02   -0.02   0.33
 MONTH TO DATE    0.81                        0.32    0.49   1.47
 SINCE JUN 1      0.81                        0.32    0.49   1.47
 SINCE JAN 1      2.77                        1.02    1.75   3.09

SNOWFALL
(INCHES)
 TODAY             0.0            1.0  1964    0.0     0.0    0.0
 MONTH TO DATE     1.0                         0.7     0.3    0.9
 SINCE JUN 1       1.0                         0.7     0.3    0.9
 SINCE JUL 1      55.9                        37.7    18.2   54.2
 SNOW DEPTH (IN)     0                                          0

DEGREE DAYS
 HEATING
  TODAY             16                          25      -9     23
  MONTH TO DATE    742                         880    -138    933
  SINCE JUN 1      742                         880    -138    933
  SINCE JUL 1    18115                       19387   -1272  17833

 COOLING
  TODAY              0                           0       0      0
  MONTH TO DATE      0                           0       0      0
  SINCE JUN 1        0                           0       0      0
  SINCE JAN 1        0                           0       0      0
...................................................................

WIND (MPH)
 HIGHEST WIND SPEED    14     HIGHEST WIND DIRECTION    240
 HIGHEST GUST SPEED    16     HIGHEST GUST DIRECTION    240
 AVERAGE WIND SPEED    MM

SKY COVER
  POSSIBLE SUNSHINE  MM            AVERAGE SKY COVER MM

WEATHER CONDITIONS
 THE FOLLOWING WEATHER WAS RECORDED TODAY.
 RAIN
 FOG WITH VISIBILITY AS LOW AS ONE QUARTER MILE.

RELATIVE HUMIDITY
 HIGHEST RH     MM PERCENT       MM
 LOWEST  RH     MM PERCENT       MM
 AVERAGE RH     MM PERCENT       MM
...................................................................

THE BARROW CLIMATE NORMALS FOR TOMORROW
                        NORMAL    RECORD   YEAR
 MAXIMUM TEMPERATURE      46        76     1999
 MINIMUM TEMPERATURE      34        26     1943

SUNRISE AND SUNSET
 THE SUN IS CONTINUOUSLY ABOVE THE HORIZON ALL DAY.

-  INDICATES NEGATIVE NUMBERS.
R  INDICATES RECORD HAS BEEN SET OR TIED.
MM INDICATES DATA IS MISSING.
T  INDICATES TRACE OF PRECIPITATION.

&&
-------------------------------------------------------------------

AMOUNT OF DAYLIGHT TODAY  (HOUR:MIN)........24 HOURS 00 MINUTES
GAIN/LOSS SINCE YESTERDAY (HOUR:MIN:SEC)....+0:00:00

$$
RFL JUN 15
