000
CDAK49 PABR 270913
CLIBRW

CLIMATE REPORT
NATIONAL WEATHER SERVICE BARROW, AK
1214 AM AKST FRI FEB 27 2015

...................................
...THE BARROW WSO AP CLIMATE SUMMARY FOR FEBRUARY 26 2015...

CLIMATE NORMAL PERIOD  1981 TO  2010
CLIMATE RECORD PERIOD  1915 TO  2015

WEATHER ITEM   OBSERVED TIME    RECORD YEAR NORMAL DEPARTURE LAST
               VALUE    (LST)   VALUE       VALUE  FROM      YEAR
                                                   NORMAL
...................................................................
TEMPERATURE
YESTERDAY
 MAXIMUM            29  1159 PM    29  2015     -8      37     12
 MINIMUM            20   453 AM   -49  1938    -21      41     -6
 AVERAGE            25                         -14      39      3

PRECIPITATION
(INCHES)
 YESTERDAY        0.08           0.08  2015   0.00    0.08   0.01
 MONTH TO DATE    0.18                        0.13    0.05   0.19
 SINCE DEC 1      0.64                        0.40    0.24   1.54
 SINCE JAN 1      0.44                        0.26    0.18   0.37

SNOWFALL
(INCHES)
 YESTERDAY         0.8            0.8  2015    0.1     0.7    0.1
 MONTH TO DATE     2.6                         2.4     0.2    2.2
 SINCE DEC 1      10.2                         8.5     1.7   18.7
 SINCE JUL 1      41.3                        28.8    12.5   42.6
 SNOW DEPTH (IN)     6                                          8

DEGREE DAYS
 HEATING
  YESTERDAY         40                          79     -39     62
  MONTH TO DATE   1896                        2054    -158   1891
  SINCE DEC 1     6430                        6740    -310   6173
  SINCE JUL 1    12032                       12690    -658  11582

 COOLING
  YESTERDAY          0                           0       0      0
  MONTH TO DATE      0                           0       0      0
  SINCE DEC 1        0                           0       0      0
  SINCE JAN 1        0                           0       0      0
...................................................................

WIND (MPH)
 HIGHEST WIND SPEED    30     HIGHEST WIND DIRECTION    200
 HIGHEST GUST SPEED    33     HIGHEST GUST DIRECTION    210
 AVERAGE WIND SPEED  17.6

SKY COVER
  POSSIBLE SUNSHINE    MM          AVERAGE SKY COVER     MM

WEATHER CONDITIONS
 THE FOLLOWING WEATHER WAS RECORDED YESTERDAY.
 FOG
 BLOWING SNOW
 SNOW


RELATIVE HUMIDITY
 HIGHEST RH    100 PERCENT      1153 PM
 LOWEST  RH     84 PERCENT       506 PM
 AVERAGE RH     96 PERCENT
...................................................................

THE BARROW CLIMATE NORMALS FOR TODAY
                           NORMAL    RECORD   YEAR
 MAXIMUM TEMPERATURE (F)     -8        30     1962
 MINIMUM TEMPERATURE (F)    -21       -50     1957

SUNRISE AND SUNSET
 FEB 27 2015..........SUNRISE  9:10 AM      SUNSET  6:12 PM
 FEB 28 2015..........SUNRISE  9:05 AM      SUNSET  6:17 PM

-  INDICATES NEGATIVE NUMBERS.
R  INDICATES RECORD HAS BEEN SET OR TIED.
MM INDICATES DATA IS MISSING.
T  INDICATES TRACE OF PRECIPITATION.

&&
-------------------------------------------------------------------

AMOUNT OF DAYLIGHT TODAY  (HOUR:MIN)........9 HOURS 2 MINUTES
GAIN/LOSS SINCE YESTERDAY (HOUR:MIN:SEC)....+0:09:49

$$
JML FEB 15
