000
CDUS43 KGRR 022233
CLIBTL


CLIMATE REPORT
NATIONAL WEATHER SERVICE GRAND RAPIDS, MI
533 PM EST FRI DEC 2 2016


...................................

...THE BATTLE CREEK MI CLIMATE SUMMARY FOR DECEMBER 2 2016...
VALID TODAY AS OF 0500 PM LOCAL TIME.

CLIMATE NORMAL PERIOD 1981 TO 2010
CLIMATE RECORD PERIOD 1998 TO 2016


WEATHER ITEM   OBSERVED TIME   NORMAL DEPARTURE LAST
                VALUE   (LST)  VALUE  FROM      YEAR
                                      NORMAL
......................................................
TEMPERATURE (F)
 TODAY
  MAXIMUM         39   1201 PM  40     -1       39
  MINIMUM         34    510 AM  24     10       27
  AVERAGE         37            32      5       33

PRECIPITATION (IN)
  TODAY            0.10          0.07   0.03     0.08
  MONTH TO DATE    0.24          0.14   0.10     0.14
  SINCE DEC 1      0.24          0.14   0.10     0.14
  SINCE JAN 1     30.62         31.30  -0.68    30.54

DEGREE DAYS
 HEATING
  TODAY           28            33     -5       32
  MONTH TO DATE   56            66    -10       57
  SINCE DEC 1     56            66    -10       57
  SINCE JUL 1    899          1504   -605     1107

 COOLING
  TODAY            0             0      0        0
  MONTH TO DATE    0             0      0        0
  SINCE DEC 1      0             0      0        0
  SINCE JAN 1    727           578    149      720
......................................................


WIND (MPH)
  RESULTANT WIND SPEED   9   RESULTANT WIND DIRECTION   W (280)
  HIGHEST WIND SPEED    20   HIGHEST WIND DIRECTION    SW (240)
  HIGHEST GUST SPEED    25   HIGHEST GUST DIRECTION     W (270)
  AVERAGE WIND SPEED     9.9


SKY COVER
  AVERAGE SKY COVER 1.0


WEATHER CONDITIONS
 THE FOLLOWING WEATHER WAS RECORDED TODAY.
  RAIN
  LIGHT RAIN
  FOG


RELATIVE HUMIDITY (PERCENT)
 HIGHEST   100           900 AM
 LOWEST     76          1200 PM
 AVERAGE    88

..........................................................


THE BATTLE CREEK MI CLIMATE NORMALS FOR TOMORROW
                         NORMAL
 MAXIMUM TEMPERATURE (F)   39
 MINIMUM TEMPERATURE (F)   24


SUNRISE AND SUNSET
DECEMBER  2 2016......SUNRISE   752 AM EST   SUNSET   509 PM EST
DECEMBER  3 2016......SUNRISE   753 AM EST   SUNSET   509 PM EST


-  INDICATES NEGATIVE NUMBERS.
R  INDICATES RECORD WAS SET OR TIED.
MM INDICATES DATA IS MISSING.
T  INDICATES TRACE AMOUNT.




$$
