000
CDUS43 KGRR 250545
CLIBTL


CLIMATE REPORT
NATIONAL WEATHER SERVICE GRAND RAPIDS, MI
1244 AM EST SUN FEB 25 2018


...................................

...THE BATTLE CREEK MI CLIMATE SUMMARY FOR FEBRUARY 24 2018...

CLIMATE NORMAL PERIOD 1981 TO 2010
CLIMATE RECORD PERIOD 1998 TO 2018


WEATHER ITEM   OBSERVED TIME   NORMAL DEPARTURE LAST
                VALUE   (LST)  VALUE  FROM      YEAR
                                      NORMAL
......................................................
TEMPERATURE (F)
 YESTERDAY
  MAXIMUM         42    506 PM  38      4       61
  MINIMUM         34    827 AM  19     15       39
  AVERAGE         38            28     10       50

PRECIPITATION (IN)
  YESTERDAY        0.00          0.06  -0.06     0.27
  MONTH TO DATE    5.06          1.11   3.95     1.42
  SINCE DEC 1      6.87          4.76   2.11     5.68
  SINCE JAN 1      6.32          2.77   3.55     4.64

DEGREE DAYS
 HEATING
  YESTERDAY       27            37    -10       15
  MONTH TO DATE  913           940    -27      696
  SINCE DEC 1   3385          3385      0     2949
  SINCE JUL 1   4580          4823   -243     3792

 COOLING
  YESTERDAY        0             0      0        0
  MONTH TO DATE    0             0      0        0
  SINCE DEC 1      0             0      0        0
  SINCE JAN 1      0             0      0        0
......................................................


WIND (MPH)
  RESULTANT WIND SPEED   7   RESULTANT WIND DIRECTION   E (90)
  HIGHEST WIND SPEED    20   HIGHEST WIND DIRECTION     E (110)
  HIGHEST GUST SPEED    28   HIGHEST GUST DIRECTION    SE (120)
  AVERAGE WIND SPEED    10.3


SKY COVER
  AVERAGE SKY COVER 1.0


WEATHER CONDITIONS
 THE FOLLOWING WEATHER WAS RECORDED YESTERDAY.
  NO SIGNIFICANT WEATHER WAS OBSERVED.


RELATIVE HUMIDITY (PERCENT)
 HIGHEST    92          1100 PM
 LOWEST     70           500 PM
 AVERAGE    81

..........................................................


THE BATTLE CREEK MI CLIMATE NORMALS FOR TODAY
                         NORMAL
 MAXIMUM TEMPERATURE (F)   39
 MINIMUM TEMPERATURE (F)   19


SUNRISE AND SUNSET
FEBRUARY 25 2018......SUNRISE   723 AM EST   SUNSET   626 PM EST
FEBRUARY 26 2018......SUNRISE   721 AM EST   SUNSET   627 PM EST


-  INDICATES NEGATIVE NUMBERS.
R  INDICATES RECORD WAS SET OR TIED.
MM INDICATES DATA IS MISSING.
T  INDICATES TRACE AMOUNT.




$$
