000
CDUS43 KGRR 010518
CLIBTL


CLIMATE REPORT
NATIONAL WEATHER SERVICE GRAND RAPIDS, MI
118 AM EDT MON SEP 1 2014


...................................

...THE BATTLE CREEK MI CLIMATE SUMMARY FOR AUGUST 31 2014...

CLIMATE NORMAL PERIOD 1981 TO 2010
CLIMATE RECORD PERIOD 1998 TO 2014


WEATHER ITEM   OBSERVED TIME   NORMAL DEPARTURE LAST
                VALUE   (LST)  VALUE  FROM      YEAR
                                      NORMAL
......................................................
TEMPERATURE (F)
 YESTERDAY
  MAXIMUM         84    320 PM  79      5       81
  MINIMUM         67    626 AM  56     11       66
  AVERAGE         76            67      9       74

PRECIPITATION (IN)
  YESTERDAY        0.14          0.12   0.02     0.00
  MONTH TO DATE    2.20          3.47  -1.27     4.75
  SINCE JUN 1     11.98         10.06   1.92    13.39
  SINCE JAN 1     19.94         21.54  -1.60    26.17

DEGREE DAYS
 HEATING
  YESTERDAY        0             2     -2        0
  MONTH TO DATE   11            32    -21       21
  SINCE JUN 1     47            98    -51       80
  SINCE JUL 1     29            41    -12       38

 COOLING
  YESTERDAY       11             4      7        9
  MONTH TO DATE  204           157     47      153
  SINCE JUN 1    485           480      5      528
  SINCE JAN 1    537           518     19      605
......................................................


WIND (MPH)
  RESULTANT WIND SPEED   5   RESULTANT WIND DIRECTION  SW (220)
  HIGHEST WIND SPEED    18   HIGHEST WIND DIRECTION    NW (300)
  HIGHEST GUST SPEED    22   HIGHEST GUST DIRECTION    NW (300)
  AVERAGE WIND SPEED     6.4


SKY COVER
  AVERAGE SKY COVER 0.4


WEATHER CONDITIONS
 THE FOLLOWING WEATHER WAS RECORDED YESTERDAY.
  HEAVY RAIN
  LIGHT RAIN
  FOG


RELATIVE HUMIDITY (PERCENT)
 HIGHEST    93           600 AM
 LOWEST     58           400 PM
 AVERAGE    76

..........................................................


THE BATTLE CREEK MI CLIMATE NORMALS FOR TODAY
                         NORMAL
 MAXIMUM TEMPERATURE (F)   79
 MINIMUM TEMPERATURE (F)   55


SUNRISE AND SUNSET
SEPTEMBER  1 2014.....SUNRISE   706 AM EDT   SUNSET   815 PM EDT
SEPTEMBER  2 2014.....SUNRISE   707 AM EDT   SUNSET   813 PM EDT


-  INDICATES NEGATIVE NUMBERS.
R  INDICATES RECORD WAS SET OR TIED.
MM INDICATES DATA IS MISSING.
T  INDICATES TRACE AMOUNT.




$$
