000
CDUS43 KGRR 250523
CLIBTL


CLIMATE REPORT
NATIONAL WEATHER SERVICE GRAND RAPIDS, MI
122 AM EDT WED MAY 25 2016


...................................

...THE BATTLE CREEK MI CLIMATE SUMMARY FOR MAY 24 2016...

CLIMATE NORMAL PERIOD 1981 TO 2010
CLIMATE RECORD PERIOD 1998 TO 2016


WEATHER ITEM   OBSERVED TIME   NORMAL DEPARTURE LAST
                VALUE   (LST)  VALUE  FROM      YEAR
                                      NORMAL
......................................................
TEMPERATURE (F)
 YESTERDAY
  MAXIMUM         83    513 PM  73     10       77
  MINIMUM         48    548 AM  48      0       52
  AVERAGE         66            60      6       65

PRECIPITATION (IN)
  YESTERDAY        0.00          0.13  -0.13      T
  MONTH TO DATE    1.96          2.89  -0.93     2.59
  SINCE MAR 1      7.40          7.60  -0.20     4.66
  SINCE JAN 1      9.00         10.60  -1.60     5.67

DEGREE DAYS
 HEATING
  YESTERDAY        0             6     -6        0
  MONTH TO DATE  241           210     31      131
  SINCE MAR 1   1500          1634   -134     1567
  SINCE JUL 1   5415          6599  -1184     6772

 COOLING
  YESTERDAY        1             1      0        0
  MONTH TO DATE    1            18    -17       40
  SINCE MAR 1      3            25    -22       40
  SINCE JAN 1      3            25    -22       40
......................................................


WIND (MPH)
  RESULTANT WIND SPEED   6   RESULTANT WIND DIRECTION  SW (230)
  HIGHEST WIND SPEED    20   HIGHEST WIND DIRECTION    SW (230)
  HIGHEST GUST SPEED    26   HIGHEST GUST DIRECTION     W (250)
  AVERAGE WIND SPEED     7.6


SKY COVER
  AVERAGE SKY COVER 0.0


WEATHER CONDITIONS
 THE FOLLOWING WEATHER WAS RECORDED YESTERDAY.
  NO SIGNIFICANT WEATHER WAS OBSERVED.


RELATIVE HUMIDITY (PERCENT)
 HIGHEST    66           600 AM
 LOWEST     28           500 PM
 AVERAGE    47

..........................................................


THE BATTLE CREEK MI CLIMATE NORMALS FOR TODAY
                         NORMAL
 MAXIMUM TEMPERATURE (F)   73
 MINIMUM TEMPERATURE (F)   49


SUNRISE AND SUNSET
MAY 25 2016...........SUNRISE   611 AM EDT   SUNSET   906 PM EDT
MAY 26 2016...........SUNRISE   610 AM EDT   SUNSET   907 PM EDT


-  INDICATES NEGATIVE NUMBERS.
R  INDICATES RECORD WAS SET OR TIED.
MM INDICATES DATA IS MISSING.
T  INDICATES TRACE AMOUNT.




$$
