000
CDUS43 KGRR 060517
CLIBTL


CLIMATE REPORT
NATIONAL WEATHER SERVICE GRAND RAPIDS, MI
117 AM EDT FRI MAY 6 2016


...................................

...THE BATTLE CREEK MI CLIMATE SUMMARY FOR MAY 5 2016...

CLIMATE NORMAL PERIOD 1981 TO 2010
CLIMATE RECORD PERIOD 1998 TO 2016


WEATHER ITEM   OBSERVED TIME   NORMAL DEPARTURE LAST
                VALUE   (LST)  VALUE  FROM      YEAR
                                      NORMAL
......................................................
TEMPERATURE (F)
 YESTERDAY
  MAXIMUM         67    335 PM  67      0       59
  MINIMUM         45    732 AM  42      3       49
  AVERAGE         56            55      1       54

PRECIPITATION (IN)
  YESTERDAY        0.01          0.11  -0.10     0.84
  MONTH TO DATE    0.68          0.56   0.12     1.02
  SINCE MAR 1      6.12          5.27   0.85     3.09
  SINCE JAN 1      7.72          8.27  -0.55     4.10

DEGREE DAYS
 HEATING
  YESTERDAY        9            11     -2       11
  MONTH TO DATE   71            56     15       26
  SINCE MAR 1   1330          1480   -150     1462
  SINCE JUL 1   5245          6445  -1200     6667

 COOLING
  YESTERDAY        0             0      0        0
  MONTH TO DATE    0             0      0        1
  SINCE MAR 1      2             7     -5        1
  SINCE JAN 1      2             7     -5        1
......................................................


WIND (MPH)
  RESULTANT WIND SPEED   9   RESULTANT WIND DIRECTION   N (0)
  HIGHEST WIND SPEED    21   HIGHEST WIND DIRECTION     N (10)
  HIGHEST GUST SPEED    28   HIGHEST GUST DIRECTION    NE (40)
  AVERAGE WIND SPEED    10.8


SKY COVER
  AVERAGE SKY COVER 0.6


WEATHER CONDITIONS
 THE FOLLOWING WEATHER WAS RECORDED YESTERDAY.
  LIGHT RAIN
  FOG


RELATIVE HUMIDITY (PERCENT)
 HIGHEST    93           200 AM
 LOWEST     37           500 PM
 AVERAGE    65

..........................................................


THE BATTLE CREEK MI CLIMATE NORMALS FOR TODAY
                         NORMAL
 MAXIMUM TEMPERATURE (F)   68
 MINIMUM TEMPERATURE (F)   43


SUNRISE AND SUNSET
MAY  6 2016...........SUNRISE   629 AM EDT   SUNSET   846 PM EDT
MAY  7 2016...........SUNRISE   628 AM EDT   SUNSET   848 PM EDT


-  INDICATES NEGATIVE NUMBERS.
R  INDICATES RECORD WAS SET OR TIED.
MM INDICATES DATA IS MISSING.
T  INDICATES TRACE AMOUNT.




$$
