000
CDUS43 KGRR 240516
CLIBTL


CLIMATE REPORT
NATIONAL WEATHER SERVICE GRAND RAPIDS, MI
116 AM EDT FRI MAR 24 2017


...................................

...THE BATTLE CREEK MI CLIMATE SUMMARY FOR MARCH 23 2017...

CLIMATE NORMAL PERIOD 1981 TO 2010
CLIMATE RECORD PERIOD 1998 TO 2017


WEATHER ITEM   OBSERVED TIME   NORMAL DEPARTURE LAST
                VALUE   (LST)  VALUE  FROM      YEAR
                                      NORMAL
......................................................
TEMPERATURE (F)
 YESTERDAY
  MAXIMUM         48    419 PM  50     -2       54
  MINIMUM         23    452 AM  27     -4       36
  AVERAGE         36            38     -2       45

PRECIPITATION (IN)
  YESTERDAY        0.26          0.07   0.19     0.01
  MONTH TO DATE    1.17          1.33  -0.16     1.14
  SINCE MAR 1      1.17          1.33  -0.16     1.14
  SINCE JAN 1      6.64          4.33   2.31     2.74

DEGREE DAYS
 HEATING
  YESTERDAY       29            27      2       20
  MONTH TO DATE  749           713     36      563
  SINCE MAR 1    749           713     36      563
  SINCE JUL 1   4652          5678  -1026     4478

 COOLING
  YESTERDAY        0             0      0        0
  MONTH TO DATE    0             0      0        0
  SINCE MAR 1      0             0      0        0
  SINCE JAN 1      0             0      0        0
......................................................


WIND (MPH)
  RESULTANT WIND SPEED  11   RESULTANT WIND DIRECTION  SE (150)
  HIGHEST WIND SPEED    21   HIGHEST WIND DIRECTION     S (170)
  HIGHEST GUST SPEED    27   HIGHEST GUST DIRECTION     S (170)
  AVERAGE WIND SPEED    10.8


SKY COVER
  AVERAGE SKY COVER 0.4


WEATHER CONDITIONS
 THE FOLLOWING WEATHER WAS RECORDED YESTERDAY.
  THUNDERSTORM
  HEAVY RAIN
  RAIN
  LIGHT RAIN
  FOG


RELATIVE HUMIDITY (PERCENT)
 HIGHEST    76          1100 PM
 LOWEST     21           200 PM
 AVERAGE    49

..........................................................


THE BATTLE CREEK MI CLIMATE NORMALS FOR TODAY
                         NORMAL
 MAXIMUM TEMPERATURE (F)   50
 MINIMUM TEMPERATURE (F)   28


SUNRISE AND SUNSET
MARCH 24 2017.........SUNRISE   737 AM EDT   SUNSET   758 PM EDT
MARCH 25 2017.........SUNRISE   735 AM EDT   SUNSET   759 PM EDT


-  INDICATES NEGATIVE NUMBERS.
R  INDICATES RECORD WAS SET OR TIED.
MM INDICATES DATA IS MISSING.
T  INDICATES TRACE AMOUNT.




$$
