000
CDUS43 KGRR 220523
CLIBTL


CLIMATE REPORT
NATIONAL WEATHER SERVICE GRAND RAPIDS, MI
122 AM EDT FRI AUG 22 2014


...................................

...THE BATTLE CREEK MI CLIMATE SUMMARY FOR AUGUST 21 2014...

CLIMATE NORMAL PERIOD 1981 TO 2010
CLIMATE RECORD PERIOD 1998 TO 2014


WEATHER ITEM   OBSERVED TIME   NORMAL DEPARTURE LAST
                VALUE   (LST)  VALUE  FROM      YEAR
                                      NORMAL
......................................................
TEMPERATURE (F)
 YESTERDAY
  MAXIMUM         82    228 PM  81      1       86
  MINIMUM         66    427 AM  58      8       66
  AVERAGE         74            69      5       76

PRECIPITATION (IN)
  YESTERDAY        0.08          0.11  -0.03     0.00
  MONTH TO DATE    1.64          2.37  -0.73     3.13
  SINCE JUN 1     11.42          8.96   2.46    11.77
  SINCE JAN 1     19.38         20.44  -1.06    24.55

DEGREE DAYS
 HEATING
  YESTERDAY        0             1     -1        0
  MONTH TO DATE   11            21    -10       21
  SINCE JUN 1     47            93    -46       80
  SINCE JUL 1     29            36     -7       38

 COOLING
  YESTERDAY        9             5      4       11
  MONTH TO DATE  111           117     -6       65
  SINCE JUN 1    392           440    -48      440
  SINCE JAN 1    444           478    -34      517
......................................................


WIND (MPH)
  RESULTANT WIND SPEED   3   RESULTANT WIND DIRECTION  SW (230)
  HIGHEST WIND SPEED    16   HIGHEST WIND DIRECTION    SW (220)
  HIGHEST GUST SPEED    19   HIGHEST GUST DIRECTION    SW (220)
  AVERAGE WIND SPEED     4.2


SKY COVER
  AVERAGE SKY COVER 0.4


WEATHER CONDITIONS
 THE FOLLOWING WEATHER WAS RECORDED YESTERDAY.
  THUNDERSTORM
  RAIN
  FOG


RELATIVE HUMIDITY (PERCENT)
 HIGHEST    93           300 AM
 LOWEST     63           200 PM
 AVERAGE    78

..........................................................


THE BATTLE CREEK MI CLIMATE NORMALS FOR TODAY
                         NORMAL
 MAXIMUM TEMPERATURE (F)   80
 MINIMUM TEMPERATURE (F)   57


SUNRISE AND SUNSET
AUGUST 22 2014........SUNRISE   656 AM EDT   SUNSET   831 PM EDT
AUGUST 23 2014........SUNRISE   657 AM EDT   SUNSET   830 PM EDT


-  INDICATES NEGATIVE NUMBERS.
R  INDICATES RECORD WAS SET OR TIED.
MM INDICATES DATA IS MISSING.
T  INDICATES TRACE AMOUNT.




$$
