000
CDUS43 KGRR 260517
CLIBTL


CLIMATE REPORT
NATIONAL WEATHER SERVICE GRAND RAPIDS, MI
1217 AM EST SUN FEB 26 2017


...................................

...THE BATTLE CREEK MI CLIMATE SUMMARY FOR FEBRUARY 25 2017...

CLIMATE NORMAL PERIOD 1981 TO 2010
CLIMATE RECORD PERIOD 1998 TO 2017


WEATHER ITEM   OBSERVED TIME   NORMAL DEPARTURE LAST
                VALUE   (LST)  VALUE  FROM      YEAR
                                      NORMAL
......................................................
TEMPERATURE (F)
 YESTERDAY
  MAXIMUM         39   1226 AM  39      0       34
  MINIMUM         21    746 PM  19      2       25
  AVERAGE         30            29      1       30

PRECIPITATION (IN)
  YESTERDAY        T             0.06  -0.06     0.03
  MONTH TO DATE    1.42          1.17   0.25     0.45
  SINCE DEC 1      5.68          4.82   0.86     4.51
  SINCE JAN 1      4.64          2.83   1.81     1.39

DEGREE DAYS
 HEATING
  YESTERDAY       35            36     -1       35
  MONTH TO DATE  731           976   -245      938
  SINCE DEC 1   2984          3421   -437     2749
  SINCE JUL 1   3827          4859  -1032     3799

 COOLING
  YESTERDAY        0             0      0        0
  MONTH TO DATE    0             0      0        0
  SINCE DEC 1      0             0      0        0
  SINCE JAN 1      0             0      0        0
......................................................


WIND (MPH)
  RESULTANT WIND SPEED  14   RESULTANT WIND DIRECTION   W (270)
  HIGHEST WIND SPEED    25   HIGHEST WIND DIRECTION     W (290)
  HIGHEST GUST SPEED    35   HIGHEST GUST DIRECTION     W (280)
  AVERAGE WIND SPEED    14.3


SKY COVER
  AVERAGE SKY COVER 1.0


WEATHER CONDITIONS
 THE FOLLOWING WEATHER WAS RECORDED YESTERDAY.
  LIGHT SNOW
  FOG


RELATIVE HUMIDITY (PERCENT)
 HIGHEST    92           200 AM
 LOWEST     74           600 PM
 AVERAGE    83

..........................................................


THE BATTLE CREEK MI CLIMATE NORMALS FOR TODAY
                         NORMAL
 MAXIMUM TEMPERATURE (F)   39
 MINIMUM TEMPERATURE (F)   19


SUNRISE AND SUNSET
FEBRUARY 26 2017......SUNRISE   721 AM EST   SUNSET   628 PM EST
FEBRUARY 27 2017......SUNRISE   719 AM EST   SUNSET   629 PM EST


-  INDICATES NEGATIVE NUMBERS.
R  INDICATES RECORD WAS SET OR TIED.
MM INDICATES DATA IS MISSING.
T  INDICATES TRACE AMOUNT.




$$
