000
CDUS43 KGRR 301349
CLIBTL


CLIMATE REPORT
NATIONAL WEATHER SERVICE GRAND RAPIDS, MI
947 AM EDT TUE MAY 30 2017


...................................

...THE BATTLE CREEK MI CLIMATE SUMMARY FOR MAY 30 2017...
VALID AS OF 0900 AM LOCAL TIME.

CLIMATE NORMAL PERIOD 1981 TO 2010
CLIMATE RECORD PERIOD 1998 TO 2017


WEATHER ITEM   OBSERVED TIME   NORMAL DEPARTURE LAST
                VALUE   (LST)  VALUE  FROM      YEAR
                                      NORMAL
......................................................
TEMPERATURE (F)
 TODAY
  MAXIMUM         62    759 AM  75    -13       82
  MINIMUM         50    518 AM  50      0       59
  AVERAGE         56            62     -6       71

PRECIPITATION (IN)
  TODAY            0.00          0.13  -0.13     0.00
  MONTH TO DATE    2.88          3.65  -0.77     2.80
  SINCE MAR 1     10.01          8.36   1.65     8.24
  SINCE JAN 1     15.48         11.36   4.12     9.84

DEGREE DAYS
 HEATING
  TODAY            9             5      4        0
  MONTH TO DATE  242           242      0      241
  SINCE MAR 1   1509          1666   -157     1500
  SINCE JUL 1   5412          6631  -1219     5415

 COOLING
  TODAY            0             2     -2        6
  MONTH TO DATE   28            30     -2       49
  SINCE MAR 1     37            37      0       51
  SINCE JAN 1     37            37      0       51
......................................................


WIND (MPH)
  RESULTANT WIND SPEED   6   RESULTANT WIND DIRECTION  SW (230)
  HIGHEST WIND SPEED    15   HIGHEST WIND DIRECTION     W (250)
  HIGHEST GUST SPEED    19   HIGHEST GUST DIRECTION     W (250)
  AVERAGE WIND SPEED     5.9


SKY COVER
  AVERAGE SKY COVER 0.1


WEATHER CONDITIONS
 THE FOLLOWING WEATHER WAS RECORDED TODAY.
  NO SIGNIFICANT WEATHER WAS OBSERVED.


RELATIVE HUMIDITY (PERCENT)
 HIGHEST    83           100 AM
 LOWEST     69           800 AM
 AVERAGE    76

..........................................................


THE BATTLE CREEK MI CLIMATE NORMALS FOR TOMORROW
                         NORMAL
 MAXIMUM TEMPERATURE (F)   75
 MINIMUM TEMPERATURE (F)   51


SUNRISE AND SUNSET
MAY 30 2017...........SUNRISE   608 AM EDT   SUNSET   910 PM EDT
MAY 31 2017...........SUNRISE   607 AM EDT   SUNSET   910 PM EDT


-  INDICATES NEGATIVE NUMBERS.
R  INDICATES RECORD WAS SET OR TIED.
MM INDICATES DATA IS MISSING.
T  INDICATES TRACE AMOUNT.




$$
