000
CDUS45 KMSO 270738
CLIBTM


CLIMATE REPORT
NATIONAL WEATHER SERVICE MISSOULA, MT
138 AM MDT SAT AUG 27 2016


...................................

...THE BUTTE MT CLIMATE SUMMARY FOR AUGUST 26 2016...

CLIMATE NORMAL PERIOD 1981 TO 2010
CLIMATE RECORD PERIOD 1895 TO 2016


WEATHER ITEM   OBSERVED TIME   RECORD YEAR NORMAL DEPARTURE LAST
                VALUE   (LST)  VALUE       VALUE  FROM      YEAR
                                                  NORMAL
..................................................................
TEMPERATURE (F)
 YESTERDAY
  MAXIMUM         71    407 PM  91    1981  77     -6       88
  MINIMUM         34    537 AM  26    1992  42     -8       44
  AVERAGE         53                        59     -6       66

PRECIPITATION (IN)
  YESTERDAY        0.00          0.63 1993   0.04  -0.04     0.00
  MONTH TO DATE    0.66                      1.14  -0.48     0.32
  SINCE OCT 1      8.80                     11.55  -2.75     8.85
  SINCE JAN 1      6.06                      9.66  -3.60     6.46

SNOWFALL (IN)
  YESTERDAY       MM
  MONTH TO DATE   MM
  SINCE JAN 1     MM
  SINCE JUL 1     MM
  SNOW DEPTH      MM

DEGREE DAYS
 HEATING
  YESTERDAY       12                         6      6        0
  MONTH TO DATE  153                        93     60      113
  SINCE JUN 1    475                       480     -5      365
  SINCE JUL 1    286                       193     93      217

 COOLING
  YESTERDAY        0                         0      0        1
  MONTH TO DATE    4                        24    -20       27
  SINCE JUN 1     51                        75    -24       94
  SINCE JAN 1     51                        75    -24       94
..................................................................


WIND (MPH)
  HIGHEST WIND SPEED    15   HIGHEST WIND DIRECTION    NW (310)
  HIGHEST GUST SPEED    19   HIGHEST GUST DIRECTION    NW (320)
  AVERAGE WIND SPEED     4.5


SKY COVER
  POSSIBLE SUNSHINE  MM
  AVERAGE SKY COVER 0.1


WEATHER CONDITIONS
 THE FOLLOWING WEATHER WAS RECORDED YESTERDAY.
  NO SIGNIFICANT WEATHER WAS OBSERVED.


RELATIVE HUMIDITY (PERCENT)
 HIGHEST    75           600 AM
 LOWEST     23           200 PM
 AVERAGE    49

..........................................................


THE BUTTE MT CLIMATE NORMALS FOR TODAY
                         NORMAL    RECORD    YEAR
 MAXIMUM TEMPERATURE (F)   77        93      1924
 MINIMUM TEMPERATURE (F)   42        29      1945


SUNRISE AND SUNSET
AUGUST 27 2016........SUNRISE   645 AM MDT   SUNSET   816 PM MDT
AUGUST 28 2016........SUNRISE   646 AM MDT   SUNSET   815 PM MDT


-  INDICATES NEGATIVE NUMBERS.
R  INDICATES RECORD WAS SET OR TIED.
MM INDICATES DATA IS MISSING.
T  INDICATES TRACE AMOUNT.




$$
