000
CDUS45 KMSO 272231
CLIBTM


CLIMATE REPORT
NATIONAL WEATHER SERVICE MISSOULA, MT
430 PM MDT SUN JUL 27 2014


...................................

...THE BUTTE MT CLIMATE SUMMARY FOR JULY 27 2014...
VALID TODAY AS OF 0400 PM LOCAL TIME.

CLIMATE NORMAL PERIOD 1981 TO 2010
CLIMATE RECORD PERIOD 1895 TO 2014


WEATHER ITEM   OBSERVED TIME   RECORD YEAR NORMAL DEPARTURE LAST
                VALUE   (LST)  VALUE       VALUE  FROM      YEAR
                                                  NORMAL
..................................................................
TEMPERATURE (F)
 TODAY
  MAXIMUM         86    259 PM  95    1999  83      3       83
                                      1935
  MINIMUM         40    454 AM  38    1963  47     -7       49
  AVERAGE         63                        65     -2       66

PRECIPITATION (IN)
  TODAY            0.00          0.75 1905   0.04  -0.04     0.00
  MONTH TO DATE    0.69                      1.18  -0.49     0.63
  SINCE OCT 1      9.44                     10.24  -0.80     7.22
  SINCE JAN 1      8.40                      8.35   0.05     5.59

SNOWFALL (IN)
  TODAY           MM
  MONTH TO DATE   MM
  SINCE JAN 1     MM
  SINCE JUL 1     MM
  SNOW DEPTH      MM

DEGREE DAYS
 HEATING
  TODAY            2                         2      0        0
  MONTH TO DATE   36                        91    -55       10
  SINCE JUN 1    389                       378     11      253
  SINCE JUL 1     36                        91    -55       10

 COOLING
  TODAY            0                         2     -2        1
  MONTH TO DATE   56                        41     15       68
  SINCE JUN 1     56                        48      8       81
  SINCE JAN 1     56                        48      8       81
..................................................................


WIND (MPH)
  HIGHEST WIND SPEED    12   HIGHEST WIND DIRECTION    NE (50)
  HIGHEST GUST SPEED    15   HIGHEST GUST DIRECTION    NE (50)
  AVERAGE WIND SPEED     4.1


SKY COVER
  POSSIBLE SUNSHINE  MM
  AVERAGE SKY COVER 0.0


WEATHER CONDITIONS
 THE FOLLOWING WEATHER WAS RECORDED TODAY.
  NO SIGNIFICANT WEATHER WAS OBSERVED.


RELATIVE HUMIDITY (PERCENT)
 HIGHEST    70           500 AM
 LOWEST     11          1200 PM
 AVERAGE    41

..........................................................


THE BUTTE MT CLIMATE NORMALS FOR TOMORROW
                         NORMAL    RECORD    YEAR
 MAXIMUM TEMPERATURE (F)   83        96      1999
 MINIMUM TEMPERATURE (F)   46        29      1949


SUNRISE AND SUNSET
JULY 27 2014..........SUNRISE   607 AM MDT   SUNSET   905 PM MDT
JULY 28 2014..........SUNRISE   608 AM MDT   SUNSET   904 PM MDT


-  INDICATES NEGATIVE NUMBERS.
R  INDICATES RECORD WAS SET OR TIED.
MM INDICATES DATA IS MISSING.
T  INDICATES TRACE AMOUNT.




$$
