000
CDUS45 KMSO 200738
CLIBTM


CLIMATE REPORT
NATIONAL WEATHER SERVICE MISSOULA, MT
138 AM MDT WED AUG 20 2014


...................................

...THE BUTTE MT CLIMATE SUMMARY FOR AUGUST 19 2014...

CLIMATE NORMAL PERIOD 1981 TO 2010
CLIMATE RECORD PERIOD 1895 TO 2014


WEATHER ITEM   OBSERVED TIME   RECORD YEAR NORMAL DEPARTURE LAST
                VALUE   (LST)  VALUE       VALUE  FROM      YEAR
                                                  NORMAL
..................................................................
TEMPERATURE (F)
 YESTERDAY
  MAXIMUM         80    255 PM  93    1942  79      1       87
  MINIMUM         45    616 AM  30    1995  44      1       45
  AVERAGE         63                        61      2       66

PRECIPITATION (IN)
  YESTERDAY        0.01          0.73 1979   0.05  -0.04     0.00
  MONTH TO DATE    1.54                      0.84   0.70     0.74
  SINCE OCT 1     10.98                     11.25  -0.27     8.04
  SINCE JAN 1      9.94                      9.36   0.58     6.41

SNOWFALL (IN)
  YESTERDAY       MM
  MONTH TO DATE   MM
  SINCE JAN 1     MM
  SINCE JUL 1     MM
  SNOW DEPTH      MM

DEGREE DAYS
 HEATING
  YESTERDAY        2                         4     -2        0
  MONTH TO DATE   24                        56    -32       35
  SINCE JUN 1    412                       443    -31      296
  SINCE JUL 1     59                       156    -97       53

 COOLING
  YESTERDAY        0                         1     -1        1
  MONTH TO DATE   16                        21     -5       12
  SINCE JUN 1     77                        72      5       93
  SINCE JAN 1     77                        72      5       93
..................................................................


WIND (MPH)
  HIGHEST WIND SPEED    29   HIGHEST WIND DIRECTION    SW (240)
  HIGHEST GUST SPEED    44   HIGHEST GUST DIRECTION    SW (230)
  AVERAGE WIND SPEED     4.6


SKY COVER
  POSSIBLE SUNSHINE  MM
  AVERAGE SKY COVER 0.2


WEATHER CONDITIONS
 THE FOLLOWING WEATHER WAS RECORDED YESTERDAY.
  THUNDERSTORM
  LIGHT RAIN


RELATIVE HUMIDITY (PERCENT)
 HIGHEST    86           600 AM
 LOWEST     21           300 PM
 AVERAGE    54

..........................................................


THE BUTTE MT CLIMATE NORMALS FOR TODAY
                         NORMAL    RECORD    YEAR
 MAXIMUM TEMPERATURE (F)   79        91      1973
 MINIMUM TEMPERATURE (F)   43        31      1938


SUNRISE AND SUNSET
AUGUST 20 2014........SUNRISE   636 AM MDT   SUNSET   830 PM MDT
AUGUST 21 2014........SUNRISE   637 AM MDT   SUNSET   828 PM MDT


-  INDICATES NEGATIVE NUMBERS.
R  INDICATES RECORD WAS SET OR TIED.
MM INDICATES DATA IS MISSING.
T  INDICATES TRACE AMOUNT.




$$
