000
CDUS45 KMSO 262331
CLIBTM


CLIMATE REPORT
NATIONAL WEATHER SERVICE MISSOULA, MT
431 PM MST THU FEB 26 2015


...................................

...THE BUTTE MT CLIMATE SUMMARY FOR FEBRUARY 26 2015...
VALID TODAY AS OF 0400 PM LOCAL TIME.

CLIMATE NORMAL PERIOD 1981 TO 2010
CLIMATE RECORD PERIOD 1895 TO 2015


WEATHER ITEM   OBSERVED TIME   RECORD YEAR NORMAL DEPARTURE LAST
                VALUE   (LST)  VALUE       VALUE  FROM      YEAR
                                                  NORMAL
..................................................................
TEMPERATURE (F)
 TODAY
  MAXIMUM         23    259 PM  58    1950  38    -15       23
  MINIMUM         15    925 AM -35    1962  12      3      -19
  AVERAGE         19                        25     -6        2

PRECIPITATION (IN)
  TODAY            T             0.32 1904   0.02  -0.02     0.00
  MONTH TO DATE    0.13                      0.40  -0.27     0.55
  SINCE OCT 1      2.69                      2.76  -0.07     1.82
  SINCE JAN 1      0.30                      0.87  -0.57     0.78

SNOWFALL (IN)
  TODAY           MM
  MONTH TO DATE   MM
  SINCE JAN 1     MM
  SINCE JUL 1     MM
  SNOW DEPTH      MM

DEGREE DAYS
 HEATING
  TODAY           46                        40      6       63
  MONTH TO DATE  886                      1120   -234     1314
  SINCE DEC 1   3451                      4001   -550     4020
  SINCE JUL 1   5781                      6491   -710     6280

 COOLING
  TODAY            0                         0      0        0
  MONTH TO DATE    0                         0      0        0
  SINCE DEC 1      0                         0      0        0
  SINCE JAN 1      0                         0      0        0
..................................................................


WIND (MPH)
  HIGHEST WIND SPEED    18   HIGHEST WIND DIRECTION     S (170)
  HIGHEST GUST SPEED    21   HIGHEST GUST DIRECTION     S (160)
  AVERAGE WIND SPEED     9.5


SKY COVER
  POSSIBLE SUNSHINE  MM
  AVERAGE SKY COVER 0.8


WEATHER CONDITIONS
 THE FOLLOWING WEATHER WAS RECORDED TODAY.
  LIGHT SNOW
  FOG
  HAZE


RELATIVE HUMIDITY (PERCENT)
 HIGHEST    84           200 AM
 LOWEST     65           300 PM
 AVERAGE    75

..........................................................


THE BUTTE MT CLIMATE NORMALS FOR TOMORROW
                         NORMAL    RECORD    YEAR
 MAXIMUM TEMPERATURE (F)   38        60      1932
 MINIMUM TEMPERATURE (F)   13       -33      1962


SUNRISE AND SUNSET
FEBRUARY 26 2015......SUNRISE   714 AM MST   SUNSET   612 PM MST
FEBRUARY 27 2015......SUNRISE   713 AM MST   SUNSET   613 PM MST


-  INDICATES NEGATIVE NUMBERS.
R  INDICATES RECORD WAS SET OR TIED.
MM INDICATES DATA IS MISSING.
T  INDICATES TRACE AMOUNT.




$$
