000
CDUS44 KLIX 240741
CLIBTR


CLIMATE REPORT
NATIONAL WEATHER SERVICE NEW ORLEANS
231 AM CDT SUN MAY 24 2015


...................................

...THE BATON ROUGE  ASOS CLIMATE SUMMARY FOR MAY 23 2015...

CLIMATE NORMAL PERIOD 1981 TO 2010
CLIMATE RECORD PERIOD 1894 TO 2015


WEATHER ITEM   OBSERVED TIME   RECORD YEAR NORMAL DEPARTURE LAST
                VALUE   (LST)  VALUE       VALUE  FROM      YEAR
                                                  NORMAL
..................................................................
TEMPERATURE (F)
 YESTERDAY
  MAXIMUM         88    148 PM  94    2005  88      0       89
                                      1918
                                      1915
  MINIMUM         68    553 AM  49    2002  67      1       66
                                      2001
  AVERAGE         78                        77      1       78

PRECIPITATION (IN)
  YESTERDAY        0.00          2.94 1927   0.16  -0.16     0.00
  MONTH TO DATE    2.80                      3.53  -0.73     4.42
  SINCE MAR 1     14.26                     12.40   1.86    11.17
  SINCE JAN 1     24.01                     23.16   0.85    20.44

SNOWFALL (IN)
  YESTERDAY        0.0
  MONTH TO DATE    0.0
  SINCE MAR 1      T
  SINCE JUL 1      T
  SNOW DEPTH       0

DEGREE DAYS
 HEATING
  YESTERDAY        0                         0      0        0
  MONTH TO DATE    0                         0      0        6
  SINCE MAR 1     99                       218   -119      278
  SINCE JUL 1   1641                      1553     88     1984

 COOLING
  YESTERDAY       13                        12      1       13
  MONTH TO DATE  261                       227     34      198
  SINCE MAR 1    568                       427    141      391
  SINCE JAN 1    572                       458    114      411
..................................................................


WIND (MPH)
  HIGHEST WIND SPEED    17   HIGHEST WIND DIRECTION     E (90)
  HIGHEST GUST SPEED    20   HIGHEST GUST DIRECTION    SE (140)
  AVERAGE WIND SPEED     7.1


SKY COVER
  POSSIBLE SUNSHINE  MM
  AVERAGE SKY COVER 0.2


WEATHER CONDITIONS
 THE FOLLOWING WEATHER WAS RECORDED YESTERDAY.
  NO SIGNIFICANT WEATHER WAS OBSERVED.


RELATIVE HUMIDITY (PERCENT)
 HIGHEST    93           300 AM
 LOWEST     57           200 PM
 AVERAGE    75

..........................................................


THE BATON ROUGE  ASOS CLIMATE NORMALS FOR TODAY
                         NORMAL    RECORD    YEAR
 MAXIMUM TEMPERATURE (F)   88        95      2010
                                             1941
                                             1915
 MINIMUM TEMPERATURE (F)   67        54      1913


SUNRISE AND SUNSET
MAY 24 2015...........SUNRISE   606 AM CDT   SUNSET   758 PM CDT
MAY 25 2015...........SUNRISE   605 AM CDT   SUNSET   758 PM CDT


-  INDICATES NEGATIVE NUMBERS.
R  INDICATES RECORD WAS SET OR TIED.
MM INDICATES DATA IS MISSING.
T  INDICATES TRACE AMOUNT.




$$
