000
CDUS44 KLIX 210701
CLIBTR


CLIMATE REPORT
NATIONAL WEATHER SERVICE NEW ORLEANS
201 AM CDT FRI JUL 21 2017


...................................

...THE BATON ROUGE  ASOS CLIMATE SUMMARY FOR JULY 20 2017...

CLIMATE NORMAL PERIOD 1981 TO 2010
CLIMATE RECORD PERIOD 1894 TO 2017


WEATHER ITEM   OBSERVED TIME   RECORD YEAR NORMAL DEPARTURE LAST
                VALUE   (LST)  VALUE       VALUE  FROM      YEAR
                                                  NORMAL
..................................................................
TEMPERATURE (F)
 YESTERDAY
  MAXIMUM         97    219 PM  99    2000  92      5       96
                                      1951
                                      1907
  MINIMUM         75    542 AM  64    1947  74      1       76
  AVERAGE         86                        83      3       86

PRECIPITATION (IN)
  YESTERDAY        0.00          2.33 1956   0.14  -0.14      T
  MONTH TO DATE    5.30                      3.28   2.02     3.48
  SINCE JUN 1     14.86                      9.69   5.17    10.82
  SINCE JAN 1     46.51                     34.21  12.30    41.03

SNOWFALL (IN)
  YESTERDAY        0.0
  MONTH TO DATE    0.0
  SINCE JUN 1      0.0
  SINCE JUL 1      0.0
  SNOW DEPTH       0

DEGREE DAYS
 HEATING
  YESTERDAY        0                         0      0        0
  MONTH TO DATE    0                         0      0        0
  SINCE JUN 1      0                         0      0        0
  SINCE JUL 1      0                         0      0        0

 COOLING
  YESTERDAY       21                        18      3       21
  MONTH TO DATE  373                       360     13      399
  SINCE JUN 1    807                       844    -37      916
  SINCE JAN 1   1544                      1409    135     1492
..................................................................


WIND (MPH)
  HIGHEST WIND SPEED     9   HIGHEST WIND DIRECTION    SW (230)
  HIGHEST GUST SPEED    16   HIGHEST GUST DIRECTION    NE (60)
  AVERAGE WIND SPEED     3.5


SKY COVER
  POSSIBLE SUNSHINE  MM
  AVERAGE SKY COVER 0.1


WEATHER CONDITIONS
 THE FOLLOWING WEATHER WAS RECORDED YESTERDAY.
  NO SIGNIFICANT WEATHER WAS OBSERVED.


RELATIVE HUMIDITY (PERCENT)
 HIGHEST    94           300 AM
 LOWEST     46           300 PM
 AVERAGE    70

..........................................................


THE BATON ROUGE  ASOS CLIMATE NORMALS FOR TODAY
                         NORMAL    RECORD    YEAR
 MAXIMUM TEMPERATURE (F)   92       101      1907
 MINIMUM TEMPERATURE (F)   74        65      1947


SUNRISE AND SUNSET
JULY 21 2017..........SUNRISE   616 AM CDT   SUNSET   806 PM CDT
JULY 22 2017..........SUNRISE   617 AM CDT   SUNSET   805 PM CDT


-  INDICATES NEGATIVE NUMBERS.
R  INDICATES RECORD WAS SET OR TIED.
MM INDICATES DATA IS MISSING.
T  INDICATES TRACE AMOUNT.




$$
