000
CDUS44 KLIX 230713
CLIBTR


CLIMATE REPORT
NATIONAL WEATHER SERVICE NEW ORLEANS
203 AM CDT SUN APR 23 2017


...................................

...THE BATON ROUGE  ASOS CLIMATE SUMMARY FOR APRIL 22 2017...

CLIMATE NORMAL PERIOD 1981 TO 2010
CLIMATE RECORD PERIOD 1894 TO 2017


WEATHER ITEM   OBSERVED TIME   RECORD YEAR NORMAL DEPARTURE LAST
                VALUE   (LST)  VALUE       VALUE  FROM      YEAR
                                                  NORMAL
..................................................................
TEMPERATURE (F)
 YESTERDAY
  MAXIMUM         87    200 PM  90    2008  81      6       81
                                      1963
                                      1925
  MINIMUM         63   1159 PM  42    1993  59      4       61
  AVERAGE         75                        70      5       71

PRECIPITATION (IN)
  YESTERDAY        0.33          3.56 1979   0.14   0.19     0.00
  MONTH TO DATE    4.54                      3.36   1.18     2.70
  SINCE MAR 1      8.28                      7.77   0.51    12.70
  SINCE JAN 1     19.71                     18.53   1.18    22.01

SNOWFALL (IN)
  YESTERDAY        0.0
  MONTH TO DATE    0.0
  SINCE MAR 1      0.0
  SINCE JUL 1      0.0
  SNOW DEPTH       0

DEGREE DAYS
 HEATING
  YESTERDAY        0                         1     -1        0
  MONTH TO DATE    6                        46    -40       19
  SINCE MAR 1     90                       213   -123       88
  SINCE JUL 1    794                      1548   -754     1079

 COOLING
  YESTERDAY       10                         6      4        6
  MONTH TO DATE  143                        91     52       82
  SINCE MAR 1    281                       149    132      179
  SINCE JAN 1    424                       180    244      196
..................................................................


WIND (MPH)
  HIGHEST WIND SPEED    20   HIGHEST WIND DIRECTION    SW (220)
  HIGHEST GUST SPEED    26   HIGHEST GUST DIRECTION     W (280)
  AVERAGE WIND SPEED     8.6


SKY COVER
  POSSIBLE SUNSHINE  MM
  AVERAGE SKY COVER 0.4


WEATHER CONDITIONS
 THE FOLLOWING WEATHER WAS RECORDED YESTERDAY.
  THUNDERSTORM
  HEAVY RAIN
  LIGHT RAIN
  FOG


RELATIVE HUMIDITY (PERCENT)
 HIGHEST    93           400 AM
 LOWEST     50           200 PM
 AVERAGE    72

..........................................................


THE BATON ROUGE  ASOS CLIMATE NORMALS FOR TODAY
                         NORMAL    RECORD    YEAR
 MAXIMUM TEMPERATURE (F)   81        90      1999
                                             1958
 MINIMUM TEMPERATURE (F)   59        42      1927


SUNRISE AND SUNSET
APRIL 23 2017.........SUNRISE   628 AM CDT   SUNSET   738 PM CDT
APRIL 24 2017.........SUNRISE   627 AM CDT   SUNSET   738 PM CDT


-  INDICATES NEGATIVE NUMBERS.
R  INDICATES RECORD WAS SET OR TIED.
MM INDICATES DATA IS MISSING.
T  INDICATES TRACE AMOUNT.




$$
