000
CDUS44 KLIX 020701
CLIBTR


CLIMATE REPORT
NATIONAL WEATHER SERVICE NEW ORLEANS
201 AM CDT SUN AUG 2 2015


...................................

...THE BATON ROUGE  ASOS CLIMATE SUMMARY FOR AUGUST 1 2015...

CLIMATE NORMAL PERIOD 1981 TO 2010
CLIMATE RECORD PERIOD 1894 TO 2015


WEATHER ITEM   OBSERVED TIME   RECORD YEAR NORMAL DEPARTURE LAST
                VALUE   (LST)  VALUE       VALUE  FROM      YEAR
                                                  NORMAL
..................................................................
TEMPERATURE (F)
 YESTERDAY
  MAXIMUM         94    417 PM 100    1921  93      1       86
  MINIMUM         71    318 AM  63    1909  74     -3       72
  AVERAGE         83                        83      0       79

PRECIPITATION (IN)
  YESTERDAY        0.00          5.11 1983   0.19  -0.19     0.31
  MONTH TO DATE    0.00                      0.19  -0.19     0.31
  SINCE JUN 1      9.71                     11.56  -1.85    17.45
  SINCE JAN 1     42.09                     36.08   6.01    41.79

SNOWFALL (IN)
  YESTERDAY        0.0
  MONTH TO DATE    0.0
  SINCE JUN 1      0.0
  SINCE JUL 1      0.0
  SNOW DEPTH       0

DEGREE DAYS
 HEATING
  YESTERDAY        0                         0      0        0
  MONTH TO DATE    0                         0      0        0
  SINCE JUN 1      0                         0      0        0
  SINCE JUL 1      0                         0      0        0

 COOLING
  YESTERDAY       18                        18      0       14
  MONTH TO DATE   18                        18      0       14
  SINCE JUN 1   1149                      1058     91      987
  SINCE JAN 1   1820                      1623    197     1493
..................................................................


WIND (MPH)
  HIGHEST WIND SPEED    16   HIGHEST WIND DIRECTION    NE (50)
  HIGHEST GUST SPEED    28   HIGHEST GUST DIRECTION    NE (30)
  AVERAGE WIND SPEED     5.0


SKY COVER
  POSSIBLE SUNSHINE  MM
  AVERAGE SKY COVER 0.0


WEATHER CONDITIONS
 THE FOLLOWING WEATHER WAS RECORDED YESTERDAY.
  NO SIGNIFICANT WEATHER WAS OBSERVED.


RELATIVE HUMIDITY (PERCENT)
 HIGHEST    87          1100 PM
 LOWEST     33           200 PM
 AVERAGE    60

..........................................................


THE BATON ROUGE  ASOS CLIMATE NORMALS FOR TODAY
                         NORMAL    RECORD    YEAR
 MAXIMUM TEMPERATURE (F)   93       100      2010
                                             1921
 MINIMUM TEMPERATURE (F)   74        66      1909


SUNRISE AND SUNSET
AUGUST  2 2015........SUNRISE   623 AM CDT   SUNSET   758 PM CDT
AUGUST  3 2015........SUNRISE   624 AM CDT   SUNSET   757 PM CDT


-  INDICATES NEGATIVE NUMBERS.
R  INDICATES RECORD WAS SET OR TIED.
MM INDICATES DATA IS MISSING.
T  INDICATES TRACE AMOUNT.




$$
