000
CDUS44 KLIX 250701
CLIBTR


CLIMATE REPORT
NATIONAL WEATHER SERVICE NEW ORLEANS
200 AM CDT THU MAY 25 2017


...................................

...THE BATON ROUGE  ASOS CLIMATE SUMMARY FOR MAY 24 2017...

CLIMATE NORMAL PERIOD 1981 TO 2010
CLIMATE RECORD PERIOD 1894 TO 2017


WEATHER ITEM   OBSERVED TIME   RECORD YEAR NORMAL DEPARTURE LAST
                VALUE   (LST)  VALUE       VALUE  FROM      YEAR
                                                  NORMAL
..................................................................
TEMPERATURE (F)
 YESTERDAY
  MAXIMUM         77    326 PM  95    2010  88    -11       91
                                      1941
                                      1915
  MINIMUM         59   1159 PM  54    1913  67     -8       65
  AVERAGE         68                        78    -10       78

PRECIPITATION (IN)
  YESTERDAY        T             2.30 1907   0.18  -0.18     0.00
  MONTH TO DATE    6.70                      3.71   2.99     6.11
  SINCE MAR 1     17.84                     12.58   5.26    20.85
  SINCE JAN 1     29.27                     23.34   5.93    30.16

SNOWFALL (IN)
  YESTERDAY        0.0
  MONTH TO DATE    0.0
  SINCE MAR 1      0.0
  SINCE JUL 1      0.0
  SNOW DEPTH       0

DEGREE DAYS
 HEATING
  YESTERDAY        0                         0      0        0
  MONTH TO DATE   10                         0     10        0
  SINCE MAR 1    105                       218   -113       88
  SINCE JUL 1    809                      1553   -744     1079

 COOLING
  YESTERDAY        3                        13    -10       13
  MONTH TO DATE  176                       240    -64      195
  SINCE MAR 1    514                       440     74      451
  SINCE JAN 1    657                       471    186      468
..................................................................


WIND (MPH)
  HIGHEST WIND SPEED    28   HIGHEST WIND DIRECTION     W (280)
  HIGHEST GUST SPEED    34   HIGHEST GUST DIRECTION     W (270)
  AVERAGE WIND SPEED     9.1


SKY COVER
  POSSIBLE SUNSHINE  MM
  AVERAGE SKY COVER 0.3


WEATHER CONDITIONS
 THE FOLLOWING WEATHER WAS RECORDED YESTERDAY.
  LIGHT RAIN


RELATIVE HUMIDITY (PERCENT)
 HIGHEST    93           300 AM
 LOWEST     36           100 PM
 AVERAGE    65

..........................................................


THE BATON ROUGE  ASOS CLIMATE NORMALS FOR TODAY
                         NORMAL    RECORD    YEAR
 MAXIMUM TEMPERATURE (F)   88        98      1922
                                             1921
 MINIMUM TEMPERATURE (F)   68        52      1979
                                             1940


SUNRISE AND SUNSET
MAY 25 2017...........SUNRISE   605 AM CDT   SUNSET   759 PM CDT
MAY 26 2017...........SUNRISE   604 AM CDT   SUNSET   759 PM CDT


-  INDICATES NEGATIVE NUMBERS.
R  INDICATES RECORD WAS SET OR TIED.
MM INDICATES DATA IS MISSING.
T  INDICATES TRACE AMOUNT.




$$
