000
CDUS41 KBTV 290531
CLIBTV


CLIMATE REPORT
NATIONAL WEATHER SERVICE BURLINGTON VT
129 AM EDT SAT APR 29 2017


...................................

...THE BURLINGTON VT CLIMATE SUMMARY FOR APRIL 28 2017...

CLIMATE NORMAL PERIOD 1981 TO 2010
CLIMATE RECORD PERIOD 1884 TO 2017


WEATHER ITEM   OBSERVED TIME   RECORD YEAR NORMAL DEPARTURE LAST
                VALUE   (LST)  VALUE       VALUE  FROM      YEAR
                                                  NORMAL
..................................................................
TEMPERATURE (F)
 YESTERDAY
  MAXIMUM         81    410 PM  90    1990  61     20       48
  MINIMUM         64    620 AM  24    1947  40     24       27
  AVERAGE         73                        50     23       38

PRECIPITATION (IN)
  YESTERDAY        T             1.05 1920   0.10  -0.10     0.00
  MONTH TO DATE    3.81                      2.61   1.20     1.80
  SINCE MAR 1      7.08                      4.83   2.25     4.06
  SINCE JAN 1     11.75                      8.65   3.10     8.39

SNOWFALL (IN)
  YESTERDAY        0.0           2.7  2010   0.1   -0.1      0.0
  MONTH TO DATE    4.4                       4.5   -0.1      3.5
  SINCE MAR 1     41.2                      20.3   20.9      5.3
  SINCE JUL 1    100.4                      81.1   19.3     34.3
  SNOW DEPTH       0

DEGREE DAYS
 HEATING
  YESTERDAY        0                        15    -15       27
  MONTH TO DATE  440                       582   -142      656
  SINCE MAR 1   1597                      1636    -39     1523
  SINCE JUL 1   5975                      7046  -1071     5907

 COOLING
  YESTERDAY        8                         0      8        0
  MONTH TO DATE   15                         0     15        0
  SINCE MAR 1     15                         0     15        0
  SINCE JAN 1     15                         0     15        0
..................................................................


WIND (MPH)
  HIGHEST WIND SPEED    21   HIGHEST WIND DIRECTION     S (180)
  HIGHEST GUST SPEED    30   HIGHEST GUST DIRECTION     S (180)
  AVERAGE WIND SPEED     8.8


SKY COVER
  POSSIBLE SUNSHINE  MM
  AVERAGE SKY COVER 0.5


WEATHER CONDITIONS
 THE FOLLOWING WEATHER WAS RECORDED YESTERDAY.
  NO SIGNIFICANT WEATHER WAS OBSERVED.


RELATIVE HUMIDITY (PERCENT)
 HIGHEST    87           700 AM
 LOWEST     18           600 PM
 AVERAGE    53

..........................................................


THE BURLINGTON VT CLIMATE NORMALS FOR TODAY
                         NORMAL    RECORD    YEAR
 MAXIMUM TEMPERATURE (F)   61        85      1986
 MINIMUM TEMPERATURE (F)   40        24      1934
                                             1909


SUNRISE AND SUNSET
APRIL 29 2017.........SUNRISE   546 AM EDT   SUNSET   755 PM EDT
APRIL 30 2017.........SUNRISE   544 AM EDT   SUNSET   756 PM EDT


-  INDICATES NEGATIVE NUMBERS.
R  INDICATES RECORD WAS SET OR TIED.
MM INDICATES DATA IS MISSING.
T  INDICATES TRACE AMOUNT.

&&

LAKE CHAMPLAIN DATA:
LEVEL...............99.38 FEET
TEMPERATURE.........42 DEGREES

MOUNT MANSFIELD DATA:
HIGH................61 DEGREES
LOW.................48 DEGREES
PRECIPITATION.......NONE
NEW SNOW............NONE
SNOW AT STAKE.......53 INCHES

$$
