000
CDUS41 KBTV 022122
CLIBTV


CLIMATE REPORT
NATIONAL WEATHER SERVICE BURLINGTON VT
521 PM EDT TUE JUN 2 2015


...................................

...THE BURLINGTON VT CLIMATE SUMMARY FOR JUNE 2 2015...
VALID TODAY AS OF 0500 PM LOCAL TIME.

CLIMATE NORMAL PERIOD 1981 TO 2010
CLIMATE RECORD PERIOD 1884 TO 2015


WEATHER ITEM   OBSERVED TIME   RECORD YEAR NORMAL DEPARTURE LAST
                VALUE   (LST)  VALUE       VALUE  FROM      YEAR
                                                  NORMAL
..................................................................
TEMPERATURE (F)
 TODAY
  MAXIMUM         60    212 PM  89    1970  72    -12       86
  MINIMUM         50    635 AM  36    2003  51     -1       62
                                      1966
                                      1945
  AVERAGE         55                        62     -7       74

PRECIPITATION (IN)
  TODAY            0.02          1.23 1982   0.13  -0.11     0.00
  MONTH TO DATE    0.65                      0.25   0.40     0.00
  SINCE JUN 1      0.65                      0.25   0.40     0.00
  SINCE JAN 1      9.49                     12.56  -3.07    13.76

SNOWFALL (IN)
  TODAY            0.0           0.0  2002   0.0    0.0      0.0
                                      2001
  MONTH TO DATE    0.0                       0.0    0.0      0.0
  SINCE JUN 1      0.0                       0.0    0.0      0.0
  SINCE JUL 1     83.4                      81.2    2.2     86.5
  SNOW DEPTH       0

DEGREE DAYS
 HEATING
  TODAY           10                         5      5        0
  MONTH TO DATE   22                        10     12        2
  SINCE JUN 1     22                        10     12        2
  SINCE JUL 1   7458                      7371     87     7595

 COOLING
  TODAY            0                         1     -1        9
  MONTH TO DATE    0                         2     -2        9
  SINCE JUN 1      0                         2     -2        9
  SINCE JAN 1     93                        21     72       31
..................................................................


WIND (MPH)
  HIGHEST WIND SPEED    14   HIGHEST WIND DIRECTION    NW (330)
  HIGHEST GUST SPEED    18   HIGHEST GUST DIRECTION    NW (330)
  AVERAGE WIND SPEED     1.0


SKY COVER
  POSSIBLE SUNSHINE  MM
  AVERAGE SKY COVER 0.9


WEATHER CONDITIONS
 THE FOLLOWING WEATHER WAS RECORDED TODAY.
  LIGHT RAIN
  FOG
  HAZE


RELATIVE HUMIDITY (PERCENT)
 HIGHEST    86           100 AM
 LOWEST     60           200 PM
 AVERAGE    73

..........................................................


THE BURLINGTON VT CLIMATE NORMALS FOR TOMORROW
                         NORMAL    RECORD    YEAR
 MAXIMUM TEMPERATURE (F)   73        94      1919
 MINIMUM TEMPERATURE (F)   51        33      1986
                                             1965


SUNRISE AND SUNSET
JUNE  2 2015..........SUNRISE   511 AM EDT   SUNSET   831 PM EDT
JUNE  3 2015..........SUNRISE   510 AM EDT   SUNSET   832 PM EDT


-  INDICATES NEGATIVE NUMBERS.
R  INDICATES RECORD WAS SET OR TIED.
MM INDICATES DATA IS MISSING.
T  INDICATES TRACE AMOUNT.




$$
