000
CDUS41 KBTV 110539
CLIBTV


CLIMATE REPORT
NATIONAL WEATHER SERVICE BURLINGTON VT
138 AM EDT FRI JUL 11 2014


...................................

...THE BURLINGTON VT CLIMATE SUMMARY FOR JULY 10 2014...

CLIMATE NORMAL PERIOD 1981 TO 2010
CLIMATE RECORD PERIOD 1884 TO 2014


WEATHER ITEM   OBSERVED TIME   RECORD YEAR NORMAL DEPARTURE LAST
                VALUE   (LST)  VALUE       VALUE  FROM      YEAR
                                                  NORMAL
..................................................................
TEMPERATURE (F)
 YESTERDAY
  MAXIMUM         78    336 PM  96    1911  81     -3       83
  MINIMUM         57   1159 PM  45    1954  60     -3       71
                                      1942
  AVERAGE         68                        71     -3       77

PRECIPITATION (IN)
  YESTERDAY        0.00          1.98 1989   0.13  -0.13     0.01
  MONTH TO DATE    2.07                      1.33   0.74     3.14
  SINCE JUN 1      6.42                      5.02   1.40    13.00
  SINCE JAN 1     20.18                     17.33   2.85    28.27

SNOWFALL (IN)
  YESTERDAY        0.0           0.0  2002   0.0    0.0      0.0
                                      2001
  MONTH TO DATE    0.0                       0.0    0.0      0.0
  SINCE JUN 1      0.0                       0.0    0.0      0.0
  SINCE JUL 1      0.0                       0.0    0.0      0.0
  SNOW DEPTH       0

DEGREE DAYS
 HEATING
  YESTERDAY        0                         0      0        0
  MONTH TO DATE    0                         8     -8        0
  SINCE JUN 1     20                        81    -61       65
  SINCE JUL 1      0                         8     -8        0

 COOLING
  YESTERDAY        3                         6     -3       12
  MONTH TO DATE   96                        60     36      105
  SINCE JUN 1    216                       157     59      220
  SINCE JAN 1    238                       176     62      267
..................................................................


WIND (MPH)
  HIGHEST WIND SPEED    14   HIGHEST WIND DIRECTION    NW (310)
  HIGHEST GUST SPEED    17   HIGHEST GUST DIRECTION    NW (310)
  AVERAGE WIND SPEED     6.2


SKY COVER
  POSSIBLE SUNSHINE  MM
  AVERAGE SKY COVER 0.1


WEATHER CONDITIONS
 THE FOLLOWING WEATHER WAS RECORDED YESTERDAY.
  NO SIGNIFICANT WEATHER WAS OBSERVED.


RELATIVE HUMIDITY (PERCENT)
 HIGHEST    80           400 AM
 LOWEST     36           200 PM
 AVERAGE    58

..........................................................


THE BURLINGTON VT CLIMATE NORMALS FOR TODAY
                         NORMAL    RECORD    YEAR
 MAXIMUM TEMPERATURE (F)   81        96      1911
 MINIMUM TEMPERATURE (F)   60        48      1977
                                             1968


SUNRISE AND SUNSET
JULY 11 2014..........SUNRISE   519 AM EDT   SUNSET   837 PM EDT
JULY 12 2014..........SUNRISE   519 AM EDT   SUNSET   837 PM EDT


-  INDICATES NEGATIVE NUMBERS.
R  INDICATES RECORD WAS SET OR TIED.
MM INDICATES DATA IS MISSING.
T  INDICATES TRACE AMOUNT.

&&

LAKE CHAMPLAIN DATA:
LEVEL...............96.87 FEET
TEMPERATURE.........70 DEGREES

MOUNT MANSFIELD DATA:
HIGH................60 DEGREES
LOW.................44 DEGREES
PRECIPITATION.......0.32 INCHES

$$
