000
CDUS41 KBTV 040635
CLIBTV


CLIMATE REPORT
NATIONAL WEATHER SERVICE BURLINGTON VT
234 AM EDT FRI SEP 4 2015


...................................

...THE BURLINGTON VT CLIMATE SUMMARY FOR SEPTEMBER 3 2015...

CLIMATE NORMAL PERIOD 1981 TO 2010
CLIMATE RECORD PERIOD 1884 TO 2015


WEATHER ITEM   OBSERVED TIME   RECORD YEAR NORMAL DEPARTURE LAST
                VALUE   (LST)  VALUE       VALUE  FROM      YEAR
                                                  NORMAL
..................................................................
TEMPERATURE (F)
 YESTERDAY
  MAXIMUM         84    237 PM  92    2010  76      8       82
  MINIMUM         58   1159 PM  38    1960  55      3       59
  AVERAGE         71                        65      6       71

PRECIPITATION (IN)
  YESTERDAY        T             1.41 1906   0.11  -0.11     0.00
  MONTH TO DATE    T                         0.33  -0.33     0.46
  SINCE SEP 1      T                         0.33  -0.33     0.46
  SINCE JAN 1     24.16                     24.40  -0.24    26.16

SNOWFALL (IN)
  YESTERDAY        0.0           0.0  2002   0.0    0.0      0.0
                                      2001
  MONTH TO DATE    0.0                       0.0    0.0      0.0
  SINCE SEP 1      0.0                       0.0    0.0      0.0
  SINCE JUL 1      0.0                       0.0    0.0      0.0
  SNOW DEPTH       0

DEGREE DAYS
 HEATING
  YESTERDAY        0                         2     -2        0
  MONTH TO DATE    0                         6     -6        0
  SINCE SEP 1      0                         6     -6        0
  SINCE JUL 1      6                        48    -42       13

 COOLING
  YESTERDAY        6                         3      3        6
  MONTH TO DATE   23                         9     14       33
  SINCE SEP 1     23                         9     14       33
  SINCE JAN 1    645                       457    188      526
..................................................................


WIND (MPH)
  HIGHEST WIND SPEED    17   HIGHEST WIND DIRECTION     N (340)
  HIGHEST GUST SPEED    22   HIGHEST GUST DIRECTION    NW (330)
  AVERAGE WIND SPEED     4.6


SKY COVER
  POSSIBLE SUNSHINE  MM
  AVERAGE SKY COVER 0.5


WEATHER CONDITIONS
 THE FOLLOWING WEATHER WAS RECORDED YESTERDAY.
  FOG
  HAZE


RELATIVE HUMIDITY (PERCENT)
 HIGHEST    93           400 AM
 LOWEST     49           700 PM
 AVERAGE    71

..........................................................


THE BURLINGTON VT CLIMATE NORMALS FOR TODAY
                         NORMAL    RECORD    YEAR
 MAXIMUM TEMPERATURE (F)   75        93      1999
 MINIMUM TEMPERATURE (F)   55        40      1987
                                             1946
                                             1924


SUNRISE AND SUNSET
SEPTEMBER  4 2015.....SUNRISE   618 AM EDT   SUNSET   724 PM EDT
SEPTEMBER  5 2015.....SUNRISE   620 AM EDT   SUNSET   722 PM EDT


-  INDICATES NEGATIVE NUMBERS.
R  INDICATES RECORD WAS SET OR TIED.
MM INDICATES DATA IS MISSING.
T  INDICATES TRACE AMOUNT.

&&

LAKE CHAMPLAIN DATA:
LEVEL...............95.50 FEET
TEMPERATURE.........75 DEGREES

MOUNT MANSFIELD DATA:
HIGH................68 DEGREES
LOW.................60 DEGREES
PRECIPITATION.......0.24 INCHES

$$
