000
CDUS41 KBTV 200549
CLIBTV

CLIMATE REPORT
NATIONAL WEATHER SERVICE BURLINGTON VT
149 AM EDT WED SEP 20 2017

...................................

...THE BURLINGTON VT CLIMATE SUMMARY FOR SEPTEMBER 19 2017...

CLIMATE NORMAL PERIOD 1981 TO 2010
CLIMATE RECORD PERIOD 1884 TO 2017


WEATHER ITEM   OBSERVED TIME   RECORD YEAR NORMAL DEPARTURE LAST
                VALUE   (LST)  VALUE       VALUE  FROM      YEAR
                                                  NORMAL
..................................................................
TEMPERATURE (F)
 YESTERDAY
  MAXIMUM         81    258 PM  85    2015  69     12       79
                                      1946
  MINIMUM         62   1107 PM  32    2014  50     12       66
                                      1959
  AVERAGE         72                        59     13       73

PRECIPITATION (IN)
  YESTERDAY        0.00          1.56 1954   0.13  -0.13     0.01
  MONTH TO DATE    2.78                      2.20   0.58     0.74
  SINCE SEP 1      2.78                      2.20   0.58     0.74
  SINCE JAN 1     32.48                     26.27   6.21    19.94

SNOWFALL (IN)
  YESTERDAY        0.0           0.0  2002   0.0    0.0      0.0
                                      2001
  MONTH TO DATE    0.0                       0.0    0.0      0.0
  SINCE SEP 1      0.0                       0.0    0.0      0.0
  SINCE JUL 1      0.0                       0.0    0.0      0.0
  SNOW DEPTH       0

DEGREE DAYS
 HEATING
  YESTERDAY        0                         7     -7        0
  MONTH TO DATE   59                        77    -18       22
  SINCE SEP 1     59                        77    -18       22
  SINCE JUL 1     82                       119    -37       27

 COOLING
  YESTERDAY        7                         1      6        8
  MONTH TO DATE   49                        37     12       89
  SINCE SEP 1     49                        37     12       89
  SINCE JAN 1    566                       485     81      833
..................................................................


WIND (MPH)
  HIGHEST WIND SPEED    15   HIGHEST WIND DIRECTION    SE (130)
  HIGHEST GUST SPEED    19   HIGHEST GUST DIRECTION    SE (130)
  AVERAGE WIND SPEED     5.1


SKY COVER
  POSSIBLE SUNSHINE  MM
  AVERAGE SKY COVER 0.3


WEATHER CONDITIONS
 THE FOLLOWING WEATHER WAS RECORDED YESTERDAY.
  NO SIGNIFICANT WEATHER WAS OBSERVED.


RELATIVE HUMIDITY (PERCENT)
 HIGHEST    93          1100 PM
 LOWEST     51           100 PM
 AVERAGE    72

..........................................................


THE BURLINGTON VT CLIMATE NORMALS FOR TODAY
                         NORMAL    RECORD    YEAR
 MAXIMUM TEMPERATURE (F)   69        89      1946
 MINIMUM TEMPERATURE (F)   49        29      1929


SUNRISE AND SUNSET
SEPTEMBER 20 2017.....SUNRISE   638 AM EDT   SUNSET   653 PM EDT
SEPTEMBER 21 2017.....SUNRISE   639 AM EDT   SUNSET   651 PM EDT


-  INDICATES NEGATIVE NUMBERS.
R  INDICATES RECORD WAS SET OR TIED.
MM INDICATES DATA IS MISSING.
T  INDICATES TRACE AMOUNT.

&&

LAKE CHAMPLAIN DATA:
LEVEL...............95.38 FEET
TEMPERATURE.........70 DEGREES

MOUNT MANSFIELD DATA:
HIGH................70 DEGREES
LOW.................52 DEGREES
PRECIPITATION.......NONE

$$
