328
CDUS41 KBTV 040525
CLIBTV

CLIMATE REPORT
NATIONAL WEATHER SERVICE BURLINGTON VT
124 AM EDT WED MAY 4 2016

...................................

...THE BURLINGTON VT CLIMATE SUMMARY FOR MAY 3 2016...

CLIMATE NORMAL PERIOD 1981 TO 2010
CLIMATE RECORD PERIOD 1884 TO 2016


WEATHER ITEM   OBSERVED TIME   RECORD YEAR NORMAL DEPARTURE LAST
                VALUE   (LST)  VALUE       VALUE  FROM      YEAR
                                                  NORMAL
..................................................................
TEMPERATURE (F)
 YESTERDAY
  MAXIMUM         53    526 PM  89    2001  63    -10       78
  MINIMUM         42   1138 PM  24    1966  41      1       45
  AVERAGE         48                        52     -4       62

PRECIPITATION (IN)
  YESTERDAY        0.00          1.19 1929   0.10  -0.10     0.00
  MONTH TO DATE    0.75                      0.29   0.46     0.00
  SINCE MAR 1      4.81                      5.33  -0.52     3.54
  SINCE JAN 1      9.14                      9.15  -0.01     5.92

SNOWFALL (IN)
  YESTERDAY        0.0           2.8  1908   0.0    0.0      0.0
  MONTH TO DATE    0.0                       0.1   -0.1      0.0
  SINCE MAR 1      5.3                      20.5  -15.2      7.5
  SINCE JUL 1     34.3                      81.3  -47.0     83.4
  SNOW DEPTH       0

DEGREE DAYS
 HEATING
  YESTERDAY       17                        13      4        3
  MONTH TO DATE   53                        41     12       18
  SINCE MAR 1   1616                      1705    -89     1807
  SINCE JUL 1   6000                      7115  -1115     7324

 COOLING
  YESTERDAY        0                         0      0        0
  MONTH TO DATE    0                         0      0        0
  SINCE MAR 1      0                         2     -2        0
  SINCE JAN 1      0                         2     -2        0
..................................................................


WIND (MPH)
  HIGHEST WIND SPEED    12   HIGHEST WIND DIRECTION    NW (330)
  HIGHEST GUST SPEED    15   HIGHEST GUST DIRECTION    NW (330)
  AVERAGE WIND SPEED     4.3


SKY COVER
  POSSIBLE SUNSHINE  MM
  AVERAGE SKY COVER 0.8


WEATHER CONDITIONS
 THE FOLLOWING WEATHER WAS RECORDED YESTERDAY.
  FOG


RELATIVE HUMIDITY (PERCENT)
 HIGHEST    92          1200 AM
 LOWEST     54           500 PM
 AVERAGE    73

..........................................................


THE BURLINGTON VT CLIMATE NORMALS FOR TODAY
                         NORMAL    RECORD    YEAR
 MAXIMUM TEMPERATURE (F)   63        89      1944
 MINIMUM TEMPERATURE (F)   42        27      1961
                                             1946


SUNRISE AND SUNSET
MAY  4 2016...........SUNRISE   538 AM EDT   SUNSET   801 PM EDT
MAY  5 2016...........SUNRISE   537 AM EDT   SUNSET   802 PM EDT


-  INDICATES NEGATIVE NUMBERS.
R  INDICATES RECORD WAS SET OR TIED.
MM INDICATES DATA IS MISSING.
T  INDICATES TRACE AMOUNT.

&&

LAKE CHAMPLAIN DATA:
LEVEL...............97.19 FEET
TEMPERATURE.........44 DEGREES

MOUNT MANSFIELD DATA:
HIGH................37 DEGREES
LOW.................27 DEGREES
PRECIPITATION.......0.14 INCHES
NEW SNOW............NONE
SNOW AT STAKE.......24 INCHES

$$
