373
CDUS41 KBTV 110523
CLIBTV


CLIMATE REPORT
NATIONAL WEATHER SERVICE BURLINGTON VT
1221 AM EST THU FEB 11 2016


...................................

...THE BURLINGTON VT CLIMATE SUMMARY FOR FEBRUARY 10 2016...

CLIMATE NORMAL PERIOD 1981 TO 2010
CLIMATE RECORD PERIOD 1884 TO 2016


WEATHER ITEM   OBSERVED TIME   RECORD YEAR NORMAL DEPARTURE LAST
                VALUE   (LST)  VALUE       VALUE  FROM      YEAR
                                                  NORMAL
..................................................................
TEMPERATURE (F)
 YESTERDAY
  MAXIMUM         37    110 PM  46    2001  29      8       18
                                      1925
  MINIMUM         22   1159 PM -26    1948  11     11        3
  AVERAGE         30                        20     10       11

PRECIPITATION (IN)
  YESTERDAY        0.04          0.65 1885   0.06  -0.02      T
  MONTH TO DATE    0.36                      0.63  -0.27     0.78
  SINCE DEC 1      5.99                      5.07   0.92     4.92
  SINCE JAN 1      1.55                      2.69  -1.14     2.07

SNOWFALL (IN)
  YESTERDAY        1.6           8.0  2005   0.6    1.0       T
  MONTH TO DATE    3.2                       6.1   -2.9     14.2
  SINCE DEC 1     23.4                      45.1  -21.7     56.8
  SINCE JUL 1     23.6                      50.5  -26.9     67.4
  SNOW DEPTH       1

DEGREE DAYS
 HEATING
  YESTERDAY       35                        45    -10       54
  MONTH TO DATE  328                       454   -126      566
  SINCE DEC 1   2357                      3103   -746     3159
  SINCE JUL 1   3596                      4648  -1052     4484

 COOLING
  YESTERDAY        0                         0      0        0
  MONTH TO DATE    0                         0      0        0
  SINCE DEC 1      0                         0      0        0
  SINCE JAN 1      0                         0      0        0
..................................................................


WIND (MPH)
  HIGHEST WIND SPEED    22   HIGHEST WIND DIRECTION    NW (320)
  HIGHEST GUST SPEED    26   HIGHEST GUST DIRECTION    NW (320)
  AVERAGE WIND SPEED     6.9


SKY COVER
  POSSIBLE SUNSHINE  MM
  AVERAGE SKY COVER 0.9


WEATHER CONDITIONS
 THE FOLLOWING WEATHER WAS RECORDED YESTERDAY.
  HEAVY SNOW
  SNOW
  LIGHT SNOW
  FOG
  FOG W/VISIBILITY <= 1/4 MILE


RELATIVE HUMIDITY (PERCENT)
 HIGHEST    88           400 PM
 LOWEST     64          1200 PM
 AVERAGE    76

..........................................................


THE BURLINGTON VT CLIMATE NORMALS FOR TODAY
                         NORMAL    RECORD    YEAR
 MAXIMUM TEMPERATURE (F)   30        58      1981
 MINIMUM TEMPERATURE (F)   12       -27      1979


SUNRISE AND SUNSET
FEBRUARY 11 2016......SUNRISE   659 AM EST   SUNSET   515 PM EST
FEBRUARY 12 2016......SUNRISE   658 AM EST   SUNSET   517 PM EST


-  INDICATES NEGATIVE NUMBERS.
R  INDICATES RECORD WAS SET OR TIED.
MM INDICATES DATA IS MISSING.
T  INDICATES TRACE AMOUNT.

&&

LAKE CHAMPLAIN DATA:
LEVEL...............95.94 FEET
TEMPERATURE.........38 DEGREES

MOUNT MANSFIELD DATA:
HIGH................20 DEGREES
LOW.................12 DEGREES
PRECIPITATION.......0.03 INCHES
NEW SNOW............0.7 INCHES
SNOW AT STAKE.......22 INCHES

$$
