000
CDUS41 KBTV 191206
CLIBTV

CLIMATE REPORT
NATIONAL WEATHER SERVICE BURLINGTON VT
1234 AM EST MON FEB 19 2018


...................................

...THE BURLINGTON VT CLIMATE SUMMARY FOR FEBRUARY 18 2018...

CLIMATE NORMAL PERIOD 1981 TO 2010
CLIMATE RECORD PERIOD 1884 TO 2018


WEATHER ITEM   OBSERVED TIME   RECORD YEAR NORMAL DEPARTURE LAST
                VALUE   (LST)  VALUE       VALUE  FROM      YEAR
                                                  NORMAL
..................................................................
TEMPERATURE (F)
 YESTERDAY
  MAXIMUM         37    439 PM  58    1981  31      6       49
  MINIMUM         29    711 AM -25    1979  13     16       14
  AVERAGE         33                        22     11       32

PRECIPITATION (IN)
  YESTERDAY        0.06          0.66 1910   0.06   0.00     0.00
  MONTH TO DATE    0.98                      1.12  -0.14     1.74
  SINCE DEC 1      5.70                      5.56   0.14     6.09
  SINCE JAN 1      3.52                      3.18   0.34     3.74

SNOWFALL (IN)
  YESTERDAY        0.6           8.6  1910   0.6    0.0      0.0
  MONTH TO DATE   12.3                      10.8    1.5     30.4
  SINCE DEC 1     51.0                      49.8    1.2     54.7
  SINCE JUL 1     54.0                      55.2   -1.2     59.0
  SNOW DEPTH       1

DEGREE DAYS
 HEATING
  YESTERDAY       32                        43    -11       33
  MONTH TO DATE  702                       803   -101      737
  SINCE DEC 1   3405                      3452    -47     2934
  SINCE JUL 1   4544                      4997   -453     4139

 COOLING
  YESTERDAY        0                         0      0        0
  MONTH TO DATE    0                         0      0        0
  SINCE DEC 1      0                         0      0        0
  SINCE JAN 1      0                         0      0        0
..................................................................


WIND (MPH)
  HIGHEST WIND SPEED    14   HIGHEST WIND DIRECTION     S (180)
  HIGHEST GUST SPEED    18   HIGHEST GUST DIRECTION     S (170)
  AVERAGE WIND SPEED     5.3


SKY COVER
  POSSIBLE SUNSHINE  MM
  AVERAGE SKY COVER 0.9


WEATHER CONDITIONS
 THE FOLLOWING WEATHER WAS RECORDED YESTERDAY.
  LIGHT SNOW
  FOG


RELATIVE HUMIDITY (PERCENT)
 HIGHEST    92           400 AM
 LOWEST     56           100 PM
 AVERAGE    74

..........................................................


THE BURLINGTON VT CLIMATE NORMALS FOR TODAY
                         NORMAL    RECORD    YEAR
 MAXIMUM TEMPERATURE (F)   32        62      1981
 MINIMUM TEMPERATURE (F)   13       -23      1944


SUNRISE AND SUNSET
FEBRUARY 19 2018......SUNRISE   646 AM EST   SUNSET   527 PM EST
FEBRUARY 20 2018......SUNRISE   645 AM EST   SUNSET   528 PM EST


-  INDICATES NEGATIVE NUMBERS.
R  INDICATES RECORD WAS SET OR TIED.
MM INDICATES DATA IS MISSING.
T  INDICATES TRACE AMOUNT.

&&

LAKE CHAMPLAIN DATA:
LEVEL...............95.82 FEET
TEMPERATURE.........34 DEGREES

MOUNT MANSFIELD DATA:
HIGH................21 DEGREES
LOW.................15 DEGREES
PRECIPITATION.......0.31 INCHES
SNOW AT STAKE.......64 INCHES

$$
