000
CDUS41 KBUF 211022
CLIBUF


CLIMATE REPORT
NATIONAL WEATHER SERVICE BUFFALO NY
520 AM EST TUE NOV 21 2017


...................................

...THE BUFFALO NY CLIMATE SUMMARY FOR NOVEMBER 20 2017...

CLIMATE NORMAL PERIOD 1981 TO 2010
CLIMATE RECORD PERIOD 1871 TO 2017


WEATHER ITEM   OBSERVED TIME   RECORD YEAR NORMAL DEPARTURE LAST
                VALUE   (LST)  VALUE       VALUE  FROM      YEAR
                                                  NORMAL
..................................................................
TEMPERATURE (F)
 YESTERDAY
  MAXIMUM         43    430 PM  72    1953  46     -3       35
  MINIMUM         31    707 AM  11    1880  33     -2       30
  AVERAGE         37                        39     -2       33

PRECIPITATION (IN)
  YESTERDAY        T             2.31 2000   0.13  -0.13     0.11
  MONTH TO DATE    4.62                      2.68   1.94     2.07
  SINCE SEP 1     12.80                     10.10   2.70    10.01
  SINCE JAN 1     45.08                     35.26   9.82    28.53

SNOWFALL (IN)
  YESTERDAY        T            24.9  2000   0.3   -0.3      0.9
  MONTH TO DATE    0.1                       4.0   -3.9      0.9
  SINCE SEP 1      0.2                       4.9   -4.7      0.9
  SINCE JUL 1      0.2                       4.9   -4.7      0.9
  SNOW DEPTH       0

DEGREE DAYS
 HEATING
  YESTERDAY       28                        26      2       32
  MONTH TO DATE  500                       450     50      346
  SINCE SEP 1    852                      1028   -176      725
  SINCE JUL 1    868                      1055   -187      725

 COOLING
  YESTERDAY        0                         0      0        0
  MONTH TO DATE    0                         0      0        0
  SINCE SEP 1    133                        57     76      121
  SINCE JAN 1    603                       544     59      939
..................................................................


WIND (MPH)
  HIGHEST WIND SPEED    31   HIGHEST WIND DIRECTION    SW (240)
  HIGHEST GUST SPEED    42   HIGHEST GUST DIRECTION    SW (240)
  AVERAGE WIND SPEED    16.8


SKY COVER
  AVERAGE SKY COVER 0.8


WEATHER CONDITIONS
 THE FOLLOWING WEATHER WAS RECORDED YESTERDAY.
  LIGHT RAIN
  LIGHT SNOW


RELATIVE HUMIDITY (PERCENT)
 HIGHEST    78          1200 AM
 LOWEST     58           600 AM
 AVERAGE    68

..........................................................


THE BUFFALO NY CLIMATE NORMALS FOR TODAY
                         NORMAL    RECORD    YEAR
 MAXIMUM TEMPERATURE (F)   45        71      1913
 MINIMUM TEMPERATURE (F)   32         7      1880


SUNRISE AND SUNSET
NOVEMBER 21 2017......SUNRISE   715 AM EST   SUNSET   446 PM EST
NOVEMBER 22 2017......SUNRISE   716 AM EST   SUNSET   446 PM EST


-  INDICATES NEGATIVE NUMBERS.
R  INDICATES RECORD WAS SET OR TIED.
MM INDICATES DATA IS MISSING.
T  INDICATES TRACE AMOUNT.




$$
