000
CDUS41 KBUF 302026
CLIBUF


CLIMATE REPORT
NATIONAL WEATHER SERVICE BUFFALO NY
425 PM EDT SUN APR 30 2017


...................................

...THE BUFFALO NY CLIMATE SUMMARY FOR APRIL 30 2017...
VALID TODAY AS OF 0400 PM LOCAL TIME.

CLIMATE NORMAL PERIOD 1981 TO 2010
CLIMATE RECORD PERIOD 1871 TO 2017


WEATHER ITEM   OBSERVED TIME   RECORD YEAR NORMAL DEPARTURE LAST
                VALUE   (LST)  VALUE       VALUE  FROM      YEAR
                                                  NORMAL
..................................................................
TEMPERATURE (F)
 TODAY
  MAXIMUM         56    259 PM  84    1899  61     -5       61
  MINIMUM         39    848 AM  28    1978  42     -3       43
                                      1931
                                      1876
  AVERAGE         48                        52     -4       52

PRECIPITATION (IN)
  TODAY            0.55          0.84 1909   0.10   0.45      T
  MONTH TO DATE    5.86                      3.01   2.85     1.90
  SINCE MAR 1     10.22                      5.88   4.34     4.75
  SINCE JAN 1     15.40                     11.55   3.85    10.03

SNOWFALL (IN)
  TODAY            0.0           4.2  1908   0.0    0.0      0.0
  MONTH TO DATE    2.3                       2.7   -0.4      7.1
  SINCE MAR 1     29.1                      15.6   13.5      8.0
  SINCE JUL 1     76.1                      94.4  -18.3     55.1
  SNOW DEPTH       0

DEGREE DAYS
 HEATING
  TODAY           17                        14      3       13
  MONTH TO DATE  436                       575   -139      648
  SINCE MAR 1   1420                      1537   -117     1420
  SINCE JUL 1   5312                      6281   -969     5358

 COOLING
  TODAY            0                         0      0        0
  MONTH TO DATE    6                         3      3        0
  SINCE MAR 1      6                         3      3        0
  SINCE JAN 1      6                         3      3        0
..................................................................


WIND (MPH)
  HIGHEST WIND SPEED    24   HIGHEST WIND DIRECTION    NE (60)
  HIGHEST GUST SPEED    32   HIGHEST GUST DIRECTION    NE (60)
  AVERAGE WIND SPEED    14.0


SKY COVER
  AVERAGE SKY COVER 0.8


WEATHER CONDITIONS
 THE FOLLOWING WEATHER WAS RECORDED TODAY.
  THUNDERSTORM
  HEAVY RAIN
  RAIN
  LIGHT RAIN


RELATIVE HUMIDITY (PERCENT)
 HIGHEST    76          1000 AM
 LOWEST     57           500 AM
 AVERAGE    67

..........................................................


THE BUFFALO NY CLIMATE NORMALS FOR TOMORROW
                         NORMAL    RECORD    YEAR
 MAXIMUM TEMPERATURE (F)   62        87      1970
 MINIMUM TEMPERATURE (F)   42        28      1978
                                             1943


SUNRISE AND SUNSET
APRIL 30 2017.........SUNRISE   610 AM EDT   SUNSET   815 PM EDT
MAY  1 2017...........SUNRISE   609 AM EDT   SUNSET   816 PM EDT


-  INDICATES NEGATIVE NUMBERS.
R  INDICATES RECORD WAS SET OR TIED.
MM INDICATES DATA IS MISSING.
T  INDICATES TRACE AMOUNT.

$$
