000
CDUS41 KBUF 262026
CLIBUF


CLIMATE REPORT
NATIONAL WEATHER SERVICE BUFFALO NY
426 PM EDT MON SEP 26 2016


...................................

...THE BUFFALO NY CLIMATE SUMMARY FOR SEPTEMBER 26 2016...
VALID TODAY AS OF 0400 PM LOCAL TIME.

CLIMATE NORMAL PERIOD 1981 TO 2010
CLIMATE RECORD PERIOD 1871 TO 2016


WEATHER ITEM   OBSERVED TIME   RECORD YEAR NORMAL DEPARTURE LAST
                VALUE   (LST)  VALUE       VALUE  FROM      YEAR
                                                  NORMAL
..................................................................
TEMPERATURE (F)
 TODAY
  MAXIMUM         71   1205 PM  87    1959  67      4       74
  MINIMUM         51    104 AM  35    1943  50      1       53
                                      1928
  AVERAGE         61                        58      3       64

PRECIPITATION (IN)
  TODAY            0.14          1.94 1977   0.14   0.00     0.00
  MONTH TO DATE    2.95                      3.34  -0.39     2.77
  SINCE SEP 1      2.95                      3.34  -0.39     2.77
  SINCE JAN 1     21.47                     28.50  -7.03    27.24

SNOWFALL (IN)
  TODAY            0.0           0.0    MM   0.0    0.0      0.0
  MONTH TO DATE    0.0                       0.0    0.0      0.0
  SINCE SEP 1      0.0                       0.0    0.0      0.0
  SINCE JUL 1      0.0                       0.0    0.0      0.0
  SNOW DEPTH       0

DEGREE DAYS
 HEATING
  TODAY            4                         7     -3        1
  MONTH TO DATE   32                       102    -70       40
  SINCE SEP 1     32                       102    -70       40
  SINCE JUL 1     32                       129    -97       55

 COOLING
  TODAY            0                         1     -1        0
  MONTH TO DATE  109                        51     58      127
  SINCE SEP 1    109                        51     58      127
  SINCE JAN 1    927                       538    389      652
..................................................................


WIND (MPH)
  HIGHEST WIND SPEED    23   HIGHEST WIND DIRECTION     W (250)
  HIGHEST GUST SPEED    28   HIGHEST GUST DIRECTION     W (260)
  AVERAGE WIND SPEED     9.2


SKY COVER
  AVERAGE SKY COVER 0.6


WEATHER CONDITIONS
 THE FOLLOWING WEATHER WAS RECORDED TODAY.
  RAIN
  LIGHT RAIN
  FOG


RELATIVE HUMIDITY (PERCENT)
 HIGHEST    90           200 PM
 LOWEST     49          1000 AM
 AVERAGE    70

..........................................................


THE BUFFALO NY CLIMATE NORMALS FOR TOMORROW
                         NORMAL    RECORD    YEAR
 MAXIMUM TEMPERATURE (F)   67        87      1946
 MINIMUM TEMPERATURE (F)   49        33      1965
                                             1957
                                             1947


SUNRISE AND SUNSET
SEPTEMBER 26 2016.....SUNRISE   707 AM EDT   SUNSET   704 PM EDT
SEPTEMBER 27 2016.....SUNRISE   708 AM EDT   SUNSET   702 PM EDT


-  INDICATES NEGATIVE NUMBERS.
R  INDICATES RECORD WAS SET OR TIED.
MM INDICATES DATA IS MISSING.
T  INDICATES TRACE AMOUNT.




$$
