000
CDUS46 KLOX 250113
CLIBUR


CLIMATE REPORT
NATIONAL WEATHER SERVICE LOS ANGELES/OXNARD CA
513 PM PST FRI NOV 24 2017


...................................

...THE BOB HOPE AIRPORT (BURBANK) CA CLIMATE SUMMARY FOR NOVEMBER 24 2017...
VALID TODAY AS OF 0500 PM LOCAL TIME.

CLIMATE NORMAL PERIOD 1981 TO 2010
CLIMATE RECORD PERIOD 1939 TO 2017


WEATHER ITEM   OBSERVED TIME   RECORD YEAR NORMAL DEPARTURE LAST
                VALUE   (LST)  VALUE       VALUE  FROM      YEAR
                                                  NORMAL
..................................................................
TEMPERATURE (F)
 TODAY
  MAXIMUM         87    210 PM  89    1977  71     16       76
                                      1959
  MINIMUM         58    701 AM  33    1973  44     14       45
  AVERAGE         73                        57     16       61

PRECIPITATION (IN)
  TODAY            0.00          0.83 2001   0.04  -0.04     0.00
  MONTH TO DATE    T                         0.79  -0.79     1.00
  SINCE OCT 1      0.08                      1.76  -1.68     1.22
  SINCE JAN 1      9.70                     14.63  -4.93     7.78

SNOWFALL (IN)
  TODAY            0.0
  MONTH TO DATE    0.0
  SINCE SEP 1      0.0
  SINCE JUL 1      0.0

DEGREE DAYS
 HEATING
  TODAY            0                         8     -8        4
  MONTH TO DATE   25                       126   -101       50
  SINCE SEP 1     30                       175   -145       56
  SINCE JUL 1     30                       175   -145       56

 COOLING
  TODAY            8                         0      8        0
  MONTH TO DATE   55                        12     43       87
  SINCE SEP 1    597                       361    236      517
  SINCE JAN 1   1925                      1243    682     1730
..................................................................


WIND (MPH)
  HIGHEST WIND SPEED    10   HIGHEST WIND DIRECTION     E (110)
  HIGHEST GUST SPEED    18   HIGHEST GUST DIRECTION     E (90)
  AVERAGE WIND SPEED     3.2


SKY COVER
  POSSIBLE SUNSHINE  MM
  AVERAGE SKY COVER 0.0


WEATHER CONDITIONS
 THE FOLLOWING WEATHER WAS RECORDED TODAY.
  NO SIGNIFICANT WEATHER WAS OBSERVED.


RELATIVE HUMIDITY (PERCENT)
 HIGHEST    47           700 AM
 LOWEST     20          1200 PM
 AVERAGE    34

..........................................................


THE BOB HOPE AIRPORT (BURBANK) CA CLIMATE NORMALS FOR TOMORROW
                         NORMAL    RECORD    YEAR
 MAXIMUM TEMPERATURE (F)   70        95      1977
 MINIMUM TEMPERATURE (F)   43        35      1952
                                             1945


SUNRISE AND SUNSET
NOVEMBER 24 2017......SUNRISE   635 AM PST   SUNSET   445 PM PST
NOVEMBER 25 2017......SUNRISE   636 AM PST   SUNSET   445 PM PST


-  INDICATES NEGATIVE NUMBERS.
R  INDICATES RECORD WAS SET OR TIED.
MM INDICATES DATA IS MISSING.
T  INDICATES TRACE AMOUNT.




$$
