496
CDUS46 KLOX 260902
CLIBUR


CLIMATE REPORT
NATIONAL WEATHER SERVICE LOS ANGELES/OXNARD CA
201 AM PDT TUE SEP 26 2017


...................................

...THE BOB HOPE AIRPORT (BURBANK) CA CLIMATE SUMMARY FOR SEPTEMBER 25 2017...

CLIMATE NORMAL PERIOD 1981 TO 2010
CLIMATE RECORD PERIOD 1939 TO 2017


WEATHER ITEM   OBSERVED TIME   RECORD YEAR NORMAL DEPARTURE LAST
                VALUE   (LST)  VALUE       VALUE  FROM      YEAR
                                                  NORMAL
..................................................................
TEMPERATURE (F)
 YESTERDAY
  MAXIMUM         87    113 PM 109    1978  84      3       99
  MINIMUM         57    552 AM  46    1948  59     -2       64
  AVERAGE         72                        71      1       82

PRECIPITATION (IN)
  YESTERDAY        0.00          0.25 1986   0.01  -0.01     0.00
  MONTH TO DATE    0.05                      0.16  -0.11      T
  SINCE OCT 1     13.88                     17.24  -3.36     7.66
  SINCE JAN 1      9.62                     12.80  -3.18     6.56

SNOWFALL (IN)
  YESTERDAY        0.0
  MONTH TO DATE    0.0
  SINCE SEP 1      0.0
  SINCE JUL 1      0.0

DEGREE DAYS
 HEATING
  YESTERDAY        0                         0      0        0
  MONTH TO DATE    3                         0      3        1
  SINCE SEP 1      3                         0      3        1
  SINCE JUL 1      3                         0      3        1

 COOLING
  YESTERDAY        7                         7      0       17
  MONTH TO DATE  249                       219     30      198
  SINCE SEP 1    249                       219     30      198
  SINCE JAN 1   1577                      1101    476     1411
..................................................................


WIND (MPH)
  HIGHEST WIND SPEED    15   HIGHEST WIND DIRECTION     S (190)
  HIGHEST GUST SPEED    20   HIGHEST GUST DIRECTION     S (180)
  AVERAGE WIND SPEED     3.9


SKY COVER
  POSSIBLE SUNSHINE  MM
  AVERAGE SKY COVER 0.0


WEATHER CONDITIONS
 THE FOLLOWING WEATHER WAS RECORDED YESTERDAY.
  NO SIGNIFICANT WEATHER WAS OBSERVED.


RELATIVE HUMIDITY (PERCENT)
 HIGHEST    40           600 AM
 LOWEST      9          1200 PM
 AVERAGE    25

..........................................................


THE BOB HOPE AIRPORT (BURBANK) CA CLIMATE NORMALS FOR TODAY
                         NORMAL    RECORD    YEAR
 MAXIMUM TEMPERATURE (F)   84       107      1978
 MINIMUM TEMPERATURE (F)   58        43      1941


SUNRISE AND SUNSET
SEPTEMBER 26 2017.....SUNRISE   645 AM PDT   SUNSET   644 PM PDT
SEPTEMBER 27 2017.....SUNRISE   645 AM PDT   SUNSET   643 PM PDT


-  INDICATES NEGATIVE NUMBERS.
R  INDICATES RECORD WAS SET OR TIED.
MM INDICATES DATA IS MISSING.
T  INDICATES TRACE AMOUNT.




$$
