000
CDUS46 KLOX 300905
CLIBUR


CLIMATE REPORT
NATIONAL WEATHER SERVICE LOS ANGELES/OXNARD CA
204 AM PDT THU MAR 30 2017


...................................

...THE BOB HOPE AIRPORT (BURBANK) CA CLIMATE SUMMARY FOR MARCH 29 2017...

CLIMATE NORMAL PERIOD 1981 TO 2010
CLIMATE RECORD PERIOD 1939 TO 2017


WEATHER ITEM   OBSERVED TIME   RECORD YEAR NORMAL DEPARTURE LAST
                VALUE   (LST)  VALUE       VALUE  FROM      YEAR
                                                  NORMAL
..................................................................
TEMPERATURE (F)
 YESTERDAY
  MAXIMUM         83    232 PM  91    2004  71     12       63
                                      1971
  MINIMUM         54    624 AM  37    1998  47      7       44
  AVERAGE         69                        59     10       54

PRECIPITATION (IN)
  YESTERDAY        0.00          0.82 1946   0.06  -0.06     0.11
  MONTH TO DATE    0.21                      2.85  -2.64     1.87
  SINCE OCT 1     13.61                     15.30  -1.69     7.34
  SINCE JAN 1      9.35                     10.86  -1.51     6.24

SNOWFALL (IN)
  YESTERDAY        0.0
  MONTH TO DATE    0.0
  SINCE MAR 1      0.0
  SINCE JUL 1      0.0

DEGREE DAYS
 HEATING
  YESTERDAY        0                         6     -6       11
  MONTH TO DATE   87                       205   -118      100
  SINCE MAR 1     87                       205   -118      100
  SINCE JUL 1   1080                      1346   -266     1007

 COOLING
  YESTERDAY        4                         1      3        0
  MONTH TO DATE   66                         1     65       16
  SINCE MAR 1     66                         1     65       16
  SINCE JAN 1     67                         7     60       71
..................................................................


WIND (MPH)
  HIGHEST WIND SPEED    13   HIGHEST WIND DIRECTION     S (180)
  HIGHEST GUST SPEED    17   HIGHEST GUST DIRECTION    SW (230)
  AVERAGE WIND SPEED     4.6


SKY COVER
  POSSIBLE SUNSHINE  MM
  AVERAGE SKY COVER 0.0


WEATHER CONDITIONS
 THE FOLLOWING WEATHER WAS RECORDED YESTERDAY.
  NO SIGNIFICANT WEATHER WAS OBSERVED.


RELATIVE HUMIDITY (PERCENT)
 HIGHEST    46           400 AM
 LOWEST     13           600 PM
 AVERAGE    30

..........................................................


THE BOB HOPE AIRPORT (BURBANK) CA CLIMATE NORMALS FOR TODAY
                         NORMAL    RECORD    YEAR
 MAXIMUM TEMPERATURE (F)   71        89      1966
 MINIMUM TEMPERATURE (F)   47        37      1949


SUNRISE AND SUNSET
MARCH 30 2017.........SUNRISE   643 AM PDT   SUNSET   713 PM PDT
MARCH 31 2017.........SUNRISE   642 AM PDT   SUNSET   714 PM PDT


-  INDICATES NEGATIVE NUMBERS.
R  INDICATES RECORD WAS SET OR TIED.
MM INDICATES DATA IS MISSING.
T  INDICATES TRACE AMOUNT.




$$
