000
CDUS46 KLOX 241215
CLIBUR


CLIMATE REPORT
NATIONAL WEATHER SERVICE LOS ANGELES/OXNARD CA
515 AM PDT FRI OCT 24 2014


...................................

...THE BOB HOPE AIRPORT (BURBANK) CA CLIMATE SUMMARY FOR OCTOBER 23 2014...

CLIMATE NORMAL PERIOD 1981 TO 2010
CLIMATE RECORD PERIOD 1939 TO 2014


WEATHER ITEM   OBSERVED TIME   RECORD YEAR NORMAL DEPARTURE LAST
                VALUE   (LST)  VALUE       VALUE  FROM      YEAR
                                                  NORMAL
..................................................................
TEMPERATURE (F)
 YESTERDAY
  MAXIMUM         88    150 PM  98    1965  79      9       73
  MINIMUM         58    620 AM  42    1943  52      6       57
  AVERAGE         73                        65      8       65

PRECIPITATION (IN)
  YESTERDAY        0.00          1.51 1976   0.04  -0.04     0.00
  MONTH TO DATE    0.00                      0.67  -0.67     0.10
  SINCE JUL 1      0.04                      0.99  -0.95     0.11
  SINCE JAN 1      4.95                     13.54  -8.59     2.71

SNOWFALL (IN)
  YESTERDAY        0.0
  MONTH TO DATE    0.0
  SINCE SEP 1      0.0
  SINCE JUL 1      0.0

DEGREE DAYS
 HEATING
  YESTERDAY        0                         2     -2        0
  MONTH TO DATE    0                        27    -27       13
  SINCE SEP 1      0                        33    -33       13
  SINCE JUL 1      0                        33    -33       13

 COOLING
  YESTERDAY        8                         2      6        0
  MONTH TO DATE  179                        86     93      119
  SINCE SEP 1    575                       335    240      520
  SINCE JAN 1   1875                      1217    658     1949
..................................................................


WIND (MPH)
  HIGHEST WIND SPEED     9   HIGHEST WIND DIRECTION     S (180)
  HIGHEST GUST SPEED    13   HIGHEST GUST DIRECTION     E (100)
  AVERAGE WIND SPEED     1.7


SKY COVER
  POSSIBLE SUNSHINE  MM
  AVERAGE SKY COVER 0.0


WEATHER CONDITIONS
 THE FOLLOWING WEATHER WAS RECORDED YESTERDAY.
  NO SIGNIFICANT WEATHER WAS OBSERVED.


RELATIVE HUMIDITY (PERCENT)
 HIGHEST    62           500 AM
 LOWEST     16           400 PM
 AVERAGE    39

..........................................................


THE BOB HOPE AIRPORT (BURBANK) CA CLIMATE NORMALS FOR TODAY
                         NORMAL    RECORD    YEAR
 MAXIMUM TEMPERATURE (F)   78        99      1968
 MINIMUM TEMPERATURE (F)   52        41      1975


SUNRISE AND SUNSET
OCTOBER 24 2014.......SUNRISE   706 AM PDT   SUNSET   609 PM PDT
OCTOBER 25 2014.......SUNRISE   707 AM PDT   SUNSET   607 PM PDT


-  INDICATES NEGATIVE NUMBERS.
R  INDICATES RECORD WAS SET OR TIED.
MM INDICATES DATA IS MISSING.
T  INDICATES TRACE AMOUNT.




$$
