000
CDUS43 KLMK 130626
CLIBWG


CLIMATE REPORT
NATIONAL WEATHER SERVICE LOUISVILLE KY
126 AM EST SAT FEB 13 2016


...................................

...THE BOWLING GREEN KY CLIMATE SUMMARY FOR FEBRUARY 12 2016...

CLIMATE NORMAL PERIOD 1981 TO 2010
CLIMATE RECORD PERIOD 1870 TO 2016


WEATHER ITEM   OBSERVED TIME   RECORD YEAR NORMAL DEPARTURE LAST
                VALUE   (LST)  VALUE       VALUE  FROM      YEAR
                                                  NORMAL
..................................................................
TEMPERATURE (F)
 YESTERDAY
  MAXIMUM         36    214 PM  76    1938  49    -13       35
  MINIMUM         26   1159 PM  -9    1899  29     -3       20
  AVERAGE         31                        39     -8       28

PRECIPITATION (IN)
  YESTERDAY        0.06          1.20 1910   0.14  -0.08      T
  MONTH TO DATE    1.89                      1.74   0.15     1.00
  SINCE DEC 1      8.93                     10.15  -1.22     4.57
  SINCE JAN 1      3.70                      5.35  -1.65     2.88

SNOWFALL (IN)
  YESTERDAY        1.4          13.0  1910   0.2    1.2       T
  MONTH TO DATE    3.4                       1.8    1.6       T
  SINCE DEC 1     18.2                       6.3   11.9      3.4
  SINCE JUL 1     18.2                       6.3   11.9      3.7
  SNOW DEPTH       1

DEGREE DAYS
 HEATING
  YESTERDAY       34                        26      8       37
  MONTH TO DATE  329                       325      4      323
  SINCE DEC 1   1714                      2054   -340     1971
  SINCE JUL 1   2252                      2817   -565     2868

 COOLING
  YESTERDAY        0                         0      0        0
  MONTH TO DATE    0                         0      0        0
  SINCE DEC 1      2                         1      1        0
  SINCE JAN 1      0                         0      0        0
..................................................................


WIND (MPH)
  HIGHEST WIND SPEED    17   HIGHEST WIND DIRECTION    NW (330)
  HIGHEST GUST SPEED    28   HIGHEST GUST DIRECTION    NW (330)
  AVERAGE WIND SPEED     6.7


SKY COVER
  POSSIBLE SUNSHINE  MM
  AVERAGE SKY COVER 1.0


WEATHER CONDITIONS
 THE FOLLOWING WEATHER WAS RECORDED YESTERDAY.
  SNOW
  LIGHT SNOW
  FOG


RELATIVE HUMIDITY (PERCENT)
 HIGHEST    92           600 AM
 LOWEST     53          1000 PM
 AVERAGE    73

..........................................................


THE BOWLING GREEN KY CLIMATE NORMALS FOR TODAY
                         NORMAL    RECORD    YEAR
 MAXIMUM TEMPERATURE (F)   49        82      1962
 MINIMUM TEMPERATURE (F)   29       -17      1899


SUNRISE AND SUNSET
FEBRUARY 13 2016......SUNRISE   637 AM CST   SUNSET   523 PM CST
FEBRUARY 14 2016......SUNRISE   636 AM CST   SUNSET   524 PM CST


-  INDICATES NEGATIVE NUMBERS.
R  INDICATES RECORD WAS SET OR TIED.
MM INDICATES DATA IS MISSING.
T  INDICATES TRACE AMOUNT.




$$
