000
CDUS43 KLMK 262132
CLIBWG


CLIMATE REPORT
NATIONAL WEATHER SERVICE LOUISVILLE KY
431 PM EST SUN FEB 26 2017


...................................

...THE BOWLING GREEN CLIMATE SUMMARY FOR FEBRUARY 26 2017...
VALID TODAY AS OF 0400 PM LOCAL TIME.

CLIMATE NORMAL PERIOD 1981 TO 2010
CLIMATE RECORD PERIOD 1870 TO 2017


WEATHER ITEM   OBSERVED TIME   RECORD YEAR NORMAL DEPARTURE LAST
                VALUE   (LST)  VALUE       VALUE  FROM      YEAR
                                                  NORMAL
..................................................................
TEMPERATURE (F)
 TODAY
  MAXIMUM         54    311 PM  78    1917  53      1       48
  MINIMUM         23    643 AM   7    1967  32     -9       34
  AVERAGE         39                        43     -4       41

PRECIPITATION (IN)
  TODAY            0.00          1.69 1962   0.13  -0.13     0.00
  MONTH TO DATE    2.21                      3.69  -1.48     4.77
  SINCE DEC 1     12.01                     12.10  -0.09    11.81
  SINCE JAN 1      6.37                      7.30  -0.93     6.58

SNOWFALL (IN)
  TODAY            0.0           8.2  1894   0.1   -0.1      0.0
  MONTH TO DATE    0.0                       3.2   -3.2      9.2
  SINCE DEC 1      0.7                       7.7   -7.0     24.0
  SINCE JUL 1      0.7                       7.7   -7.0     24.0
  SNOW DEPTH       0

DEGREE DAYS
 HEATING
  TODAY           26                        22      4       24
  MONTH TO DATE  443                       661   -218      631
  SINCE DEC 1   1878                      2390   -512     2016
  SINCE JUL 1   2364                      3153   -789     2554

 COOLING
  TODAY            0                         0      0        0
  MONTH TO DATE    4                         0      4        0
  SINCE DEC 1      4                         1      3        2
  SINCE JAN 1      4                         0      4        0
..................................................................


WIND (MPH)
  HIGHEST WIND SPEED    13   HIGHEST WIND DIRECTION     S (170)
  HIGHEST GUST SPEED    31   HIGHEST GUST DIRECTION    SW (210)
  AVERAGE WIND SPEED     3.7


SKY COVER
  POSSIBLE SUNSHINE  MM
  AVERAGE SKY COVER 0.0


WEATHER CONDITIONS
 THE FOLLOWING WEATHER WAS RECORDED TODAY.
  NO SIGNIFICANT WEATHER WAS OBSERVED.


RELATIVE HUMIDITY (PERCENT)
 HIGHEST    81           500 AM
 LOWEST     22           200 PM
 AVERAGE    52

..........................................................


THE BOWLING GREEN CLIMATE NORMALS FOR TOMORROW
                         NORMAL    RECORD    YEAR
 MAXIMUM TEMPERATURE (F)   54        74      1981
                                             1955
                                             1948
 MINIMUM TEMPERATURE (F)   33         3      1934


SUNRISE AND SUNSET
FEBRUARY 26 2017......SUNRISE   620 AM CST   SUNSET   537 PM CST
FEBRUARY 27 2017......SUNRISE   619 AM CST   SUNSET   538 PM CST


-  INDICATES NEGATIVE NUMBERS.
R  INDICATES RECORD WAS SET OR TIED.
MM INDICATES DATA IS MISSING.
T  INDICATES TRACE AMOUNT.




$$
