000
CDUS43 KLMK 280628
CLIBWG


CLIMATE REPORT
NATIONAL WEATHER SERVICE LOUISVILLE KY
127 AM EST FRI NOV 28 2014


...................................

...THE BOWLING GREEN KY CLIMATE SUMMARY FOR NOVEMBER 27 2014...

CLIMATE NORMAL PERIOD 1981 TO 2010
CLIMATE RECORD PERIOD 1870 TO 2014


WEATHER ITEM   OBSERVED TIME   RECORD YEAR NORMAL DEPARTURE LAST
                VALUE   (LST)  VALUE       VALUE  FROM      YEAR
                                                  NORMAL
..................................................................
TEMPERATURE (F)
 YESTERDAY
  MAXIMUM         38    111 AM  78    1990  54    -16       35
                                      1927
  MINIMUM         25   1159 PM  13    1903  34     -9       18
  AVERAGE         32                        44    -12       27

PRECIPITATION (IN)
  YESTERDAY        0.01          3.07 1973   0.15  -0.14     0.00
  MONTH TO DATE    2.52                      3.74  -1.22     2.82
  SINCE SEP 1      8.27                     11.05  -2.78    11.95
  SINCE JAN 1     44.43                     44.61  -0.18    54.65

SNOWFALL (IN)
  YESTERDAY        T             3.0  1977   0.0    0.0      0.0
  MONTH TO DATE    0.3                       0.1    0.2      1.1
  SINCE SEP 1      0.3                       0.1    0.2      1.1
  SINCE JUL 1      0.3                       0.1    0.2      1.1
  SNOW DEPTH       T

DEGREE DAYS
 HEATING
  YESTERDAY       33                        21     12       38
  MONTH TO DATE  631                       435    196      537
  SINCE SEP 1    849                       697    152      787
  SINCE JUL 1    849                       698    151      787

 COOLING
  YESTERDAY        0                         0      0        0
  MONTH TO DATE    0                         0      0        0
  SINCE SEP 1    211                       219     -8      239
  SINCE JAN 1   1488                      1488      0     1499
..................................................................


WIND (MPH)
  HIGHEST WIND SPEED    17   HIGHEST WIND DIRECTION     W (290)
  HIGHEST GUST SPEED    26   HIGHEST GUST DIRECTION     N (340)
  AVERAGE WIND SPEED     7.2


SKY COVER
  POSSIBLE SUNSHINE  MM
  AVERAGE SKY COVER 1.0


WEATHER CONDITIONS
 THE FOLLOWING WEATHER WAS RECORDED YESTERDAY.
  LIGHT SNOW
  FOG
  HAZE


RELATIVE HUMIDITY (PERCENT)
 HIGHEST    89           300 AM
 LOWEST     58           800 PM
 AVERAGE    74

..........................................................


THE BOWLING GREEN KY CLIMATE NORMALS FOR TODAY
                         NORMAL    RECORD    YEAR
 MAXIMUM TEMPERATURE (F)   54        76      1927
                                             1909
 MINIMUM TEMPERATURE (F)   34         0      1887


SUNRISE AND SUNSET
NOVEMBER 28 2014......SUNRISE   637 AM CST   SUNSET   430 PM CST
NOVEMBER 29 2014......SUNRISE   638 AM CST   SUNSET   430 PM CST


-  INDICATES NEGATIVE NUMBERS.
R  INDICATES RECORD WAS SET OR TIED.
MM INDICATES DATA IS MISSING.
T  INDICATES TRACE AMOUNT.




$$
