000
CDUS43 KLMK 182034
CLIBWG


CLIMATE REPORT
NATIONAL WEATHER SERVICE LOUISVILLE KY
433 PM EDT FRI APR 18 2014


...................................

...THE BOWLING GREEN CLIMATE SUMMARY FOR APRIL 18 2014...
VALID TODAY AS OF 0400 PM LOCAL TIME.

CLIMATE NORMAL PERIOD 1981 TO 2010
CLIMATE RECORD PERIOD 1870 TO 2014


WEATHER ITEM   OBSERVED TIME   RECORD YEAR NORMAL DEPARTURE LAST
                VALUE   (LST)  VALUE       VALUE  FROM      YEAR
                                                  NORMAL
..................................................................
TEMPERATURE (F)
 TODAY
  MAXIMUM         71    219 PM  90    1909  71      0       84
                                      1917
  MINIMUM         46    433 AM  20    1875  46      0       68
  AVERAGE         59                        58      1       76

PRECIPITATION (IN)
  TODAY            0.00          1.19 1969   0.15  -0.15     0.19
  MONTH TO DATE    3.05                      2.45   0.60     2.42
  SINCE MAR 1      6.78                      6.86  -0.08     7.63
  SINCE JAN 1     13.95                     14.43  -0.48    15.32

SNOWFALL (IN)
  TODAY            0.0           2.1  1983   0.0    0.0      0.0
  MONTH TO DATE    T                         0.2   -0.2      0.0
  SINCE MAR 1      5.1                       1.3    3.8      2.5
  SINCE JUL 1     10.4                       9.1    1.3      3.8
  SNOW DEPTH       0

DEGREE DAYS
 HEATING
  TODAY            6                         8     -2        0
  MONTH TO DATE  150                       179    -29      139
  SINCE MAR 1    803                       699    104      816
  SINCE JUL 1   4412                      3897    515     3711

 COOLING
  TODAY            0                         1     -1       11
  MONTH TO DATE   12                        17     -5       53
  SINCE MAR 1     12                        22    -10       53
  SINCE JAN 1     12                        22    -10       53
..................................................................


WIND (MPH)
  HIGHEST WIND SPEED     9   HIGHEST WIND DIRECTION     S (180)
  HIGHEST GUST SPEED    12   HIGHEST GUST DIRECTION    SW (210)
  AVERAGE WIND SPEED     1.5


SKY COVER
  POSSIBLE SUNSHINE  MM
  AVERAGE SKY COVER 0.2


WEATHER CONDITIONS
 THE FOLLOWING WEATHER WAS RECORDED TODAY.
  NO SIGNIFICANT WEATHER WAS OBSERVED.


RELATIVE HUMIDITY (PERCENT)
 HIGHEST    82           400 AM
 LOWEST     39           100 PM
 AVERAGE    61

..........................................................


THE BOWLING GREEN CLIMATE NORMALS FOR TOMORROW
                         NORMAL    RECORD    YEAR
 MAXIMUM TEMPERATURE (F)   71        87      2011
 MINIMUM TEMPERATURE (F)   47        25      1887


SUNRISE AND SUNSET
APRIL 18 2014.........SUNRISE   608 AM CDT   SUNSET   723 PM CDT
APRIL 19 2014.........SUNRISE   606 AM CDT   SUNSET   724 PM CDT


-  INDICATES NEGATIVE NUMBERS.
R  INDICATES RECORD WAS SET OR TIED.
MM INDICATES DATA IS MISSING.
T  INDICATES TRACE AMOUNT.




$$
