000
CDUS41 KLWX 242123
CLIBWI


CLIMATE REPORT
NATIONAL WEATHER SERVICE BALTIMORE MD/WASHINGTON DC
522 PM EDT THU APR 24 2014


...................................

...THE BALTIMORE MD CLIMATE SUMMARY FOR APRIL 24 2014...
VALID TODAY AS OF 0500 PM LOCAL TIME.

CLIMATE NORMAL PERIOD 1981 TO 2010
CLIMATE RECORD PERIOD 1870 TO 2014


WEATHER ITEM   OBSERVED TIME   RECORD YEAR NORMAL DEPARTURE LAST
                VALUE   (LST)  VALUE       VALUE  FROM      YEAR
                                                  NORMAL
..................................................................
TEMPERATURE (F)
 TODAY
  MAXIMUM         63    359 PM  93    1960  68     -5       73
  MINIMUM         36    337 AM  32    2003  45     -9       41
  AVERAGE         50                        56     -6       57

PRECIPITATION (IN)
  TODAY            0.00          1.18 1910   0.10  -0.10      T
  MONTH TO DATE    3.35                      2.56   0.79     1.72
  SINCE MAR 1      7.73                      6.46   1.27     4.36
  SINCE JAN 1     15.02                     12.41   2.61     9.95

SNOWFALL (IN)
  TODAY            0.0           T    1930   0.0    0.0
  MONTH TO DATE    T                         0.0    0.0
  SINCE JUL 1     39.0                      20.1   18.9
  SNOW DEPTH       0

DEGREE DAYS
 HEATING
  TODAY           15                         9      6        8
  MONTH TO DATE  300                       304     -4      249
  SINCE MAR 1   1113                       970    143      998
  SINCE JUL 1   4870                      4565    305     4290

 COOLING
  TODAY            0                         1     -1        0
  MONTH TO DATE    7                         6      1       26
  SINCE MAR 1      7                         7      0       26
  SINCE JAN 1      7                         7      0       26
..................................................................


WIND (MPH)
  HIGHEST WIND SPEED    17   HIGHEST WIND DIRECTION     W (280)
  HIGHEST GUST SPEED    24   HIGHEST GUST DIRECTION    NW (330)
  AVERAGE WIND SPEED     9.5


SKY COVER
  POSSIBLE SUNSHINE  MM
  AVERAGE SKY COVER 0.2


WEATHER CONDITIONS
 THE FOLLOWING WEATHER WAS RECORDED TODAY.
  NO SIGNIFICANT WEATHER WAS OBSERVED.


RELATIVE HUMIDITY (PERCENT)
 HIGHEST    70           400 AM
 LOWEST     19           300 PM
 AVERAGE    45

..........................................................


THE BALTIMORE MD CLIMATE NORMALS FOR TOMORROW
                         NORMAL    RECORD    YEAR
 MAXIMUM TEMPERATURE (F)   68        94      1960
 MINIMUM TEMPERATURE (F)   46        30      1956


SUNRISE AND SUNSET
APRIL 24 2014.........SUNRISE   617 AM EDT   SUNSET   753 PM EDT
APRIL 25 2014.........SUNRISE   616 AM EDT   SUNSET   754 PM EDT


-  INDICATES NEGATIVE NUMBERS.
R  INDICATES RECORD WAS SET OR TIED.
MM INDICATES DATA IS MISSING.
T  INDICATES TRACE AMOUNT.




$$
