000
CDUS41 KLWX 250525
CLIBWI


CLIMATE REPORT
NATIONAL WEATHER SERVICE BALTIMORE MD/WASHINGTON DC
125 AM EDT SUN JUN 25 2017


...................................

...THE BALTIMORE MD CLIMATE SUMMARY FOR JUNE 24 2017...

CLIMATE NORMAL PERIOD 1981 TO 2010
CLIMATE RECORD PERIOD 1871 TO 2017


WEATHER ITEM   OBSERVED TIME   RECORD YEAR NORMAL DEPARTURE LAST
                VALUE   (LST)  VALUE       VALUE  FROM      YEAR
                                                  NORMAL
..................................................................
TEMPERATURE (F)
 YESTERDAY
  MAXIMUM         87    319 PM 100    2010  86      1       81
  MINIMUM         65   1144 PM  50    1972  64      1       70
  AVERAGE         76                        75      1       76

PRECIPITATION (IN)
  YESTERDAY        0.15          1.36 1920   0.11   0.04     0.01
  MONTH TO DATE    1.40                      2.80  -1.40     2.64
  SINCE JUN 1      1.40                      2.80  -1.40     2.64
  SINCE JAN 1     18.53                     19.83  -1.30    20.49

SNOWFALL (IN)
  YESTERDAY        0.0          MM      MM   0.0    0.0
  MONTH TO DATE    0.0                       0.0    0.0
  SINCE JUL 1      3.0                      20.1  -17.1
  SNOW DEPTH       0

DEGREE DAYS
 HEATING
  YESTERDAY        0                         0      0        0
  MONTH TO DATE   11                        13     -2        4
  SINCE JUN 1     11                        13     -2        4
  SINCE JUL 1   3862                      4762   -900     4004

 COOLING
  YESTERDAY       11                        10      1       11
  MONTH TO DATE  229                       175     54      198
  SINCE JUN 1    229                       175     54      198
  SINCE JAN 1    337                       259     78      300
..................................................................


WIND (MPH)
  HIGHEST WIND SPEED    24   HIGHEST WIND DIRECTION     W (270)
  HIGHEST GUST SPEED    32   HIGHEST GUST DIRECTION     W (270)
  AVERAGE WIND SPEED    10.2


SKY COVER
  POSSIBLE SUNSHINE  MM
  AVERAGE SKY COVER 0.6


WEATHER CONDITIONS
 THE FOLLOWING WEATHER WAS RECORDED YESTERDAY.
  HEAVY RAIN
  RAIN
  LIGHT RAIN
  FOG


RELATIVE HUMIDITY (PERCENT)
 HIGHEST    94           300 AM
 LOWEST     37           400 PM
 AVERAGE    66

..........................................................


THE BALTIMORE MD CLIMATE NORMALS FOR TODAY
                         NORMAL    RECORD    YEAR
 MAXIMUM TEMPERATURE (F)   86        99      1997
 MINIMUM TEMPERATURE (F)   65        53      1979


SUNRISE AND SUNSET
JUNE 25 2017..........SUNRISE   542 AM EDT   SUNSET   837 PM EDT
JUNE 26 2017..........SUNRISE   542 AM EDT   SUNSET   837 PM EDT


-  INDICATES NEGATIVE NUMBERS.
R  INDICATES RECORD WAS SET OR TIED.
MM INDICATES DATA IS MISSING.
T  INDICATES TRACE AMOUNT.




$$
