000
CDUS41 KLWX 200528
CLIBWI


CLIMATE REPORT
NATIONAL WEATHER SERVICE BALTIMORE MD/WASHINGTON DC
1227 AM EST MON FEB 20 2017


...................................

...THE BALTIMORE MD CLIMATE SUMMARY FOR FEBRUARY 19 2017...

CLIMATE NORMAL PERIOD 1981 TO 2010
CLIMATE RECORD PERIOD 1870 TO 2017


WEATHER ITEM   OBSERVED TIME   RECORD YEAR NORMAL DEPARTURE LAST
                VALUE   (LST)  VALUE       VALUE  FROM      YEAR
                                                  NORMAL
..................................................................
TEMPERATURE (F)
 YESTERDAY
  MAXIMUM         71    246 PM  72    1997  46     25       39
  MINIMUM         49   1159 PM   5    1903  27     22       18
  AVERAGE         60                        36     24       29

PRECIPITATION (IN)
  YESTERDAY        T             1.76 1927   0.10  -0.10     0.00
  MONTH TO DATE    0.46                      1.95  -1.49     2.42
  SINCE DEC 1      5.92                      8.37  -2.45    11.77
  SINCE JAN 1      3.15                      5.00  -1.85     5.92

SNOWFALL (IN)
  YESTERDAY        0.0          16.4  1979   0.3   -0.3
  MONTH TO DATE    T                         5.9   -5.9
  SINCE JUL 1      0.7                      16.1  -15.4
  SNOW DEPTH       0

DEGREE DAYS
 HEATING
  YESTERDAY        5                        29    -24       36
  MONTH TO DATE  450                       573   -123      604
  SINCE DEC 1   2066                      2445   -379     2110
  SINCE JUL 1   2765                      3349   -584     2830

 COOLING
  YESTERDAY        0                         0      0        0
  MONTH TO DATE    0                         0      0        0
  SINCE DEC 1      0                         0      0        1
  SINCE JAN 1      0                         0      0        0
..................................................................


WIND (MPH)
  HIGHEST WIND SPEED    20   HIGHEST WIND DIRECTION    NW (300)
  HIGHEST GUST SPEED    25   HIGHEST GUST DIRECTION     W (280)
  AVERAGE WIND SPEED     9.2


SKY COVER
  POSSIBLE SUNSHINE  MM
  AVERAGE SKY COVER 0.5


WEATHER CONDITIONS
 THE FOLLOWING WEATHER WAS RECORDED YESTERDAY.
  LIGHT RAIN


RELATIVE HUMIDITY (PERCENT)
 HIGHEST    68          1100 PM
 LOWEST     33           400 PM
 AVERAGE    51

..........................................................


THE BALTIMORE MD CLIMATE NORMALS FOR TODAY
                         NORMAL    RECORD    YEAR
 MAXIMUM TEMPERATURE (F)   46        76      1930
 MINIMUM TEMPERATURE (F)   27         1      2015


SUNRISE AND SUNSET
FEBRUARY 20 2017......SUNRISE   652 AM EST   SUNSET   550 PM EST
FEBRUARY 21 2017......SUNRISE   650 AM EST   SUNSET   551 PM EST


-  INDICATES NEGATIVE NUMBERS.
R  INDICATES RECORD WAS SET OR TIED.
MM INDICATES DATA IS MISSING.
T  INDICATES TRACE AMOUNT.




$$
