000
CDUS41 KLWX 280525
CLIBWI


CLIMATE REPORT
NATIONAL WEATHER SERVICE BALTIMORE MD/WASHINGTON DC
123 AM EDT TUE MAR 28 2017


...................................

...THE BALTIMORE MD CLIMATE SUMMARY FOR MARCH 27 2017...

CLIMATE NORMAL PERIOD 1981 TO 2010
CLIMATE RECORD PERIOD 1870 TO 2017


WEATHER ITEM   OBSERVED TIME   RECORD YEAR NORMAL DEPARTURE LAST
                VALUE   (LST)  VALUE       VALUE  FROM      YEAR
                                                  NORMAL
..................................................................
TEMPERATURE (F)
 YESTERDAY
  MAXIMUM         70    328 PM  86    1921  58     12       55
  MINIMUM         44    638 AM  20    2014  37      7       46
                                      2001
                                      1894
  AVERAGE         57                        47     10       51

PRECIPITATION (IN)
  YESTERDAY        0.04          1.60 1919   0.14  -0.10     0.03
  MONTH TO DATE    2.07                      3.37  -1.30     1.82
  SINCE MAR 1      2.07                      3.37  -1.30     1.82
  SINCE JAN 1      6.22                      9.32  -3.10    11.02

SNOWFALL (IN)
  YESTERDAY        0.0           0.4  1924   0.1   -0.1
  MONTH TO DATE    2.3                       1.9    0.4
  SINCE JUL 1      3.0                      20.1  -17.1
  SNOW DEPTH       0

DEGREE DAYS
 HEATING
  YESTERDAY        8                        18    -10       14
  MONTH TO DATE  597                       598     -1      412
  SINCE MAR 1    597                       598     -1      412
  SINCE JUL 1   3488                      4193   -705     3433

 COOLING
  YESTERDAY        0                         0      0        0
  MONTH TO DATE    0                         0      0        4
  SINCE MAR 1      0                         0      0        4
  SINCE JAN 1      0                         0      0        4
..................................................................


WIND (MPH)
  HIGHEST WIND SPEED    12   HIGHEST WIND DIRECTION     E (70)
  HIGHEST GUST SPEED    13   HIGHEST GUST DIRECTION     E (100)
  AVERAGE WIND SPEED     3.5


SKY COVER
  POSSIBLE SUNSHINE  MM
  AVERAGE SKY COVER 0.8


WEATHER CONDITIONS
 THE FOLLOWING WEATHER WAS RECORDED YESTERDAY.
  LIGHT RAIN
  FOG
  FOG W/VISIBILITY <= 1/4 MILE
  HAZE


RELATIVE HUMIDITY (PERCENT)
 HIGHEST   100           100 AM
 LOWEST     61           300 PM
 AVERAGE    81

..........................................................


THE BALTIMORE MD CLIMATE NORMALS FOR TODAY
                         NORMAL    RECORD    YEAR
 MAXIMUM TEMPERATURE (F)   58        87      1945
 MINIMUM TEMPERATURE (F)   37        21      1982


SUNRISE AND SUNSET
MARCH 28 2017.........SUNRISE   657 AM EDT   SUNSET   727 PM EDT
MARCH 29 2017.........SUNRISE   655 AM EDT   SUNSET   728 PM EDT


-  INDICATES NEGATIVE NUMBERS.
R  INDICATES RECORD WAS SET OR TIED.
MM INDICATES DATA IS MISSING.
T  INDICATES TRACE AMOUNT.




$$
