000
CDUS41 KLWX 290527
CLIBWI


CLIMATE REPORT
NATIONAL WEATHER SERVICE BALTIMORE MD/WASHINGTON DC
126 AM EDT WED JUL 29 2015


...................................

...THE BALTIMORE MD CLIMATE SUMMARY FOR JULY 28 2015...

CLIMATE NORMAL PERIOD 1981 TO 2010
CLIMATE RECORD PERIOD 1870 TO 2015


WEATHER ITEM   OBSERVED TIME   RECORD YEAR NORMAL DEPARTURE LAST
                VALUE   (LST)  VALUE       VALUE  FROM      YEAR
                                                  NORMAL
..................................................................
TEMPERATURE (F)
 YESTERDAY
  MAXIMUM         91    224 PM 103    1941  87      4       86
  MINIMUM         72    528 AM  54    1962  67      5       65
  AVERAGE         82                        77      5       76

PRECIPITATION (IN)
  YESTERDAY        0.00          2.28 1871   0.13  -0.13     0.00
  MONTH TO DATE    2.09                      3.67  -1.58     2.80
  SINCE JUN 1     15.18                      7.13   8.05     6.75
  SINCE JAN 1     32.38                     24.16   8.22    30.37

SNOWFALL (IN)
  YESTERDAY        0.0          MM      MM   0.0    0.0
  MONTH TO DATE    0.0                       0.0    0.0
  SINCE JUL 1      0.0                       0.0    0.0
  SNOW DEPTH       0

DEGREE DAYS
 HEATING
  YESTERDAY        0                         0      0        0
  MONTH TO DATE    0                         0      0        0
  SINCE JUN 1     14                        15     -1        2
  SINCE JUL 1      0                         0      0        0

 COOLING
  YESTERDAY       17                        12      5       11
  MONTH TO DATE  339                       334      5      321
  SINCE JUN 1    635                       572     63      577
  SINCE JAN 1    824                       656    168      662
..................................................................


WIND (MPH)
  HIGHEST WIND SPEED    10   HIGHEST WIND DIRECTION     E (110)
  HIGHEST GUST SPEED    14   HIGHEST GUST DIRECTION    SE (140)
  AVERAGE WIND SPEED     2.6


SKY COVER
  POSSIBLE SUNSHINE  MM
  AVERAGE SKY COVER 0.5


WEATHER CONDITIONS
 THE FOLLOWING WEATHER WAS RECORDED YESTERDAY.
  FOG
  HAZE


RELATIVE HUMIDITY (PERCENT)
 HIGHEST   100          1200 AM
 LOWEST     44           500 PM
 AVERAGE    72

..........................................................


THE BALTIMORE MD CLIMATE NORMALS FOR TODAY
                         NORMAL    RECORD    YEAR
 MAXIMUM TEMPERATURE (F)   87       101      2011
 MINIMUM TEMPERATURE (F)   67        59      2014
                                             1978


SUNRISE AND SUNSET
JULY 29 2015..........SUNRISE   604 AM EDT   SUNSET   822 PM EDT
JULY 30 2015..........SUNRISE   605 AM EDT   SUNSET   821 PM EDT


-  INDICATES NEGATIVE NUMBERS.
R  INDICATES RECORD WAS SET OR TIED.
MM INDICATES DATA IS MISSING.
T  INDICATES TRACE AMOUNT.




$$
