000
CDUS45 KRIW 260745
CLIBYG


CLIMATE REPORT
NATIONAL WEATHER SERVICE RIVERTON WY
138 AM MDT THU MAR 26 2015


...................................

...THE BUFFALO WY CLIMATE SUMMARY FOR MARCH 25 2015...

CLIMATE NORMAL PERIOD 1981 TO 2010
CLIMATE RECORD PERIOD 1998 TO 2015


WEATHER ITEM   OBSERVED TIME   RECORD YEAR NORMAL DEPARTURE LAST
                VALUE   (LST)  VALUE       VALUE  FROM      YEAR
                                                  NORMAL
..................................................................
TEMPERATURE (F)
 YESTERDAY
  MAXIMUM         44    435 PM  75    2007  48     -4       53
  MINIMUM         29    855 AM   6    2013  25      4       19
  AVERAGE         37                        37      0       36

PRECIPITATION (IN)
  YESTERDAY        0.05          0.13 2009   0.04   0.01     0.00
  MONTH TO DATE    0.08                      0.67  -0.59     0.29
  SINCE MAR 1      0.08                      0.67  -0.59     0.29
  SINCE JAN 1      0.72                      1.44  -0.72     0.65

DEGREE DAYS
 HEATING
  YESTERDAY       28                        28      0       29
  MONTH TO DATE  606                       787   -181      825
  SINCE MAR 1    606                       787   -181      825
  SINCE JUL 1   5302                      6027   -725     6069

 COOLING
  YESTERDAY        0                         0      0        0
  MONTH TO DATE    0                         0      0        0
  SINCE MAR 1      0                         0      0        0
  SINCE JAN 1      0                         0      0        0
..................................................................


WIND (MPH)
  HIGHEST WIND SPEED    21   HIGHEST WIND DIRECTION     N (350)
  HIGHEST GUST SPEED    26   HIGHEST GUST DIRECTION     N (340)
  AVERAGE WIND SPEED     6.9


SKY COVER
  POSSIBLE SUNSHINE  MM
  AVERAGE SKY COVER 0.8


WEATHER CONDITIONS
 THE FOLLOWING WEATHER WAS RECORDED YESTERDAY.
  SNOW
  LIGHT SNOW
  FOG
  FOG W/VISIBILITY <= 1/4 MILE


RELATIVE HUMIDITY (PERCENT)
 HIGHEST   100           100 AM
 LOWEST     55           200 PM
 AVERAGE    78

..........................................................


THE BUFFALO WY CLIMATE NORMALS FOR TODAY
                         NORMAL    RECORD    YEAR
 MAXIMUM TEMPERATURE (F)   49        73      2012
 MINIMUM TEMPERATURE (F)   26         8      2009


SUNRISE AND SUNSET
MARCH 26 2015.........SUNRISE   659 AM MDT   SUNSET   727 PM MDT
MARCH 27 2015.........SUNRISE   657 AM MDT   SUNSET   728 PM MDT


-  INDICATES NEGATIVE NUMBERS.
R  INDICATES RECORD WAS SET OR TIED.
MM INDICATES DATA IS MISSING.
T  INDICATES TRACE AMOUNT.




$$
