000
CDUS45 KRIW 020045
CLIBYG


CLIMATE REPORT
NATIONAL WEATHER SERVICE RIVERTON WY
636 PM MDT WED JUL 1 2015


...................................

...THE BUFFALO WY CLIMATE SUMMARY FOR JULY 1 2015...
VALID TODAY AS OF 0500 PM LOCAL TIME.

CLIMATE NORMAL PERIOD 1981 TO 2010
CLIMATE RECORD PERIOD 1998 TO 2015


WEATHER ITEM   OBSERVED TIME   RECORD YEAR NORMAL DEPARTURE LAST
                VALUE   (LST)  VALUE       VALUE  FROM      YEAR
                                                  NORMAL
..................................................................
TEMPERATURE (F)
 TODAY
  MAXIMUM         86        MM 101    2012  81      5       68
  MINIMUM         59        MM  42    1999  54      5       51
  AVERAGE         73

PRECIPITATION (IN)
  TODAY            0.00          0.41 2006   0.05  -0.05     0.00
  MONTH TO DATE    0.00                      0.05  -0.05     0.00
  SINCE JUN 1      3.23                      2.33   0.90     2.91
  SINCE JAN 1     10.49                      7.85   2.64     6.67

DEGREE DAYS
 HEATING
  TODAY            0                         2     -2        5
  MONTH TO DATE    0                         2     -2        5
  SINCE JUN 1     54                       165   -111      211
  SINCE JUL 1      0                         2     -2        5

 COOLING
  TODAY            8                         4      4        0
  MONTH TO DATE    8                         4      4        0
  SINCE JUN 1     78                        55     23        5
  SINCE JAN 1     78                        62     16       16
..................................................................


WIND (MPH)
  HIGHEST WIND SPEED    12   HIGHEST WIND DIRECTION    NW (310)
  HIGHEST GUST SPEED    MM   HIGHEST GUST DIRECTION    MM
  AVERAGE WIND SPEED     6.4


SKY COVER
  POSSIBLE SUNSHINE  MM
  AVERAGE SKY COVER 0.1


WEATHER CONDITIONS
 THE FOLLOWING WEATHER WAS RECORDED TODAY.
  NO SIGNIFICANT WEATHER WAS OBSERVED.


RELATIVE HUMIDITY (PERCENT)
 HIGHEST    58           600 AM
 LOWEST     32           900 AM
 AVERAGE    45

..........................................................


THE BUFFALO WY CLIMATE NORMALS FOR TOMORROW
                         NORMAL    RECORD    YEAR
 MAXIMUM TEMPERATURE (F)   81        95      2007
 MINIMUM TEMPERATURE (F)   54        46      2014


SUNRISE AND SUNSET
JULY  1 2015..........SUNRISE   526 AM MDT   SUNSET   855 PM MDT
JULY  2 2015..........SUNRISE   527 AM MDT   SUNSET   855 PM MDT


-  INDICATES NEGATIVE NUMBERS.
R  INDICATES RECORD WAS SET OR TIED.
MM INDICATES DATA IS MISSING.
T  INDICATES TRACE AMOUNT.




$$
