000
CDUS45 KRIW 060738
CLIBYG


CLIMATE REPORT
NATIONAL WEATHER SERVICE RIVERTON WY
1233 AM MST FRI MAR 6 2015


...................................

...THE BUFFALO WY CLIMATE SUMMARY FOR MARCH 5 2015...

CLIMATE NORMAL PERIOD 1981 TO 2010
CLIMATE RECORD PERIOD 1998 TO 2015


WEATHER ITEM   OBSERVED TIME   RECORD YEAR NORMAL DEPARTURE LAST
                VALUE   (LST)  VALUE       VALUE  FROM      YEAR
                                                  NORMAL
..................................................................
TEMPERATURE (F)
 YESTERDAY
  MAXIMUM         42    120 PM  63    2000  43     -1       52
  MINIMUM         11    109 AM  -2    2003  20     -9       27
  AVERAGE         27                        32     -5       40

PRECIPITATION (IN)
  YESTERDAY        0.00          0.23 1999   0.02  -0.02     0.00
  MONTH TO DATE    T                         0.10  -0.10     0.08
  SINCE MAR 1      T                         0.10  -0.10     0.08
  SINCE JAN 1      0.64                      0.87  -0.23     0.44

DEGREE DAYS
 HEATING
  YESTERDAY       38                        34      4       25
  MONTH TO DATE  241                       171     70      227
  SINCE MAR 1    241                       171     70      227
  SINCE JUL 1   4937                      5411   -474     5471

 COOLING
  YESTERDAY        0                         0      0        0
  MONTH TO DATE    0                         0      0        0
  SINCE MAR 1      0                         0      0        0
  SINCE JAN 1      0                         0      0        0
..................................................................


WIND (MPH)
  HIGHEST WIND SPEED    12   HIGHEST WIND DIRECTION    SW (210)
  HIGHEST GUST SPEED    15   HIGHEST GUST DIRECTION    SW (210)
  AVERAGE WIND SPEED     4.7


SKY COVER
  POSSIBLE SUNSHINE  MM
  AVERAGE SKY COVER 0.1


WEATHER CONDITIONS
 THE FOLLOWING WEATHER WAS RECORDED YESTERDAY.
  NO SIGNIFICANT WEATHER WAS OBSERVED.


RELATIVE HUMIDITY (PERCENT)
 HIGHEST    53           900 PM
 LOWEST     30           400 PM
 AVERAGE    42

..........................................................


THE BUFFALO WY CLIMATE NORMALS FOR TODAY
                         NORMAL    RECORD    YEAR
 MAXIMUM TEMPERATURE (F)   43        63      2006
 MINIMUM TEMPERATURE (F)   20         5      2003


SUNRISE AND SUNSET
MARCH  6 2015.........SUNRISE   636 AM MST   SUNSET   601 PM MST
MARCH  7 2015.........SUNRISE   634 AM MST   SUNSET   603 PM MST


-  INDICATES NEGATIVE NUMBERS.
R  INDICATES RECORD WAS SET OR TIED.
MM INDICATES DATA IS MISSING.
T  INDICATES TRACE AMOUNT.




$$
