000
CDUS45 KRIW 290041
CLIBYG


CLIMATE REPORT
NATIONAL WEATHER SERVICE RIVERTON WY
537 PM MST SUN DEC 28 2014


...................................

...THE BUFFALO WY CLIMATE SUMMARY FOR DECEMBER 28 2014...
VALID TODAY AS OF 0500 PM LOCAL TIME.

CLIMATE NORMAL PERIOD 1981 TO 2010
CLIMATE RECORD PERIOD 1998 TO 2014


WEATHER ITEM   OBSERVED TIME   RECORD YEAR NORMAL DEPARTURE LAST
                VALUE   (LST)  VALUE       VALUE  FROM      YEAR
                                                  NORMAL
..................................................................
TEMPERATURE (F)
 TODAY
  MAXIMUM         28        MM  63    2004  38    -10       52
  MINIMUM         15        MM   2    2001  15      0        3
  AVERAGE         22

PRECIPITATION (IN)
  TODAY            T             0.01 2006   0.02  -0.02      T
                                      2006
                                      2012
  MONTH TO DATE    0.07                      0.37  -0.30     0.21
  SINCE DEC 1      0.07                      0.37  -0.30     0.21
  SINCE JAN 1     11.93                     13.42  -1.49    10.34

DEGREE DAYS
 HEATING
  TODAY           43                        39      4       37
  MONTH TO DATE  730                      1100   -370      983
  SINCE DEC 1    730                      1100   -370      983
  SINCE JUL 1   2486                      2934   -448     2691

 COOLING
  TODAY            0                         0      0        0
  MONTH TO DATE    0                         0      0        0
  SINCE DEC 1      0                         0      0        0
  SINCE JAN 1    387                       492   -105      709
..................................................................


WIND (MPH)
  HIGHEST WIND SPEED     9   HIGHEST WIND DIRECTION     W (250)
  HIGHEST GUST SPEED    MM   HIGHEST GUST DIRECTION    MM
  AVERAGE WIND SPEED     5.9


SKY COVER
  POSSIBLE SUNSHINE  MM
  AVERAGE SKY COVER 0.7


WEATHER CONDITIONS
 THE FOLLOWING WEATHER WAS RECORDED TODAY.
  LIGHT SNOW
  FOG


RELATIVE HUMIDITY (PERCENT)
 HIGHEST    75           300 PM
 LOWEST     53          1200 AM
 AVERAGE    64

..........................................................


THE BUFFALO WY CLIMATE NORMALS FOR TOMORROW
                         NORMAL    RECORD    YEAR
 MAXIMUM TEMPERATURE (F)   38        54      2002
 MINIMUM TEMPERATURE (F)   15         0      2001


SUNRISE AND SUNSET
DECEMBER 28 2014......SUNRISE   742 AM MST   SUNSET   435 PM MST
DECEMBER 29 2014......SUNRISE   743 AM MST   SUNSET   436 PM MST


-  INDICATES NEGATIVE NUMBERS.
R  INDICATES RECORD WAS SET OR TIED.
MM INDICATES DATA IS MISSING.
T  INDICATES TRACE AMOUNT.




$$
