000
CDUS45 KRIW 220038
CLIBYG


CLIMATE REPORT
NATIONAL WEATHER SERVICE RIVERTON WY
537 PM MST TUE FEB 21 2017


...................................

...THE BUFFALO WY CLIMATE SUMMARY FOR FEBRUARY 21 2017...
VALID TODAY AS OF 0500 PM LOCAL TIME.

CLIMATE NORMAL PERIOD 1981 TO 2010
CLIMATE RECORD PERIOD 1998 TO 2017


WEATHER ITEM   OBSERVED TIME   RECORD YEAR NORMAL DEPARTURE LAST
                VALUE   (LST)  VALUE       VALUE  FROM      YEAR
                                                  NORMAL
..................................................................
TEMPERATURE (F)
 TODAY
  MAXIMUM         62R       MM  60    2000  39     23       44
  MINIMUM         41    300 AM  -3    2011  18     23       23
  AVERAGE         52

PRECIPITATION (IN)
  TODAY            T             0.02 2015   0.01  -0.01     0.00
  MONTH TO DATE    0.16                      0.26  -0.10     0.45
  SINCE DEC 1      0.51                      1.08  -0.57     0.68
  SINCE JAN 1      0.26                      0.68  -0.42     0.58

DEGREE DAYS
 HEATING
  TODAY           13                        36    -23       31
  MONTH TO DATE  634                       786   -152      598
  SINCE DEC 1   3379                      3159    220     2755
  SINCE JUL 1   4561                      4993   -432     4184

 COOLING
  TODAY            0                         0      0        0
  MONTH TO DATE    0                         0      0        0
  SINCE DEC 1      0                         0      0        0
  SINCE JAN 1      0                         0      0        0
..................................................................


WIND (MPH)
  HIGHEST WIND SPEED    30   HIGHEST WIND DIRECTION    SW (240)
  HIGHEST GUST SPEED    45   HIGHEST GUST DIRECTION    SW (230)
  AVERAGE WIND SPEED    14.5


SKY COVER
  POSSIBLE SUNSHINE  MM
  AVERAGE SKY COVER 0.2


WEATHER CONDITIONS
 THE FOLLOWING WEATHER WAS RECORDED TODAY.
  NO SIGNIFICANT WEATHER WAS OBSERVED.


RELATIVE HUMIDITY (PERCENT)
 HIGHEST    53           300 AM
 LOWEST     25           100 PM
 AVERAGE    39

..........................................................


THE BUFFALO WY CLIMATE NORMALS FOR TOMORROW
                         NORMAL    RECORD    YEAR
 MAXIMUM TEMPERATURE (F)   39        61      2002
 MINIMUM TEMPERATURE (F)   19        -1      2015
                                             2003


SUNRISE AND SUNSET
FEBRUARY 21 2017......SUNRISE   657 AM MST   SUNSET   545 PM MST
FEBRUARY 22 2017......SUNRISE   655 AM MST   SUNSET   546 PM MST


-  INDICATES NEGATIVE NUMBERS.
R  INDICATES RECORD WAS SET OR TIED.
MM INDICATES DATA IS MISSING.
T  INDICATES TRACE AMOUNT.




$$
