000
CDUS45 KRIW 290030
CLIBYG


CLIMATE REPORT
NATIONAL WEATHER SERVICE RIVERTON WY
629 PM MDT WED JUN 28 2017


...................................

...THE BUFFALO WY CLIMATE SUMMARY FOR JUNE 28 2017...
VALID TODAY AS OF 0500 PM LOCAL TIME.

CLIMATE NORMAL PERIOD 1981 TO 2010
CLIMATE RECORD PERIOD 1998 TO 2017


WEATHER ITEM   OBSERVED TIME   RECORD YEAR NORMAL DEPARTURE LAST
                VALUE   (LST)  VALUE       VALUE  FROM      YEAR
                                                  NORMAL
..................................................................
TEMPERATURE (F)
 TODAY
  MAXIMUM         80        MM 100    2002  80      0       90
  MINIMUM         51        MM  40    1999  53     -2       56
  AVERAGE         66

PRECIPITATION (IN)
  TODAY            0.16          0.20 2003   0.06   0.10     0.18
                                      2003
                                      2014
  MONTH TO DATE    1.57                      2.18  -0.61     0.38
  SINCE JUN 1      1.57                      2.18  -0.61     0.38
  SINCE JAN 1      9.85                      7.70   2.15     5.30

DEGREE DAYS
 HEATING
  TODAY            0                         2     -2        0
  MONTH TO DATE   83                       158    -75       15
  SINCE JUN 1     83                       158    -75       15
  SINCE JUL 1   6522                      7412   -890     5914

 COOLING
  TODAY            1                         4     -3        8
  MONTH TO DATE   47                        45      2      120
  SINCE JUN 1     47                        45      2      120
  SINCE JAN 1     58                        52      6      125
..................................................................


WIND (MPH)
  HIGHEST WIND SPEED    32   HIGHEST WIND DIRECTION     W (250)
  HIGHEST GUST SPEED    50   HIGHEST GUST DIRECTION     W (250)
  AVERAGE WIND SPEED     8.6


SKY COVER
  POSSIBLE SUNSHINE  MM
  AVERAGE SKY COVER 0.1


WEATHER CONDITIONS
 THE FOLLOWING WEATHER WAS RECORDED TODAY.
  THUNDERSTORM
  LIGHT RAIN


RELATIVE HUMIDITY (PERCENT)
 HIGHEST    72          1200 AM
 LOWEST     33          1200 PM
 AVERAGE    53

..........................................................


THE BUFFALO WY CLIMATE NORMALS FOR TOMORROW
                         NORMAL    RECORD    YEAR
 MAXIMUM TEMPERATURE (F)   80       102      2002
 MINIMUM TEMPERATURE (F)   53        45      2008


SUNRISE AND SUNSET
JUNE 28 2017..........SUNRISE   525 AM MDT   SUNSET   855 PM MDT
JUNE 29 2017..........SUNRISE   526 AM MDT   SUNSET   855 PM MDT


-  INDICATES NEGATIVE NUMBERS.
R  INDICATES RECORD WAS SET OR TIED.
MM INDICATES DATA IS MISSING.
T  INDICATES TRACE AMOUNT.




$$
