000
CDUS45 KRIW 170733
CLIBYG


CLIMATE REPORT
NATIONAL WEATHER SERVICE RIVERTON WY
131 AM MDT TUE OCT 17 2017


...................................

...THE BUFFALO WY CLIMATE SUMMARY FOR OCTOBER 16 2017...

CLIMATE NORMAL PERIOD 1981 TO 2010
CLIMATE RECORD PERIOD 1998 TO 2017


WEATHER ITEM   OBSERVED TIME   RECORD YEAR NORMAL DEPARTURE LAST
                VALUE   (LST)  VALUE       VALUE  FROM      YEAR
                                                  NORMAL
..................................................................
TEMPERATURE (F)
 YESTERDAY
  MAXIMUM         72R   306 PM  72    2005  58     14       68
  MINIMUM         38   1201 AM  24    1999  34      4       48
  AVERAGE         55                        46      9       58

PRECIPITATION (IN)
  YESTERDAY        0.00          0.49 1998   0.04  -0.04      T
  MONTH TO DATE    0.24                      0.64  -0.40     1.43
  SINCE SEP 1      2.03                      1.95   0.08     4.67
  SINCE JAN 1     13.93                     12.22   1.71    10.99

DEGREE DAYS
 HEATING
  YESTERDAY       10                        19     -9        7
  MONTH TO DATE  270                       269      1      231
  SINCE SEP 1    547                       518     29      403
  SINCE JUL 1    569                       583    -14      442

 COOLING
  YESTERDAY        0                         0      0        0
  MONTH TO DATE    0                         0      0        2
  SINCE SEP 1     90                        45     45       38
  SINCE JAN 1    622                       491    131      632
..................................................................


WIND (MPH)
  HIGHEST WIND SPEED    14   HIGHEST WIND DIRECTION     N (360)
  HIGHEST GUST SPEED    16   HIGHEST GUST DIRECTION     N (360)
  AVERAGE WIND SPEED     7.1


SKY COVER
  POSSIBLE SUNSHINE  MM
  AVERAGE SKY COVER 0.0


WEATHER CONDITIONS
 THE FOLLOWING WEATHER WAS RECORDED YESTERDAY.
  NO SIGNIFICANT WEATHER WAS OBSERVED.


RELATIVE HUMIDITY (PERCENT)
 HIGHEST    38          1200 AM
 LOWEST     12           300 PM
 AVERAGE    25

..........................................................


THE BUFFALO WY CLIMATE NORMALS FOR TODAY
                         NORMAL    RECORD    YEAR
 MAXIMUM TEMPERATURE (F)   57        83      2003
 MINIMUM TEMPERATURE (F)   34        22      2006


SUNRISE AND SUNSET
OCTOBER 17 2017.......SUNRISE   725 AM MDT   SUNSET   619 PM MDT
OCTOBER 18 2017.......SUNRISE   726 AM MDT   SUNSET   617 PM MDT


-  INDICATES NEGATIVE NUMBERS.
R  INDICATES RECORD WAS SET OR TIED.
MM INDICATES DATA IS MISSING.
T  INDICATES TRACE AMOUNT.




$$
