000
CDUS45 KRIW 310741
CLIBYG


CLIMATE REPORT
NATIONAL WEATHER SERVICE RIVERTON WY
131 AM MDT WED AUG 31 2016


...................................

...THE BUFFALO WY CLIMATE SUMMARY FOR AUGUST 30 2016...

CLIMATE NORMAL PERIOD 1981 TO 2010
CLIMATE RECORD PERIOD 1998 TO 2016


WEATHER ITEM   OBSERVED TIME   RECORD YEAR NORMAL DEPARTURE LAST
                VALUE   (LST)  VALUE       VALUE  FROM      YEAR
                                                  NORMAL
..................................................................
TEMPERATURE (F)
 YESTERDAY
  MAXIMUM         93    117 PM  96    2008  80     13       90
  MINIMUM         59    521 AM  45    2005  52      7       68
  AVERAGE         76                        66     10       79

PRECIPITATION (IN)
  YESTERDAY        0.00          0.25 2014   0.01  -0.01      T
  MONTH TO DATE    0.52                      0.79  -0.27     1.15
  SINCE JUN 1      1.40                      4.73  -3.33     5.15
  SINCE JAN 1      6.32                     10.25  -3.93    12.41

DEGREE DAYS
 HEATING
  YESTERDAY        0                         3     -3        0
  MONTH TO DATE   38                        39     -1       49
  SINCE JUN 1     54                       227   -173      133
  SINCE JUL 1     39                        64    -25       79

 COOLING
  YESTERDAY       11                         4      7       14
  MONTH TO DATE  180                       180      0      222
  SINCE JUN 1    576                       434    142      440
  SINCE JAN 1    581                       441    140      440
..................................................................


WIND (MPH)
  HIGHEST WIND SPEED    26   HIGHEST WIND DIRECTION    SE (150)
  HIGHEST GUST SPEED    36   HIGHEST GUST DIRECTION    SE (150)
  AVERAGE WIND SPEED    13.9


SKY COVER
  POSSIBLE SUNSHINE  MM
  AVERAGE SKY COVER 0.0


WEATHER CONDITIONS
 THE FOLLOWING WEATHER WAS RECORDED YESTERDAY.
  NO SIGNIFICANT WEATHER WAS OBSERVED.


RELATIVE HUMIDITY (PERCENT)
 HIGHEST    51           400 AM
 LOWEST     11           400 PM
 AVERAGE    31

..........................................................


THE BUFFALO WY CLIMATE NORMALS FOR TODAY
                         NORMAL    RECORD    YEAR
 MAXIMUM TEMPERATURE (F)   80        94      2011
                                             2007
 MINIMUM TEMPERATURE (F)   51        39      2005


SUNRISE AND SUNSET
AUGUST 31 2016........SUNRISE   629 AM MDT   SUNSET   744 PM MDT
SEPTEMBER  1 2016.....SUNRISE   630 AM MDT   SUNSET   742 PM MDT


-  INDICATES NEGATIVE NUMBERS.
R  INDICATES RECORD WAS SET OR TIED.
MM INDICATES DATA IS MISSING.
T  INDICATES TRACE AMOUNT.




$$
