000
CDUS45 KRIW 280738
CLIBYG


CLIMATE REPORT
NATIONAL WEATHER SERVICE RIVERTON WY
129 AM MDT WED SEP 28 2016


...................................

...THE BUFFALO WY CLIMATE SUMMARY FOR SEPTEMBER 27 2016...

CLIMATE NORMAL PERIOD 1981 TO 2010
CLIMATE RECORD PERIOD 1998 TO 2016


WEATHER ITEM   OBSERVED TIME   RECORD YEAR NORMAL DEPARTURE LAST
                VALUE   (LST)  VALUE       VALUE  FROM      YEAR
                                                  NORMAL
..................................................................
TEMPERATURE (F)
 YESTERDAY
  MAXIMUM         81    226 PM  86    2001  65     16       77
  MINIMUM         52    341 AM  29    1999  40     12       55
  AVERAGE         67                        53     14       66

PRECIPITATION (IN)
  YESTERDAY        0.00          0.57 2013   0.05  -0.05     0.01
  MONTH TO DATE    3.24                      1.13   2.11     0.11
  SINCE SEP 1      3.24                      1.13   2.11     0.11
  SINCE JAN 1      9.56                     11.40  -1.84    12.52

DEGREE DAYS
 HEATING
  YESTERDAY        0                        13    -13        0
  MONTH TO DATE  172                       208    -36       57
  SINCE SEP 1    172                       208    -36       57
  SINCE JUL 1    211                       273    -62      136

 COOLING
  YESTERDAY        2                         0      2        1
  MONTH TO DATE   32                        44    -12      107
  SINCE SEP 1     32                        44    -12      107
  SINCE JAN 1    626                       490    136      550
..................................................................


WIND (MPH)
  HIGHEST WIND SPEED    15   HIGHEST WIND DIRECTION     N (340)
  HIGHEST GUST SPEED    22   HIGHEST GUST DIRECTION     N (350)
  AVERAGE WIND SPEED     8.1


SKY COVER
  POSSIBLE SUNSHINE  MM
  AVERAGE SKY COVER 0.0


WEATHER CONDITIONS
 THE FOLLOWING WEATHER WAS RECORDED YESTERDAY.
  NO SIGNIFICANT WEATHER WAS OBSERVED.


RELATIVE HUMIDITY (PERCENT)
 HIGHEST    53           700 PM
 LOWEST     19          1100 AM
 AVERAGE    36

..........................................................


THE BUFFALO WY CLIMATE NORMALS FOR TODAY
                         NORMAL    RECORD    YEAR
 MAXIMUM TEMPERATURE (F)   65        91      2001
 MINIMUM TEMPERATURE (F)   40        28      1999


SUNRISE AND SUNSET
SEPTEMBER 28 2016.....SUNRISE   702 AM MDT   SUNSET   652 PM MDT
SEPTEMBER 29 2016.....SUNRISE   703 AM MDT   SUNSET   650 PM MDT


-  INDICATES NEGATIVE NUMBERS.
R  INDICATES RECORD WAS SET OR TIED.
MM INDICATES DATA IS MISSING.
T  INDICATES TRACE AMOUNT.




$$
