000
CDUS45 KRIW 210738
CLIBYG


CLIMATE REPORT
NATIONAL WEATHER SERVICE RIVERTON WY
1237 AM MST SAT JAN 21 2017


...................................

...THE BUFFALO WY CLIMATE SUMMARY FOR JANUARY 20 2017...

CLIMATE NORMAL PERIOD 1981 TO 2010
CLIMATE RECORD PERIOD 1998 TO 2017


WEATHER ITEM   OBSERVED TIME   RECORD YEAR NORMAL DEPARTURE LAST
                VALUE   (LST)  VALUE       VALUE  FROM      YEAR
                                                  NORMAL
..................................................................
TEMPERATURE (F)
 YESTERDAY
  MAXIMUM         37    103 AM  63    2005  38     -1       38
  MINIMUM         29   1158 PM  -8    2008  17     12       24
  AVERAGE         33                        28      5       31

PRECIPITATION (IN)
  YESTERDAY        0.05          0.08 2003   0.02   0.03      T
  MONTH TO DATE    0.05                      0.25  -0.20     0.11
  SINCE DEC 1      0.30                      0.65  -0.35     0.21
  SINCE JAN 1      0.05                      0.25  -0.20     0.11

DEGREE DAYS
 HEATING
  YESTERDAY       32                        37     -5       34
  MONTH TO DATE  908                       746    162      718
  SINCE DEC 1   2329                      1959    370     1828
  SINCE JUL 1   3511                      3793   -282     3257

 COOLING
  YESTERDAY        0                         0      0        0
  MONTH TO DATE    0                         0      0        0
  SINCE DEC 1      0                         0      0        0
  SINCE JAN 1      0                         0      0        0
..................................................................


WIND (MPH)
  HIGHEST WIND SPEED    25   HIGHEST WIND DIRECTION     E (80)
  HIGHEST GUST SPEED    30   HIGHEST GUST DIRECTION     E (80)
  AVERAGE WIND SPEED     5.2


SKY COVER
  POSSIBLE SUNSHINE  MM
  AVERAGE SKY COVER 0.9


WEATHER CONDITIONS
 THE FOLLOWING WEATHER WAS RECORDED YESTERDAY.
  LIGHT SNOW
  FOG


RELATIVE HUMIDITY (PERCENT)
 HIGHEST    89          1000 AM
 LOWEST     52           100 AM
 AVERAGE    71

..........................................................


THE BUFFALO WY CLIMATE NORMALS FOR TODAY
                         NORMAL    RECORD    YEAR
 MAXIMUM TEMPERATURE (F)   38        57      2009
 MINIMUM TEMPERATURE (F)   17       -14      2008


SUNRISE AND SUNSET
JANUARY 21 2017.......SUNRISE   735 AM MST   SUNSET   502 PM MST
JANUARY 22 2017.......SUNRISE   735 AM MST   SUNSET   503 PM MST


-  INDICATES NEGATIVE NUMBERS.
R  INDICATES RECORD WAS SET OR TIED.
MM INDICATES DATA IS MISSING.
T  INDICATES TRACE AMOUNT.




$$
