000
CDUS45 KRIW 090734
CLIBYG


CLIMATE REPORT
NATIONAL WEATHER SERVICE RIVERTON WY
1228 AM MST TUE FEB 9 2016


...................................

...THE BUFFALO WY CLIMATE SUMMARY FOR FEBRUARY 8 2016...

CLIMATE NORMAL PERIOD 1981 TO 2010
CLIMATE RECORD PERIOD 1998 TO 2016


WEATHER ITEM   OBSERVED TIME   RECORD YEAR NORMAL DEPARTURE LAST
                VALUE   (LST)  VALUE       VALUE  FROM      YEAR
                                                  NORMAL
..................................................................
TEMPERATURE (F)
 YESTERDAY
  MAXIMUM         48    327 PM  60    2015  37     11       60
  MINIMUM         22    350 AM  -8    2011  18      4       37
                                      2001
  AVERAGE         35                        27      8       49

PRECIPITATION (IN)
  YESTERDAY        0.00          0.03 2014   0.01  -0.01     0.00
  MONTH TO DATE    0.22                      0.10   0.12     0.03
  SINCE DEC 1      0.45                      0.92  -0.47     0.27
  SINCE JAN 1      0.35                      0.52  -0.17     0.19

DEGREE DAYS
 HEATING
  YESTERDAY       30                        38     -8       16
  MONTH TO DATE  306                       304      2      215
  SINCE DEC 1   2463                      2677   -214     2200
  SINCE JUL 1   3892                      4511   -619     3956

 COOLING
  YESTERDAY        0                         0      0        0
  MONTH TO DATE    0                         0      0        0
  SINCE DEC 1      0                         0      0        0
  SINCE JAN 1      0                         0      0        0
..................................................................


WIND (MPH)
  HIGHEST WIND SPEED    24   HIGHEST WIND DIRECTION     N (360)
  HIGHEST GUST SPEED    33   HIGHEST GUST DIRECTION     N (360)
  AVERAGE WIND SPEED     7.2


SKY COVER
  POSSIBLE SUNSHINE  MM
  AVERAGE SKY COVER 0.4


WEATHER CONDITIONS
 THE FOLLOWING WEATHER WAS RECORDED YESTERDAY.
  NO SIGNIFICANT WEATHER WAS OBSERVED.


RELATIVE HUMIDITY (PERCENT)
 HIGHEST    60           500 AM
 LOWEST     42          1000 PM
 AVERAGE    51

..........................................................


THE BUFFALO WY CLIMATE NORMALS FOR TODAY
                         NORMAL    RECORD    YEAR
 MAXIMUM TEMPERATURE (F)   37        65      2015
 MINIMUM TEMPERATURE (F)   18        -8      2011


SUNRISE AND SUNSET
FEBRUARY  9 2016......SUNRISE   716 AM MST   SUNSET   527 PM MST
FEBRUARY 10 2016......SUNRISE   714 AM MST   SUNSET   528 PM MST


-  INDICATES NEGATIVE NUMBERS.
R  INDICATES RECORD WAS SET OR TIED.
MM INDICATES DATA IS MISSING.
T  INDICATES TRACE AMOUNT.




$$
