000
CDUS45 KRIW 020735
CLIBYG


CLIMATE REPORT
NATIONAL WEATHER SERVICE RIVERTON WY
135 AM MDT MON MAY 2 2016


...................................

...THE BUFFALO WY CLIMATE SUMMARY FOR MAY 1 2016...

CLIMATE NORMAL PERIOD 1981 TO 2010
CLIMATE RECORD PERIOD 1998 TO 2016


WEATHER ITEM   OBSERVED TIME   RECORD YEAR NORMAL DEPARTURE LAST
                VALUE   (LST)  VALUE       VALUE  FROM      YEAR
                                                  NORMAL
..................................................................
TEMPERATURE (F)
 YESTERDAY
  MAXIMUM         MM        MM  78    2007  59     MM       73
  MINIMUM         MM        MM  21    2005  37     MM       37
  AVERAGE         MM                        48     MM       55

PRECIPITATION (IN)
  YESTERDAY        0.00          0.08 2001   0.06  -0.06     0.00
  MONTH TO DATE    0.00                      0.06  -0.06     0.00
  SINCE MAR 1      2.82                      2.28   0.54     0.86
  SINCE JAN 1      3.41                      3.05   0.36     1.50

DEGREE DAYS
 HEATING
  YESTERDAY       MM                        17     MM       10
  MONTH TO DATE   MM                        17     MM       10
  SINCE MAR 1   1154                      1621   -467     1265
  SINCE JUL 1   5545                      6861  -1316     5961

 COOLING
  YESTERDAY       MM                         0     MM        0
  MONTH TO DATE   MM                         0     MM        0
  SINCE MAR 1      1                         0      1        0
  SINCE JAN 1      1                         0      1        0
..................................................................


WIND (MPH)
  HIGHEST WIND SPEED    MM   HIGHEST WIND DIRECTION    MM
  HIGHEST GUST SPEED    MM   HIGHEST GUST DIRECTION    MM
  AVERAGE WIND SPEED    MM


SKY COVER
  POSSIBLE SUNSHINE  MM
  AVERAGE SKY COVER 0.0


WEATHER CONDITIONS
 THE FOLLOWING WEATHER WAS RECORDED YESTERDAY.
  NO SIGNIFICANT WEATHER WAS OBSERVED.


RELATIVE HUMIDITY (PERCENT)
 HIGHEST    MM
 LOWEST     MM
 AVERAGE    MM

..........................................................


THE BUFFALO WY CLIMATE NORMALS FOR TODAY
                         NORMAL    RECORD    YEAR
 MAXIMUM TEMPERATURE (F)   59        82      2000
 MINIMUM TEMPERATURE (F)   38        17      2005


SUNRISE AND SUNSET
MAY  2 2016...........SUNRISE   555 AM MDT   SUNSET   813 PM MDT
MAY  3 2016...........SUNRISE   554 AM MDT   SUNSET   814 PM MDT


-  INDICATES NEGATIVE NUMBERS.
R  INDICATES RECORD WAS SET OR TIED.
MM INDICATES DATA IS MISSING.
T  INDICATES TRACE AMOUNT.




$$
