735
CDUS45 KRIW 280740
CLIBYG


CLIMATE REPORT
NATIONAL WEATHER SERVICE RIVERTON WY
128 AM MDT SAT MAY 28 2016


...................................

...THE BUFFALO WY CLIMATE SUMMARY FOR MAY 27 2016...

CLIMATE NORMAL PERIOD 1981 TO 2010
CLIMATE RECORD PERIOD 1998 TO 2016


WEATHER ITEM   OBSERVED TIME   RECORD YEAR NORMAL DEPARTURE LAST
                VALUE   (LST)  VALUE       VALUE  FROM      YEAR
                                                  NORMAL
..................................................................
TEMPERATURE (F)
 YESTERDAY
  MAXIMUM         64   1239 PM  84    2010  67     -3       68
  MINIMUM         41    443 AM  33    2008  43     -2       49
  AVERAGE         53                        55     -2       59

PRECIPITATION (IN)
  YESTERDAY        0.08          0.18 2002   0.07   0.01     0.06
  MONTH TO DATE    1.43                      2.21  -0.78     5.47
  SINCE MAR 1      4.25                      4.43  -0.18     6.33
  SINCE JAN 1      4.84                      5.20  -0.36     6.97

DEGREE DAYS
 HEATING
  YESTERDAY       12                        11      1        6
  MONTH TO DATE  312                       370    -58      440
  SINCE MAR 1   1466                      1974   -508     1695
  SINCE JUL 1   5857                      7214  -1357     6391

 COOLING
  YESTERDAY        0                         0      0        0
  MONTH TO DATE    4                         0      4        0
  SINCE MAR 1      5                         0      5        0
  SINCE JAN 1      5                         0      5        0
..................................................................


WIND (MPH)
  HIGHEST WIND SPEED    22   HIGHEST WIND DIRECTION    NW (330)
  HIGHEST GUST SPEED    28   HIGHEST GUST DIRECTION    NW (330)
  AVERAGE WIND SPEED     7.9


SKY COVER
  POSSIBLE SUNSHINE  MM
  AVERAGE SKY COVER 0.4


WEATHER CONDITIONS
 THE FOLLOWING WEATHER WAS RECORDED YESTERDAY.
  THUNDERSTORM
  RAIN
  LIGHT RAIN


RELATIVE HUMIDITY (PERCENT)
 HIGHEST    77           300 PM
 LOWEST     40          1200 PM
 AVERAGE    59

..........................................................


THE BUFFALO WY CLIMATE NORMALS FOR TODAY
                         NORMAL    RECORD    YEAR
 MAXIMUM TEMPERATURE (F)   67        90      2014
 MINIMUM TEMPERATURE (F)   43        36      2012
                                             2011


SUNRISE AND SUNSET
MAY 28 2016...........SUNRISE   528 AM MDT   SUNSET   841 PM MDT
MAY 29 2016...........SUNRISE   527 AM MDT   SUNSET   842 PM MDT


-  INDICATES NEGATIVE NUMBERS.
R  INDICATES RECORD WAS SET OR TIED.
MM INDICATES DATA IS MISSING.
T  INDICATES TRACE AMOUNT.




$$
