000
CDUS45 KPIH 242329
CLIBYI


CLIMATE REPORT
NATIONAL WEATHER SERVICE POCATELLO ID
428 PM MST TUE JAN 24 2017


...................................

...THE BURLEY ID CLIMATE SUMMARY FOR JANUARY 24 2017...
VALID TODAY AS OF 0400 PM LOCAL TIME.

CLIMATE NORMAL PERIOD 1981 TO 2010
CLIMATE RECORD PERIOD 1948 TO 2017


WEATHER ITEM   OBSERVED TIME   RECORD YEAR NORMAL DEPARTURE LAST
                VALUE   (LST)  VALUE       VALUE  FROM      YEAR
                                                  NORMAL
..................................................................
TEMPERATURE (F)
 TODAY
  MAXIMUM         28    517 AM  55    1994  35     -7       39
  MINIMUM         26    359 PM -20    1949  19      7       31
  AVERAGE         27                        27      0       35

PRECIPITATION (IN)
  TODAY            0.03          0.22 2009   0.03   0.00     0.02
  MONTH TO DATE    1.99                      0.74   1.25     0.57
  SINCE OCT 1      6.78                      3.57   3.21     3.37
  SINCE JAN 1      1.99                      0.74   1.25     0.57

SNOWFALL (IN)
  TODAY           MM
  MONTH TO DATE   MM
  SINCE DEC 1     MM
  SINCE JUL 1     MM
  SNOW DEPTH      MM

DEGREE DAYS
 HEATING
  TODAY           38                        38      0       30
  MONTH TO DATE 1018                       924     94      861
  SINCE DEC 1   2265                      2116    149     2024
  SINCE JUL 1   3663                      3804   -141     3445

 COOLING
  TODAY            0                         0      0        0
  MONTH TO DATE    0                         0      0        0
  SINCE DEC 1      0                         0      0        0
  SINCE JAN 1      0                         0      0        0
..................................................................


WIND (MPH)
  HIGHEST WIND SPEED    22   HIGHEST WIND DIRECTION     W (250)
  HIGHEST GUST SPEED    26   HIGHEST GUST DIRECTION     W (250)
  AVERAGE WIND SPEED    12.9


SKY COVER
  POSSIBLE SUNSHINE  MM
  AVERAGE SKY COVER 1.0


WEATHER CONDITIONS
 THE FOLLOWING WEATHER WAS RECORDED TODAY.
  LIGHT SNOW
  FOG


RELATIVE HUMIDITY (PERCENT)
 HIGHEST    84           600 AM
 LOWEST     75          1200 AM
 AVERAGE    80

..........................................................


THE BURLEY ID CLIMATE NORMALS FOR TOMORROW
                         NORMAL    RECORD    YEAR
 MAXIMUM TEMPERATURE (F)   35        58      1953
 MINIMUM TEMPERATURE (F)   19       -27      1949


SUNRISE AND SUNSET
JANUARY 24 2017.......SUNRISE   756 AM MST   SUNSET   539 PM MST
JANUARY 25 2017.......SUNRISE   755 AM MST   SUNSET   540 PM MST


-  INDICATES NEGATIVE NUMBERS.
R  INDICATES RECORD WAS SET OR TIED.
MM INDICATES DATA IS MISSING.
T  INDICATES TRACE AMOUNT.




$$
