944
CDUS45 KPIH 052327
CLIBYI


CLIMATE REPORT
NATIONAL WEATHER SERVICE POCATELLO ID
426 PM MST FRI FEB 5 2016


...................................

...THE BURLEY ID CLIMATE SUMMARY FOR FEBRUARY 5 2016...
VALID TODAY AS OF 0400 PM LOCAL TIME.

CLIMATE NORMAL PERIOD 1981 TO 2010
CLIMATE RECORD PERIOD 1948 TO 2016


WEATHER ITEM   OBSERVED TIME   RECORD YEAR NORMAL DEPARTURE LAST
                VALUE   (LST)  VALUE       VALUE  FROM      YEAR
                                                  NORMAL
..................................................................
TEMPERATURE (F)
 TODAY
  MAXIMUM         36    255 PM  63    1963  37     -1       58
  MINIMUM         29   1047 AM -15    1982  20      9       37
  AVERAGE         33                        29      4       48

PRECIPITATION (IN)
  TODAY            0.00          0.16 1953   0.02  -0.02     0.00
  MONTH TO DATE    0.03                      0.12  -0.09     0.28
  SINCE OCT 1      3.91                      3.86   0.05     2.95
  SINCE JAN 1      1.11                      1.03   0.08     0.90

SNOWFALL (IN)
  TODAY           MM
  MONTH TO DATE   MM
  SINCE DEC 1     MM
  SINCE JUL 1     MM
  SNOW DEPTH      MM

DEGREE DAYS
 HEATING
  TODAY           32                        36     -4       17
  MONTH TO DATE  193                       184      9      114
  SINCE DEC 1   2454                      2562   -108     2031
  SINCE JUL 1   3875                      4250   -375     3412

 COOLING
  TODAY            0                         0      0        0
  MONTH TO DATE    0                         0      0        0
  SINCE DEC 1      0                         0      0        0
  SINCE JAN 1      0                         0      0        0
..................................................................


WIND (MPH)
  HIGHEST WIND SPEED     9   HIGHEST WIND DIRECTION    NE (50)
  HIGHEST GUST SPEED    12   HIGHEST GUST DIRECTION    NE (50)
  AVERAGE WIND SPEED     4.0


SKY COVER
  POSSIBLE SUNSHINE  MM
  AVERAGE SKY COVER 0.9


WEATHER CONDITIONS
 THE FOLLOWING WEATHER WAS RECORDED TODAY.
  FOG


RELATIVE HUMIDITY (PERCENT)
 HIGHEST    85           200 AM
 LOWEST     75          1200 PM
 AVERAGE    80

..........................................................


THE BURLEY ID CLIMATE NORMALS FOR TOMORROW
                         NORMAL    RECORD    YEAR
 MAXIMUM TEMPERATURE (F)   37        65      1963
 MINIMUM TEMPERATURE (F)   20       -12      1989


SUNRISE AND SUNSET
FEBRUARY  5 2016......SUNRISE   745 AM MST   SUNSET   554 PM MST
FEBRUARY  6 2016......SUNRISE   744 AM MST   SUNSET   555 PM MST


-  INDICATES NEGATIVE NUMBERS.
R  INDICATES RECORD WAS SET OR TIED.
MM INDICATES DATA IS MISSING.
T  INDICATES TRACE AMOUNT.




$$
