000
CDUS45 KPIH 200732
CLIBYI


CLIMATE REPORT
NATIONAL WEATHER SERVICE POCATELLO ID
132 AM MDT SUN APR 20 2014


...................................

...THE BURLEY ID CLIMATE SUMMARY FOR APRIL 19 2014...

CLIMATE NORMAL PERIOD 1981 TO 2010
CLIMATE RECORD PERIOD 1948 TO 2014


WEATHER ITEM   OBSERVED TIME   RECORD YEAR NORMAL DEPARTURE LAST
                VALUE   (LST)  VALUE       VALUE  FROM      YEAR
                                                  NORMAL
..................................................................
TEMPERATURE (F)
 YESTERDAY
  MAXIMUM         71    516 PM  85    1994  59     12       54
  MINIMUM         30    605 AM  18    1982  34     -4       36
  AVERAGE         51                        47      4       45

PRECIPITATION (IN)
  YESTERDAY        0.00          0.81 2005   0.04  -0.04     0.02
  MONTH TO DATE    0.51                      0.62  -0.11     0.71
  SINCE OCT 1      4.44                      6.16  -1.72     5.26
  SINCE JAN 1      3.83                      3.33   0.50     1.66

SNOWFALL (IN)
  YESTERDAY       MM
  MONTH TO DATE   MM
  SINCE MAR 1     MM
  SINCE JUL 1     MM
  SNOW DEPTH      MM

DEGREE DAYS
 HEATING
  YESTERDAY       14                        18     -4       20
  MONTH TO DATE  337                       384    -47      408
  SINCE MAR 1   1032                      1181   -149     1140
  SINCE JUL 1   5727                      6203   -476     5898

 COOLING
  YESTERDAY        0                         0      0        0
  MONTH TO DATE    0                         0      0        0
  SINCE MAR 1      0                         0      0        0
  SINCE JAN 1      0                         0      0        0
..................................................................


WIND (MPH)
  HIGHEST WIND SPEED    25   HIGHEST WIND DIRECTION     W (250)
  HIGHEST GUST SPEED    35   HIGHEST GUST DIRECTION     W (250)
  AVERAGE WIND SPEED     4.4


SKY COVER
  POSSIBLE SUNSHINE  MM
  AVERAGE SKY COVER 0.0


WEATHER CONDITIONS
 THE FOLLOWING WEATHER WAS RECORDED YESTERDAY.
  NO SIGNIFICANT WEATHER WAS OBSERVED.


RELATIVE HUMIDITY (PERCENT)
 HIGHEST    92           600 AM
 LOWEST     18           200 PM
 AVERAGE    55

..........................................................


THE BURLEY ID CLIMATE NORMALS FOR TODAY
                         NORMAL    RECORD    YEAR
 MAXIMUM TEMPERATURE (F)   60        89      1994
 MINIMUM TEMPERATURE (F)   34        17      1982


SUNRISE AND SUNSET
APRIL 20 2014.........SUNRISE   646 AM MDT   SUNSET   823 PM MDT
APRIL 21 2014.........SUNRISE   644 AM MDT   SUNSET   824 PM MDT


-  INDICATES NEGATIVE NUMBERS.
R  INDICATES RECORD WAS SET OR TIED.
MM INDICATES DATA IS MISSING.
T  INDICATES TRACE AMOUNT.




$$
