000
CDUS45 KPIH 192324
CLIBYI


CLIMATE REPORT
NATIONAL WEATHER SERVICE POCATELLO ID
423 PM MST FRI JAN 19 2018


...................................

...THE BURLEY ID CLIMATE SUMMARY FOR JANUARY 19 2018...
VALID TODAY AS OF 0400 PM LOCAL TIME.

CLIMATE NORMAL PERIOD 1981 TO 2010
CLIMATE RECORD PERIOD 1948 TO 2018


WEATHER ITEM   OBSERVED TIME   RECORD YEAR NORMAL DEPARTURE LAST
                VALUE   (LST)  VALUE       VALUE  FROM      YEAR
                                                  NORMAL
..................................................................
TEMPERATURE (F)
 TODAY
  MAXIMUM         40   1021 AM  57    1971  35      5       38
  MINIMUM         35   1130 AM -14    1963  19     16       33
  AVERAGE         38                        27     11       36

PRECIPITATION (IN)
  TODAY            0.16          0.60 2012   0.03   0.13     0.19
  MONTH TO DATE    1.24                      0.60   0.64     1.76
  SINCE OCT 1      2.86                      3.43  -0.57     6.55
  SINCE JAN 1      1.24                      0.60   0.64     1.76

SNOWFALL (IN)
  TODAY           MM
  MONTH TO DATE   MM
  SINCE DEC 1     MM
  SINCE JUL 1     MM
  SNOW DEPTH      MM

DEGREE DAYS
 HEATING
  TODAY           27                        38    -11       29
  MONTH TO DATE  540                       734   -194      851
  SINCE DEC 1   1573                      1926   -353     2098
  SINCE JUL 1   3127                      3614   -487     3496

 COOLING
  TODAY            0                         0      0        0
  MONTH TO DATE    0                         0      0        0
  SINCE DEC 1      0                         0      0        0
  SINCE JAN 1      0                         0      0        0
..................................................................


WIND (MPH)
  HIGHEST WIND SPEED    22   HIGHEST WIND DIRECTION     W (260)
  HIGHEST GUST SPEED    32   HIGHEST GUST DIRECTION     W (270)
  AVERAGE WIND SPEED     9.8


SKY COVER
  POSSIBLE SUNSHINE  MM
  AVERAGE SKY COVER 1.0


WEATHER CONDITIONS
 THE FOLLOWING WEATHER WAS RECORDED TODAY.
  RAIN
  LIGHT RAIN
  LIGHT SNOW
  FOG


RELATIVE HUMIDITY (PERCENT)
 HIGHEST    92           900 AM
 LOWEST     70           400 PM
 AVERAGE    81

..........................................................


THE BURLEY ID CLIMATE NORMALS FOR TOMORROW
                         NORMAL    RECORD    YEAR
 MAXIMUM TEMPERATURE (F)   35        56      1953
 MINIMUM TEMPERATURE (F)   19       -12      1984


SUNRISE AND SUNSET
JANUARY 19 2018.......SUNRISE   800 AM MST   SUNSET   532 PM MST
JANUARY 20 2018.......SUNRISE   759 AM MST   SUNSET   533 PM MST


-  INDICATES NEGATIVE NUMBERS.
R  INDICATES RECORD WAS SET OR TIED.
MM INDICATES DATA IS MISSING.
T  INDICATES TRACE AMOUNT.




$$
