000
CDUS45 KPIH 280736
CLIBYI


CLIMATE REPORT
NATIONAL WEATHER SERVICE POCATELLO ID
135 AM MDT THU AUG 28 2014


...................................

...THE BURLEY ID CLIMATE SUMMARY FOR AUGUST 27 2014...

CLIMATE NORMAL PERIOD 1981 TO 2010
CLIMATE RECORD PERIOD 1948 TO 2014


WEATHER ITEM   OBSERVED TIME   RECORD YEAR NORMAL DEPARTURE LAST
                VALUE   (LST)  VALUE       VALUE  FROM      YEAR
                                                  NORMAL
..................................................................
TEMPERATURE (F)
 YESTERDAY
  MAXIMUM         79    452 PM  94    1995  82     -3       88
  MINIMUM         50    558 AM  34    1954  49      1       57
  AVERAGE         65                        66     -1       73

PRECIPITATION (IN)
  YESTERDAY        0.00          0.08 1991   0.02  -0.02     0.00
  MONTH TO DATE    2.71                      0.34   2.37     0.30
  SINCE OCT 1     10.09                      9.53   0.56     6.23
  SINCE JAN 1      9.48                      6.70   2.78     2.63

SNOWFALL (IN)
  YESTERDAY       MM
  MONTH TO DATE   MM
  SINCE JUN 1     MM
  SINCE JUL 1     MM
  SNOW DEPTH      MM

DEGREE DAYS
 HEATING
  YESTERDAY        0                         2     -2        0
  MONTH TO DATE   22                        24     -2        0
  SINCE JUN 1    129                       180    -51      101
  SINCE JUL 1     25                        46    -21        0

 COOLING
  YESTERDAY        0                         3     -3        8
  MONTH TO DATE  119                       123     -4      187
  SINCE JUN 1    390                       330     60      551
  SINCE JAN 1    391                       336     55      561
..................................................................


WIND (MPH)
  HIGHEST WIND SPEED    12   HIGHEST WIND DIRECTION     S (200)
  HIGHEST GUST SPEED    17   HIGHEST GUST DIRECTION    SW (240)
  AVERAGE WIND SPEED     4.6


SKY COVER
  POSSIBLE SUNSHINE  MM
  AVERAGE SKY COVER 0.0


WEATHER CONDITIONS
 THE FOLLOWING WEATHER WAS RECORDED YESTERDAY.
  NO SIGNIFICANT WEATHER WAS OBSERVED.


RELATIVE HUMIDITY (PERCENT)
 HIGHEST    86           600 AM
 LOWEST     32           500 PM
 AVERAGE    59

..........................................................


THE BURLEY ID CLIMATE NORMALS FOR TODAY
                         NORMAL    RECORD    YEAR
 MAXIMUM TEMPERATURE (F)   82        95      2012
                                             1995
 MINIMUM TEMPERATURE (F)   49        33      1960


SUNRISE AND SUNSET
AUGUST 28 2014........SUNRISE   656 AM MDT   SUNSET   816 PM MDT
AUGUST 29 2014........SUNRISE   657 AM MDT   SUNSET   814 PM MDT


-  INDICATES NEGATIVE NUMBERS.
R  INDICATES RECORD WAS SET OR TIED.
MM INDICATES DATA IS MISSING.
T  INDICATES TRACE AMOUNT.




$$
