000
CDUS45 KPIH 180732
CLIBYI


CLIMATE REPORT
NATIONAL WEATHER SERVICE POCATELLO ID
1229 AM MST THU DEC 18 2014


...................................

...THE BURLEY ID CLIMATE SUMMARY FOR DECEMBER 17 2014...

CLIMATE NORMAL PERIOD 1981 TO 2010
CLIMATE RECORD PERIOD 1948 TO 2014


WEATHER ITEM   OBSERVED TIME   RECORD YEAR NORMAL DEPARTURE LAST
                VALUE   (LST)  VALUE       VALUE  FROM      YEAR
                                                  NORMAL
..................................................................
TEMPERATURE (F)
 YESTERDAY
  MAXIMUM         42    317 PM  56    1979  34      8       40
  MINIMUM         20    637 AM  -5    1984  18      2       15
  AVERAGE         31                        26      5       28

PRECIPITATION (IN)
  YESTERDAY        0.00          0.21 1977   0.04  -0.04     0.00
  MONTH TO DATE    0.17                      0.64  -0.47     0.10
  SINCE OCT 1      1.51                      2.34  -0.83     0.54
  SINCE JAN 1     11.43                      9.65   1.78     4.62

SNOWFALL (IN)
  YESTERDAY       MM
  MONTH TO DATE   MM
  SINCE DEC 1     MM
  SINCE JUL 1     MM
  SNOW DEPTH      MM

DEGREE DAYS
 HEATING
  YESTERDAY       34                        39     -5       37
  MONTH TO DATE  419                       641   -222      771
  SINCE DEC 1    419                       641   -222      771
  SINCE JUL 1   1800                      2329   -529     2339

 COOLING
  YESTERDAY        0                         0      0        0
  MONTH TO DATE    0                         0      0        0
  SINCE DEC 1      0                         0      0        0
  SINCE JAN 1    428                       365     63      642
..................................................................


WIND (MPH)
  HIGHEST WIND SPEED    10   HIGHEST WIND DIRECTION    NE (60)
  HIGHEST GUST SPEED    17   HIGHEST GUST DIRECTION     E (80)
  AVERAGE WIND SPEED     4.1


SKY COVER
  POSSIBLE SUNSHINE  MM
  AVERAGE SKY COVER 0.1


WEATHER CONDITIONS
 THE FOLLOWING WEATHER WAS RECORDED YESTERDAY.
  FOG


RELATIVE HUMIDITY (PERCENT)
 HIGHEST    92           100 AM
 LOWEST     57           300 PM
 AVERAGE    75

..........................................................


THE BURLEY ID CLIMATE NORMALS FOR TODAY
                         NORMAL    RECORD    YEAR
 MAXIMUM TEMPERATURE (F)   34        58      1979
 MINIMUM TEMPERATURE (F)   18        -3      2008
                                             1965


SUNRISE AND SUNSET
DECEMBER 18 2014......SUNRISE   800 AM MST   SUNSET   504 PM MST
DECEMBER 19 2014......SUNRISE   800 AM MST   SUNSET   504 PM MST


-  INDICATES NEGATIVE NUMBERS.
R  INDICATES RECORD WAS SET OR TIED.
MM INDICATES DATA IS MISSING.
T  INDICATES TRACE AMOUNT.




$$
