000
CDUS45 KPIH 230736
CLIBYI


CLIMATE REPORT
NATIONAL WEATHER SERVICE POCATELLO ID
131 AM MDT SUN APR 23 2017


...................................

...THE BURLEY ID CLIMATE SUMMARY FOR APRIL 22 2017...

CLIMATE NORMAL PERIOD 1981 TO 2010
CLIMATE RECORD PERIOD 1948 TO 2017


WEATHER ITEM   OBSERVED TIME   RECORD YEAR NORMAL DEPARTURE LAST
                VALUE   (LST)  VALUE       VALUE  FROM      YEAR
                                                  NORMAL
..................................................................
TEMPERATURE (F)
 YESTERDAY
  MAXIMUM         65    353 PM  86    2012  60      5       77
  MINIMUM         29    525 AM  19    2008  35     -6       51
                                      1968
  AVERAGE         47                        48     -1       64

PRECIPITATION (IN)
  YESTERDAY        0.00          0.42 1965   0.04  -0.04      T
  MONTH TO DATE    1.28                      0.73   0.55     0.39
  SINCE OCT 1     10.60                      6.27   4.33     5.93
  SINCE JAN 1      5.81                      3.44   2.37     3.13

SNOWFALL (IN)
  YESTERDAY       MM
  MONTH TO DATE   MM
  SINCE MAR 1     MM
  SINCE JUL 1     MM
  SNOW DEPTH      MM

DEGREE DAYS
 HEATING
  YESTERDAY       18                        18      0        1
  MONTH TO DATE  418                       438    -20      277
  SINCE MAR 1    998                      1235   -237      968
  SINCE JUL 1   5804                      6257   -453     5475

 COOLING
  YESTERDAY        0                         0      0        0
  MONTH TO DATE    0                         0      0        0
  SINCE MAR 1      0                         0      0        0
  SINCE JAN 1      0                         0      0        0
..................................................................


WIND (MPH)
  HIGHEST WIND SPEED    21   HIGHEST WIND DIRECTION     S (200)
  HIGHEST GUST SPEED    25   HIGHEST GUST DIRECTION     S (200)
  AVERAGE WIND SPEED     7.1


SKY COVER
  POSSIBLE SUNSHINE  MM
  AVERAGE SKY COVER 0.0


WEATHER CONDITIONS
 THE FOLLOWING WEATHER WAS RECORDED YESTERDAY.
  FOG
  HAZE


RELATIVE HUMIDITY (PERCENT)
 HIGHEST    82           700 AM
 LOWEST     24           400 PM
 AVERAGE    53

..........................................................


THE BURLEY ID CLIMATE NORMALS FOR TODAY
                         NORMAL    RECORD    YEAR
 MAXIMUM TEMPERATURE (F)   60        87      2012
 MINIMUM TEMPERATURE (F)   35        22      1972


SUNRISE AND SUNSET
APRIL 23 2017.........SUNRISE   641 AM MDT   SUNSET   826 PM MDT
APRIL 24 2017.........SUNRISE   639 AM MDT   SUNSET   828 PM MDT


-  INDICATES NEGATIVE NUMBERS.
R  INDICATES RECORD WAS SET OR TIED.
MM INDICATES DATA IS MISSING.
T  INDICATES TRACE AMOUNT.




$$
