000
CDUS45 KPIH 040742
CLIBYI


CLIMATE REPORT
NATIONAL WEATHER SERVICE POCATELLO ID
132 AM MDT TUE AUG 4 2015


...................................

...THE BURLEY ID CLIMATE SUMMARY FOR AUGUST 3 2015...

CLIMATE NORMAL PERIOD 1981 TO 2010
CLIMATE RECORD PERIOD 1948 TO 2015


WEATHER ITEM   OBSERVED TIME   RECORD YEAR NORMAL DEPARTURE LAST
                VALUE   (LST)  VALUE       VALUE  FROM      YEAR
                                                  NORMAL
..................................................................
TEMPERATURE (F)
 YESTERDAY
  MAXIMUM         80    207 PM 103    1997  87     -7       96
  MINIMUM         65   1247 AM  39    1956  54     11       54
  AVERAGE         73                        70      3       75

PRECIPITATION (IN)
  YESTERDAY        T             0.35 2003   0.01  -0.01      T
  MONTH TO DATE    T                         0.03  -0.03      T
  SINCE OCT 1      8.32                      9.22  -0.90     7.38
  SINCE JAN 1      6.27                      6.39  -0.12     6.77

SNOWFALL (IN)
  YESTERDAY       MM
  MONTH TO DATE   MM
  SINCE JUN 1     MM
  SINCE JUL 1     MM
  SNOW DEPTH      MM

DEGREE DAYS
 HEATING
  YESTERDAY        0                         0      0        0
  MONTH TO DATE    0                         0      0        0
  SINCE JUN 1     45                       156   -111      107
  SINCE JUL 1     19                        22     -3        3

 COOLING
  YESTERDAY        8                         6      2       10
  MONTH TO DATE   26                        18      8       29
  SINCE JUN 1    329                       225    104      300
  SINCE JAN 1    334                       231    103      301
..................................................................


WIND (MPH)
  HIGHEST WIND SPEED    20   HIGHEST WIND DIRECTION     W (260)
  HIGHEST GUST SPEED    26   HIGHEST GUST DIRECTION    SW (230)
  AVERAGE WIND SPEED     9.7


SKY COVER
  POSSIBLE SUNSHINE  MM
  AVERAGE SKY COVER 0.0


WEATHER CONDITIONS
 THE FOLLOWING WEATHER WAS RECORDED YESTERDAY.
  NO SIGNIFICANT WEATHER WAS OBSERVED.


RELATIVE HUMIDITY (PERCENT)
 HIGHEST    63          1200 AM
 LOWEST     31           200 AM
 AVERAGE    47

..........................................................


THE BURLEY ID CLIMATE NORMALS FOR TODAY
                         NORMAL    RECORD    YEAR
 MAXIMUM TEMPERATURE (F)   87       100      1979
 MINIMUM TEMPERATURE (F)   54        41      1980


SUNRISE AND SUNSET
AUGUST  4 2015........SUNRISE   630 AM MDT   SUNSET   852 PM MDT
AUGUST  5 2015........SUNRISE   631 AM MDT   SUNSET   850 PM MDT


-  INDICATES NEGATIVE NUMBERS.
R  INDICATES RECORD WAS SET OR TIED.
MM INDICATES DATA IS MISSING.
T  INDICATES TRACE AMOUNT.




$$
