000
CDUS45 KPIH 050740
CLIBYI


CLIMATE REPORT
NATIONAL WEATHER SERVICE POCATELLO ID
130 AM MDT SAT SEP 5 2015


...................................

...THE BURLEY ID CLIMATE SUMMARY FOR SEPTEMBER 4 2015...

CLIMATE NORMAL PERIOD 1981 TO 2010
CLIMATE RECORD PERIOD 1948 TO 2015


WEATHER ITEM   OBSERVED TIME   RECORD YEAR NORMAL DEPARTURE LAST
                VALUE   (LST)  VALUE       VALUE  FROM      YEAR
                                                  NORMAL
..................................................................
TEMPERATURE (F)
 YESTERDAY
  MAXIMUM         76    449 PM  97    1998  79     -3       72
  MINIMUM         44    528 AM  33    1965  47     -3       36
  AVERAGE         60                        63     -3       54

PRECIPITATION (IN)
  YESTERDAY        T             0.57 2007   0.02  -0.02     0.00
  MONTH TO DATE    T                         0.07  -0.07     0.00
  SINCE OCT 1      8.49                      9.66  -1.17    10.09
  SINCE JAN 1      6.44                      6.83  -0.39     9.48

SNOWFALL (IN)
  YESTERDAY       MM
  MONTH TO DATE   MM
  SINCE SEP 1     MM
  SINCE JUL 1     MM
  SNOW DEPTH      MM

DEGREE DAYS
 HEATING
  YESTERDAY        5                         4      1       11
  MONTH TO DATE    7                        13     -6       25
  SINCE SEP 1      7                        13     -6       25
  SINCE JUL 1     36                        70    -34       55

 COOLING
  YESTERDAY        0                         1     -1        0
  MONTH TO DATE    5                         7     -2        0
  SINCE SEP 1      5                         7     -2        0
  SINCE JAN 1    451                       351    100      401
..................................................................


WIND (MPH)
  HIGHEST WIND SPEED    28   HIGHEST WIND DIRECTION     W (270)
  HIGHEST GUST SPEED    44   HIGHEST GUST DIRECTION     W (270)
  AVERAGE WIND SPEED     6.4


SKY COVER
  POSSIBLE SUNSHINE  MM
  AVERAGE SKY COVER 0.0


WEATHER CONDITIONS
 THE FOLLOWING WEATHER WAS RECORDED YESTERDAY.
  LIGHT RAIN


RELATIVE HUMIDITY (PERCENT)
 HIGHEST    83           500 AM
 LOWEST     31           100 PM
 AVERAGE    57

..........................................................


THE BURLEY ID CLIMATE NORMALS FOR TODAY
                         NORMAL    RECORD    YEAR
 MAXIMUM TEMPERATURE (F)   79        96      1955
 MINIMUM TEMPERATURE (F)   46        35      1964


SUNRISE AND SUNSET
SEPTEMBER  5 2015.....SUNRISE   704 AM MDT   SUNSET   803 PM MDT
SEPTEMBER  6 2015.....SUNRISE   705 AM MDT   SUNSET   801 PM MDT


-  INDICATES NEGATIVE NUMBERS.
R  INDICATES RECORD WAS SET OR TIED.
MM INDICATES DATA IS MISSING.
T  INDICATES TRACE AMOUNT.




$$
