000
CDUS45 KPIH 262335
CLIBYI


CLIMATE REPORT
NATIONAL WEATHER SERVICE POCATELLO ID
433 PM MST THU FEB 26 2015


...................................

...THE BURLEY ID CLIMATE SUMMARY FOR FEBRUARY 26 2015...
VALID TODAY AS OF 0400 PM LOCAL TIME.

CLIMATE NORMAL PERIOD 1981 TO 2010
CLIMATE RECORD PERIOD 1948 TO 2015


WEATHER ITEM   OBSERVED TIME   RECORD YEAR NORMAL DEPARTURE LAST
                VALUE   (LST)  VALUE       VALUE  FROM      YEAR
                                                  NORMAL
..................................................................
TEMPERATURE (F)
 TODAY
  MAXIMUM         45   1252 PM  69    1950  44      1       58
  MINIMUM         29    742 AM -11    1962  24      5       28
  AVERAGE         37                        34      3       43

PRECIPITATION (IN)
  TODAY            0.00          0.35 2004   0.03  -0.03     0.00
  MONTH TO DATE    0.36                      0.71  -0.35     1.16
  SINCE OCT 1      3.03                      4.45  -1.42     2.37
  SINCE JAN 1      0.98                      1.62  -0.64     1.76

SNOWFALL (IN)
  TODAY           MM
  MONTH TO DATE   MM
  SINCE DEC 1     MM
  SINCE JUL 1     MM
  SNOW DEPTH      MM

DEGREE DAYS
 HEATING
  TODAY           28                        31     -3       22
  MONTH TO DATE  624                       895   -271      761
  SINCE DEC 1   2541                      3273   -732     3083
  SINCE JUL 1   3922                      4961  -1039     4651

 COOLING
  TODAY            0                         0      0        0
  MONTH TO DATE    0                         0      0        0
  SINCE DEC 1      0                         0      0        0
  SINCE JAN 1      0                         0      0        0
..................................................................


WIND (MPH)
  HIGHEST WIND SPEED    14   HIGHEST WIND DIRECTION     W (250)
  HIGHEST GUST SPEED    19   HIGHEST GUST DIRECTION     W (250)
  AVERAGE WIND SPEED     5.1


SKY COVER
  POSSIBLE SUNSHINE  MM
  AVERAGE SKY COVER 0.6


WEATHER CONDITIONS
 THE FOLLOWING WEATHER WAS RECORDED TODAY.
  NO SIGNIFICANT WEATHER WAS OBSERVED.


RELATIVE HUMIDITY (PERCENT)
 HIGHEST    69           600 AM
 LOWEST     33           100 PM
 AVERAGE    51

..........................................................


THE BURLEY ID CLIMATE NORMALS FOR TOMORROW
                         NORMAL    RECORD    YEAR
 MAXIMUM TEMPERATURE (F)   44        67      1980
 MINIMUM TEMPERATURE (F)   24        -4      1962


SUNRISE AND SUNSET
FEBRUARY 26 2015......SUNRISE   716 AM MST   SUNSET   621 PM MST
FEBRUARY 27 2015......SUNRISE   714 AM MST   SUNSET   622 PM MST


-  INDICATES NEGATIVE NUMBERS.
R  INDICATES RECORD WAS SET OR TIED.
MM INDICATES DATA IS MISSING.
T  INDICATES TRACE AMOUNT.




$$
