000
CDUS45 KPIH 270732
CLIBYI


CLIMATE REPORT
NATIONAL WEATHER SERVICE POCATELLO ID
1232 AM MST MON FEB 27 2017


...................................

...THE BURLEY ID CLIMATE SUMMARY FOR FEBRUARY 26 2017...

CLIMATE NORMAL PERIOD 1981 TO 2010
CLIMATE RECORD PERIOD 1948 TO 2017


WEATHER ITEM   OBSERVED TIME   RECORD YEAR NORMAL DEPARTURE LAST
                VALUE   (LST)  VALUE       VALUE  FROM      YEAR
                                                  NORMAL
..................................................................
TEMPERATURE (F)
 YESTERDAY
  MAXIMUM         39    437 PM  69    1950  44     -5       60
  MINIMUM         22    212 AM -11    1962  24     -2       29
  AVERAGE         31                        34     -3       45

PRECIPITATION (IN)
  YESTERDAY        T             0.35 2004   0.03  -0.03     0.00
  MONTH TO DATE    1.83                      0.71   1.12     0.25
  SINCE OCT 1      8.67                      4.45   4.22     4.13
  SINCE JAN 1      3.88                      1.62   2.26     1.33

SNOWFALL (IN)
  YESTERDAY       MM
  MONTH TO DATE   MM
  SINCE DEC 1     MM
  SINCE JUL 1     MM
  SNOW DEPTH      MM

DEGREE DAYS
 HEATING
  YESTERDAY       34                        31      3       20
  MONTH TO DATE  739                       895   -156      755
  SINCE DEC 1   3338                      3273     65     3016
  SINCE JUL 1   4736                      4961   -225     4437

 COOLING
  YESTERDAY        0                         0      0        0
  MONTH TO DATE    0                         0      0        0
  SINCE DEC 1      0                         0      0        0
  SINCE JAN 1      0                         0      0        0
..................................................................


WIND (MPH)
  HIGHEST WIND SPEED    21   HIGHEST WIND DIRECTION    SW (220)
  HIGHEST GUST SPEED    26   HIGHEST GUST DIRECTION    SW (210)
  AVERAGE WIND SPEED    12.1


SKY COVER
  POSSIBLE SUNSHINE  MM
  AVERAGE SKY COVER 0.3


WEATHER CONDITIONS
 THE FOLLOWING WEATHER WAS RECORDED YESTERDAY.
  LIGHT SNOW
  HAZE


RELATIVE HUMIDITY (PERCENT)
 HIGHEST    85          1100 PM
 LOWEST     40          1200 PM
 AVERAGE    63

..........................................................


THE BURLEY ID CLIMATE NORMALS FOR TODAY
                         NORMAL    RECORD    YEAR
 MAXIMUM TEMPERATURE (F)   44        67      1980
 MINIMUM TEMPERATURE (F)   24        -4      1962


SUNRISE AND SUNSET
FEBRUARY 27 2017......SUNRISE   713 AM MST   SUNSET   623 PM MST
FEBRUARY 28 2017......SUNRISE   712 AM MST   SUNSET   624 PM MST


-  INDICATES NEGATIVE NUMBERS.
R  INDICATES RECORD WAS SET OR TIED.
MM INDICATES DATA IS MISSING.
T  INDICATES TRACE AMOUNT.




$$
