000
CDUS45 KPIH 280736
CLIBYI


CLIMATE REPORT
NATIONAL WEATHER SERVICE POCATELLO ID
132 AM MDT SAT MAR 28 2015


...................................

...THE BURLEY ID CLIMATE SUMMARY FOR MARCH 27 2015...

CLIMATE NORMAL PERIOD 1981 TO 2010
CLIMATE RECORD PERIOD 1948 TO 2015


WEATHER ITEM   OBSERVED TIME   RECORD YEAR NORMAL DEPARTURE LAST
                VALUE   (LST)  VALUE       VALUE  FROM      YEAR
                                                  NORMAL
..................................................................
TEMPERATURE (F)
 YESTERDAY
  MAXIMUM         75    428 PM  76    1986  54     21       48
  MINIMUM         31    600 AM  10    1975  31      0       33
  AVERAGE         53                        42     11       41

PRECIPITATION (IN)
  YESTERDAY        0.00          0.48 1993   0.03  -0.03     0.08
  MONTH TO DATE    0.25                      0.90  -0.65     0.98
  SINCE OCT 1      3.35                      5.41  -2.06     3.43
  SINCE JAN 1      1.30                      2.58  -1.28     2.82

SNOWFALL (IN)
  YESTERDAY       MM
  MONTH TO DATE   MM
  SINCE MAR 1     MM
  SINCE JUL 1     MM
  SNOW DEPTH      MM

DEGREE DAYS
 HEATING
  YESTERDAY       12                        23    -11       24
  MONTH TO DATE  541                       706   -165      603
  SINCE MAR 1    541                       706   -165      603
  SINCE JUL 1   4518                      5728  -1210     5298

 COOLING
  YESTERDAY        0                         0      0        0
  MONTH TO DATE    0                         0      0        0
  SINCE MAR 1      0                         0      0        0
  SINCE JAN 1      0                         0      0        0
..................................................................


WIND (MPH)
  HIGHEST WIND SPEED    18   HIGHEST WIND DIRECTION     S (190)
  HIGHEST GUST SPEED    23   HIGHEST GUST DIRECTION     S (190)
  AVERAGE WIND SPEED     3.6


SKY COVER
  POSSIBLE SUNSHINE  MM
  AVERAGE SKY COVER 0.0


WEATHER CONDITIONS
 THE FOLLOWING WEATHER WAS RECORDED YESTERDAY.
  FOG
  HAZE


RELATIVE HUMIDITY (PERCENT)
 HIGHEST    96           400 AM
 LOWEST     23           300 PM
 AVERAGE    60

..........................................................


THE BURLEY ID CLIMATE NORMALS FOR TODAY
                         NORMAL    RECORD    YEAR
 MAXIMUM TEMPERATURE (F)   54        77      1986
 MINIMUM TEMPERATURE (F)   31        10      1975


SUNRISE AND SUNSET
MARCH 28 2015.........SUNRISE   725 AM MDT   SUNSET   756 PM MDT
MARCH 29 2015.........SUNRISE   723 AM MDT   SUNSET   757 PM MDT


-  INDICATES NEGATIVE NUMBERS.
R  INDICATES RECORD WAS SET OR TIED.
MM INDICATES DATA IS MISSING.
T  INDICATES TRACE AMOUNT.




$$
