000
CDUS45 KTFX 222228
CLIBZN


CLIMATE REPORT
NATIONAL WEATHER SERVICE GREAT FALLS MT
427 PM MDT FRI MAY 22 2015


...................................

...THE BOZEMAN/GALLATIN FIELD MT CLIMATE SUMMARY FOR MAY 22 2015...
VALID TODAY AS OF 0400 PM LOCAL TIME.

CLIMATE NORMAL PERIOD 1981 TO 2010
CLIMATE RECORD PERIOD 1935 TO 2015


WEATHER ITEM   OBSERVED TIME   RECORD YEAR NORMAL DEPARTURE LAST
                VALUE   (LST)  VALUE       VALUE  FROM      YEAR
                                                  NORMAL
..................................................................
TEMPERATURE (F)
 TODAY
  MAXIMUM         68    130 PM  87    1980  70     -2       79
  MINIMUM         36    426 AM  27    1984  41     -5       40
  AVERAGE         52                        55     -3       60

PRECIPITATION (IN)
  TODAY            0.08          1.01 2002   0.09  -0.01     0.00
  MONTH TO DATE    1.77                      1.61   0.16     1.52
  SINCE OCT 1      6.33                      7.44  -1.11     5.95
  SINCE JAN 1      4.40                      5.06  -0.66     4.90

SNOWFALL (IN)
  TODAY            0.0           2.0  1966   0.1   -0.1      0.0
  MONTH TO DATE    0.0                       2.1   -2.1       T
  SINCE MAR 1      7.0                      17.3  -10.3      7.3
  SINCE JUL 1     37.4                      39.6   -2.2     32.3
  SNOW DEPTH       0

DEGREE DAYS
 HEATING
  TODAY           13                        10      3        5
  MONTH TO DATE  361                       278     83      359
  SINCE MAR 1   1803                      1759     44     2002
  SINCE JUL 1   7385                      7339     46     8017

 COOLING
  TODAY            0                         0      0        0
  MONTH TO DATE    0                         0      0        0
  SINCE MAR 1      0                         0      0        0
  SINCE JAN 1      0                         0      0        0
..................................................................


WIND (MPH)
  HIGHEST WIND SPEED    15   HIGHEST WIND DIRECTION     N (350)
  HIGHEST GUST SPEED    17   HIGHEST GUST DIRECTION    NW (330)
  AVERAGE WIND SPEED     2.7


SKY COVER
  AVERAGE SKY COVER 0.1


WEATHER CONDITIONS
 THE FOLLOWING WEATHER WAS RECORDED TODAY.
  THUNDERSTORM
  HEAVY RAIN


RELATIVE HUMIDITY (PERCENT)
 HIGHEST    92           300 AM
 LOWEST     40           200 PM
 AVERAGE    66

..........................................................


THE BOZEMAN/GALLATIN FIELD MT CLIMATE NORMALS FOR TOMORROW
                         NORMAL    RECORD    YEAR
 MAXIMUM TEMPERATURE (F)   70        85      1985
 MINIMUM TEMPERATURE (F)   41        26      1986


SUNRISE AND SUNSET
MAY 22 2015...........SUNRISE   546 AM MDT   SUNSET   857 PM MDT
MAY 23 2015...........SUNRISE   545 AM MDT   SUNSET   858 PM MDT


-  INDICATES NEGATIVE NUMBERS.
R  INDICATES RECORD WAS SET OR TIED.
MM INDICATES DATA IS MISSING.
T  INDICATES TRACE AMOUNT.




$$
