000
CDUS45 KTFX 220732
CLIBZN


CLIMATE REPORT
NATIONAL WEATHER SERVICE GREAT FALLS MT
132 AM MDT SUN OCT 22 2017


...................................

...THE BOZEMAN/GALLATIN FIELD MT CLIMATE SUMMARY FOR OCTOBER 21 2017...

CLIMATE NORMAL PERIOD 1981 TO 2010
CLIMATE RECORD PERIOD 1935 TO 2017


WEATHER ITEM   OBSERVED TIME   RECORD YEAR NORMAL DEPARTURE LAST
                VALUE   (LST)  VALUE       VALUE  FROM      YEAR
                                                  NORMAL
..................................................................
TEMPERATURE (F)
 YESTERDAY
  MAXIMUM         50    131 PM  79    2003  59     -9       64
  MINIMUM         30   1231 AM   5    1996  29      1       43
  AVERAGE         40                        44     -4       54

PRECIPITATION (IN)
  YESTERDAY        0.00          0.77 1961   0.03  -0.03     0.00
  MONTH TO DATE    0.34                      0.80  -0.46     1.69
  SINCE OCT 1      0.34                      0.80  -0.46     1.69
  SINCE JAN 1     10.44                     12.41  -1.97    11.58

SNOWFALL (IN)
  YESTERDAY        0.0           7.0  1961   0.1   -0.1      0.0
  MONTH TO DATE    0.2                       1.1   -0.9      3.0
  SINCE SEP 1      0.2                       1.4   -1.2      3.0
  SINCE JUL 1      0.2                       1.4   -1.2      3.0
  SNOW DEPTH       0

DEGREE DAYS
 HEATING
  YESTERDAY       25                        21      4       11
  MONTH TO DATE  444                       362     82      398
  SINCE SEP 1    762                       600    162      705
  SINCE JUL 1    773                       667    106      814

 COOLING
  YESTERDAY        0                         0      0        0
  MONTH TO DATE    0                         0      0        0
  SINCE SEP 1     27                        22      5       10
  SINCE JAN 1    327                       368    -41      232
..................................................................


WIND (MPH)
  HIGHEST WIND SPEED    24   HIGHEST WIND DIRECTION    SW (230)
  HIGHEST GUST SPEED    29   HIGHEST GUST DIRECTION    SW (240)
  AVERAGE WIND SPEED     8.5


SKY COVER
  AVERAGE SKY COVER 0.7


WEATHER CONDITIONS
 THE FOLLOWING WEATHER WAS RECORDED YESTERDAY.
  NO SIGNIFICANT WEATHER WAS OBSERVED.


RELATIVE HUMIDITY (PERCENT)
 HIGHEST    75
 LOWEST     26
 AVERAGE    51

..........................................................


THE BOZEMAN/GALLATIN FIELD MT CLIMATE NORMALS FOR TODAY
                         NORMAL    RECORD    YEAR
 MAXIMUM TEMPERATURE (F)   59        76      2003
 MINIMUM TEMPERATURE (F)   29        16      1961


SUNRISE AND SUNSET
OCTOBER 22 2017.......SUNRISE   751 AM MDT   SUNSET   626 PM MDT
OCTOBER 23 2017.......SUNRISE   753 AM MDT   SUNSET   624 PM MDT


-  INDICATES NEGATIVE NUMBERS.
R  INDICATES RECORD WAS SET OR TIED.
MM INDICATES DATA IS MISSING.
T  INDICATES TRACE AMOUNT.




$$
