000
CDUS45 KTFX 250727
CLIBZN


CLIMATE REPORT
NATIONAL WEATHER SERVICE GREAT FALLS MT
1226 AM MST SUN FEB 25 2018


...................................

...THE BOZEMAN/GALLATIN FIELD MT CLIMATE SUMMARY FOR FEBRUARY 24 2018...

CLIMATE NORMAL PERIOD 1981 TO 2010
CLIMATE RECORD PERIOD 1935 TO 2018


WEATHER ITEM   OBSERVED TIME   RECORD YEAR NORMAL DEPARTURE LAST
                VALUE   (LST)  VALUE       VALUE  FROM      YEAR
                                                  NORMAL
..................................................................
TEMPERATURE (F)
 YESTERDAY
  MAXIMUM         32    357 PM  66    1995  42    -10       31
  MINIMUM         13   1200 AM -35    2003  17     -4       19
  AVERAGE         23                        29     -6       25

PRECIPITATION (IN)
  YESTERDAY        0.00          0.37 1996   0.01  -0.01     0.01
  MONTH TO DATE    0.47                      0.35   0.12     0.25
  SINCE OCT 1      4.44                      3.21   1.23     3.88
  SINCE JAN 1      1.46                      0.83   0.63     0.55

SNOWFALL (IN)
  YESTERDAY        0.0           2.6  1994   0.2   -0.2       T
  MONTH TO DATE    7.9                       4.1    3.8      7.1
  SINCE DEC 1     34.5                      14.1   20.4     33.8
  SINCE JUL 1     50.7                      21.5   29.2     37.7
  SNOW DEPTH       6

DEGREE DAYS
 HEATING
  YESTERDAY       42                        36      6       40
  MONTH TO DATE 1189                       920    269      944
  SINCE DEC 1   4004                      3561    443     4249
  SINCE JUL 1   6135                      5442    693     6026

 COOLING
  YESTERDAY        0                         0      0        0
  MONTH TO DATE    0                         0      0        0
  SINCE DEC 1      0                         0      0        0
  SINCE JAN 1      0                         0      0        0
..................................................................


WIND (MPH)
  HIGHEST WIND SPEED    21   HIGHEST WIND DIRECTION     W (250)
  HIGHEST GUST SPEED    26   HIGHEST GUST DIRECTION    SW (240)
  AVERAGE WIND SPEED     8.9


SKY COVER
  AVERAGE SKY COVER 0.8


WEATHER CONDITIONS
 THE FOLLOWING WEATHER WAS RECORDED YESTERDAY.
  NO SIGNIFICANT WEATHER WAS OBSERVED.


RELATIVE HUMIDITY (PERCENT)
 HIGHEST    91
 LOWEST     39
 AVERAGE    65

..........................................................


THE BOZEMAN/GALLATIN FIELD MT CLIMATE NORMALS FOR TODAY
                         NORMAL    RECORD    YEAR
 MAXIMUM TEMPERATURE (F)   42        62      1995
 MINIMUM TEMPERATURE (F)   17       -30      2003


SUNRISE AND SUNSET
FEBRUARY 25 2018......SUNRISE   710 AM MST   SUNSET   606 PM MST
FEBRUARY 26 2018......SUNRISE   708 AM MST   SUNSET   607 PM MST


-  INDICATES NEGATIVE NUMBERS.
R  INDICATES RECORD WAS SET OR TIED.
MM INDICATES DATA IS MISSING.
T  INDICATES TRACE AMOUNT.




$$
