000
CDUS45 KTFX 010804
CLIBZN


CLIMATE REPORT
NATIONAL WEATHER SERVICE GREAT FALLS MT
103 AM MST SUN MAR 1 2015


...................................

...THE BOZEMAN/GALLATIN FIELD MT CLIMATE SUMMARY FOR FEBRUARY 28 2015...

CLIMATE NORMAL PERIOD 1981 TO 2010
CLIMATE RECORD PERIOD 1935 TO 2015


WEATHER ITEM   OBSERVED TIME   RECORD YEAR NORMAL DEPARTURE LAST
                VALUE   (LST)  VALUE       VALUE  FROM      YEAR
                                                  NORMAL
..................................................................
TEMPERATURE (F)
 YESTERDAY
  MAXIMUM         25    420 PM  64    1992  43    -18       26
  MINIMUM         13   1150 PM -28    1996  18     -5        1
  AVERAGE         19                        31    -12       14

PRECIPITATION (IN)
  YESTERDAY        T             0.27 1953   0.02  -0.02     0.02
  MONTH TO DATE    0.15                      0.43  -0.28     0.66
  SINCE OCT 1      2.30                      3.29  -0.99     2.00
  SINCE JAN 1      0.37                      0.91  -0.54     0.95

SNOWFALL (IN)
  YESTERDAY        T             4.4  1953   0.2   -0.2      1.0
  MONTH TO DATE    1.9                       4.9   -3.0     12.7
  SINCE DEC 1     14.8                      14.9   -0.1     24.5
  SINCE JUL 1     30.4                      22.3    8.1     25.0
  SNOW DEPTH       T

DEGREE DAYS
 HEATING
  YESTERDAY       46                        34     12       51
  MONTH TO DATE  911                      1059   -148     1389
  SINCE DEC 1   3455                      3699   -244     4043
  SINCE JUL 1   5582                      5580      2     6015

 COOLING
  YESTERDAY        0                         0      0        0
  MONTH TO DATE    0                         0      0        0
  SINCE DEC 1      0                         0      0        0
  SINCE JAN 1      0                         0      0        0
..................................................................


WIND (MPH)
  HIGHEST WIND SPEED    12   HIGHEST WIND DIRECTION    NW (310)
  HIGHEST GUST SPEED    14   HIGHEST GUST DIRECTION    NW (330)
  AVERAGE WIND SPEED     4.8


SKY COVER
  AVERAGE SKY COVER 0.8


WEATHER CONDITIONS
 THE FOLLOWING WEATHER WAS RECORDED YESTERDAY.
  LIGHT SNOW
  FOG
  HAZE


RELATIVE HUMIDITY (PERCENT)
 HIGHEST    92
 LOWEST     46
 AVERAGE    69

..........................................................


THE BOZEMAN/GALLATIN FIELD MT CLIMATE NORMALS FOR TODAY
                         NORMAL    RECORD    YEAR
 MAXIMUM TEMPERATURE (F)   44        62      1992
 MINIMUM TEMPERATURE (F)   18       -17      1943


SUNRISE AND SUNSET
MARCH  1 2015.........SUNRISE   703 AM MST   SUNSET   611 PM MST
MARCH  2 2015.........SUNRISE   702 AM MST   SUNSET   612 PM MST


-  INDICATES NEGATIVE NUMBERS.
R  INDICATES RECORD WAS SET OR TIED.
MM INDICATES DATA IS MISSING.
T  INDICATES TRACE AMOUNT.




$$
