000
CDUS45 KTFX 040934
CLIBZN


CLIMATE REPORT
NATIONAL WEATHER SERVICE GREAT FALLS MT
332 AM MDT TUE AUG 4 2015


...................................

...THE BOZEMAN/GALLATIN FIELD MT CLIMATE SUMMARY FOR AUGUST 3 2015...

CLIMATE NORMAL PERIOD 1981 TO 2010
CLIMATE RECORD PERIOD 1935 TO 2015


WEATHER ITEM   OBSERVED TIME   RECORD YEAR NORMAL DEPARTURE LAST
                VALUE   (LST)  VALUE       VALUE  FROM      YEAR
                                                  NORMAL
..................................................................
TEMPERATURE (F)
 YESTERDAY
  MAXIMUM         89    402 PM 101    1961  90     -1       87
  MINIMUM         50    538 AM  37    1938  52     -2       49
  AVERAGE         70                        71     -1       68

PRECIPITATION (IN)
  YESTERDAY        T             0.60 1950   0.03  -0.03      T
  MONTH TO DATE    T                         0.09  -0.09      T
  SINCE OCT 1     10.27                     11.89  -1.62    10.43
  SINCE JAN 1      8.34                      9.51  -1.17     9.38

SNOWFALL (IN)
  YESTERDAY        0.0           0.0  1999   0.0    0.0      0.0
                                      1994
  MONTH TO DATE    0.0                       0.0    0.0      0.0
  SINCE JUN 1      0.0                       0.0    0.0      0.0
  SINCE JUL 1      0.0                       0.0    0.0      0.0
  SNOW DEPTH       0

DEGREE DAYS
 HEATING
  YESTERDAY        0                         0      0        0
  MONTH TO DATE    0                         0      0        0
  SINCE JUN 1    103                       169    -66      249
  SINCE JUL 1     31                        28      3       13

 COOLING
  YESTERDAY        5                         6     -1        3
  MONTH TO DATE   15                        18     -3       11
  SINCE JUN 1    163                       222    -59      134
  SINCE JAN 1    163                       226    -63      134
..................................................................


WIND (MPH)
  HIGHEST WIND SPEED    24   HIGHEST WIND DIRECTION    SE (140)
  HIGHEST GUST SPEED    32   HIGHEST GUST DIRECTION    SE (130)
  AVERAGE WIND SPEED     5.9


SKY COVER
  AVERAGE SKY COVER 0.1


WEATHER CONDITIONS
 THE FOLLOWING WEATHER WAS RECORDED YESTERDAY.
  THUNDERSTORM
  RAIN


RELATIVE HUMIDITY (PERCENT)
 HIGHEST    83
 LOWEST     28
 AVERAGE    56

..........................................................


THE BOZEMAN/GALLATIN FIELD MT CLIMATE NORMALS FOR TODAY
                         NORMAL    RECORD    YEAR
 MAXIMUM TEMPERATURE (F)   90       102      1961
 MINIMUM TEMPERATURE (F)   52        37      2012


SUNRISE AND SUNSET
AUGUST  4 2015........SUNRISE   611 AM MDT   SUNSET   850 PM MDT
AUGUST  5 2015........SUNRISE   612 AM MDT   SUNSET   848 PM MDT


-  INDICATES NEGATIVE NUMBERS.
R  INDICATES RECORD WAS SET OR TIED.
MM INDICATES DATA IS MISSING.
T  INDICATES TRACE AMOUNT.




$$
