000
CDUS45 KTFX 311101
CLIBZN


CLIMATE REPORT
NATIONAL WEATHER SERVICE GREAT FALLS MT
501 AM MDT TUE MAY 31 2016


...................................

...THE BOZEMAN/GALLATIN FIELD MT CLIMATE SUMMARY FOR MAY 30 2016...

CLIMATE NORMAL PERIOD 1981 TO 2010
CLIMATE RECORD PERIOD 1935 TO 2016


WEATHER ITEM   OBSERVED TIME   RECORD YEAR NORMAL DEPARTURE LAST
                VALUE   (LST)  VALUE       VALUE  FROM      YEAR
                                                  NORMAL
..................................................................
TEMPERATURE (F)
 YESTERDAY
  MAXIMUM         67    321 PM  87    1986  72     -5       69
  MINIMUM         44   1156 PM  27    1979  43      1       47
  AVERAGE         56                        57     -1       58

PRECIPITATION (IN)
  YESTERDAY        0.01          1.03 1988   0.10  -0.09     0.06
  MONTH TO DATE    2.51                      2.35   0.16     3.11
  SINCE OCT 1      7.75                      8.18  -0.43     7.67
  SINCE JAN 1      4.90                      5.80  -0.90     5.74

SNOWFALL (IN)
  YESTERDAY        0.0           T    1982   0.1   -0.1      0.0
                                      1995
  MONTH TO DATE    T                         2.4   -2.4      0.0
  SINCE MAR 1      2.1                      17.6  -15.5      7.0
  SINCE JUL 1     25.7                      39.9  -14.2     37.4
  SNOW DEPTH       0

DEGREE DAYS
 HEATING
  YESTERDAY        9                         8      1        7
  MONTH TO DATE  421                       348     73      437
  SINCE MAR 1   1795                      1829    -34     1879
  SINCE JUL 1   7480                      7409     71     7461

 COOLING
  YESTERDAY        0                         0      0        0
  MONTH TO DATE    0                         0      0        0
  SINCE MAR 1      0                         0      0        0
  SINCE JAN 1      0                         0      0        0
..................................................................


WIND (MPH)
  HIGHEST WIND SPEED    24   HIGHEST WIND DIRECTION    NW (310)
  HIGHEST GUST SPEED    30   HIGHEST GUST DIRECTION    NW (310)
  AVERAGE WIND SPEED     8.6


SKY COVER
  AVERAGE SKY COVER 0.4


WEATHER CONDITIONS
 THE FOLLOWING WEATHER WAS RECORDED YESTERDAY.
  LIGHT RAIN


RELATIVE HUMIDITY (PERCENT)
 HIGHEST    83
 LOWEST     28
 AVERAGE    56

..........................................................


THE BOZEMAN/GALLATIN FIELD MT CLIMATE NORMALS FOR TODAY
                         NORMAL    RECORD    YEAR
 MAXIMUM TEMPERATURE (F)   72        88      1986
 MINIMUM TEMPERATURE (F)   43        26      1982


SUNRISE AND SUNSET
MAY 31 2016...........SUNRISE   538 AM MDT   SUNSET   907 PM MDT
JUNE  1 2016..........SUNRISE   538 AM MDT   SUNSET   908 PM MDT


-  INDICATES NEGATIVE NUMBERS.
R  INDICATES RECORD WAS SET OR TIED.
MM INDICATES DATA IS MISSING.
T  INDICATES TRACE AMOUNT.




$$
