000
CDUS45 KTFX 220938
CLIBZN


CLIMATE REPORT
NATIONAL WEATHER SERVICE GREAT FALLS MT
237 AM MST SUN JAN 22 2017


...................................

...THE BOZEMAN/GALLATIN FIELD MT CLIMATE SUMMARY FOR JANUARY 21 2017...

CLIMATE NORMAL PERIOD 1981 TO 2010
CLIMATE RECORD PERIOD 1935 TO 2017


WEATHER ITEM   OBSERVED TIME   RECORD YEAR NORMAL DEPARTURE LAST
                VALUE   (LST)  VALUE       VALUE  FROM      YEAR
                                                  NORMAL
..................................................................
TEMPERATURE (F)
 YESTERDAY
  MAXIMUM         27    409 PM  52    2005  37    -10       35
                                      1950
  MINIMUM         -1    827 AM -45    1962  12    -13       10
  AVERAGE         13                        24    -11       23

PRECIPITATION (IN)
  YESTERDAY        0.00          0.16 1963   0.01  -0.01     0.00
  MONTH TO DATE    0.15                      0.33  -0.18     0.32
  SINCE OCT 1      3.48                      2.71   0.77     3.17
  SINCE JAN 1      0.15                      0.33  -0.18     0.32

SNOWFALL (IN)
  YESTERDAY        0.0           1.6  1963   0.1   -0.1      0.0
  MONTH TO DATE    6.1                       2.6    3.5      7.2
  SINCE DEC 1     20.2                       8.6   11.6     16.7
  SINCE JUL 1     24.1                      16.0    8.1     23.3
  SNOW DEPTH       4

DEGREE DAYS
 HEATING
  YESTERDAY       52                        41     11       42
  MONTH TO DATE 1235                       883    352      982
  SINCE DEC 1   2830                      2237    593     2322
  SINCE JUL 1   4607                      4118    489     4286

 COOLING
  YESTERDAY        0                         0      0        0
  MONTH TO DATE    0                         0      0        0
  SINCE DEC 1      0                         0      0        0
  SINCE JAN 1      0                         0      0        0
..................................................................


WIND (MPH)
  HIGHEST WIND SPEED    10   HIGHEST WIND DIRECTION    SE (120)
  HIGHEST GUST SPEED    11   HIGHEST GUST DIRECTION    SE (130)
  AVERAGE WIND SPEED     2.6


SKY COVER
  AVERAGE SKY COVER 0.5


WEATHER CONDITIONS
 THE FOLLOWING WEATHER WAS RECORDED YESTERDAY.
  HAZE


RELATIVE HUMIDITY (PERCENT)
 HIGHEST    91
 LOWEST     63
 AVERAGE    77

..........................................................


THE BOZEMAN/GALLATIN FIELD MT CLIMATE NORMALS FOR TODAY
                         NORMAL    RECORD    YEAR
 MAXIMUM TEMPERATURE (F)   37        52      1994
 MINIMUM TEMPERATURE (F)   12       -42      1962


SUNRISE AND SUNSET
JANUARY 22 2017.......SUNRISE   756 AM MST   SUNSET   517 PM MST
JANUARY 23 2017.......SUNRISE   755 AM MST   SUNSET   518 PM MST


-  INDICATES NEGATIVE NUMBERS.
R  INDICATES RECORD WAS SET OR TIED.
MM INDICATES DATA IS MISSING.
T  INDICATES TRACE AMOUNT.




$$
