735
CDUS45 KTFX 022330
CLIBZN


CLIMATE REPORT
NATIONAL WEATHER SERVICE GREAT FALLS MT
430 PM MST FRI DEC 2 2016


...................................

...THE BOZEMAN/GALLATIN FIELD MT CLIMATE SUMMARY FOR DECEMBER 2 2016...
VALID TODAY AS OF 0400 PM LOCAL TIME.

CLIMATE NORMAL PERIOD 1981 TO 2010
CLIMATE RECORD PERIOD 1935 TO 2016


WEATHER ITEM   OBSERVED TIME   RECORD YEAR NORMAL DEPARTURE LAST
                VALUE   (LST)  VALUE       VALUE  FROM      YEAR
                                                  NORMAL
..................................................................
TEMPERATURE (F)
 TODAY
  MAXIMUM         34    258 PM  59    2012  36     -2       28
  MINIMUM         19    722 AM -14    1978  12      7        0
  AVERAGE         27                        24      3       14

PRECIPITATION (IN)
  TODAY            T             0.22 1951   0.02  -0.02     0.00
  MONTH TO DATE    T                         0.04  -0.04     0.00
  SINCE OCT 1      2.87                      1.90   0.97     2.28
  SINCE JAN 1     12.76                     13.51  -0.75    12.40

SNOWFALL (IN)
  TODAY           MM             4.0  1972   0.3   MM        0.0
  MONTH TO DATE   MM                         0.5   MM        0.0
  SINCE DEC 1     MM                         0.5   MM        0.0
  SINCE JUL 1      3.9                       7.9   -4.0      6.6

DEGREE DAYS
 HEATING
  TODAY           38                        41     -3       51
  MONTH TO DATE   75                        82     -7      102
  SINCE DEC 1     75                        82     -7      102
  SINCE JUL 1   1852                      1963   -111     2066

 COOLING
  TODAY            0                         0      0        0
  MONTH TO DATE    0                         0      0        0
  SINCE DEC 1      0                         0      0        0
  SINCE JAN 1    232                       368   -136      243
..................................................................


WIND (MPH)
  HIGHEST WIND SPEED     8   HIGHEST WIND DIRECTION     E (80)
  HIGHEST GUST SPEED    10   HIGHEST GUST DIRECTION     E (90)
  AVERAGE WIND SPEED     3.7


SKY COVER
  AVERAGE SKY COVER 0.6


WEATHER CONDITIONS
 THE FOLLOWING WEATHER WAS RECORDED TODAY.
  LIGHT SNOW
  FOG


RELATIVE HUMIDITY (PERCENT)
 HIGHEST    92           100 AM
 LOWEST     51           300 PM
 AVERAGE    72

..........................................................


THE BOZEMAN/GALLATIN FIELD MT CLIMATE NORMALS FOR TOMORROW
                         NORMAL    RECORD    YEAR
 MAXIMUM TEMPERATURE (F)   35        60      1956
 MINIMUM TEMPERATURE (F)   12       -15      1984


SUNRISE AND SUNSET
DECEMBER  2 2016......SUNRISE   747 AM MST   SUNSET   441 PM MST
DECEMBER  3 2016......SUNRISE   748 AM MST   SUNSET   441 PM MST


-  INDICATES NEGATIVE NUMBERS.
R  INDICATES RECORD WAS SET OR TIED.
MM INDICATES DATA IS MISSING.
T  INDICATES TRACE AMOUNT.




$$
