000
CDUS45 KTFX 181010
CLIBZN


CLIMATE REPORT
NATIONAL WEATHER SERVICE GREAT FALLS MT
409 AM MDT FRI APR 18 2014


...................................

...THE BOZEMAN/GALLATIN FIELD MT CLIMATE SUMMARY FOR APRIL 17 2014...

CLIMATE NORMAL PERIOD 1981 TO 2010
CLIMATE RECORD PERIOD 1935 TO 2014


WEATHER ITEM   OBSERVED TIME   RECORD YEAR NORMAL DEPARTURE
                VALUE   (LST)  VALUE       VALUE  FROM
                                                  NORMAL
...............................................................
TEMPERATURE (F)
 YESTERDAY
  MAXIMUM         61    558 PM  78    1994  60      1
  MINIMUM         29    549 AM   5    1964  31     -2
  AVERAGE         45                        45      0

PRECIPITATION (IN)
  YESTERDAY        0.00          0.87 2003   0.05  -0.05
  MONTH TO DATE    0.07                      0.85  -0.78
  SINCE OCT 1      3.56                      5.08  -1.52
  SINCE JAN 1      2.51                      2.70  -0.19

SNOWFALL (IN)
  YESTERDAY        0.0           2.0  1965   0.3   -0.3
  MONTH TO DATE    0.3                       4.9   -4.6
  SINCE MAR 1      4.8                      12.6   -7.8
  SINCE JUL 1     29.8                      34.9   -5.1
  SNOW DEPTH       0

DEGREE DAYS
 HEATING
  YESTERDAY       20                                0
  MONTH TO DATE  410                               42
  SINCE MAR 1   1381                              129
  SINCE JUL 1   7396                              564

 COOLING
  YESTERDAY        0                                0
  MONTH TO DATE    0                                0
  SINCE MAR 1      0                                0
  SINCE JAN 1      0                                0
...............................................................


WIND (MPH)
  HIGHEST WIND SPEED    22   HIGHEST WIND DIRECTION    SW (240)
  HIGHEST GUST SPEED    28   HIGHEST GUST DIRECTION    SW (240)
  AVERAGE WIND SPEED     8.0



WEATHER CONDITIONS
 THE FOLLOWING WEATHER WAS RECORDED YESTERDAY.
  NO SIGNIFICANT WEATHER WAS OBSERVED.


RELATIVE HUMIDITY (PERCENT)
 HIGHEST    82
 LOWEST     23
 AVERAGE    53

..........................................................


THE BOZEMAN/GALLATIN FIELD MT CLIMATE NORMALS FOR TODAY
                         NORMAL    RECORD    YEAR
 MAXIMUM TEMPERATURE (F)   60        79      1936
 MINIMUM TEMPERATURE (F)   31         7      1941


SUNRISE AND SUNSET
APRIL 18 2014.........SUNRISE   633 AM MDT   SUNSET   815 PM MDT
APRIL 19 2014.........SUNRISE   632 AM MDT   SUNSET   817 PM MDT


-  INDICATES NEGATIVE NUMBERS.
R  INDICATES RECORD WAS SET OR TIED.
MM INDICATES DATA IS MISSING.
T  INDICATES TRACE AMOUNT.




$$
