000
CDUS45 KTFX 302230
CLIBZN


CLIMATE REPORT
NATIONAL WEATHER SERVICE GREAT FALLS MT
430 PM MDT SUN APR 30 2017


...................................

...THE BOZEMAN/GALLATIN FIELD MT CLIMATE SUMMARY FOR APRIL 30 2017...
VALID TODAY AS OF 0400 PM LOCAL TIME.

CLIMATE NORMAL PERIOD 1981 TO 2010
CLIMATE RECORD PERIOD 1935 TO 2017


WEATHER ITEM   OBSERVED TIME   RECORD YEAR NORMAL DEPARTURE LAST
                VALUE   (LST)  VALUE       VALUE  FROM      YEAR
                                                  NORMAL
..................................................................
TEMPERATURE (F)
 TODAY
  MAXIMUM         55    100 PM  81    1987  64     -9       52
  MINIMUM         32    149 AM  14    1969  35     -3       33
  AVERAGE         44                        49     -5       43

PRECIPITATION (IN)
  TODAY            0.01          1.02 1951   0.06  -0.05     0.00
  MONTH TO DATE    1.98                      1.60   0.38     0.84
  SINCE OCT 1      7.16                      5.83   1.33     5.24
  SINCE JAN 1      3.83                      3.45   0.38     2.39

SNOWFALL (IN)
  TODAY           MM             7.5  1951   0.2   MM        0.0
  MONTH TO DATE    2.5                       7.5   -5.0       T
  SINCE MAR 1      4.3                      15.2  -10.9      2.1
  SINCE JUL 1     43.5                      37.5    6.0     25.7

DEGREE DAYS
 HEATING
  TODAY           21                        16      5       22
  MONTH TO DATE  656                       598     58      549
  SINCE MAR 1   1370                      1481   -111     1374
  SINCE JUL 1   7563                      7061    502     7059

 COOLING
  TODAY            0                         0      0        0
  MONTH TO DATE    0                         0      0        0
  SINCE MAR 1      0                         0      0        0
  SINCE JAN 1      0                         0      0        0
..................................................................


WIND (MPH)
  HIGHEST WIND SPEED    23   HIGHEST WIND DIRECTION    SW (230)
  HIGHEST GUST SPEED    28   HIGHEST GUST DIRECTION    SW (240)
  AVERAGE WIND SPEED     5.5


SKY COVER
  AVERAGE SKY COVER 0.8


WEATHER CONDITIONS
 THE FOLLOWING WEATHER WAS RECORDED TODAY.
  LIGHT RAIN


RELATIVE HUMIDITY (PERCENT)
 HIGHEST    82           200 AM
 LOWEST     44          1000 AM
 AVERAGE    63

..........................................................


THE BOZEMAN/GALLATIN FIELD MT CLIMATE NORMALS FOR TOMORROW
                         NORMAL    RECORD    YEAR
 MAXIMUM TEMPERATURE (F)   64        83      2007
 MINIMUM TEMPERATURE (F)   35        15      1954


SUNRISE AND SUNSET
APRIL 30 2017.........SUNRISE   613 AM MDT   SUNSET   831 PM MDT
MAY  1 2017...........SUNRISE   612 AM MDT   SUNSET   833 PM MDT


-  INDICATES NEGATIVE NUMBERS.
R  INDICATES RECORD WAS SET OR TIED.
MM INDICATES DATA IS MISSING.
T  INDICATES TRACE AMOUNT.




$$
