000
CDUS45 KTFX 230857
CLIBZN


CLIMATE REPORT
NATIONAL WEATHER SERVICE GREAT FALLS MT
256 AM MDT SAT JUL 23 2016


...................................

...THE BOZEMAN/GALLATIN FIELD MT CLIMATE SUMMARY FOR JULY 22 2016...

CLIMATE NORMAL PERIOD 1981 TO 2010
CLIMATE RECORD PERIOD 1935 TO 2016


WEATHER ITEM   OBSERVED TIME   RECORD YEAR NORMAL DEPARTURE LAST
                VALUE   (LST)  VALUE       VALUE  FROM      YEAR
                                                  NORMAL
..................................................................
TEMPERATURE (F)
 YESTERDAY
  MAXIMUM         98    113 PM 100    2007  90      8       85
                                      1960
  MINIMUM         56    359 AM  37    1993  52      4       48
  AVERAGE         77                        71      6       67

PRECIPITATION (IN)
  YESTERDAY        0.00          0.42 1970   0.03  -0.03     0.14
  MONTH TO DATE    1.25                      0.86   0.39     0.66
  SINCE OCT 1     10.17                     11.54  -1.37     9.15
  SINCE JAN 1      7.32                      9.16  -1.84     7.22

SNOWFALL (IN)
  YESTERDAY        0.0           0.0  1999   0.0    0.0      0.0
                                      2001
                                      1994
  MONTH TO DATE    0.0                       0.0    0.0      0.0
  SINCE JUN 1      0.0                       0.0    0.0      0.0
  SINCE JUL 1      0.0                       0.0    0.0      0.0
  SNOW DEPTH       0

DEGREE DAYS
 HEATING
  YESTERDAY        0                         0      0        0
  MONTH TO DATE   41                        27     14        9
  SINCE JUN 1    140                       168    -28       81
  SINCE JUL 1     41                        27     14        9

 COOLING
  YESTERDAY       12                         6      6        2
  MONTH TO DATE   68                       108    -40       63
  SINCE JUN 1    123                       146    -23      133
  SINCE JAN 1    123                       150    -27      133
..................................................................


WIND (MPH)
  HIGHEST WIND SPEED    29   HIGHEST WIND DIRECTION     W (260)
  HIGHEST GUST SPEED    40   HIGHEST GUST DIRECTION     W (250)
  AVERAGE WIND SPEED     8.7


SKY COVER
  AVERAGE SKY COVER 0.0


WEATHER CONDITIONS
 THE FOLLOWING WEATHER WAS RECORDED YESTERDAY.
  NO SIGNIFICANT WEATHER WAS OBSERVED.


RELATIVE HUMIDITY (PERCENT)
 HIGHEST    72
 LOWEST     10
 AVERAGE    41

..........................................................


THE BOZEMAN/GALLATIN FIELD MT CLIMATE NORMALS FOR TODAY
                         NORMAL    RECORD    YEAR
 MAXIMUM TEMPERATURE (F)   90       105      2007
 MINIMUM TEMPERATURE (F)   52        38      1954


SUNRISE AND SUNSET
JULY 23 2016..........SUNRISE   558 AM MDT   SUNSET   903 PM MDT
JULY 24 2016..........SUNRISE   559 AM MDT   SUNSET   902 PM MDT


-  INDICATES NEGATIVE NUMBERS.
R  INDICATES RECORD WAS SET OR TIED.
MM INDICATES DATA IS MISSING.
T  INDICATES TRACE AMOUNT.




$$
