000
CDUS45 KTFX 010738
CLIBZN


CLIMATE REPORT
NATIONAL WEATHER SERVICE GREAT FALLS MT
1237 AM MST WED MAR 1 2017


...................................

...THE BOZEMAN/GALLATIN FIELD MT CLIMATE SUMMARY FOR FEBRUARY 28 2017...

CLIMATE NORMAL PERIOD 1981 TO 2010
CLIMATE RECORD PERIOD 1935 TO 2017


WEATHER ITEM   OBSERVED TIME   RECORD YEAR NORMAL DEPARTURE LAST
                VALUE   (LST)  VALUE       VALUE  FROM      YEAR
                                                  NORMAL
..................................................................
TEMPERATURE (F)
 YESTERDAY
  MAXIMUM         35   1247 PM  64    1992  43     -8       56
  MINIMUM         20    753 AM -28    1996  18      2       23
  AVERAGE         28                        31     -3       40

PRECIPITATION (IN)
  YESTERDAY        T             0.27 1953   0.02  -0.02     0.00
  MONTH TO DATE    0.27                      0.43  -0.16     0.19
  SINCE OCT 1      3.90                      3.29   0.61     3.40
  SINCE JAN 1      0.57                      0.91  -0.34     0.55

SNOWFALL (IN)
  YESTERDAY       MM             4.4  1953   0.2   MM        0.0
  MONTH TO DATE    8.6                       4.9    3.7       T
  SINCE DEC 1     35.3                      14.9   20.4     17.0
  SINCE JUL 1     39.2                      22.3   16.9     23.6
  SNOW DEPTH       1

DEGREE DAYS
 HEATING
  YESTERDAY       37                        34      3       25
  MONTH TO DATE 1111                      1059     52      938
  SINCE DEC 1   4416                      3699    717     3689
  SINCE JUL 1   6193                      5580    613     5653

 COOLING
  YESTERDAY        0                         0      0        0
  MONTH TO DATE    0                         0      0        0
  SINCE DEC 1      0                         0      0        0
  SINCE JAN 1      0                         0      0        0
..................................................................


WIND (MPH)
  HIGHEST WIND SPEED    33   HIGHEST WIND DIRECTION     W (280)
  HIGHEST GUST SPEED    42   HIGHEST GUST DIRECTION    NW (300)
  AVERAGE WIND SPEED    11.5


SKY COVER
  AVERAGE SKY COVER 0.4


WEATHER CONDITIONS
 THE FOLLOWING WEATHER WAS RECORDED YESTERDAY.
  LIGHT SNOW


RELATIVE HUMIDITY (PERCENT)
 HIGHEST    88
 LOWEST     35
 AVERAGE    62

..........................................................


THE BOZEMAN/GALLATIN FIELD MT CLIMATE NORMALS FOR TODAY
                         NORMAL    RECORD    YEAR
 MAXIMUM TEMPERATURE (F)   44        62      1992
 MINIMUM TEMPERATURE (F)   18       -17      1943


SUNRISE AND SUNSET
MARCH  1 2017.........SUNRISE   703 AM MST   SUNSET   612 PM MST
MARCH  2 2017.........SUNRISE   701 AM MST   SUNSET   613 PM MST


-  INDICATES NEGATIVE NUMBERS.
R  INDICATES RECORD WAS SET OR TIED.
MM INDICATES DATA IS MISSING.
T  INDICATES TRACE AMOUNT.




$$
