000
CDUS45 KTFX 250849
CLIBZN


CLIMATE REPORT
NATIONAL WEATHER SERVICE GREAT FALLS MT
249 AM MDT SUN JUN 25 2017


...................................

...THE BOZEMAN/GALLATIN FIELD MT CLIMATE SUMMARY FOR JUNE 24 2017...

CLIMATE NORMAL PERIOD 1981 TO 2010
CLIMATE RECORD PERIOD 1935 TO 2017


WEATHER ITEM   OBSERVED TIME   RECORD YEAR NORMAL DEPARTURE LAST
                VALUE   (LST)  VALUE       VALUE  FROM      YEAR
                                                  NORMAL
..................................................................
TEMPERATURE (F)
 YESTERDAY
  MAXIMUM         77    524 PM  97    2012  80     -3       77
  MINIMUM         39    500 AM  34    1997  48     -9       44
  AVERAGE         58                        64     -6       61

PRECIPITATION (IN)
  YESTERDAY        0.00          0.87 1969   0.07  -0.07     0.09
  MONTH TO DATE    2.14                      2.06   0.08     0.91
  SINCE OCT 1     11.02                     10.34   0.68     8.66
  SINCE JAN 1      7.69                      7.96  -0.27     5.81

SNOWFALL (IN)
  YESTERDAY        0.0           0.0  2000   0.0    0.0      0.0
                                      2001
                                      1994
  MONTH TO DATE    0.0                       0.3   -0.3      0.0
  SINCE JUN 1      0.0                       0.3   -0.3      0.0
  SINCE JUL 1     44.5                      40.2    4.3     25.7
  SNOW DEPTH       0

DEGREE DAYS
 HEATING
  YESTERDAY        7                         3      4        4
  MONTH TO DATE  141                       126     15       86
  SINCE JUN 1    141                       126     15       86
  SINCE JUL 1   8106                      7543    563     7582

 COOLING
  YESTERDAY        0                         2     -2        0
  MONTH TO DATE   17                        24     -7       34
  SINCE JUN 1     17                        24     -7       34
  SINCE JAN 1     17                        28    -11       34
..................................................................


WIND (MPH)
  HIGHEST WIND SPEED    13   HIGHEST WIND DIRECTION    SE (140)
  HIGHEST GUST SPEED    17   HIGHEST GUST DIRECTION     N (360)
  AVERAGE WIND SPEED     4.4


SKY COVER
  AVERAGE SKY COVER 0.0


WEATHER CONDITIONS
 THE FOLLOWING WEATHER WAS RECORDED YESTERDAY.
  NO SIGNIFICANT WEATHER WAS OBSERVED.


RELATIVE HUMIDITY (PERCENT)
 HIGHEST    92
 LOWEST     16
 AVERAGE    54

..........................................................


THE BOZEMAN/GALLATIN FIELD MT CLIMATE NORMALS FOR TODAY
                         NORMAL    RECORD    YEAR
 MAXIMUM TEMPERATURE (F)   81        98      1974
 MINIMUM TEMPERATURE (F)   48        34      1953


SUNRISE AND SUNSET
JUNE 25 2017..........SUNRISE   536 AM MDT   SUNSET   919 PM MDT
JUNE 26 2017..........SUNRISE   536 AM MDT   SUNSET   919 PM MDT


-  INDICATES NEGATIVE NUMBERS.
R  INDICATES RECORD WAS SET OR TIED.
MM INDICATES DATA IS MISSING.
T  INDICATES TRACE AMOUNT.




$$
