000
CDUS45 KTFX 080752
CLIBZN


CLIMATE REPORT
NATIONAL WEATHER SERVICE GREAT FALLS MT
1251 AM MST MON FEB 8 2016


...................................

...THE BOZEMAN/GALLATIN FIELD MT CLIMATE SUMMARY FOR FEBRUARY 7 2016...

CLIMATE NORMAL PERIOD 1981 TO 2010
CLIMATE RECORD PERIOD 1935 TO 2016


WEATHER ITEM   OBSERVED TIME   RECORD YEAR NORMAL DEPARTURE LAST
                VALUE   (LST)  VALUE       VALUE  FROM      YEAR
                                                  NORMAL
..................................................................
TEMPERATURE (F)
 YESTERDAY
  MAXIMUM         36    501 PM  57    2015  38     -2       57
  MINIMUM          6    815 AM -46    1936  13     -7       38
  AVERAGE         21                        26     -5       48

PRECIPITATION (IN)
  YESTERDAY        0.00          0.50 1975   0.01  -0.01     0.00
  MONTH TO DATE    T                         0.09  -0.09     0.04
  SINCE OCT 1      3.21                      2.95   0.26     2.19
  SINCE JAN 1      0.36                      0.57  -0.21     0.26

SNOWFALL (IN)
  YESTERDAY        0.0           4.4  1994   0.2   -0.2      0.0
  MONTH TO DATE    T                         1.1   -1.1      0.4
  SINCE DEC 1     17.0                      11.1    5.9     13.3
  SINCE JUL 1     23.6                      18.5    5.1     28.9
  SNOW DEPTH       9

DEGREE DAYS
 HEATING
  YESTERDAY       44                        39      5       17
  MONTH TO DATE  322                       279     43      200
  SINCE DEC 1   3073                      2920    153     2744
  SINCE JUL 1   5037                      4801    236     4871

 COOLING
  YESTERDAY        0                         0      0        0
  MONTH TO DATE    0                         0      0        0
  SINCE DEC 1      0                         0      0        0
  SINCE JAN 1      0                         0      0        0
..................................................................


WIND (MPH)
  HIGHEST WIND SPEED    10   HIGHEST WIND DIRECTION     S (190)
  HIGHEST GUST SPEED    12   HIGHEST GUST DIRECTION     S (180)
  AVERAGE WIND SPEED     3.6


SKY COVER
  AVERAGE SKY COVER 0.3


WEATHER CONDITIONS
 THE FOLLOWING WEATHER WAS RECORDED YESTERDAY.
  NO SIGNIFICANT WEATHER WAS OBSERVED.


RELATIVE HUMIDITY (PERCENT)
 HIGHEST    83
 LOWEST     44
 AVERAGE    64

..........................................................


THE BOZEMAN/GALLATIN FIELD MT CLIMATE NORMALS FOR TODAY
                         NORMAL    RECORD    YEAR
 MAXIMUM TEMPERATURE (F)   38        58      2015
 MINIMUM TEMPERATURE (F)   14       -45      1936


SUNRISE AND SUNSET
FEBRUARY  8 2016......SUNRISE   738 AM MST   SUNSET   540 PM MST
FEBRUARY  9 2016......SUNRISE   736 AM MST   SUNSET   542 PM MST


-  INDICATES NEGATIVE NUMBERS.
R  INDICATES RECORD WAS SET OR TIED.
MM INDICATES DATA IS MISSING.
T  INDICATES TRACE AMOUNT.




$$
