000
CDUS45 KTFX 122330
CLIBZN


CLIMATE REPORT
NATIONAL WEATHER SERVICE GREAT FALLS MT
430 PM MST TUE DEC 12 2017


...................................

...THE BOZEMAN/GALLATIN FIELD MT CLIMATE SUMMARY FOR DECEMBER 12 2017...
VALID TODAY AS OF 0400 PM LOCAL TIME.

CLIMATE NORMAL PERIOD 1981 TO 2010
CLIMATE RECORD PERIOD 1935 TO 2017


WEATHER ITEM   OBSERVED TIME   RECORD YEAR NORMAL DEPARTURE LAST
                VALUE   (LST)  VALUE       VALUE  FROM      YEAR
                                                  NORMAL
..................................................................
TEMPERATURE (F)
 TODAY
  MAXIMUM         34    211 PM  60    2014  33      1       31
  MINIMUM          7    801 AM -27    2000   9     -2        1
  AVERAGE         21                        21      0       16

PRECIPITATION (IN)
  TODAY            0.00          0.25 2012   0.02  -0.02     0.00
  MONTH TO DATE    0.16                      0.23  -0.07     0.08
  SINCE OCT 1      2.23                      2.09   0.14     2.95
  SINCE JAN 1     12.33                     13.70  -1.37    12.84

SNOWFALL (IN)
  TODAY            0.0           2.9  1985   0.2   -0.2      0.0
  MONTH TO DATE    2.0                       2.7   -0.7      4.0
  SINCE DEC 1      2.0                       2.7   -0.7      4.0
  SINCE JUL 1     18.2                      10.1    8.1      7.9

DEGREE DAYS
 HEATING
  TODAY           44                        44      0       49
  MONTH TO DATE  518                       512      6      565
  SINCE DEC 1    518                       512      6      565
  SINCE JUL 1   2649                      2393    256     2342

 COOLING
  TODAY            0                         0      0        0
  MONTH TO DATE    0                         0      0        0
  SINCE DEC 1      0                         0      0        0
  SINCE JAN 1    327                       368    -41      232
..................................................................


WIND (MPH)
  HIGHEST WIND SPEED    12   HIGHEST WIND DIRECTION    SE (150)
  HIGHEST GUST SPEED    12   HIGHEST GUST DIRECTION    SE (150)
  AVERAGE WIND SPEED     3.9


SKY COVER
  AVERAGE SKY COVER 0.0


WEATHER CONDITIONS
 THE FOLLOWING WEATHER WAS RECORDED TODAY.
  HAZE


RELATIVE HUMIDITY (PERCENT)
 HIGHEST    88           700 AM
 LOWEST     61           200 PM
 AVERAGE    75

..........................................................


THE BOZEMAN/GALLATIN FIELD MT CLIMATE NORMALS FOR TOMORROW
                         NORMAL    RECORD    YEAR
 MAXIMUM TEMPERATURE (F)   33        53      1946
 MINIMUM TEMPERATURE (F)    9       -14      1972


SUNRISE AND SUNSET
DECEMBER 12 2017......SUNRISE   757 AM MST   SUNSET   440 PM MST
DECEMBER 13 2017......SUNRISE   758 AM MST   SUNSET   440 PM MST


-  INDICATES NEGATIVE NUMBERS.
R  INDICATES RECORD WAS SET OR TIED.
MM INDICATES DATA IS MISSING.
T  INDICATES TRACE AMOUNT.




$$
