000
CDUS42 KCAE 030633
CLICAE


CLIMATE REPORT
NATIONAL WEATHER SERVICE COLUMBIA SC
232 AM EDT WED JUN 3 2015


...................................

...THE COLUMBIA METRO AIRPORT SC CLIMATE SUMMARY FOR JUNE 2 2015...

CLIMATE NORMAL PERIOD 1981 TO 2010
CLIMATE RECORD PERIOD 1887 TO 2015


WEATHER ITEM   OBSERVED TIME   RECORD YEAR NORMAL DEPARTURE LAST
                VALUE   (LST)  VALUE       VALUE  FROM      YEAR
                                                  NORMAL
..................................................................
TEMPERATURE (F)
 YESTERDAY
  MAXIMUM         88    236 PM 101    2000  88      0       83
                                      1951
                                      1918
  MINIMUM         67    845 PM  47    1983  65      2       57
  AVERAGE         78                        76      2       70

PRECIPITATION (IN)
  YESTERDAY        2.42R         2.30 1903   0.14   2.28     0.00
  MONTH TO DATE    3.68                      0.27   3.41     0.00
  SINCE JUN 1      3.68                      0.27   3.41     0.00
  SINCE JAN 1     19.56                     16.78   2.78    18.96

SNOWFALL (IN)
  YESTERDAY        0.0          MM      MM   0.0             0.0
  MONTH TO DATE    0.0                       0.0             0.0
  SINCE JUN 1      0.0                       0.0             0.0
  SINCE JUL 1      T                         1.5             4.2

DEGREE DAYS
 HEATING
  YESTERDAY        0                         0      0        0
  MONTH TO DATE    0                         0      0        0
  SINCE JUN 1      0                         0      0        0
  SINCE JUL 1   2463                      2551    -88     2560

 COOLING
  YESTERDAY       13                        11      2        5
  MONTH TO DATE   27                        22      5       15
  SINCE JUN 1     27                        22      5       15
  SINCE JAN 1    448                       343    105      429
..................................................................


WIND (MPH)
  HIGHEST WIND SPEED    26   HIGHEST WIND DIRECTION    NW (310)
  HIGHEST GUST SPEED    35   HIGHEST GUST DIRECTION    NW (310)
  AVERAGE WIND SPEED     4.3


SKY COVER
  AVERAGE SKY COVER 0.7


WEATHER CONDITIONS
 THE FOLLOWING WEATHER WAS RECORDED YESTERDAY.
  THUNDERSTORM
  HEAVY RAIN
  RAIN
  LIGHT RAIN
  FOG


RELATIVE HUMIDITY (PERCENT)
 HIGHEST    90           300 AM
 LOWEST     45           400 PM
 AVERAGE    68

..........................................................


THE COLUMBIA METRO AIRPORT SC CLIMATE NORMALS FOR TODAY
                         NORMAL    RECORD    YEAR
 MAXIMUM TEMPERATURE (F)   88       104      1951
 MINIMUM TEMPERATURE (F)   65        49      1953


SUNRISE AND SUNSET
JUNE  3 2015..........SUNRISE   614 AM EDT   SUNSET   831 PM EDT
JUNE  4 2015..........SUNRISE   614 AM EDT   SUNSET   832 PM EDT


-  INDICATES NEGATIVE NUMBERS.
R  INDICATES RECORD WAS SET OR TIED.
MM INDICATES DATA IS MISSING.
T  INDICATES TRACE AMOUNT.




$$
