000
CDUS42 KCAE 270522
CLICAE


CLIMATE REPORT
NATIONAL WEATHER SERVICE COLUMBIA SC
122 AM EDT WED AUG 27 2014


...................................

...THE COLUMBIA METRO AIRPORT SC CLIMATE SUMMARY FOR AUGUST 26 2014...

CLIMATE NORMAL PERIOD 1981 TO 2010
CLIMATE RECORD PERIOD 1887 TO 2014


WEATHER ITEM   OBSERVED TIME   RECORD YEAR NORMAL DEPARTURE LAST
                VALUE   (LST)  VALUE       VALUE  FROM      YEAR
                                                  NORMAL
..................................................................
TEMPERATURE (F)
 YESTERDAY
  MAXIMUM         90    359 PM 100    1954  90      0       86
                                      1943
  MINIMUM         73    656 AM  54    1952  70      3       56
  AVERAGE         82                        80      2       71

PRECIPITATION (IN)
  YESTERDAY        0.00          4.72 1995   0.16  -0.16     0.00
  MONTH TO DATE    4.79                      4.55   0.24     7.51
  SINCE JUN 1      9.03                     14.70  -5.67    24.89
  SINCE JAN 1     27.99                     31.21  -3.22    43.51

SNOWFALL (IN)
  YESTERDAY        0.0          MM      MM   0.0             0.0
  MONTH TO DATE    0.0                       0.0             0.0
  SINCE JUN 1      0.0                       0.0             0.0
  SINCE JUL 1      0.0                       0.0             0.0

DEGREE DAYS
 HEATING
  YESTERDAY        0                         0      0        0
  MONTH TO DATE    0                         0      0        0
  SINCE JUN 1      0                         1     -1        0
  SINCE JUL 1      0                         0      0        0

 COOLING
  YESTERDAY       17                        15      2        6
  MONTH TO DATE  446                       421     25      373
  SINCE JUN 1   1533                      1377    156     1295
  SINCE JAN 1   1947                      1698    249     1615
..................................................................


WIND (MPH)
  HIGHEST WIND SPEED    15   HIGHEST WIND DIRECTION    NE (30)
  HIGHEST GUST SPEED    19   HIGHEST GUST DIRECTION    NE (40)
  AVERAGE WIND SPEED     7.7


SKY COVER
  AVERAGE SKY COVER 0.5


WEATHER CONDITIONS
 THE FOLLOWING WEATHER WAS RECORDED YESTERDAY.
  NO SIGNIFICANT WEATHER WAS OBSERVED.


RELATIVE HUMIDITY (PERCENT)
 HIGHEST    69          1200 AM
 LOWEST     36           500 PM
 AVERAGE    53

..........................................................


THE COLUMBIA METRO AIRPORT SC CLIMATE NORMALS FOR TODAY
                         NORMAL    RECORD    YEAR
 MAXIMUM TEMPERATURE (F)   90       102      1954
 MINIMUM TEMPERATURE (F)   70        56      1904


SUNRISE AND SUNSET
AUGUST 27 2014........SUNRISE   655 AM EDT   SUNSET   757 PM EDT
AUGUST 28 2014........SUNRISE   655 AM EDT   SUNSET   755 PM EDT


-  INDICATES NEGATIVE NUMBERS.
R  INDICATES RECORD WAS SET OR TIED.
MM INDICATES DATA IS MISSING.
T  INDICATES TRACE AMOUNT.




$$
