000
CDUS42 KCAE 100613
CLICAE


CLIMATE REPORT
NATIONAL WEATHER SERVICE COLUMBIA SC
113 AM EST WED FEB 10 2016


...................................

...THE COLUMBIA METRO AIRPORT SC CLIMATE SUMMARY FOR FEBRUARY 9 2016...

CLIMATE NORMAL PERIOD 1981 TO 2010
CLIMATE RECORD PERIOD 1887 TO 2016


WEATHER ITEM   OBSERVED TIME   RECORD YEAR NORMAL DEPARTURE LAST
                VALUE   (LST)  VALUE       VALUE  FROM      YEAR
                                                  NORMAL
..................................................................
TEMPERATURE (F)
 YESTERDAY
  MAXIMUM         44    220 PM  81    1994  59    -15       68
  MINIMUM         32   1159 PM  12    1895  36     -4       44
  AVERAGE         38                        47     -9       56

PRECIPITATION (IN)
  YESTERDAY        T             2.36 1937   0.12  -0.12     0.18
  MONTH TO DATE    1.73                      1.10   0.63     0.83
  SINCE DEC 1     10.12                      7.90   2.22     7.33
  SINCE JAN 1      3.67                      4.68  -1.01     3.43

SNOWFALL (IN)
  YESTERDAY        T             3.7  1973   0.0             0.0
  MONTH TO DATE    T                         0.2             0.0
  SINCE DEC 1      T                         1.1             0.0
  SINCE JUL 1      T                         1.1              T

DEGREE DAYS
 HEATING
  YESTERDAY       27                        18      9        9
  MONTH TO DATE  129                       165    -36      160
  SINCE DEC 1    961                      1360   -399     1238
  SINCE JUL 1   1231                      1801   -570     1743

 COOLING
  YESTERDAY        0                         0      0        0
  MONTH TO DATE    4                         0      4        0
  SINCE DEC 1     63                         4     59        0
  SINCE JAN 1      4                         1      3        0
..................................................................


WIND (MPH)
  HIGHEST WIND SPEED    26   HIGHEST WIND DIRECTION     W (270)
  HIGHEST GUST SPEED    32   HIGHEST GUST DIRECTION     W (280)
  AVERAGE WIND SPEED    15.3


SKY COVER
  AVERAGE SKY COVER 0.6


WEATHER CONDITIONS
 THE FOLLOWING WEATHER WAS RECORDED YESTERDAY.
  LIGHT SNOW


RELATIVE HUMIDITY (PERCENT)
 HIGHEST    70           100 AM
 LOWEST     43           300 PM
 AVERAGE    57

..........................................................


THE COLUMBIA METRO AIRPORT SC CLIMATE NORMALS FOR TODAY
                         NORMAL    RECORD    YEAR
 MAXIMUM TEMPERATURE (F)   59        79      1954
 MINIMUM TEMPERATURE (F)   36        14      1934


SUNRISE AND SUNSET
FEBRUARY 10 2016......SUNRISE   714 AM EST   SUNSET   603 PM EST
FEBRUARY 11 2016......SUNRISE   713 AM EST   SUNSET   604 PM EST


-  INDICATES NEGATIVE NUMBERS.
R  INDICATES RECORD WAS SET OR TIED.
MM INDICATES DATA IS MISSING.
T  INDICATES TRACE AMOUNT.




$$
