000
CDUS45 KGJT 270735
CLICAG


CLIMATE REPORT
NATIONAL WEATHER SERVICE GRAND JUNCTION CO
133 AM MDT SAT AUG 27 2016


...................................

...THE CRAIG CO CLIMATE SUMMARY FOR AUGUST 26 2016...

CLIMATE NORMAL PERIOD 1981 TO 2010
CLIMATE RECORD PERIOD 9999 TO 9999


WEATHER ITEM   OBSERVED TIME   RECORD YEAR NORMAL DEPARTURE LAST
                VALUE   (LST)  VALUE       VALUE  FROM      YEAR
                                                  NORMAL
..................................................................
TEMPERATURE (F)
 YESTERDAY
  MAXIMUM         78    230 PM  MM      MM  81     -3       86
  MINIMUM         39    603 AM  MM      MM  44     -5       49
  AVERAGE         59                        63     -4       68

PRECIPITATION (IN)
  YESTERDAY        0.08         MM      MM   0.05   0.03     0.16
  MONTH TO DATE    0.63                      1.12  -0.49     0.77
  SINCE JUN 1      1.60                      3.60  -2.00     2.92
  SINCE JAN 1      7.98                      9.79  -1.81    10.14

SNOWFALL (IN)
  YESTERDAY       MM            MM      MM  MM     MM       MM
  MONTH TO DATE   MM                        MM     MM       MM
  SINCE JUN 1     MM                        MM     MM       MM
  SINCE JUL 1     MM                        MM     MM       MM
  SNOW DEPTH      MM

DEGREE DAYS
 HEATING
  YESTERDAY        6                         3      3        0
  MONTH TO DATE   38                        35      3       26
  SINCE JUN 1    111                       235   -124      124
  SINCE JUL 1     52                        60     -8       51

 COOLING
  YESTERDAY        0                         0      0        3
  MONTH TO DATE   43                        51     -8       64
  SINCE JUN 1    190                       140     50      181
  SINCE JAN 1    190                       140     50      181
..................................................................


WIND (MPH)
  HIGHEST WIND SPEED    25   HIGHEST WIND DIRECTION     W (280)
  HIGHEST GUST SPEED    31   HIGHEST GUST DIRECTION     W (290)
  AVERAGE WIND SPEED     6.9


SKY COVER
  POSSIBLE SUNSHINE  MM
  AVERAGE SKY COVER 0.2


WEATHER CONDITIONS
 THE FOLLOWING WEATHER WAS RECORDED YESTERDAY.
  THUNDERSTORM
  LIGHT RAIN


RELATIVE HUMIDITY (PERCENT)
 HIGHEST    86           600 AM
 LOWEST     16           200 PM
 AVERAGE    51

..........................................................


THE CRAIG CO CLIMATE NORMALS FOR TODAY
                         NORMAL    RECORD    YEAR
 MAXIMUM TEMPERATURE (F)   81        MM        MM
 MINIMUM TEMPERATURE (F)   44        MM        MM


SUNRISE AND SUNSET
AUGUST 27 2016........SUNRISE   633 AM MDT   SUNSET   749 PM MDT
AUGUST 28 2016........SUNRISE   634 AM MDT   SUNSET   748 PM MDT


-  INDICATES NEGATIVE NUMBERS.
R  INDICATES RECORD WAS SET OR TIED.
MM INDICATES DATA IS MISSING.
T  INDICATES TRACE AMOUNT.




$$
