000
CDUS45 KGJT 170752
CLICAG


CLIMATE REPORT
NATIONAL WEATHER SERVICE GRAND JUNCTION CO
149 AM MDT WED SEP 17 2014


...................................

...THE CRAIG CO CLIMATE SUMMARY FOR SEPTEMBER 16 2014...

CLIMATE NORMAL PERIOD 1981 TO 2010
CLIMATE RECORD PERIOD 9999 TO 9999


WEATHER ITEM   OBSERVED TIME   RECORD YEAR NORMAL DEPARTURE LAST
                VALUE   (LST)  VALUE       VALUE  FROM      YEAR
                                                  NORMAL
..................................................................
TEMPERATURE (F)
 YESTERDAY
  MAXIMUM         84    336 PM  MM      MM  74     10       79
  MINIMUM         38    558 AM  MM      MM  37      1       47
  AVERAGE         61                        55      6       63

PRECIPITATION (IN)
  YESTERDAY        0.00         MM      MM   0.08  -0.08     0.00
  MONTH TO DATE    0.63                      0.98  -0.35     2.12
  SINCE SEP 1      0.63                      0.98  -0.35     2.12
  SINCE JAN 1     10.65                     11.04  -0.39     8.24

SNOWFALL (IN)
  YESTERDAY       MM            MM      MM  MM     MM       MM
  MONTH TO DATE   MM                        MM     MM       MM
  SINCE SEP 1     MM                        MM     MM       MM
  SINCE JUL 1     MM                        MM     MM       MM
  SNOW DEPTH      MM

DEGREE DAYS
 HEATING
  YESTERDAY        4                        10     -6        2
  MONTH TO DATE  108                       110     -2       17
  SINCE SEP 1    108                       110     -2       17
  SINCE JUL 1    211                       187     24       22

 COOLING
  YESTERDAY        0                         0      0        0
  MONTH TO DATE    1                         0      1       45
  SINCE SEP 1      1                         0      1       45
  SINCE JAN 1     71                       140    -69      377
..................................................................


WIND (MPH)
  HIGHEST WIND SPEED    12   HIGHEST WIND DIRECTION    SW (240)
  HIGHEST GUST SPEED    16   HIGHEST GUST DIRECTION     W (290)
  AVERAGE WIND SPEED     2.7


SKY COVER
  POSSIBLE SUNSHINE  MM
  AVERAGE SKY COVER 0.1


WEATHER CONDITIONS
 THE FOLLOWING WEATHER WAS RECORDED YESTERDAY.
  NO SIGNIFICANT WEATHER WAS OBSERVED.


RELATIVE HUMIDITY (PERCENT)
 HIGHEST    92           600 AM
 LOWEST     16           300 PM
 AVERAGE    54

..........................................................


THE CRAIG CO CLIMATE NORMALS FOR TODAY
                         NORMAL    RECORD    YEAR
 MAXIMUM TEMPERATURE (F)   74        MM        MM
 MINIMUM TEMPERATURE (F)   36        MM        MM


SUNRISE AND SUNSET
SEPTEMBER 17 2014.....SUNRISE   653 AM MDT   SUNSET   716 PM MDT
SEPTEMBER 18 2014.....SUNRISE   654 AM MDT   SUNSET   714 PM MDT


-  INDICATES NEGATIVE NUMBERS.
R  INDICATES RECORD WAS SET OR TIED.
MM INDICATES DATA IS MISSING.
T  INDICATES TRACE AMOUNT.




$$
