000
CDUS45 KGJT 292338
CLICAG


CLIMATE REPORT
NATIONAL WEATHER SERVICE GRAND JUNCTION CO
435 PM MST THU JAN 29 2015


...................................

...THE CRAIG CO CLIMATE SUMMARY FOR JANUARY 29 2015...
VALID TODAY AS OF 0400 PM LOCAL TIME.

CLIMATE NORMAL PERIOD 1981 TO 2010
CLIMATE RECORD PERIOD 9999 TO 9999


WEATHER ITEM   OBSERVED TIME   RECORD YEAR NORMAL DEPARTURE LAST
                VALUE   (LST)  VALUE       VALUE  FROM      YEAR
                                                  NORMAL
..................................................................
TEMPERATURE (F)
 TODAY
  MAXIMUM         44    133 PM  MM      MM  31     13       39
  MINIMUM         25    748 AM  MM      MM   4     21       -7
  AVERAGE         35                        17     18       16

PRECIPITATION (IN)
  TODAY            0.00         MM      MM   0.03  -0.03     0.01
  MONTH TO DATE    0.32                      0.81  -0.49     0.71
  SINCE DEC 1      1.16                      1.81  -0.65     2.19
  SINCE JAN 1      0.32                      0.81  -0.49     0.71

SNOWFALL (IN)
  TODAY           MM            MM      MM  MM     MM       MM
  MONTH TO DATE   MM                        MM     MM       MM
  SINCE DEC 1     MM                        MM     MM       MM
  SINCE JUL 1     MM                        MM     MM       MM
  SNOW DEPTH      MM

DEGREE DAYS
 HEATING
  TODAY           30                        48    -18       49
  MONTH TO DATE 1309                      1431   -122     1491
  SINCE DEC 1   2581                      2902   -321     3120
  SINCE JUL 1   4484                      4987   -503     5024

 COOLING
  TODAY            0                         0      0        0
  MONTH TO DATE    0                         0      0        0
  SINCE DEC 1      0                         0      0        0
  SINCE JAN 1      0                         0      0        0
..................................................................


WIND (MPH)
  HIGHEST WIND SPEED     7   HIGHEST WIND DIRECTION    SW (210)
  HIGHEST GUST SPEED     8   HIGHEST GUST DIRECTION    SW (210)
  AVERAGE WIND SPEED     1.2


SKY COVER
  POSSIBLE SUNSHINE  MM
  AVERAGE SKY COVER 0.5


WEATHER CONDITIONS
 THE FOLLOWING WEATHER WAS RECORDED TODAY.
  FOG
  FOG W/VISIBILITY <= 1/4 MILE


RELATIVE HUMIDITY (PERCENT)
 HIGHEST    92           200 AM
 LOWEST     65           200 PM
 AVERAGE    79

..........................................................


THE CRAIG CO CLIMATE NORMALS FOR TOMORROW
                         NORMAL    RECORD    YEAR
 MAXIMUM TEMPERATURE (F)   31        MM        MM
 MINIMUM TEMPERATURE (F)    4        MM        MM


SUNRISE AND SUNSET
JANUARY 29 2015.......SUNRISE   723 AM MST   SUNSET   524 PM MST
JANUARY 30 2015.......SUNRISE   722 AM MST   SUNSET   526 PM MST


-  INDICATES NEGATIVE NUMBERS.
R  INDICATES RECORD WAS SET OR TIED.
MM INDICATES DATA IS MISSING.
T  INDICATES TRACE AMOUNT.




$$
