000
CDUS45 KGJT 060808
CLICAG


CLIMATE REPORT
NATIONAL WEATHER SERVICE GRAND JUNCTION CO
103 AM MST TUE DEC 6 2016


...................................

...THE CRAIG CO CLIMATE SUMMARY FOR DECEMBER 5 2016...

CLIMATE NORMAL PERIOD 1981 TO 2010
CLIMATE RECORD PERIOD 9999 TO 9999


WEATHER ITEM   OBSERVED TIME   RECORD YEAR NORMAL DEPARTURE LAST
                VALUE   (LST)  VALUE       VALUE  FROM      YEAR
                                                  NORMAL
..................................................................
TEMPERATURE (F)
 YESTERDAY
  MAXIMUM         37    301 AM  MM      MM  34      3       37
  MINIMUM         -2   1156 PM  MM      MM   8    -10        2
  AVERAGE         18                        21     -3       20

PRECIPITATION (IN)
  YESTERDAY        T            MM      MM   0.04  -0.04     0.08
  MONTH TO DATE    0.01                      0.19  -0.18     0.08
  SINCE DEC 1      0.01                      0.19  -0.18     0.08
  SINCE JAN 1     11.81                     15.25  -3.44    14.03

SNOWFALL (IN)
  YESTERDAY       MM            MM      MM  MM     MM       MM
  MONTH TO DATE   MM                        MM     MM       MM
  SINCE DEC 1     MM                        MM     MM       MM
  SINCE JUL 1     MM                        MM     MM       MM
  SNOW DEPTH      MM

DEGREE DAYS
 HEATING
  YESTERDAY       47                        44      3       45
  MONTH TO DATE  226                       216     10      239
  SINCE DEC 1    226                       216     10      239
  SINCE JUL 1   1864                      2301   -437     1916

 COOLING
  YESTERDAY        0                         0      0        0
  MONTH TO DATE    0                         0      0        0
  SINCE DEC 1      0                         0      0        0
  SINCE JAN 1    201                       142     59      187
..................................................................


WIND (MPH)
  HIGHEST WIND SPEED    23   HIGHEST WIND DIRECTION    NW (310)
  HIGHEST GUST SPEED    36   HIGHEST GUST DIRECTION     W (280)
  AVERAGE WIND SPEED     8.2


SKY COVER
  POSSIBLE SUNSHINE  MM
  AVERAGE SKY COVER 0.7


WEATHER CONDITIONS
 THE FOLLOWING WEATHER WAS RECORDED YESTERDAY.
  LIGHT SNOW


RELATIVE HUMIDITY (PERCENT)
 HIGHEST    69          1100 PM
 LOWEST     27           400 PM
 AVERAGE    48

..........................................................


THE CRAIG CO CLIMATE NORMALS FOR TODAY
                         NORMAL    RECORD    YEAR
 MAXIMUM TEMPERATURE (F)   33        MM        MM
 MINIMUM TEMPERATURE (F)    8        MM        MM


SUNRISE AND SUNSET
DECEMBER  6 2016......SUNRISE   720 AM MST   SUNSET   443 PM MST
DECEMBER  7 2016......SUNRISE   720 AM MST   SUNSET   443 PM MST


-  INDICATES NEGATIVE NUMBERS.
R  INDICATES RECORD WAS SET OR TIED.
MM INDICATES DATA IS MISSING.
T  INDICATES TRACE AMOUNT.




$$
