000
CDUS41 KCLE 270545
CLICAK


CLIMATE REPORT
NATIONAL WEATHER SERVICE CLEVELAND OH
145 AM EDT THU APR 27 2017


...................................

...THE AKRON CANTON OH CLIMATE SUMMARY FOR APRIL 26 2017...

CLIMATE NORMAL PERIOD 1981 TO 2010
CLIMATE RECORD PERIOD 1887 TO 2017


WEATHER ITEM   OBSERVED TIME   RECORD YEAR NORMAL DEPARTURE LAST
                VALUE   (LST)  VALUE       VALUE  FROM      YEAR
                                                  NORMAL
..................................................................
TEMPERATURE (F)
 YESTERDAY
  MAXIMUM         81    435 PM  89    1915  64     17       75
  MINIMUM         54    653 AM  25    2006  42     12       42
                                      1972
  AVERAGE         68                        53     15       59

PRECIPITATION (IN)
  YESTERDAY        0.00                      0.11  -0.11     0.32
  MONTH TO DATE    3.56                      3.09   0.47     2.88
  SINCE MAR 1      9.09                      6.07   3.02     7.46
  SINCE JAN 1     17.60                     10.99   6.61    12.05

SNOWFALL (IN)
  YESTERDAY        0.0                       0.0    0.0      0.0
  MONTH TO DATE    2.5                       2.6   -0.1      5.1
  SINCE MAR 1     16.0                      10.8    5.2      7.5
  SINCE JUL 1     37.2                      47.3  -10.1     30.2
  SNOW DEPTH       0

DEGREE DAYS
 HEATING
  YESTERDAY        0                        12    -12        6
  MONTH TO DATE  254                       433   -179      442
  SINCE MAR 1   1057                      1284   -227     1044
  SINCE JUL 1   4657                      5828  -1171     4691

 COOLING
  YESTERDAY        3                         0      3        0
  MONTH TO DATE   20                         0     20        0
  SINCE MAR 1     20                         0     20        0
  SINCE JAN 1     22                         0     22        0
..................................................................


WIND (MPH)
  HIGHEST WIND SPEED    20   HIGHEST WIND DIRECTION     S (170)
  HIGHEST GUST SPEED    24   HIGHEST GUST DIRECTION     S (170)
  AVERAGE WIND SPEED     9.6


SKY COVER
  POSSIBLE SUNSHINE  MM
  AVERAGE SKY COVER 0.4


WEATHER CONDITIONS
 THE FOLLOWING WEATHER WAS RECORDED YESTERDAY.
  FOG
  HAZE


RELATIVE HUMIDITY (PERCENT)
 HIGHEST    93           500 AM
 LOWEST     39           500 PM
 AVERAGE    66

..........................................................


THE AKRON CANTON OH CLIMATE NORMALS FOR TODAY
                         NORMAL    RECORD    YEAR
 MAXIMUM TEMPERATURE (F)   64        87      1990
 MINIMUM TEMPERATURE (F)   43        27      1993
                                             1971


SUNRISE AND SUNSET
APRIL 27 2017.........SUNRISE   629 AM EDT   SUNSET   818 PM EDT
APRIL 28 2017.........SUNRISE   628 AM EDT   SUNSET   819 PM EDT


-  INDICATES NEGATIVE NUMBERS.
R  INDICATES RECORD WAS SET OR TIED.
MM INDICATES DATA IS MISSING.
T  INDICATES TRACE AMOUNT.




$$
