000
CDUS41 KCLE 310620
CLICAK


CLIMATE REPORT
NATIONAL WEATHER SERVICE CLEVELAND OH
207 AM EDT TUE MAY 31 2016


...................................

...THE AKRON CANTON OH CLIMATE SUMMARY FOR MAY 30 2016...

CLIMATE NORMAL PERIOD 1981 TO 2010
CLIMATE RECORD PERIOD 1887 TO 2016


WEATHER ITEM   OBSERVED TIME   RECORD YEAR NORMAL DEPARTURE LAST
                VALUE   (LST)  VALUE       VALUE  FROM      YEAR
                                                  NORMAL
..................................................................
TEMPERATURE (F)
 YESTERDAY
  MAXIMUM         84    353 PM  92    1895  73     11       83
  MINIMUM         60    527 AM  33    1964  53      7       68
  AVERAGE         72                        63      9       76

PRECIPITATION (IN)
  YESTERDAY        0.00                      0.15  -0.15     0.40
  MONTH TO DATE    2.00                      4.14  -2.14     3.53
  SINCE MAR 1     10.08                     10.67  -0.59    10.13
  SINCE JAN 1     14.67                     15.59  -0.92    15.61

SNOWFALL (IN)
  YESTERDAY        0.0                       0.0    0.0      0.0
  MONTH TO DATE    T                         0.1   -0.1      0.0
  SINCE MAR 1      7.5                      11.0   -3.5      6.9
  SINCE JUL 1     30.2                      47.5  -17.3     59.8
  SNOW DEPTH       0

DEGREE DAYS
 HEATING
  YESTERDAY        0                         4     -4        0
  MONTH TO DATE  221                       222     -1      101
  SINCE MAR 1   1334                      1554   -220     1431
  SINCE JUL 1   4981                      6098  -1117     6274

 COOLING
  YESTERDAY        7                         2      5       11
  MONTH TO DATE   53                        33     20      142
  SINCE MAR 1     53                        39     14      144
  SINCE JAN 1     53                        39     14      144
..................................................................


WIND (MPH)
  HIGHEST WIND SPEED    15   HIGHEST WIND DIRECTION     N (340)
  HIGHEST GUST SPEED    20   HIGHEST GUST DIRECTION    NW (320)
  AVERAGE WIND SPEED     5.7


SKY COVER
  POSSIBLE SUNSHINE  MM
  AVERAGE SKY COVER 0.4


WEATHER CONDITIONS
 THE FOLLOWING WEATHER WAS RECORDED YESTERDAY.
  FOG
  HAZE


RELATIVE HUMIDITY (PERCENT)
 HIGHEST    97           500 AM
 LOWEST     40           300 PM
 AVERAGE    69

..........................................................


THE AKRON CANTON OH CLIMATE NORMALS FOR TODAY
                         NORMAL    RECORD    YEAR
 MAXIMUM TEMPERATURE (F)   74        94      1895
 MINIMUM TEMPERATURE (F)   53        37      1910


SUNRISE AND SUNSET
MAY 31 2016...........SUNRISE   556 AM EDT   SUNSET   851 PM EDT
JUNE  1 2016..........SUNRISE   556 AM EDT   SUNSET   852 PM EDT


-  INDICATES NEGATIVE NUMBERS.
R  INDICATES RECORD WAS SET OR TIED.
MM INDICATES DATA IS MISSING.
T  INDICATES TRACE AMOUNT.




$$
