000
CDUS45 KABQ 030826
CLICAO


CLIMATE REPORT
NATIONAL WEATHER SERVICE ALBUQUERQUE NM
226 AM MDT THU SEP 3 2015


...................................

...THE CLAYTON  NM CLIMATE SUMMARY FOR SEPTEMBER 2 2015...

CLIMATE NORMAL PERIOD 1981 TO 2010
CLIMATE RECORD PERIOD 1896 TO 2015


WEATHER ITEM   OBSERVED TIME   RECORD YEAR NORMAL DEPARTURE
                VALUE   (LST)  VALUE       VALUE  FROM
                                                  NORMAL
...............................................................
TEMPERATURE (F)
 YESTERDAY
  MAXIMUM         92    332 PM  97    1947  84      8
  MINIMUM         64    550 AM  43    1934  58      6
  AVERAGE         78                        71      7

PRECIPITATION (IN)
  YESTERDAY        0.04          2.10 1930   0.06  -0.02
  MONTH TO DATE    0.04                      0.13  -0.09
  SINCE SEP 1      0.04                      0.13  -0.09
  SINCE JAN 1     24.32                     12.33  11.99

SNOWFALL (IN)
  YESTERDAY        0.0
  MONTH TO DATE    0.0
  SINCE SEP 1      0.0
  SINCE JUL 1      0.0

DEGREE DAYS
 HEATING
  YESTERDAY        0                         0      0
  MONTH TO DATE    0                         0      0
  SINCE SEP 1      0                         0      0
  SINCE JUL 1      5                         6     -1

 COOLING
  YESTERDAY       13                         6      7
  MONTH TO DATE   24                        12     12
  SINCE SEP 1     24                        12     12
  SINCE JAN 1    906                       809     97
...............................................................


WIND (MPH)
  HIGHEST WIND SPEED    22   HIGHEST WIND DIRECTION    SE (150)
  HIGHEST GUST SPEED    29   HIGHEST GUST DIRECTION    SE (150)
  AVERAGE WIND SPEED    10.1


SKY COVER
  AVERAGE SKY COVER 0.1


WEATHER CONDITIONS
 THE FOLLOWING WEATHER WAS RECORDED YESTERDAY.
  THUNDERSTORM
  LIGHT RAIN


RELATIVE HUMIDITY (PERCENT)
 HIGHEST    73           200 AM
 LOWEST     23          1200 PM
 AVERAGE    48

..........................................................


THE CLAYTON  NM CLIMATE NORMALS FOR TODAY
                         NORMAL    RECORD    YEAR
 MAXIMUM TEMPERATURE (F)   84        99      1947
 MINIMUM TEMPERATURE (F)   57        37      1961


SUNRISE AND SUNSET
SEPTEMBER  3 2015.....SUNRISE   625 AM MDT   SUNSET   718 PM MDT
SEPTEMBER  4 2015.....SUNRISE   626 AM MDT   SUNSET   717 PM MDT


-  INDICATES NEGATIVE NUMBERS.
R  INDICATES RECORD WAS SET OR TIED.
MM INDICATES DATA IS MISSING.
T  INDICATES TRACE AMOUNT.




$$
