357
CDUS45 KABQ 210848
CLICAO


CLIMATE REPORT
NATIONAL WEATHER SERVICE ALBUQUERQUE NM
248 AM MDT FRI JUL 21 2017


...................................

...THE CLAYTON  NM CLIMATE SUMMARY FOR JULY 20 2017...

CLIMATE NORMAL PERIOD 1981 TO 2010
CLIMATE RECORD PERIOD 1896 TO 2017


WEATHER ITEM   OBSERVED TIME   RECORD YEAR NORMAL DEPARTURE
                VALUE   (LST)  VALUE       VALUE  FROM
                                                  NORMAL
...............................................................
TEMPERATURE (F)
 YESTERDAY
  MAXIMUM         95    353 PM 100    2005  89      6
  MINIMUM         66    521 AM  51    1960  61      5
                                      1918
  AVERAGE         81                        75      6

PRECIPITATION (IN)
  YESTERDAY        0.00          2.59 1950   0.09  -0.09
  MONTH TO DATE    0.35                      1.59  -1.24
  SINCE JUN 1      1.04                      3.72  -2.68
  SINCE JAN 1      8.79                      8.19   0.60

SNOWFALL (IN)
  YESTERDAY        0.0
  MONTH TO DATE    0.0
  SINCE JUN 1      0.0
  SINCE JUL 1      0.0

DEGREE DAYS
 HEATING
  YESTERDAY        0                         0      0
  MONTH TO DATE    0                         0      0
  SINCE JUN 1      2                        23    -21
  SINCE JUL 1      0                         0      0

 COOLING
  YESTERDAY       16                        10      6
  MONTH TO DATE  227                       196     31
  SINCE JUN 1    425                       379     46
  SINCE JAN 1    457                       430     27
...............................................................


WIND (MPH)
  HIGHEST WIND SPEED    22   HIGHEST WIND DIRECTION     S (170)
  HIGHEST GUST SPEED    32   HIGHEST GUST DIRECTION     S (190)
  AVERAGE WIND SPEED    13.4


SKY COVER
  AVERAGE SKY COVER 0.0


WEATHER CONDITIONS
 THE FOLLOWING WEATHER WAS RECORDED YESTERDAY.
  NO SIGNIFICANT WEATHER WAS OBSERVED.


RELATIVE HUMIDITY (PERCENT)
 HIGHEST    73           500 AM
 LOWEST     19           200 PM
 AVERAGE    46

..........................................................


THE CLAYTON  NM CLIMATE NORMALS FOR TODAY
                         NORMAL    RECORD    YEAR
 MAXIMUM TEMPERATURE (F)   89       102      2016
 MINIMUM TEMPERATURE (F)   61        50      1924
                                             1898


SUNRISE AND SUNSET
JULY 21 2017..........SUNRISE   551 AM MDT   SUNSET   807 PM MDT
JULY 22 2017..........SUNRISE   551 AM MDT   SUNSET   806 PM MDT


-  INDICATES NEGATIVE NUMBERS.
R  INDICATES RECORD WAS SET OR TIED.
MM INDICATES DATA IS MISSING.
T  INDICATES TRACE AMOUNT.




$$
