000
CDUS45 KABQ 010831
CLICAO


CLIMATE REPORT
NATIONAL WEATHER SERVICE ALBUQUERQUE NM
129 AM MST SUN FEB 1 2015


...................................

...THE CLAYTON  NM CLIMATE SUMMARY FOR JANUARY 31 2015...

CLIMATE NORMAL PERIOD 1981 TO 2010
CLIMATE RECORD PERIOD 1896 TO 2015


WEATHER ITEM   OBSERVED TIME   RECORD YEAR NORMAL DEPARTURE
                VALUE   (LST)  VALUE       VALUE  FROM
                                                  NORMAL
...............................................................
TEMPERATURE (F)
 YESTERDAY
  MAXIMUM         44    318 PM  79    1989  50     -6
  MINIMUM         32    815 AM -12    1951  22     10
  AVERAGE         38                        36      2

PRECIPITATION (IN)
  YESTERDAY        0.10          0.28 1983   0.01   0.09
  MONTH TO DATE    1.56                      0.28   1.28
  SINCE DEC 1      2.06                      0.64   1.42
  SINCE JAN 1      1.56                      0.28   1.28

SNOWFALL (IN)
  YESTERDAY        T
  MONTH TO DATE    9.2
  SINCE DEC 1     12.7
  SINCE JUL 1     15.3

DEGREE DAYS
 HEATING
  YESTERDAY       27                        29     -2
  MONTH TO DATE  874                       914    -40
  SINCE DEC 1   1763                      1854    -91
  SINCE JUL 1   2715                      2906   -191

 COOLING
  YESTERDAY        0                         0      0
  MONTH TO DATE    0                         0      0
  SINCE DEC 1      0                         0      0
  SINCE JAN 1      0                         0      0
...............................................................


WIND (MPH)
  HIGHEST WIND SPEED    21   HIGHEST WIND DIRECTION     S (200)
  HIGHEST GUST SPEED    24   HIGHEST GUST DIRECTION     S (200)
  AVERAGE WIND SPEED    12.5


SKY COVER
  AVERAGE SKY COVER 1.0


WEATHER CONDITIONS
 THE FOLLOWING WEATHER WAS RECORDED YESTERDAY.
  LIGHT RAIN
  LT FREEZING RAIN
  LIGHT SNOW
  FOG


RELATIVE HUMIDITY (PERCENT)
 HIGHEST   100           900 PM
 LOWEST     73           200 PM
 AVERAGE    87

..........................................................


THE CLAYTON  NM CLIMATE NORMALS FOR TODAY
                         NORMAL    RECORD    YEAR
 MAXIMUM TEMPERATURE (F)   50        81      1963
 MINIMUM TEMPERATURE (F)   22       -17      1951


SUNRISE AND SUNSET
FEBRUARY  1 2015......SUNRISE   654 AM MST   SUNSET   519 PM MST
FEBRUARY  2 2015......SUNRISE   653 AM MST   SUNSET   520 PM MST


-  INDICATES NEGATIVE NUMBERS.
R  INDICATES RECORD WAS SET OR TIED.
MM INDICATES DATA IS MISSING.
T  INDICATES TRACE AMOUNT.




$$
