000
CDUS45 KABQ 240833
CLICAO


CLIMATE REPORT
NATIONAL WEATHER SERVICE ALBUQUERQUE NM
231 AM MDT SUN SEP 24 2017


...................................

...THE CLAYTON  NM CLIMATE SUMMARY FOR SEPTEMBER 23 2017...

CLIMATE NORMAL PERIOD 1981 TO 2010
CLIMATE RECORD PERIOD 1896 TO 2017


WEATHER ITEM   OBSERVED TIME   RECORD YEAR NORMAL DEPARTURE
                VALUE   (LST)  VALUE       VALUE  FROM
                                                  NORMAL
...............................................................
TEMPERATURE (F)
 YESTERDAY
  MAXIMUM         71    842 AM  94    1898  77     -6
  MINIMUM         54    143 PM  34    1985  49      5
                                      1970
  AVERAGE         63                        63      0

PRECIPITATION (IN)
  YESTERDAY        1.29          1.39 2015   0.05   1.24
  MONTH TO DATE    1.63                      1.34   0.29
  SINCE SEP 1      1.63                      1.34   0.29
  SINCE JAN 1     16.55                     13.54   3.01

SNOWFALL (IN)
  YESTERDAY        0.0
  MONTH TO DATE    0.0
  SINCE SEP 1      0.0
  SINCE JUL 1      0.0

DEGREE DAYS
 HEATING
  YESTERDAY        2                         4     -2
  MONTH TO DATE   12                        43    -31
  SINCE SEP 1     12                        43    -31
  SINCE JUL 1     16                        49    -33

 COOLING
  YESTERDAY        0                         2     -2
  MONTH TO DATE  111                        93     18
  SINCE SEP 1    111                        93     18
  SINCE JAN 1    821                       890    -69
...............................................................


WIND (MPH)
  HIGHEST WIND SPEED    29   HIGHEST WIND DIRECTION    SW (240)
  HIGHEST GUST SPEED    44   HIGHEST GUST DIRECTION     W (260)
  AVERAGE WIND SPEED    14.3


SKY COVER
  AVERAGE SKY COVER 0.6


WEATHER CONDITIONS
 THE FOLLOWING WEATHER WAS RECORDED YESTERDAY.
  THUNDERSTORM
  HEAVY RAIN
  RAIN
  LIGHT RAIN
  FOG
  HAZE


RELATIVE HUMIDITY (PERCENT)
 HIGHEST   100           200 AM
 LOWEST     73           900 AM
 AVERAGE    87

..........................................................


THE CLAYTON  NM CLIMATE NORMALS FOR TODAY
                         NORMAL    RECORD    YEAR
 MAXIMUM TEMPERATURE (F)   76        92      1998
 MINIMUM TEMPERATURE (F)   49        35      1928
                                             1926


SUNRISE AND SUNSET
SEPTEMBER 24 2017.....SUNRISE   642 AM MDT   SUNSET   646 PM MDT
SEPTEMBER 25 2017.....SUNRISE   643 AM MDT   SUNSET   645 PM MDT


-  INDICATES NEGATIVE NUMBERS.
R  INDICATES RECORD WAS SET OR TIED.
MM INDICATES DATA IS MISSING.
T  INDICATES TRACE AMOUNT.




$$
