968
CDUS45 KABQ 300827
CLICAO


CLIMATE REPORT
NATIONAL WEATHER SERVICE ALBUQUERQUE NM
227 AM MDT TUE MAY 30 2017


...................................

...THE CLAYTON  NM CLIMATE SUMMARY FOR MAY 29 2017...

CLIMATE NORMAL PERIOD 1981 TO 2010
CLIMATE RECORD PERIOD 1896 TO 2017


WEATHER ITEM   OBSERVED TIME   RECORD YEAR NORMAL DEPARTURE
                VALUE   (LST)  VALUE       VALUE  FROM
                                                  NORMAL
...............................................................
TEMPERATURE (F)
 YESTERDAY
  MAXIMUM         76   1241 PM  99    2000  79     -3
  MINIMUM         44   1258 AM  29    1947  51     -7
  AVERAGE         60                        65     -5

PRECIPITATION (IN)
  YESTERDAY        0.17          1.71 1971   0.09   0.08
  MONTH TO DATE    2.24                      1.79   0.45
  SINCE MAR 1      6.37                      3.68   2.69
  SINCE JAN 1      7.75                      4.30   3.45

SNOWFALL (IN)
  YESTERDAY        0.0
  MONTH TO DATE    0.0
  SINCE MAR 1     13.9
  SINCE JUL 1     25.3

DEGREE DAYS
 HEATING
  YESTERDAY        5                         2      3
  MONTH TO DATE  209                       150     59
  SINCE MAR 1    988                      1179   -191
  SINCE JUL 1   4008                      4856   -848

 COOLING
  YESTERDAY        0                         3     -3
  MONTH TO DATE   12                        41    -29
  SINCE MAR 1     30                        47    -17
  SINCE JAN 1     32                        47    -15
...............................................................


WIND (MPH)
  HIGHEST WIND SPEED    36   HIGHEST WIND DIRECTION    NW (310)
  HIGHEST GUST SPEED    45   HIGHEST GUST DIRECTION    NW (320)
  AVERAGE WIND SPEED    11.3


SKY COVER
  AVERAGE SKY COVER 0.4


WEATHER CONDITIONS
 THE FOLLOWING WEATHER WAS RECORDED YESTERDAY.
  THUNDERSTORM
  RAIN
  LIGHT RAIN
  FOG


RELATIVE HUMIDITY (PERCENT)
 HIGHEST    89           800 PM
 LOWEST     29          1100 AM
 AVERAGE    59

..........................................................


THE CLAYTON  NM CLIMATE NORMALS FOR TODAY
                         NORMAL    RECORD    YEAR
 MAXIMUM TEMPERATURE (F)   80        99      2000
 MINIMUM TEMPERATURE (F)   52        38      1947


SUNRISE AND SUNSET
MAY 30 2017...........SUNRISE   537 AM MDT   SUNSET   804 PM MDT
MAY 31 2017...........SUNRISE   536 AM MDT   SUNSET   805 PM MDT


-  INDICATES NEGATIVE NUMBERS.
R  INDICATES RECORD WAS SET OR TIED.
MM INDICATES DATA IS MISSING.
T  INDICATES TRACE AMOUNT.




$$
