000
CDUS45 KABQ 300828
CLICAO


CLIMATE REPORT
NATIONAL WEATHER SERVICE ALBUQUERQUE NM
228 AM MDT WED JUL 30 2014


...................................

...THE CLAYTON  NM CLIMATE SUMMARY FOR JULY 29 2014...

CLIMATE NORMAL PERIOD 1981 TO 2010
CLIMATE RECORD PERIOD 1896 TO 2014


WEATHER ITEM   OBSERVED TIME   RECORD YEAR NORMAL DEPARTURE
                VALUE   (LST)  VALUE       VALUE  FROM
                                                  NORMAL
...............................................................
TEMPERATURE (F)
 YESTERDAY
  MAXIMUM         81        MM 100    1934  88     -7
  MINIMUM         64    300 AM  53    1971  61      3
                                      1943
                                      1929
  AVERAGE         73                        74     -1

PRECIPITATION (IN)
  YESTERDAY        0.02          2.02 1982   0.10  -0.08
  MONTH TO DATE    2.21                      2.46  -0.25
  SINCE JUN 1      4.10                      4.59  -0.49
  SINCE JAN 1      5.87                      9.06  -3.19

SNOWFALL (IN)
  YESTERDAY        0.0
  MONTH TO DATE    0.0
  SINCE JUN 1      0.0
  SINCE JUL 1      0.0

DEGREE DAYS
 HEATING
  YESTERDAY        0                         0      0
  MONTH TO DATE    0                         0      0
  SINCE JUN 1     14                        23     -9
  SINCE JUL 1      0                         0      0

 COOLING
  YESTERDAY        8                        10     -2
  MONTH TO DATE  334                       286     48
  SINCE JUN 1    579                       469    110
  SINCE JAN 1    674                       520    154
...............................................................


WIND (MPH)
  HIGHEST WIND SPEED    18   HIGHEST WIND DIRECTION     S (190)
  HIGHEST GUST SPEED    27   HIGHEST GUST DIRECTION     S (190)
  AVERAGE WIND SPEED    13.3


SKY COVER
  AVERAGE SKY COVER 0.6


WEATHER CONDITIONS
 THE FOLLOWING WEATHER WAS RECORDED YESTERDAY.
  LIGHT RAIN
  FOG


RELATIVE HUMIDITY (PERCENT)
 HIGHEST    93          1200 AM
 LOWEST     42           100 PM
 AVERAGE    68

..........................................................


THE CLAYTON  NM CLIMATE NORMALS FOR TODAY
                         NORMAL    RECORD    YEAR
 MAXIMUM TEMPERATURE (F)   88       105      1934
 MINIMUM TEMPERATURE (F)   61        52      1971
                                             1925


SUNRISE AND SUNSET
JULY 30 2014..........SUNRISE   557 AM MDT   SUNSET   800 PM MDT
JULY 31 2014..........SUNRISE   558 AM MDT   SUNSET   759 PM MDT


-  INDICATES NEGATIVE NUMBERS.
R  INDICATES RECORD WAS SET OR TIED.
MM INDICATES DATA IS MISSING.
T  INDICATES TRACE AMOUNT.




$$
