000
CDUS45 KABQ 140827
CLICAO


CLIMATE REPORT
NATIONAL WEATHER SERVICE ALBUQUERQUE NM
126 AM MST SUN FEB 14 2016


...................................

...THE CLAYTON  NM CLIMATE SUMMARY FOR FEBRUARY 13 2016...

CLIMATE NORMAL PERIOD 1981 TO 2010
CLIMATE RECORD PERIOD 1896 TO 2016


WEATHER ITEM   OBSERVED TIME   RECORD YEAR NORMAL DEPARTURE
                VALUE   (LST)  VALUE       VALUE  FROM
                                                  NORMAL
...............................................................
TEMPERATURE (F)
 YESTERDAY
  MAXIMUM         76    237 PM  78    2011  51     25
  MINIMUM         34    242 AM  -3    1899  23     11
  AVERAGE         55                        37     18

PRECIPITATION (IN)
  YESTERDAY        0.00          0.50 1969   0.01  -0.01
  MONTH TO DATE    0.11                      0.14  -0.03
  SINCE DEC 1      1.00                      0.78   0.22
  SINCE JAN 1      0.39                      0.42  -0.03

SNOWFALL (IN)
  YESTERDAY        0.0
  MONTH TO DATE    0.9
  SINCE DEC 1     15.1
  SINCE JUL 1     22.2

DEGREE DAYS
 HEATING
  YESTERDAY       10                        28    -18
  MONTH TO DATE  349                       373    -24
  SINCE DEC 1   2073                      2227   -154
  SINCE JUL 1   2962                      3279   -317

 COOLING
  YESTERDAY        0                         0      0
  MONTH TO DATE    0                         0      0
  SINCE DEC 1      0                         0      0
  SINCE JAN 1      0                         0      0
...............................................................


WIND (MPH)
  HIGHEST WIND SPEED    28   HIGHEST WIND DIRECTION     S (200)
  HIGHEST GUST SPEED    36   HIGHEST GUST DIRECTION    SW (220)
  AVERAGE WIND SPEED    16.1


SKY COVER
  AVERAGE SKY COVER 0.0


WEATHER CONDITIONS
 THE FOLLOWING WEATHER WAS RECORDED YESTERDAY.
  NO SIGNIFICANT WEATHER WAS OBSERVED.


RELATIVE HUMIDITY (PERCENT)
 HIGHEST    70           300 AM
 LOWEST     12           200 PM
 AVERAGE    41

..........................................................


THE CLAYTON  NM CLIMATE NORMALS FOR TODAY
                         NORMAL    RECORD    YEAR
 MAXIMUM TEMPERATURE (F)   51        78      1979
 MINIMUM TEMPERATURE (F)   23         6      1966
                                             1936


SUNRISE AND SUNSET
FEBRUARY 14 2016......SUNRISE   642 AM MST   SUNSET   532 PM MST
FEBRUARY 15 2016......SUNRISE   641 AM MST   SUNSET   533 PM MST


-  INDICATES NEGATIVE NUMBERS.
R  INDICATES RECORD WAS SET OR TIED.
MM INDICATES DATA IS MISSING.
T  INDICATES TRACE AMOUNT.

$$
