000
CDUS41 KCAR 260530
CLICAR


CLIMATE REPORT
NATIONAL WEATHER SERVICE CARIBOU, ME
127 AM EDT THU MAY 26 2016


...................................

...THE CARIBOU ME CLIMATE SUMMARY FOR MAY 25 2016...

CLIMATE NORMAL PERIOD 1981 TO 2010
CLIMATE RECORD PERIOD 1939 TO 2016


WEATHER ITEM   OBSERVED TIME   RECORD YEAR NORMAL DEPARTURE LAST
                VALUE   (LST)  VALUE       VALUE  FROM      YEAR
                                                  NORMAL
..................................................................
TEMPERATURE (F)
 YESTERDAY
  MAXIMUM         82    304 PM  91    2007  66     16       80
  MINIMUM         57   1159 PM  27    1956  43     14       48
  AVERAGE         70                        54     16       64

PRECIPITATION (IN)
  YESTERDAY        0.20          1.27 2013   0.12   0.08      T
  MONTH TO DATE    2.36                      2.65  -0.29     1.38
  SINCE MAR 1      9.86                      7.82   2.04     5.38
  SINCE JAN 1     15.33                     12.74   2.59     9.48

SNOWFALL (IN)
  YESTERDAY        0.0           0.2  1974   0.0    0.0      0.0
  MONTH TO DATE    4.8                       0.5    4.3      0.3
  SINCE MAR 1     34.8                      26.2    8.6     33.8
  SINCE JUL 1     94.8                     108.7  -13.9    142.1
  SNOW DEPTH       0

DEGREE DAYS
 HEATING
  YESTERDAY        0                        11    -11        1
  MONTH TO DATE  304                       365    -61      292
  SINCE MAR 1   2434                      2410     24     2539
  SINCE JUL 1   8176                      9131   -955     9280

 COOLING
  YESTERDAY        5                         0      5        0
  MONTH TO DATE    7                         0      7        0
  SINCE MAR 1      7                         0      7        0
  SINCE JAN 1      7                         0      7        0
..................................................................


WIND (MPH)
  HIGHEST WIND SPEED    20   HIGHEST WIND DIRECTION     W (250)
  HIGHEST GUST SPEED    27   HIGHEST GUST DIRECTION    SW (230)
  AVERAGE WIND SPEED     8.8


SKY COVER
  POSSIBLE SUNSHINE  MM
  AVERAGE SKY COVER 0.4


WEATHER CONDITIONS
 THE FOLLOWING WEATHER WAS RECORDED YESTERDAY.
  THUNDERSTORM
  LIGHT RAIN
  FOG


RELATIVE HUMIDITY (PERCENT)
 HIGHEST    90          1200 AM
 LOWEST     39           200 PM
 AVERAGE    65

..........................................................


THE CARIBOU ME CLIMATE NORMALS FOR TODAY
                         NORMAL    RECORD    YEAR
 MAXIMUM TEMPERATURE (F)   66        88      1950
 MINIMUM TEMPERATURE (F)   44        32      1972
                                             1969
                                             1956


SUNRISE AND SUNSET
MAY 26 2016...........SUNRISE   445 AM EDT   SUNSET   813 PM EDT
MAY 27 2016...........SUNRISE   445 AM EDT   SUNSET   815 PM EDT


-  INDICATES NEGATIVE NUMBERS.
R  INDICATES RECORD WAS SET OR TIED.
MM INDICATES DATA IS MISSING.
T  INDICATES TRACE AMOUNT.

---------------------------------------------------------------------------------
THE CARIBOU ME 4-INCH UNDER SOD SOIL TEMP:
MAXIMUM TEMPERATURE: 68F
MINIMUM TEMPERATURE: 61F


$$

JAH
