000
CDUS41 KCAR 240551
CLICAR


CLIMATE REPORT
NATIONAL WEATHER SERVICE CARIBOU, ME
1250 AM EST SAT FEB 24 2018


...................................

...THE CARIBOU ME CLIMATE SUMMARY FOR FEBRUARY 23 2018...

CLIMATE NORMAL PERIOD 1981 TO 2010
CLIMATE RECORD PERIOD 1939 TO 2018


WEATHER ITEM   OBSERVED TIME   RECORD YEAR NORMAL DEPARTURE LAST
                VALUE   (LST)  VALUE       VALUE  FROM      YEAR
                                                  NORMAL
..................................................................
TEMPERATURE (F)
 YESTERDAY
  MAXIMUM         26   1159 PM  52    1981  27     -1       50
  MINIMUM         -3    603 AM -25    1972   7    -10       20
  AVERAGE         12                        17     -5       35

PRECIPITATION (IN)
  YESTERDAY        0.05          0.77 2009   0.08  -0.03     0.01
  MONTH TO DATE    2.08                      1.79   0.29     1.50
  SINCE DEC 1     11.50                      7.77   3.73     9.15
  SINCE JAN 1      7.38                      4.50   2.88     4.95

SNOWFALL (IN)
  YESTERDAY        0.3          10.0  2009   0.7   -0.4      0.0
  MONTH TO DATE   23.2                      18.3    4.9     15.8
  SINCE DEC 1     96.3                      66.4   29.9     76.4
  SINCE JUL 1    100.2                      78.6   21.6     96.6
  SNOW DEPTH      29

DEGREE DAYS
 HEATING
  YESTERDAY       53                        48      5       30
  MONTH TO DATE 1091                      1189    -98     1191
  SINCE DEC 1   4316                      4338    -22     4132
  SINCE JUL 1   6020                      6483   -463     5819

 COOLING
  YESTERDAY        0                         0      0        0
  MONTH TO DATE    0                         0      0        0
  SINCE DEC 1      0                         0      0        0
  SINCE JAN 1      0                         0      0        0
..................................................................


WIND (MPH)
  HIGHEST WIND SPEED    18   HIGHEST WIND DIRECTION     S (180)
  HIGHEST GUST SPEED    24   HIGHEST GUST DIRECTION     S (170)
  AVERAGE WIND SPEED     6.9


SKY COVER
  POSSIBLE SUNSHINE  MM
  AVERAGE SKY COVER 0.4


WEATHER CONDITIONS
 THE FOLLOWING WEATHER WAS RECORDED YESTERDAY.
  LT FREEZING RAIN
  LIGHT SNOW
  FOG
  HAZE


RELATIVE HUMIDITY (PERCENT)
 HIGHEST    81          1100 PM
 LOWEST     46           200 PM
 AVERAGE    64

..........................................................


THE CARIBOU ME CLIMATE NORMALS FOR TODAY
                         NORMAL    RECORD    YEAR
 MAXIMUM TEMPERATURE (F)   27        50      2017
 MINIMUM TEMPERATURE (F)    7       -22      1977


SUNRISE AND SUNSET
FEBRUARY 24 2018......SUNRISE   621 AM EST   SUNSET   510 PM EST
FEBRUARY 25 2018......SUNRISE   619 AM EST   SUNSET   512 PM EST


-  INDICATES NEGATIVE NUMBERS.
R  INDICATES RECORD WAS SET OR TIED.
MM INDICATES DATA IS MISSING.
T  INDICATES TRACE AMOUNT.




$$
