000
CDUS41 KCAR 060539
CLICAR


CLIMATE REPORT
NATIONAL WEATHER SERVICE CARIBOU, ME
1236 AM EST FRI MAR 6 2015


...................................

...THE CARIBOU ME CLIMATE SUMMARY FOR MARCH 5 2015...

CLIMATE NORMAL PERIOD 1981 TO 2010
CLIMATE RECORD PERIOD 1939 TO 2015


WEATHER ITEM   OBSERVED TIME   RECORD YEAR NORMAL DEPARTURE LAST
                VALUE   (LST)  VALUE       VALUE  FROM      YEAR
                                                  NORMAL
..................................................................
TEMPERATURE (F)
 YESTERDAY
  MAXIMUM         26   1200 AM  48    1965  30     -4        9
  MINIMUM         -8   1136 PM -19    2014  10    -18      -19
  AVERAGE          9                        20    -11       -5

PRECIPITATION (IN)
  YESTERDAY        T             0.69 1977   0.08  -0.08     0.00
  MONTH TO DATE    0.31                      0.41  -0.10     0.03
  SINCE MAR 1      0.31                      0.41  -0.10     0.03
  SINCE JAN 1      4.41                      5.33  -0.92     6.25

SNOWFALL (IN)
  YESTERDAY        T             8.5  1977   0.7   -0.7      0.0
  MONTH TO DATE    6.2                       3.6    2.6      0.6
  SINCE MAR 1      6.2                       3.6    2.6      0.6
  SINCE JUL 1    114.5                      86.1   28.4    100.0
  SNOW DEPTH      23

DEGREE DAYS
 HEATING
  YESTERDAY       56                        45     11       70
  MONTH TO DATE  250                       228     22      319
  SINCE MAR 1    250                       228     22      319
  SINCE JUL 1   6991                      6949     42     6973

 COOLING
  YESTERDAY        0                         0      0        0
  MONTH TO DATE    0                         0      0        0
  SINCE MAR 1      0                         0      0        0
  SINCE JAN 1      0                         0      0        0
..................................................................


WIND (MPH)
  HIGHEST WIND SPEED    24   HIGHEST WIND DIRECTION    NW (320)
  HIGHEST GUST SPEED    30   HIGHEST GUST DIRECTION    NW (320)
  AVERAGE WIND SPEED    11.1


SKY COVER
  POSSIBLE SUNSHINE  MM
  AVERAGE SKY COVER 0.2


WEATHER CONDITIONS
 THE FOLLOWING WEATHER WAS RECORDED YESTERDAY.
  LIGHT SNOW


RELATIVE HUMIDITY (PERCENT)
 HIGHEST    70           400 AM
 LOWEST     34          1200 PM
 AVERAGE    52

..........................................................


THE CARIBOU ME CLIMATE NORMALS FOR TODAY
                         NORMAL    RECORD    YEAR
 MAXIMUM TEMPERATURE (F)   30        47      1974
 MINIMUM TEMPERATURE (F)   11       -20      1948


SUNRISE AND SUNSET
MARCH  6 2015.........SUNRISE   603 AM EST   SUNSET   525 PM EST
MARCH  7 2015.........SUNRISE   601 AM EST   SUNSET   526 PM EST


-  INDICATES NEGATIVE NUMBERS.
R  INDICATES RECORD WAS SET OR TIED.
MM INDICATES DATA IS MISSING.
T  INDICATES TRACE AMOUNT.




$$
