000
CDUS41 KCAR 132128
CLICAR


CLIMATE REPORT
NATIONAL WEATHER SERVICE CARIBOU, ME
428 PM EST SAT FEB 13 2016


...................................

...THE CARIBOU ME CLIMATE SUMMARY FOR FEBRUARY 13 2016...
VALID TODAY AS OF 0400 PM LOCAL TIME.

CLIMATE NORMAL PERIOD 1981 TO 2010
CLIMATE RECORD PERIOD 1939 TO 2016


WEATHER ITEM   OBSERVED TIME   RECORD YEAR NORMAL DEPARTURE LAST
                VALUE   (LST)  VALUE       VALUE  FROM      YEAR
                                                  NORMAL
..................................................................
TEMPERATURE (F)
 TODAY
  MAXIMUM         11    306 PM  42    1984  23    -12        6
  MINIMUM        -14   1242 AM -22    1975   4    -18      -11
  AVERAGE         -1                        13    -14       -2

PRECIPITATION (IN)
  TODAY            T             0.85 2008   0.08  -0.08     0.00
  MONTH TO DATE    0.87                      1.02  -0.15     0.31
  SINCE DEC 1      7.17                      7.00   0.17     9.09
  SINCE JAN 1      2.29                      3.73  -1.44     3.21

SNOWFALL (IN)
  TODAY            T             8.1  2008   0.8   -0.8      0.0
  MONTH TO DATE    8.2                      10.5   -2.3      4.9
  SINCE DEC 1     47.2                      58.6  -11.4     65.7
  SINCE JUL 1     51.3                      70.8  -19.5     94.5
  SNOW DEPTH      10

DEGREE DAYS
 HEATING
  TODAY           66                        52     14       67
  MONTH TO DATE  639                       691    -52      854
  SINCE DEC 1   3218                      3840   -622     3910
  SINCE JUL 1   5036                      5985   -949     5862

 COOLING
  TODAY            0                         0      0        0
  MONTH TO DATE    0                         0      0        0
  SINCE DEC 1      0                         0      0        0
  SINCE JAN 1      0                         0      0        0
..................................................................


WIND (MPH)
  HIGHEST WIND SPEED     6   HIGHEST WIND DIRECTION     E (70)
  HIGHEST GUST SPEED     7   HIGHEST GUST DIRECTION     E (70)
  AVERAGE WIND SPEED     2.2


SKY COVER
  POSSIBLE SUNSHINE  MM
  AVERAGE SKY COVER 0.4


WEATHER CONDITIONS
 THE FOLLOWING WEATHER WAS RECORDED TODAY.
  SNOW
  LIGHT SNOW
  HAZE


RELATIVE HUMIDITY (PERCENT)
 HIGHEST    79          1200 AM
 LOWEST     60          1100 AM
 AVERAGE    70

..........................................................


THE CARIBOU ME CLIMATE NORMALS FOR TOMORROW
                         NORMAL    RECORD    YEAR
 MAXIMUM TEMPERATURE (F)   24        42      1971
 MINIMUM TEMPERATURE (F)    4       -25      1967


SUNRISE AND SUNSET
FEBRUARY 13 2016......SUNRISE   640 AM EST   SUNSET   453 PM EST
FEBRUARY 14 2016......SUNRISE   639 AM EST   SUNSET   454 PM EST


-  INDICATES NEGATIVE NUMBERS.
R  INDICATES RECORD WAS SET OR TIED.
MM INDICATES DATA IS MISSING.
T  INDICATES TRACE AMOUNT.




$$
