000
CDUS41 KCAR 210527
CLICAR


CLIMATE REPORT
NATIONAL WEATHER SERVICE CARIBOU, ME
127 AM EDT SUN SEP 21 2014


...................................

...THE CARIBOU ME CLIMATE SUMMARY FOR SEPTEMBER 20 2014...

CLIMATE NORMAL PERIOD 1981 TO 2010
CLIMATE RECORD PERIOD 1939 TO 2014


WEATHER ITEM   OBSERVED TIME   RECORD YEAR NORMAL DEPARTURE LAST
                VALUE   (LST)  VALUE       VALUE  FROM      YEAR
                                                  NORMAL
..................................................................
TEMPERATURE (F)
 YESTERDAY
  MAXIMUM         55   1159 PM  87    1985  64     -9       66
  MINIMUM         36    507 AM  27    1950  43     -7       53
  AVERAGE         46                        53     -7       60

PRECIPITATION (IN)
  YESTERDAY        0.04          1.09 1955   0.12  -0.08      T
  MONTH TO DATE    2.47                      2.17   0.30     5.47
  SINCE SEP 1      2.47                      2.17   0.30     5.47
  SINCE JAN 1     31.13                     26.91   4.22    38.49

SNOWFALL (IN)
  YESTERDAY        0.0           0.0  2002   0.0    0.0      0.0
                                      2001
  MONTH TO DATE    0.0                       0.0    0.0      0.0
  SINCE SEP 1      0.0                       0.0    0.0      0.0
  SINCE JUL 1      0.0                       0.0    0.0      0.0
  SNOW DEPTH       0

DEGREE DAYS
 HEATING
  YESTERDAY       19                        12      7        5
  MONTH TO DATE  207                       172     35      161
  SINCE SEP 1    207                       172     35      161
  SINCE JUL 1    265                       326    -61      275

 COOLING
  YESTERDAY        0                         0      0        0
  MONTH TO DATE   21                        10     11       13
  SINCE SEP 1     21                        10     11       13
  SINCE JAN 1    262                       179     83      192
..................................................................


WIND (MPH)
  HIGHEST WIND SPEED    17   HIGHEST WIND DIRECTION     S (190)
  HIGHEST GUST SPEED    24   HIGHEST GUST DIRECTION     S (180)
  AVERAGE WIND SPEED     9.3


SKY COVER
  POSSIBLE SUNSHINE  MM
  AVERAGE SKY COVER 0.6


WEATHER CONDITIONS
 THE FOLLOWING WEATHER WAS RECORDED YESTERDAY.
  LIGHT RAIN


RELATIVE HUMIDITY (PERCENT)
 HIGHEST    86          1100 PM
 LOWEST     53           200 AM
 AVERAGE    70

..........................................................


THE CARIBOU ME CLIMATE NORMALS FOR TODAY
                         NORMAL    RECORD    YEAR
 MAXIMUM TEMPERATURE (F)   63        84      1968
 MINIMUM TEMPERATURE (F)   43        28      1962
                                             1950


SUNRISE AND SUNSET
SEPTEMBER 21 2014.....SUNRISE   617 AM EDT   SUNSET   632 PM EDT
SEPTEMBER 22 2014.....SUNRISE   619 AM EDT   SUNSET   630 PM EDT


-  INDICATES NEGATIVE NUMBERS.
R  INDICATES RECORD WAS SET OR TIED.
MM INDICATES DATA IS MISSING.
T  INDICATES TRACE AMOUNT.




$$
