000
CDUS41 KCAR 260609 CCA
CLICAR

CLIMATE REPORT
NATIONAL WEATHER SERVICE CARIBOU, ME
126 AM EDT WED APR 26 2017


...................................

...THE CARIBOU ME CLIMATE SUMMARY FOR APRIL 25 2017...

CLIMATE NORMAL PERIOD 1981 TO 2010
CLIMATE RECORD PERIOD 1939 TO 2017


WEATHER ITEM   OBSERVED TIME   RECORD YEAR NORMAL DEPARTURE LAST
                VALUE   (LST)  VALUE       VALUE  FROM      YEAR
                                                  NORMAL
..................................................................
TEMPERATURE (F)
 YESTERDAY
  MAXIMUM         55    343 PM  77    2009  53      2       43
  MINIMUM         25    436 AM  17    2004  34     -9       25
  AVERAGE         40                        43     -3       34

PRECIPITATION (IN)
  YESTERDAY        0.08          0.67 2005   0.09  -0.01      T
  MONTH TO DATE    3.23                      2.21   1.02     2.80
  SINCE MAR 1      5.95                      4.72   1.23     7.50
  SINCE JAN 1     11.57                      9.64   1.93    12.97

SNOWFALL (IN)
  YESTERDAY        0.0           2.3  1944   0.1   -0.1       T
  MONTH TO DATE    9.8                       7.0    2.8      2.8
  SINCE MAR 1     33.4                      25.3    8.1     30.0
  SINCE JUL 1    130.0                     107.8   22.2     90.0
  SNOW DEPTH       T

DEGREE DAYS
 HEATING
  YESTERDAY       25                        22      3       31
  MONTH TO DATE  641                       694    -53      717
  SINCE MAR 1   2024                      1948     76     1974
  SINCE JUL 1   8005                      8669   -664     7716

 COOLING
  YESTERDAY        0                         0      0        0
  MONTH TO DATE    0                         0      0        0
  SINCE MAR 1      0                         0      0        0
  SINCE JAN 1      0                         0      0        0
..................................................................


WIND (MPH)
  HIGHEST WIND SPEED    15   HIGHEST WIND DIRECTION     S (160)
  HIGHEST GUST SPEED    19   HIGHEST GUST DIRECTION     S (170)
  AVERAGE WIND SPEED     6.3


SKY COVER
  POSSIBLE SUNSHINE  MM
  AVERAGE SKY COVER 0.2


WEATHER CONDITIONS
 THE FOLLOWING WEATHER WAS RECORDED YESTERDAY.
  LIGHT RAIN
  FOG


RELATIVE HUMIDITY (PERCENT)
 HIGHEST    83          1100 PM
 LOWEST     29           100 PM
 AVERAGE    56

..........................................................


THE CARIBOU ME CLIMATE NORMALS FOR TODAY
                         NORMAL    RECORD    YEAR
 MAXIMUM TEMPERATURE (F)   54        74      1979
 MINIMUM TEMPERATURE (F)   34        20      1966


SUNRISE AND SUNSET
APRIL 26 2017.........SUNRISE   525 AM EDT   SUNSET   736 PM EDT
APRIL 27 2017.........SUNRISE   523 AM EDT   SUNSET   737 PM EDT


-  INDICATES NEGATIVE NUMBERS.
R  INDICATES RECORD WAS SET OR TIED.
MM INDICATES DATA IS MISSING.
T  INDICATES TRACE AMOUNT.




$$
