792
CDUS41 KCAR 220530
CLICAR


CLIMATE REPORT
NATIONAL WEATHER SERVICE CARIBOU, ME
128 AM EDT FRI SEP 22 2017


...................................

...THE CARIBOU ME CLIMATE SUMMARY FOR SEPTEMBER 21 2017...

CLIMATE NORMAL PERIOD 1981 TO 2010
CLIMATE RECORD PERIOD 1939 TO 2017


WEATHER ITEM   OBSERVED TIME   RECORD YEAR NORMAL DEPARTURE LAST
                VALUE   (LST)  VALUE       VALUE  FROM      YEAR
                                                  NORMAL
..................................................................
TEMPERATURE (F)
 YESTERDAY
  MAXIMUM         74    227 PM  84    1968  63     11       74
  MINIMUM         45    544 AM  28    1962  43      2       51
                                      1950
  AVERAGE         60                        53      7       63

PRECIPITATION (IN)
  YESTERDAY        0.00          1.04 1987   0.12  -0.12     0.00
  MONTH TO DATE    2.84                      2.29   0.55     2.08
  SINCE SEP 1      2.84                      2.29   0.55     2.08
  SINCE JAN 1     28.70                     27.03   1.67    33.19

SNOWFALL (IN)
  YESTERDAY        0.0           0.0  2002   0.0    0.0      0.0
                                      2001
  MONTH TO DATE    0.0                       0.0    0.0      0.0
  SINCE SEP 1      0.0                       0.0    0.0      0.0
  SINCE JUL 1      0.0                       0.0    0.0      0.0
  SNOW DEPTH       0

DEGREE DAYS
 HEATING
  YESTERDAY        5                        12     -7        2
  MONTH TO DATE   86                       184    -98       63
  SINCE SEP 1     86                       184    -98       63
  SINCE JUL 1    210                       338   -128      143

 COOLING
  YESTERDAY        0                         0      0        0
  MONTH TO DATE   11                        10      1       22
  SINCE SEP 1     11                        10      1       22
  SINCE JAN 1    198                       179     19      275
..................................................................


WIND (MPH)
  HIGHEST WIND SPEED    12   HIGHEST WIND DIRECTION    NE (60)
  HIGHEST GUST SPEED    18   HIGHEST GUST DIRECTION     N (10)
  AVERAGE WIND SPEED     4.5


SKY COVER
  POSSIBLE SUNSHINE  MM
  AVERAGE SKY COVER 0.0


WEATHER CONDITIONS
 THE FOLLOWING WEATHER WAS RECORDED YESTERDAY.
  NO SIGNIFICANT WEATHER WAS OBSERVED.


RELATIVE HUMIDITY (PERCENT)
 HIGHEST    86           300 AM
 LOWEST     29           400 PM
 AVERAGE    58

..........................................................


THE CARIBOU ME CLIMATE NORMALS FOR TODAY
                         NORMAL    RECORD    YEAR
 MAXIMUM TEMPERATURE (F)   63        86      1965
 MINIMUM TEMPERATURE (F)   42        23      1950


SUNRISE AND SUNSET
SEPTEMBER 22 2017.....SUNRISE   619 AM EDT   SUNSET   629 PM EDT
SEPTEMBER 23 2017.....SUNRISE   620 AM EDT   SUNSET   627 PM EDT


-  INDICATES NEGATIVE NUMBERS.
R  INDICATES RECORD WAS SET OR TIED.
MM INDICATES DATA IS MISSING.
T  INDICATES TRACE AMOUNT.

................................................................................
THE CARIBOU ME 4 INCH UNDER SOD SOIL TEMPERATURE FOR SEPT 21, 2017

MAXIMUM 68F
MINIMUM 62F


$$
