000
CDAK48 PACD 240931
CLICDB


CLIMATE REPORT
NATIONAL WEATHER SERVICE ANCHORAGE, AK
131 AM AKDT MON JUL 24 2017


...................................

...THE COLD BAY CLIMATE SUMMARY FOR JULY 23 2017...

CLIMATE NORMAL PERIOD 1981 TO 2010
CLIMATE RECORD PERIOD 1942 TO 2017


WEATHER ITEM   OBSERVED TIME   RECORD YEAR NORMAL DEPARTURE LAST
                VALUE   (LST)  VALUE       VALUE  FROM      YEAR
                                                  NORMAL
..................................................................
TEMPERATURE (F)
 YESTERDAY
  MAXIMUM         60        MM  66    1977  56      4       56
                                      1967
  MINIMUM         46        MM  38    2000  47     -1       50
  AVERAGE         53                        52      1       53

PRECIPITATION (IN)
  YESTERDAY        0.00          0.42 1990   0.08  -0.08     0.01
  MONTH TO DATE    1.02                      1.77  -0.75     1.21
  SINCE JUN 1      2.96                      4.49  -1.53     2.94
  SINCE JAN 1     12.93                     18.35  -5.42    15.35

SNOWFALL (IN)
  YESTERDAY        0.0          MM      MM   0.0    0.0      0.0
  MONTH TO DATE    0.0                       0.0    0.0      0.0
  SINCE JUN 1      0.0                       T      0.0      0.0
  SINCE JUL 1      0.0                       0.0    0.0      0.0
  SNOW DEPTH       0

DEGREE DAYS
 HEATING
  YESTERDAY       12                        13     -1       12
  MONTH TO DATE  283                       334    -51      170
  SINCE JUN 1    784                       895   -111      604
  SINCE JUL 1    283                       334    -51      170

 COOLING
  YESTERDAY        0                         0      0        0
  MONTH TO DATE    0                         0      0        0
  SINCE JUN 1      0                         0      0        0
  SINCE JAN 1      0                         0      0        0
..................................................................


WIND (MPH)
  RESULTANT WIND SPEED  10   RESULTANT WIND DIRECTION   W (290)
  HIGHEST WIND SPEED    14   HIGHEST WIND DIRECTION     W (290)
  HIGHEST GUST SPEED    MM   HIGHEST GUST DIRECTION    MM
  AVERAGE WIND SPEED    10.6



WEATHER CONDITIONS
 THE FOLLOWING WEATHER WAS RECORDED YESTERDAY.
  FOG
  FOG W/VISIBILITY <= 1/4 MILE


RELATIVE HUMIDITY (PERCENT)
 HIGHEST   100
 LOWEST     72
 AVERAGE    86

..........................................................


THE COLD BAY CLIMATE NORMALS FOR TODAY
                         NORMAL    RECORD    YEAR
 MAXIMUM TEMPERATURE (F)   56        68      1968
 MINIMUM TEMPERATURE (F)   47        38      1989


SUNRISE AND SUNSET
JULY 24 2017..........SUNRISE   646 AM AKDT  SUNSET  1108 PM AKDT
JULY 25 2017..........SUNRISE   647 AM AKDT  SUNSET  1106 PM AKDT


-  INDICATES NEGATIVE NUMBERS.
R  INDICATES RECORD WAS SET OR TIED.
MM INDICATES DATA IS MISSING.
T  INDICATES TRACE AMOUNT.




$$
