000
CDAK48 PACD 301216
CLICDB

CLIMATE REPORT
NATIONAL WEATHER SERVICE COLD BAY, AK
416 AM AKDT TUE JUN 30 2015

...................................
...THE COLD BAY AP CLIMATE SUMMARY FOR JUNE 29 2015...

CLIMATE NORMAL PERIOD  1981 TO  2010
CLIMATE RECORD PERIOD  1942 TO  2015

WEATHER ITEM   OBSERVED TIME    RECORD YEAR NORMAL DEPARTURE LAST
               VALUE    (LST)   VALUE       VALUE  FROM      YEAR
                                                   NORMAL
...................................................................
TEMPERATURE
YESTERDAY
 MAXIMUM            53  0647 PM    68  1985     53       0     56
 MINIMUM            48  1159 PM    30  2009     44       4     48
 AVERAGE            51                          49       2     52

PRECIPITATION
(INCHES)
 YESTERDAY        0.00           0.79  1980   0.09   -0.09   0.02
 MONTH TO DATE    1.11                        2.64   -1.53   1.02
 SINCE JUN 1      1.11                        2.64   -1.53   1.02
 SINCE JAN 1     13.96                       16.50   -2.54  13.00

SNOWFALL
(INCHES)
 YESTERDAY         0.0            0.0  2015    0.0     0.0    0.0
 MONTH TO DATE     0.0                         0.0     0.0    0.0
 SINCE JUN 1       0.0                         0.0     0.0    0.0
 SINCE JUL 1      22.3                        73.1   -50.8   37.3
 SNOW DEPTH (IN)     0                                          0

DEGREE DAYS
 HEATING
  YESTERDAY         14                          16      -2     13
  MONTH TO DATE    450                         546     -96    431
  SINCE JUN 1      450                         546     -96    431
  SINCE JUL 1     8328                        9544   -1216   7932

 COOLING
  YESTERDAY          0                           0       0      0
  MONTH TO DATE      0                           0       0      0
  SINCE JUN 1        0                           0       0      0
  SINCE JAN 1        0                           0       0      0
...................................................................

WIND (MPH)
 HIGHEST WIND SPEED    16     HIGHEST WIND DIRECTION    290
 HIGHEST GUST SPEED    19     HIGHEST GUST DIRECTION    300
 AVERAGE WIND SPEED  10.4

WEATHER CONDITIONS
 THE FOLLOWING WEATHER WAS RECORDED YESTERDAY.
  FOG

...................................................................

THE COLD BAY CLIMATE NORMALS FOR TODAY
                           NORMAL    RECORD   YEAR
 MAXIMUM TEMPERATURE (F)     54        62     1998
 MINIMUM TEMPERATURE (F)     44        37     1971

SUNRISE AND SUNSET
 JUN 30 2015..........SUNRISE  6:15 AM      SUNSET 11:35 PM
 JUL 1 2015..........SUNRISE  6:16 AM      SUNSET 11:35 PM

-  INDICATES NEGATIVE NUMBERS.
R  INDICATES RECORD HAS BEEN SET OR TIED.
MM INDICATES DATA IS MISSING.
T  INDICATES TRACE OF PRECIPITATION.

&&
-------------------------------------------------------------------

AMOUNT OF DAYLIGHT TODAY  (HOUR:MIN)........17 HOURS 20 MINUTES
LOSS SINCE YESTERDAY (HOUR:MIN:SEC).........-0:01:04

$$
DK JUN 15
