000
CDAK48 PACD 210000
CLICDB

CLIMATE REPORT
NATIONAL WEATHER SERVICE COLD BAY, AK
300 PM AKST THU NOV 20 2014

...................................
...THE COLD BAY AP CLIMATE SUMMARY FOR NOVEMBER 20 2014...
VALID TODAY AS OF 2:00 PM LOCAL TIME

CLIMATE NORMAL PERIOD  1981 TO  2010
CLIMATE RECORD PERIOD  1942 TO  2013

WEATHER ITEM   OBSERVED TIME    RECORD YEAR NORMAL DEPARTURE LAST
               VALUE    (LST)   VALUE       VALUE  FROM      YEAR
                                                   NORMAL
...................................................................
TEMPERATURE
TODAY
 MAXIMUM            42  0243 PM    51  1973     38       4     37
 MINIMUM            37  0413 AM    14  1989     29       8     34
 AVERAGE            40                          34       6     36

PRECIPITATION
(INCHES)
 TODAY               T           1.05  1978   0.18   -0.18   0.04
 MONTH TO DATE    3.69                        3.24    0.45   3.75
 SINCE SEP 1     11.24                       12.73   -1.49  14.45
 SINCE JAN 1     29.65                       35.47   -5.82  41.37

SNOWFALL
(INCHES)
 TODAY             0.0            3.3  2009    0.4    -0.4    0.3
 MONTH TO DATE     1.5                         6.1    -4.6    0.3
 SINCE SEP 1       3.9                         8.5    -4.6    0.3
 SINCE JUL 1       3.9                         8.5    -4.6    0.3
 SNOW DEPTH (IN)     0                                          0

DEGREE DAYS
 HEATING
  TODAY             25                          31      -6     29
  MONTH TO DATE    519                         596     -77    468
  SINCE SEP 1     1703                        1865    -162   1507
  SINCE JUL 1     2245                        2709    -464   2178

 COOLING
  TODAY              0                           0       0      0
  MONTH TO DATE      0                           0       0      0
  SINCE SEP 1        0                           0       0      0
  SINCE JAN 1        0                           0       0      0
...................................................................

WIND (MPH)
 HIGHEST WIND SPEED    30     HIGHEST WIND DIRECTION     30
 HIGHEST GUST SPEED    35     HIGHEST GUST DIRECTION     30
 AVERAGE WIND SPEED    MM

SKY COVER
  POSSIBLE SUNSHINE  MM            AVERAGE SKY COVER MM

WEATHER CONDITIONS
 THE FOLLOWING WEATHER WAS RECORDED TODAY.
 FOG
 DRIZZLE
 RAIN


RELATIVE HUMIDITY
 HIGHEST RH     MM PERCENT       MM
 LOWEST  RH     MM PERCENT       MM
 AVERAGE RH     MM PERCENT       MM
...................................................................

THE COLD BAY CLIMATE NORMALS FOR TOMORROW
                        NORMAL    RECORD   YEAR
 MAXIMUM TEMPERATURE      38        53     1946
 MINIMUM TEMPERATURE      29        10     2005

SUNRISE AND SUNSET
 NOV 20 2014..........SUNRISE  9:35 AM      SUNSET  5:39 PM
 NOV 21 2014..........SUNRISE  9:37 AM      SUNSET  5:38 PM

-  INDICATES NEGATIVE NUMBERS.
R  INDICATES RECORD HAS BEEN SET OR TIED.
MM INDICATES DATA IS MISSING.
T  INDICATES TRACE OF PRECIPITATION.

&&
-------------------------------------------------------------------

AMOUNT OF DAYLIGHT TODAY  (HOUR:MIN)........8 HOURS 04 MINUTES
LOSS SINCE YESTERDAY (HOUR:MIN:SEC).........-0:03:20

$$

DT NOV 14
