000
CDAK48 PACD 301123
CLICDB

CLIMATE REPORT
NATIONAL WEATHER SERVICE COLD BAY, AK
323 AM AKDT SAT AUG 30 2014

...................................
...THE COLD BAY AP CLIMATE SUMMARY FOR AUGUST 29 2014...

CLIMATE NORMAL PERIOD  1981 TO  2010
CLIMATE RECORD PERIOD  1942 TO  2014

WEATHER ITEM   OBSERVED TIME    RECORD YEAR NORMAL DEPARTURE LAST
               VALUE    (LST)   VALUE       VALUE  FROM      YEAR
                                                   NORMAL
...................................................................
TEMPERATURE
YESTERDAY
 MAXIMUM            59  0340 PM    67  1997     56       3     58
 MINIMUM            42  0249 AM    36  1970     47      -5     48
 AVERAGE            51                          51       0     53

PRECIPITATION
(INCHES)
 YESTERDAY           T           0.62  2010   0.14   -0.14      T
 MONTH TO DATE    2.82                        3.41   -0.59   5.55
 SINCE JUN 1      6.00                        8.61   -2.61  12.07
 SINCE JAN 1     17.98                       22.47   -4.49  25.98

SNOWFALL
(INCHES)
 YESTERDAY         0.0            0.0  2014    0.0     0.0    0.0
 MONTH TO DATE     0.0                         0.0     0.0    0.0
 SINCE JUN 1       0.0                         0.0     0.0    0.0
 SINCE JUL 1       0.0                         0.0     0.0    0.0
 SNOW DEPTH (IN)     0                                          0

DEGREE DAYS
 HEATING
  YESTERDAY         14                          14       0     12
  MONTH TO DATE    242                         378    -136    314
  SINCE JUN 1      966                        1378    -412   1159
  SINCE JUL 1      521                         816    -295    650

 COOLING
  YESTERDAY          0                           0       0      0
  MONTH TO DATE      0                           0       0      0
  SINCE JUN 1        0                           0       0      0
  SINCE JAN 1        0                           0       0      0
...................................................................

WIND (MPH)
 HIGHEST WIND SPEED    21     HIGHEST WIND DIRECTION    140
 HIGHEST GUST SPEED    24     HIGHEST GUST DIRECTION    140
 AVERAGE WIND SPEED   5.4


WEATHER CONDITIONS
 THE FOLLOWING WEATHER WAS RECORDED YESTERDAY.
  FOG
  RAIN


...................................................................

THE COLD BAY CLIMATE NORMALS FOR TODAY
                           NORMAL    RECORD   YEAR
 MAXIMUM TEMPERATURE (F)     56        64     2001
 MINIMUM TEMPERATURE (F)     47        38     2000

SUNRISE AND SUNSET
 AUG 30 2014..........SUNRISE  7:54 AM      SUNSET  9:49 PM
 AUG 31 2014..........SUNRISE  7:56 AM      SUNSET  9:46 PM

-  INDICATES NEGATIVE NUMBERS.
R  INDICATES RECORD HAS BEEN SET OR TIED.
MM INDICATES DATA IS MISSING.
T  INDICATES TRACE OF PRECIPITATION.

&&
-------------------------------------------------------------------

AMOUNT OF DAYLIGHT TODAY  (HOUR:MIN)........13 HOURS 55 MINUTES
LOSS SINCE YESTERDAY (HOUR:MIN:SEC).........-0:04:23

$$
JEG AUG 14
