000
CDAK48 PACD 261255
CLICDB


CLIMATE REPORT
NATIONAL WEATHER SERVICE ANCHORAGE, AK
454 AM AKDT FRI MAY 26 2017


...................................

...THE COLD BAY CLIMATE SUMMARY FOR MAY 25 2017...

CLIMATE NORMAL PERIOD 1981 TO 2010
CLIMATE RECORD PERIOD 1942 TO 2017


WEATHER ITEM   OBSERVED TIME   RECORD YEAR NORMAL DEPARTURE LAST
                VALUE   (LST)  VALUE       VALUE  FROM      YEAR
                                                  NORMAL
..................................................................
TEMPERATURE (F)
 YESTERDAY
  MAXIMUM         46        MM  60    1997  47     -1       53
  MINIMUM         36        MM  26    2001  37     -1       35
  AVERAGE         41                        42     -1       44

PRECIPITATION (IN)
  YESTERDAY        0.13          0.99 1982   0.09   0.04     0.00
  MONTH TO DATE    1.84                      2.04  -0.20     1.57
  SINCE MAR 1      2.89                      7.16  -4.27     5.81
  SINCE JAN 1      9.87                     13.30  -3.43    12.29

SNOWFALL (IN)
  YESTERDAY        0.0           0.1  1973   0.0    0.0      0.0
  MONTH TO DATE    0.0                       1.2   -1.2      0.0
  SINCE MAR 1      2.9                      20.8  -17.9      0.0
  SINCE JUL 1     39.5                      73.0  -33.5     38.3
  SNOW DEPTH       0

DEGREE DAYS
 HEATING
  YESTERDAY       24                        23      1       21
  MONTH TO DATE  579                       631    -52      486
  SINCE MAR 1   2634                      2643     -9     2099
  SINCE JUL 1   8194                      8861   -667     7315

 COOLING
  YESTERDAY        0                         0      0        0
  MONTH TO DATE    0                         0      0        0
  SINCE MAR 1      0                         0      0        0
  SINCE JAN 1      0                         0      0        0
..................................................................


WIND (MPH)
  RESULTANT WIND SPEED  12   RESULTANT WIND DIRECTION  SW (220)
  HIGHEST WIND SPEED    22   HIGHEST WIND DIRECTION    SW (230)
  HIGHEST GUST SPEED    MM   HIGHEST GUST DIRECTION    MM
  AVERAGE WIND SPEED    14.9



WEATHER CONDITIONS
 THE FOLLOWING WEATHER WAS RECORDED YESTERDAY.
  LIGHT RAIN


RELATIVE HUMIDITY (PERCENT)
 HIGHEST   100
 LOWEST     76
 AVERAGE    88

..........................................................


THE COLD BAY CLIMATE NORMALS FOR TODAY
                         NORMAL    RECORD    YEAR
 MAXIMUM TEMPERATURE (F)   48        65      1997
 MINIMUM TEMPERATURE (F)   37        30      2000


SUNRISE AND SUNSET
MAY 26 2017...........SUNRISE   624 AM AKDT  SUNSET  1113 PM AKDT
MAY 27 2017...........SUNRISE   623 AM AKDT  SUNSET  1114 PM AKDT


-  INDICATES NEGATIVE NUMBERS.
R  INDICATES RECORD WAS SET OR TIED.
MM INDICATES DATA IS MISSING.
T  INDICATES TRACE AMOUNT.




$$
