000
CDUS45 KSLC 231234
CLICDC


CLIMATE REPORT
NATIONAL WEATHER SERVICE SALT LAKE CITY UT
633 AM MDT THU MAR 23 2017


...................................

...THE CEDAR CITY UT CLIMATE SUMMARY FOR MARCH 22 2017...

CLIMATE NORMAL PERIOD 1981 TO 2010
CLIMATE RECORD PERIOD 1928 TO 2017


WEATHER ITEM   OBSERVED TIME   RECORD YEAR NORMAL DEPARTURE LAST
                VALUE   (LST)  VALUE       VALUE  FROM      YEAR
                                                  NORMAL
..................................................................
TEMPERATURE (F)
 YESTERDAY
  MAXIMUM         65   1227 PM  78    2004  56      9       54
  MINIMUM         38    937 PM   0    1957  27     11       27
  AVERAGE         52                        41     11       41

PRECIPITATION (IN)
  YESTERDAY        0.35          0.37 1980   0.04   0.31     0.08
  MONTH TO DATE    0.48                      0.96  -0.48     0.55
  SINCE OCT 1      5.03                      5.93  -0.90     5.58
  SINCE JAN 1      2.20                      2.82  -0.62     2.02

DEGREE DAYS
 HEATING
  YESTERDAY       13                        24    -11       24
  MONTH TO DATE  375                       567   -192      424
  SINCE MAR 1    375                       567   -192      424
  SINCE JUL 1   4396                      5129   -733     4838

 COOLING
  YESTERDAY        0                         0      0        0
  MONTH TO DATE    0                         0      0        0
  SINCE MAR 1      0                         0      0        0
  SINCE JAN 1      0                         0      0        0
..................................................................


WIND (MPH)
  RESULTANT WIND SPEED  13   RESULTANT WIND DIRECTION   S (200)
  HIGHEST WIND SPEED    29   HIGHEST WIND DIRECTION    SW (210)
  HIGHEST GUST SPEED    36   HIGHEST GUST DIRECTION     S (200)
  AVERAGE WIND SPEED    14.2



WEATHER CONDITIONS
 THE FOLLOWING WEATHER WAS RECORDED YESTERDAY.
  HEAVY RAIN
  RAIN
  LIGHT RAIN
  FOG


RELATIVE HUMIDITY (PERCENT)
 HIGHEST    86           900 PM
 LOWEST     30           100 PM
 AVERAGE    58

..........................................................


THE CEDAR CITY UT CLIMATE NORMALS FOR TODAY
                         NORMAL    RECORD    YEAR
 MAXIMUM TEMPERATURE (F)   56        74      2004
 MINIMUM TEMPERATURE (F)   27        10      1952


SUNRISE AND SUNSET
MARCH 23 2017.........SUNRISE   731 AM MDT   SUNSET   747 PM MDT
MARCH 24 2017.........SUNRISE   729 AM MDT   SUNSET   748 PM MDT


-  INDICATES NEGATIVE NUMBERS.
R  INDICATES RECORD WAS SET OR TIED.
MM INDICATES DATA IS MISSING.
T  INDICATES TRACE AMOUNT.




$$
