000
CDUS45 KSLC 010031
CLICDC


CLIMATE REPORT
NATIONAL WEATHER SERVICE SALT LAKE CITY UT
631 PM MDT FRI SEP 30 2016


...................................

...THE CEDAR CITY UT CLIMATE SUMMARY FOR SEPTEMBER 30 2016...
VALID TODAY AS OF 0500 PM LOCAL TIME.

CLIMATE NORMAL PERIOD 1981 TO 2010
CLIMATE RECORD PERIOD 1928 TO 2016


WEATHER ITEM   OBSERVED TIME   RECORD YEAR NORMAL DEPARTURE LAST
                VALUE   (LST)  VALUE       VALUE  FROM      YEAR
                                                  NORMAL
..................................................................
TEMPERATURE (F)
 TODAY
  MAXIMUM         75   1139 AM  88    2010  73      2       84
  MINIMUM         47    654 AM  25    2007  39      8       49
  AVERAGE         61                        56      5       67

PRECIPITATION (IN)
  TODAY            0.00          0.21 2002   0.03  -0.03     0.00
  MONTH TO DATE    0.68                      0.66   0.02     0.88
  SINCE OCT 1     11.48                     11.31   0.17    11.92
  SINCE JAN 1      7.92                      8.20  -0.28     9.79

DEGREE DAYS
 HEATING
  TODAY            4                         9     -5        0
  MONTH TO DATE  113                       135    -22       28
  SINCE SEP 1    113                       134    -21       28
  SINCE JUL 1    117                       143    -26       29

 COOLING
  TODAY            0                         0      0        2
  MONTH TO DATE   31                        39     -8       81
  SINCE SEP 1     31                        39     -8       81
  SINCE JAN 1    824                       588    236      704
..................................................................


WIND (MPH)
  RESULTANT WIND SPEED   3   RESULTANT WIND DIRECTION  SW (220)
  HIGHEST WIND SPEED    14   HIGHEST WIND DIRECTION     W (250)
  HIGHEST GUST SPEED    20   HIGHEST GUST DIRECTION     W (250)
  AVERAGE WIND SPEED     5.2



WEATHER CONDITIONS
 THE FOLLOWING WEATHER WAS RECORDED TODAY.
  NO SIGNIFICANT WEATHER WAS OBSERVED.


RELATIVE HUMIDITY (PERCENT)
 HIGHEST    86           400 AM
 LOWEST     33           100 PM
 AVERAGE    60

..........................................................


THE CEDAR CITY UT CLIMATE NORMALS FOR TOMORROW
                         NORMAL    RECORD    YEAR
 MAXIMUM TEMPERATURE (F)   72        87      2010
 MINIMUM TEMPERATURE (F)   38        24      2009


SUNRISE AND SUNSET
SEPTEMBER 30 2016.....SUNRISE   728 AM MDT   SUNSET   716 PM MDT
OCTOBER  1 2016.......SUNRISE   728 AM MDT   SUNSET   715 PM MDT


-  INDICATES NEGATIVE NUMBERS.
R  INDICATES RECORD WAS SET OR TIED.
MM INDICATES DATA IS MISSING.
T  INDICATES TRACE AMOUNT.




$$
