000
CDUS45 KSLC 201227
CLICDC


CLIMATE REPORT
NATIONAL WEATHER SERVICE SALT LAKE CITY UT
527 AM MST SAT JAN 20 2018


...................................

...THE CEDAR CITY UT CLIMATE SUMMARY FOR JANUARY 19 2018...

CLIMATE NORMAL PERIOD 1981 TO 2010
CLIMATE RECORD PERIOD 1928 TO 2018


WEATHER ITEM   OBSERVED TIME   RECORD YEAR NORMAL DEPARTURE LAST
                VALUE   (LST)  VALUE       VALUE  FROM      YEAR
                                                  NORMAL
..................................................................
TEMPERATURE (F)
 YESTERDAY
  MAXIMUM         61    158 PM  65    1994  42     19       41
  MINIMUM         41    240 AM -13    1949  17     24       30
  AVERAGE         51                        29     22       36

PRECIPITATION (IN)
  YESTERDAY        0.00          0.55 1980   0.03  -0.03     0.17
  MONTH TO DATE    0.37                      0.54  -0.17     0.59
  SINCE OCT 1      0.92                      3.65  -2.73     3.42
  SINCE JAN 1      0.37                      0.54  -0.17     0.59

DEGREE DAYS
 HEATING
  YESTERDAY       14                        36    -22       29
  MONTH TO DATE  502                       691   -189      630
  SINCE DEC 1   1498                      1811   -313     1743
  SINCE JUL 1   2697                      3253   -556     2840

 COOLING
  YESTERDAY        0                         0      0        0
  MONTH TO DATE    0                         0      0        0
  SINCE DEC 1      0                         0      0        0
  SINCE JAN 1      0                         0      0        0
..................................................................


WIND (MPH)
  RESULTANT WIND SPEED  16   RESULTANT WIND DIRECTION   S (200)
  HIGHEST WIND SPEED    31   HIGHEST WIND DIRECTION     S (200)
  HIGHEST GUST SPEED    41   HIGHEST GUST DIRECTION     S (200)
  AVERAGE WIND SPEED    15.4



WEATHER CONDITIONS
 THE FOLLOWING WEATHER WAS RECORDED YESTERDAY.
  NO SIGNIFICANT WEATHER WAS OBSERVED.


RELATIVE HUMIDITY (PERCENT)
 HIGHEST    53           400 AM
 LOWEST     28           200 PM
 AVERAGE    41

..........................................................


THE CEDAR CITY UT CLIMATE NORMALS FOR TODAY
                         NORMAL    RECORD    YEAR
 MAXIMUM TEMPERATURE (F)   42        76      2014
 MINIMUM TEMPERATURE (F)   17        -8      1988


SUNRISE AND SUNSET
JANUARY 20 2018.......SUNRISE   744 AM MST   SUNSET   543 PM MST
JANUARY 21 2018.......SUNRISE   744 AM MST   SUNSET   544 PM MST


-  INDICATES NEGATIVE NUMBERS.
R  INDICATES RECORD WAS SET OR TIED.
MM INDICATES DATA IS MISSING.
T  INDICATES TRACE AMOUNT.




$$
