000
CDUS45 KSLC 010027
CLICDC


CLIMATE REPORT
NATIONAL WEATHER SERVICE SALT LAKE CITY UT
627 PM MDT FRI JUL 31 2015


...................................

...THE CEDAR CITY UT CLIMATE SUMMARY FOR JULY 31 2015...
VALID TODAY AS OF 0500 PM LOCAL TIME.

CLIMATE NORMAL PERIOD 1981 TO 2010
CLIMATE RECORD PERIOD 1928 TO 2015


WEATHER ITEM   OBSERVED TIME   RECORD YEAR NORMAL DEPARTURE LAST
                VALUE   (LST)  VALUE       VALUE  FROM      YEAR
                                                  NORMAL
..................................................................
TEMPERATURE (F)
 TODAY
  MAXIMUM         91    359 PM  98    1978  90      1       88
  MINIMUM         61    431 AM  46    1950  57      4       56
  AVERAGE         76                        74      2       72

PRECIPITATION (IN)
  TODAY            0.00          1.48 1953   0.04  -0.04     0.05
  MONTH TO DATE    0.40                      0.84  -0.44     0.44
  SINCE OCT 1     10.06                      9.52   0.54     5.81
  SINCE JAN 1      7.93                      6.41   1.52     3.87

DEGREE DAYS
 HEATING
  TODAY            0                         0      0        0
  MONTH TO DATE    1                         0      1        0
  SINCE JUN 1     26                        79    -53       27
  SINCE JUL 1      1                         3     -2        0

 COOLING
  TODAY           11                         9      2        7
  MONTH TO DATE  204                       252    -48      295
  SINCE JUN 1    391                       345     46      395
  SINCE JAN 1    393                       353     40      420
..................................................................


WIND (MPH)
  RESULTANT WIND SPEED   3   RESULTANT WIND DIRECTION   S (200)
  HIGHEST WIND SPEED    15   HIGHEST WIND DIRECTION    SW (240)
  HIGHEST GUST SPEED    19   HIGHEST GUST DIRECTION    SW (240)
  AVERAGE WIND SPEED     5.5



WEATHER CONDITIONS
 THE FOLLOWING WEATHER WAS RECORDED TODAY.
  NO SIGNIFICANT WEATHER WAS OBSERVED.


RELATIVE HUMIDITY (PERCENT)
 HIGHEST    37           400 AM
 LOWEST     15           400 PM
 AVERAGE    26

..........................................................


THE CEDAR CITY UT CLIMATE NORMALS FOR TOMORROW
                         NORMAL    RECORD    YEAR
 MAXIMUM TEMPERATURE (F)   90        99      1979
 MINIMUM TEMPERATURE (F)   57        43      1998


SUNRISE AND SUNSET
JULY 31 2015..........SUNRISE   635 AM MDT   SUNSET   842 PM MDT
AUGUST  1 2015........SUNRISE   636 AM MDT   SUNSET   841 PM MDT


-  INDICATES NEGATIVE NUMBERS.
R  INDICATES RECORD WAS SET OR TIED.
MM INDICATES DATA IS MISSING.
T  INDICATES TRACE AMOUNT.




$$
