000
CDUS45 KSLC 311236
CLICDC


CLIMATE REPORT
NATIONAL WEATHER SERVICE SALT LAKE CITY UT
635 AM MDT FRI OCT 31 2014


...................................

...THE CEDAR CITY UT CLIMATE SUMMARY FOR OCTOBER 30 2014...

CLIMATE NORMAL PERIOD 1981 TO 2010
CLIMATE RECORD PERIOD 1928 TO 2014


WEATHER ITEM   OBSERVED TIME   RECORD YEAR NORMAL DEPARTURE LAST
                VALUE   (LST)  VALUE       VALUE  FROM      YEAR
                                                  NORMAL
..................................................................
TEMPERATURE (F)
 YESTERDAY
  MAXIMUM         73    410 PM  75    2008  60     13       49
  MINIMUM         26    613 AM  -7    1971  29     -3       30
  AVERAGE         50                        44      6       40

PRECIPITATION (IN)
  YESTERDAY        0.00          0.96 1992   0.04  -0.04     0.03
  MONTH TO DATE    0.22                      1.29  -1.07     0.47
  SINCE OCT 1      0.22                      1.29  -1.07     0.47
  SINCE JAN 1      7.90                      9.49  -1.59    13.51

DEGREE DAYS
 HEATING
  YESTERDAY       15                        21     -6       25
  MONTH TO DATE  352                       455   -103      559
  SINCE SEP 1    409                       589   -180      724
  SINCE JUL 1    415                       598   -183      727

 COOLING
  YESTERDAY        0                         0      0        0
  MONTH TO DATE    0                         0      0        0
  SINCE SEP 1     61                        39     22       35
  SINCE JAN 1    607                       588     19      667
..................................................................


WIND (MPH)
  RESULTANT WIND SPEED   2   RESULTANT WIND DIRECTION  SW (210)
  HIGHEST WIND SPEED    16   HIGHEST WIND DIRECTION    SW (240)
  HIGHEST GUST SPEED    22   HIGHEST GUST DIRECTION    SW (240)
  AVERAGE WIND SPEED     4.6



WEATHER CONDITIONS
 THE FOLLOWING WEATHER WAS RECORDED YESTERDAY.
  NO SIGNIFICANT WEATHER WAS OBSERVED.


RELATIVE HUMIDITY (PERCENT)
 HIGHEST    56           500 AM
 LOWEST     13           200 PM
 AVERAGE    35

..........................................................


THE CEDAR CITY UT CLIMATE NORMALS FOR TODAY
                         NORMAL    RECORD    YEAR
 MAXIMUM TEMPERATURE (F)   59        73      2012
                                             1999
                                             1988
 MINIMUM TEMPERATURE (F)   29         5      1991


SUNRISE AND SUNSET
OCTOBER 31 2014.......SUNRISE   757 AM MDT   SUNSET   635 PM MDT
NOVEMBER  1 2014......SUNRISE   758 AM MDT   SUNSET   634 PM MDT


-  INDICATES NEGATIVE NUMBERS.
R  INDICATES RECORD WAS SET OR TIED.
MM INDICATES DATA IS MISSING.
T  INDICATES TRACE AMOUNT.




$$
