000
CDUS45 KSLC 280040
CLICDC


CLIMATE REPORT
NATIONAL WEATHER SERVICE SALT LAKE CITY UT
640 PM MDT SAT AUG 27 2016


...................................

...THE CEDAR CITY UT CLIMATE SUMMARY FOR AUGUST 27 2016...
VALID TODAY AS OF 0500 PM LOCAL TIME.

CLIMATE NORMAL PERIOD 1981 TO 2010
CLIMATE RECORD PERIOD 1928 TO 2016


WEATHER ITEM   OBSERVED TIME   RECORD YEAR NORMAL DEPARTURE LAST
                VALUE   (LST)  VALUE       VALUE  FROM      YEAR
                                                  NORMAL
..................................................................
TEMPERATURE (F)
 TODAY
  MAXIMUM         71   1259 PM  95    2001  85    -14       85
  MINIMUM         52    422 AM  40    1992  53     -1       52
  AVERAGE         62                        69     -7       69

PRECIPITATION (IN)
  TODAY            0.17          0.37 1972   0.03   0.14     0.00
                                      1972
                                      2007
  MONTH TO DATE    1.47                      1.01   0.46     0.98
  SINCE OCT 1     10.80                     10.53   0.27    11.04
  SINCE JAN 1      7.24                      7.42  -0.18     8.91

DEGREE DAYS
 HEATING
  TODAY            3                         0      3        0
  MONTH TO DATE    4                         0      4        0
  SINCE JUN 1      8                        79    -71       26
  SINCE JUL 1      4                         3      1        1

 COOLING
  TODAY            0                         4     -4        4
  MONTH TO DATE  203                       179     24      196
  SINCE JUN 1    771                       524    247      588
  SINCE JAN 1    774                       532    242      590
..................................................................


WIND (MPH)
  RESULTANT WIND SPEED   5   RESULTANT WIND DIRECTION   S (200)
  HIGHEST WIND SPEED    20   HIGHEST WIND DIRECTION    SE (140)
  HIGHEST GUST SPEED    25   HIGHEST GUST DIRECTION    SE (140)
  AVERAGE WIND SPEED     8.0



WEATHER CONDITIONS
 THE FOLLOWING WEATHER WAS RECORDED TODAY.
  LIGHT RAIN


RELATIVE HUMIDITY (PERCENT)
 HIGHEST    89           200 AM
 LOWEST     47           100 PM
 AVERAGE    68

..........................................................


THE CEDAR CITY UT CLIMATE NORMALS FOR TOMORROW
                         NORMAL    RECORD    YEAR
 MAXIMUM TEMPERATURE (F)   85        95      2009
 MINIMUM TEMPERATURE (F)   52        37      1973


SUNRISE AND SUNSET
AUGUST 27 2016........SUNRISE   659 AM MDT   SUNSET   808 PM MDT
AUGUST 28 2016........SUNRISE   700 AM MDT   SUNSET   807 PM MDT


-  INDICATES NEGATIVE NUMBERS.
R  INDICATES RECORD WAS SET OR TIED.
MM INDICATES DATA IS MISSING.
T  INDICATES TRACE AMOUNT.




$$
