000
CDUS45 KSLC 270036
CLICDC


CLIMATE REPORT
NATIONAL WEATHER SERVICE SALT LAKE CITY UT
636 PM MDT THU MAR 26 2015


...................................

...THE CEDAR CITY UT CLIMATE SUMMARY FOR MARCH 26 2015...
VALID TODAY AS OF 0500 PM LOCAL TIME.

CLIMATE NORMAL PERIOD 1981 TO 2010
CLIMATE RECORD PERIOD 1928 TO 2015


WEATHER ITEM   OBSERVED TIME   RECORD YEAR NORMAL DEPARTURE LAST
                VALUE   (LST)  VALUE       VALUE  FROM      YEAR
                                                  NORMAL
..................................................................
TEMPERATURE (F)
 TODAY
  MAXIMUM         65    359 PM  72    1988  57      8       57
  MINIMUM         25    550 AM  15    2005  27     -2       32
  AVERAGE         45                        42      3       45

PRECIPITATION (IN)
  TODAY            0.00          0.52 1981   0.04  -0.04     0.24
  MONTH TO DATE    1.13                      1.14  -0.01     0.36
  SINCE OCT 1      5.18                      6.11  -0.93     3.24
  SINCE JAN 1      3.05                      3.00   0.05     1.30

DEGREE DAYS
 HEATING
  TODAY           20                        23     -3       20
  MONTH TO DATE  587                       660    -73      615
  SINCE MAR 1    587                       660    -73      615
  SINCE JUL 1   4425                      5222   -797     5202

 COOLING
  TODAY            0                         0      0        0
  MONTH TO DATE    0                         0      0        0
  SINCE MAR 1      0                         0      0        0
  SINCE JAN 1      0                         0      0        0
..................................................................


WIND (MPH)
  RESULTANT WIND SPEED   3   RESULTANT WIND DIRECTION  NE (30)
  HIGHEST WIND SPEED    15   HIGHEST WIND DIRECTION     N (20)
  HIGHEST GUST SPEED    18   HIGHEST GUST DIRECTION    NW (320)
  AVERAGE WIND SPEED     6.0



WEATHER CONDITIONS
 THE FOLLOWING WEATHER WAS RECORDED TODAY.
  NO SIGNIFICANT WEATHER WAS OBSERVED.


RELATIVE HUMIDITY (PERCENT)
 HIGHEST    60           600 AM
 LOWEST     20           200 PM
 AVERAGE    40

..........................................................


THE CEDAR CITY UT CLIMATE NORMALS FOR TOMORROW
                         NORMAL    RECORD    YEAR
 MAXIMUM TEMPERATURE (F)   57        73      1986
 MINIMUM TEMPERATURE (F)   27         9      1975


SUNRISE AND SUNSET
MARCH 26 2015.........SUNRISE   727 AM MDT   SUNSET   750 PM MDT
MARCH 27 2015.........SUNRISE   726 AM MDT   SUNSET   751 PM MDT


-  INDICATES NEGATIVE NUMBERS.
R  INDICATES RECORD WAS SET OR TIED.
MM INDICATES DATA IS MISSING.
T  INDICATES TRACE AMOUNT.




$$
