000
CDUS45 KCYS 270726
CLICDR


CLIMATE REPORT
NATIONAL WEATHER SERVICE CHEYENNE WY
126 AM MDT FRI MAY 27 2016


...................................

...THE CHADRON NE AIRPORT CLIMATE SUMMARY FOR MAY 26 2016...

CLIMATE NORMAL PERIOD 1981 TO 2010
CLIMATE RECORD PERIOD 1895 TO 2016


WEATHER ITEM   OBSERVED TIME   RECORD YEAR NORMAL DEPARTURE LAST
                VALUE   (LST)  VALUE       VALUE  FROM      YEAR
                                                  NORMAL
..................................................................
TEMPERATURE (F)
 YESTERDAY
  MAXIMUM         72    128 PM  98    1969  74     -2       71
  MINIMUM         38    323 AM  32    1989  45     -7       54
                                      1975
  AVERAGE         55                        59     -4       63

PRECIPITATION (IN)
  YESTERDAY        0.00          1.75 1955   0.09  -0.09     0.06
  MONTH TO DATE    0.62                      2.25  -1.63     5.66
  SINCE JAN 1      7.07                      6.43   0.64     8.28

DEGREE DAYS
 HEATING
  YESTERDAY       10                         7      3        2
  MONTH TO DATE  300                       274     26      359
  SINCE MAR 1   1515                      1785   -270     1574
  SINCE JUL 1   6247                      7037   -790     6519

 COOLING
  YESTERDAY        0                         1     -1        0
  MONTH TO DATE    4                        10     -6        0
  SINCE MAR 1      6                        12     -6        0
  SINCE JAN 1      6                        12     -6        0
..................................................................


WIND (MPH)
  HIGHEST WIND SPEED    14   HIGHEST WIND DIRECTION    NW (300)
  HIGHEST GUST SPEED    17   HIGHEST GUST DIRECTION    NW (300)
  AVERAGE WIND SPEED     6.0


SKY COVER
  AVERAGE SKY COVER 0.1


WEATHER CONDITIONS
 THE FOLLOWING WEATHER WAS RECORDED YESTERDAY.
  NO SIGNIFICANT WEATHER WAS OBSERVED.


RELATIVE HUMIDITY (PERCENT)
 HIGHEST    93           300 AM
 LOWEST     34           100 PM
 AVERAGE    64

..........................................................


THE CHADRON NE AIRPORT CLIMATE NORMALS FOR TODAY
                         NORMAL    RECORD    YEAR
 MAXIMUM TEMPERATURE (F)   74        98      1969
 MINIMUM TEMPERATURE (F)   45        33      1951
                                             1947


SUNRISE AND SUNSET
MAY 27 2016...........SUNRISE   519 AM MDT   SUNSET   821 PM MDT
MAY 28 2016...........SUNRISE   518 AM MDT   SUNSET   821 PM MDT


-  INDICATES NEGATIVE NUMBERS.
R  INDICATES RECORD WAS SET OR TIED.
MM INDICATES DATA IS MISSING.
T  INDICATES TRACE AMOUNT.




$$
