000
CDUS44 KLUB 302226
CLICDS


CLIMATE REPORT
NATIONAL WEATHER SERVICE LUBBOCK, TX
526 PM CDT THU MAR 30 2017


...................................

...THE CHILDRESS CLIMATE SUMMARY FOR MARCH 30 2017...
VALID TODAY AS OF 0500 PM LOCAL TIME.

CLIMATE NORMAL PERIOD 1981 TO 2010
CLIMATE RECORD PERIOD 1893 TO 2017


WEATHER ITEM   OBSERVED TIME   RECORD YEAR NORMAL DEPARTURE LAST
                VALUE   (LST)  VALUE       VALUE  FROM      YEAR
                                                  NORMAL
..................................................................
TEMPERATURE (F)
 TODAY
  MAXIMUM         75    345 PM  96    1940  72      3       85
  MINIMUM         43    700 AM  18    1987  43      0       61
                                      1944
  AVERAGE         59                        58      1       73

PRECIPITATION (IN)
  TODAY            0.00          0.81 2007   0.06  -0.06     0.00
  MONTH TO DATE    1.49                      1.48   0.01     0.78
  SINCE MAR 1      1.49                      1.48   0.01     0.78
  SINCE JAN 1      5.71                      3.26   2.45     2.03

SNOWFALL (IN)
  TODAY            0.0          MM      MM   0.0    0.0      0.0
  MONTH TO DATE    0.0                       0.4   -0.4      0.0
  SINCE MAR 1      0.0                       0.4   -0.4      0.0
  SINCE JUL 1      1.5                       6.8   -5.3      7.0
  SNOW DEPTH       0

DEGREE DAYS
 HEATING
  TODAY            6                         9     -3        0
  MONTH TO DATE  217                       367   -150      226
  SINCE MAR 1    217                       367   -150      226
  SINCE JUL 1   2165                      2927   -762     2394

 COOLING
  TODAY            0                         1     -1        8
  MONTH TO DATE   58                        15     43       22
  SINCE MAR 1     58                        15     43       22
  SINCE JAN 1     73                        16     57       24
..................................................................


WIND (MPH)
  RESULTANT WIND SPEED   7   RESULTANT WIND DIRECTION  NW (300)
  HIGHEST WIND SPEED    14   HIGHEST WIND DIRECTION     W (280)
  HIGHEST GUST SPEED    17   HIGHEST GUST DIRECTION     W (280)
  AVERAGE WIND SPEED     7.3


SKY COVER
  AVERAGE SKY COVER 0.0


WEATHER CONDITIONS
 THE FOLLOWING WEATHER WAS RECORDED TODAY.
  NO SIGNIFICANT WEATHER WAS OBSERVED.


RELATIVE HUMIDITY (PERCENT)
 HIGHEST    89           700 AM
 LOWEST     29           400 PM
 AVERAGE    59

..........................................................


THE CHILDRESS CLIMATE NORMALS FOR TOMORROW
                         NORMAL    RECORD    YEAR
 MAXIMUM TEMPERATURE (F)   72        99      1946
 MINIMUM TEMPERATURE (F)   43        22      1931


SUNRISE AND SUNSET
MARCH 30 2017.........SUNRISE   731 AM CDT   SUNSET   801 PM CDT
MARCH 31 2017.........SUNRISE   729 AM CDT   SUNSET   802 PM CDT


-  INDICATES NEGATIVE NUMBERS.
R  INDICATES RECORD WAS SET OR TIED.
MM INDICATES DATA IS MISSING.
T  INDICATES TRACE AMOUNT.




$$
