000
CDUS44 KLUB 230629
CLICDS


CLIMATE REPORT
NATIONAL WEATHER SERVICE LUBBOCK, TX
129 AM CDT SAT AUG 23 2014


...................................

...THE CHILDRESS CLIMATE SUMMARY FOR AUGUST 22 2014...

CLIMATE NORMAL PERIOD 1981 TO 2010
CLIMATE RECORD PERIOD 1893 TO 2014


WEATHER ITEM   OBSERVED TIME   RECORD YEAR NORMAL DEPARTURE LAST
                VALUE   (LST)  VALUE       VALUE  FROM      YEAR
                                                  NORMAL
..................................................................
TEMPERATURE (F)
 YESTERDAY
  MAXIMUM        102    412 PM 106    1984  94      8       94
  MINIMUM         75    550 AM  55    1941  69      6       67
  AVERAGE         89                        82      7       81

PRECIPITATION (IN)
  YESTERDAY        0.00          2.40 1923   0.08  -0.08     0.00
  MONTH TO DATE    0.47                      1.86  -1.39     3.09
  SINCE JUN 1      7.82                      7.76   0.06     8.45
  SINCE JAN 1     14.05                     16.33  -2.28    13.24

SNOWFALL (IN)
  YESTERDAY        0.0          MM      MM   0.0    0.0      0.0
  MONTH TO DATE    0.0                       0.0    0.0      0.0
  SINCE JUN 1      0.0                       0.0    0.0      0.0
  SINCE JUL 1      0.0                       0.0    0.0      0.0
  SNOW DEPTH       0

DEGREE DAYS
 HEATING
  YESTERDAY        0                         0      0        0
  MONTH TO DATE    0                         0      0        0
  SINCE JUN 1      0                         2     -2        0
  SINCE JUL 1      0                         0      0        0

 COOLING
  YESTERDAY       24                        16      8       16
  MONTH TO DATE  387                       387      0      384
  SINCE JUN 1   1322                      1377    -55     1415
  SINCE JAN 1   1686                      1689     -3     1766
..................................................................


WIND (MPH)
  RESULTANT WIND SPEED  13   RESULTANT WIND DIRECTION   S (190)
  HIGHEST WIND SPEED    25   HIGHEST WIND DIRECTION    SW (210)
  HIGHEST GUST SPEED    31   HIGHEST GUST DIRECTION    SW (240)
  AVERAGE WIND SPEED    14.0


SKY COVER
  AVERAGE SKY COVER 0.0


WEATHER CONDITIONS
 THE FOLLOWING WEATHER WAS RECORDED YESTERDAY.
  HAZE


RELATIVE HUMIDITY (PERCENT)
 HIGHEST    69           600 AM
 LOWEST     18           600 PM
 AVERAGE    44

..........................................................


THE CHILDRESS CLIMATE NORMALS FOR TODAY
                         NORMAL    RECORD    YEAR
 MAXIMUM TEMPERATURE (F)   94       106      2011
                                             1943
                                             1936
 MINIMUM TEMPERATURE (F)   69        54      1939


SUNRISE AND SUNSET
AUGUST 23 2014........SUNRISE   708 AM CDT   SUNSET   819 PM CDT
AUGUST 24 2014........SUNRISE   709 AM CDT   SUNSET   818 PM CDT


-  INDICATES NEGATIVE NUMBERS.
R  INDICATES RECORD WAS SET OR TIED.
MM INDICATES DATA IS MISSING.
T  INDICATES TRACE AMOUNT.




$$
