000
CDUS44 KLUB 230126
CLICDS


CLIMATE REPORT
NATIONAL WEATHER SERVICE LUBBOCK, TX
825 PM CDT SAT JUL 22 2017


...................................

...THE CHILDRESS CLIMATE SUMMARY FOR JULY 22 2017...
VALID TODAY AS OF 0800 PM LOCAL TIME.

CLIMATE NORMAL PERIOD 1981 TO 2010
CLIMATE RECORD PERIOD 1893 TO 2017


WEATHER ITEM   OBSERVED TIME   RECORD YEAR NORMAL DEPARTURE LAST
                VALUE   (LST)  VALUE       VALUE  FROM      YEAR
                                                  NORMAL
..................................................................
TEMPERATURE (F)
 TODAY
  MAXIMUM        103    219 PM 108    1943  96      7      100
  MINIMUM         76    559 AM  60    1970  71      5       73
  AVERAGE         90                        84      6       87

PRECIPITATION (IN)
  TODAY            0.00          1.05 1938   0.06  -0.06     0.00
  MONTH TO DATE    0.99                      1.42  -0.43     2.74
  SINCE JUN 1      3.90                      5.37  -1.47     6.65
  SINCE JAN 1     13.17                     13.94  -0.77    18.51

SNOWFALL (IN)
  TODAY            0.0          MM      MM   0.0    0.0      0.0
  MONTH TO DATE    0.0                       0.0    0.0      0.0
  SINCE JUN 1      0.0                       0.0    0.0      0.0
  SINCE JUL 1      0.0                       0.0    0.0      0.0
  SNOW DEPTH       0

DEGREE DAYS
 HEATING
  TODAY            0                         0      0        0
  MONTH TO DATE    0                         0      0        0
  SINCE JUN 1      0                         2     -2        0
  SINCE JUL 1      0                         0      0        0

 COOLING
  TODAY           25                        19      6       22
  MONTH TO DATE  430                       403     27      449
  SINCE JUN 1    917                       824     93      918
  SINCE JAN 1   1268                      1136    132     1182
..................................................................


WIND (MPH)
  RESULTANT WIND SPEED   7   RESULTANT WIND DIRECTION   S (200)
  HIGHEST WIND SPEED    18   HIGHEST WIND DIRECTION     S (190)
  HIGHEST GUST SPEED    23   HIGHEST GUST DIRECTION     S (170)
  AVERAGE WIND SPEED     8.9


SKY COVER
  AVERAGE SKY COVER 0.0


WEATHER CONDITIONS
 THE FOLLOWING WEATHER WAS RECORDED TODAY.
  THUNDERSTORM
  HAZE


RELATIVE HUMIDITY (PERCENT)
 HIGHEST    60           500 AM
 LOWEST     24           100 PM
 AVERAGE    42

..........................................................


THE CHILDRESS CLIMATE NORMALS FOR TOMORROW
                         NORMAL    RECORD    YEAR
 MAXIMUM TEMPERATURE (F)   96       110      1943
 MINIMUM TEMPERATURE (F)   71        61      1970


SUNRISE AND SUNSET
JULY 22 2017..........SUNRISE   645 AM CDT   SUNSET   850 PM CDT
JULY 23 2017..........SUNRISE   645 AM CDT   SUNSET   849 PM CDT


-  INDICATES NEGATIVE NUMBERS.
R  INDICATES RECORD WAS SET OR TIED.
MM INDICATES DATA IS MISSING.
T  INDICATES TRACE AMOUNT.




$$
