424
CDUS44 KLUB 040629
CLICDS


CLIMATE REPORT
NATIONAL WEATHER SERVICE LUBBOCK, TX
1229 AM CST SUN DEC 4 2016


...................................

...THE CHILDRESS CLIMATE SUMMARY FOR DECEMBER 3 2016...

CLIMATE NORMAL PERIOD 1981 TO 2010
CLIMATE RECORD PERIOD 1893 TO 2016


WEATHER ITEM   OBSERVED TIME   RECORD YEAR NORMAL DEPARTURE LAST
                VALUE   (LST)  VALUE       VALUE  FROM      YEAR
                                                  NORMAL
..................................................................
TEMPERATURE (F)
 YESTERDAY
  MAXIMUM         45    324 PM  84    2010  57    -12       63
  MINIMUM         43   1159 PM  11    1985  32     11       29
  AVERAGE         44                        44      0       46

PRECIPITATION (IN)
  YESTERDAY       MM             0.95 2002   0.03  MM        0.00
  MONTH TO DATE    0.52                      0.10   0.42     0.00
  SINCE DEC 1      0.52                      0.10   0.42     0.00
  SINCE JAN 1     29.27                     23.11   6.16    35.91

SNOWFALL (IN)
  YESTERDAY       MM            MM      MM   0.1   MM        0.0
  MONTH TO DATE    0.0                       0.2   -0.2      0.0
  SINCE DEC 1      0.0                       0.2   -0.2      0.0
  SINCE JUL 1      0.0                       1.1   -1.1      0.8
  SNOW DEPTH       0

DEGREE DAYS
 HEATING
  YESTERDAY       21                        21      0       19
  MONTH TO DATE   61                        61      0       58
  SINCE DEC 1     61                        61      0       58
  SINCE JUL 1    328                       621   -293      511

 COOLING
  YESTERDAY        0                         0      0        0
  MONTH TO DATE    0                         0      0        0
  SINCE DEC 1      0                         0      0        0
  SINCE JAN 1   2370                      2207    163     2321
..................................................................


WIND (MPH)
  RESULTANT WIND SPEED   7   RESULTANT WIND DIRECTION   E (80)
  HIGHEST WIND SPEED    14   HIGHEST WIND DIRECTION     E (80)
  HIGHEST GUST SPEED    19   HIGHEST GUST DIRECTION     E (90)
  AVERAGE WIND SPEED     6.2


SKY COVER
  AVERAGE SKY COVER 1.0


WEATHER CONDITIONS
 THE FOLLOWING WEATHER WAS RECORDED YESTERDAY.
  RAIN
  LIGHT RAIN
  FOG


RELATIVE HUMIDITY (PERCENT)
 HIGHEST   100           500 AM
 LOWEST     89           900 AM
 AVERAGE    95

..........................................................


THE CHILDRESS CLIMATE NORMALS FOR TODAY
                         NORMAL    RECORD    YEAR
 MAXIMUM TEMPERATURE (F)   57        88      1954
 MINIMUM TEMPERATURE (F)   32        17      1972


SUNRISE AND SUNSET
DECEMBER  4 2016......SUNRISE   732 AM CST   SUNSET   531 PM CST
DECEMBER  5 2016......SUNRISE   733 AM CST   SUNSET   531 PM CST


-  INDICATES NEGATIVE NUMBERS.
R  INDICATES RECORD WAS SET OR TIED.
MM INDICATES DATA IS MISSING.
T  INDICATES TRACE AMOUNT.




$$
