000
CDUS44 KLUB 310627
CLICDS


CLIMATE REPORT
NATIONAL WEATHER SERVICE LUBBOCK, TX
127 AM CDT TUE MAY 31 2016


...................................

...THE CHILDRESS CLIMATE SUMMARY FOR MAY 30 2016...

CLIMATE NORMAL PERIOD 1981 TO 2010
CLIMATE RECORD PERIOD 1893 TO 2016


WEATHER ITEM   OBSERVED TIME   RECORD YEAR NORMAL DEPARTURE LAST
                VALUE   (LST)  VALUE       VALUE  FROM      YEAR
                                                  NORMAL
..................................................................
TEMPERATURE (F)
 YESTERDAY
  MAXIMUM         83    516 PM 105    1985  88     -5       75
  MINIMUM         58    618 AM  48    1984  62     -4       61
  AVERAGE         71                        75     -4       68

PRECIPITATION (IN)
  YESTERDAY        0.00          3.22 1937   0.13  -0.13     0.00
  MONTH TO DATE    7.41                      3.01   4.40    13.21
  SINCE MAR 1     10.18                      6.66   3.52    18.58
  SINCE JAN 1     11.43                      8.44   2.99    19.86

SNOWFALL (IN)
  YESTERDAY        0.0          MM      MM   0.0    0.0      0.0
  MONTH TO DATE    0.0                       0.0    0.0      0.0
  SINCE MAR 1      0.0                       0.6   -0.6      2.5
  SINCE JUL 1      7.0                       7.0    0.0      8.0
  SNOW DEPTH       0

DEGREE DAYS
 HEATING
  YESTERDAY        0                         0      0        0
  MONTH TO DATE   62                        27     35       42
  SINCE MAR 1    387                       555   -168      476
  SINCE JUL 1   2555                      3115   -560     2973

 COOLING
  YESTERDAY        6                        10     -4        3
  MONTH TO DATE  190                       210    -20      100
  SINCE MAR 1    251                       300    -49      196
  SINCE JAN 1    253                       301    -48      196
..................................................................


WIND (MPH)
  RESULTANT WIND SPEED   3   RESULTANT WIND DIRECTION  SE (130)
  HIGHEST WIND SPEED    17   HIGHEST WIND DIRECTION    NE (40)
  HIGHEST GUST SPEED    22   HIGHEST GUST DIRECTION     S (170)
  AVERAGE WIND SPEED     6.8


SKY COVER
  AVERAGE SKY COVER 0.2


WEATHER CONDITIONS
 THE FOLLOWING WEATHER WAS RECORDED YESTERDAY.
  NO SIGNIFICANT WEATHER WAS OBSERVED.


RELATIVE HUMIDITY (PERCENT)
 HIGHEST   100           500 AM
 LOWEST     47           400 PM
 AVERAGE    74

..........................................................


THE CHILDRESS CLIMATE NORMALS FOR TODAY
                         NORMAL    RECORD    YEAR
 MAXIMUM TEMPERATURE (F)   88       106      2013
 MINIMUM TEMPERATURE (F)   63        48      1983


SUNRISE AND SUNSET
MAY 31 2016...........SUNRISE   630 AM CDT   SUNSET   848 PM CDT
JUNE  1 2016..........SUNRISE   630 AM CDT   SUNSET   849 PM CDT


-  INDICATES NEGATIVE NUMBERS.
R  INDICATES RECORD WAS SET OR TIED.
MM INDICATES DATA IS MISSING.
T  INDICATES TRACE AMOUNT.




$$
