000
CDUS44 KLUB 060633
CLICDS


CLIMATE REPORT
NATIONAL WEATHER SERVICE LUBBOCK, TX
133 AM CDT FRI MAY 6 2016


...................................

...THE CHILDRESS CLIMATE SUMMARY FOR MAY 5 2016...

CLIMATE NORMAL PERIOD 1981 TO 2010
CLIMATE RECORD PERIOD 1893 TO 2016


WEATHER ITEM   OBSERVED TIME   RECORD YEAR NORMAL DEPARTURE LAST
                VALUE   (LST)  VALUE       VALUE  FROM      YEAR
                                                  NORMAL
..................................................................
TEMPERATURE (F)
 YESTERDAY
  MAXIMUM         87    356 PM 105    2014  81      6       70
                                      2012
  MINIMUM         51    617 AM  38    2013  55     -4       57
  AVERAGE         69                        68      1       64

PRECIPITATION (IN)
  YESTERDAY        0.00          1.55 1915   0.08  -0.08     1.08
  MONTH TO DATE    0.01                      0.40  -0.39     1.08
  SINCE MAR 1      2.78                      4.05  -1.27     6.45
  SINCE JAN 1      4.03                      5.83  -1.80     7.73

SNOWFALL (IN)
  YESTERDAY        0.0          MM      MM   0.0    0.0      0.0
  MONTH TO DATE    0.0                       0.0    0.0      0.0
  SINCE MAR 1      0.0                       0.6   -0.6      2.5
  SINCE JUL 1      7.0                       7.0    0.0      8.0
  SNOW DEPTH       0

DEGREE DAYS
 HEATING
  YESTERDAY        0                         2     -2        1
  MONTH TO DATE   24                        10     14        1
  SINCE MAR 1    349                       538   -189      435
  SINCE JUL 1   2517                      3098   -581     2932

 COOLING
  YESTERDAY        4                         5     -1        0
  MONTH TO DATE    5                        22    -17       20
  SINCE MAR 1     66                       112    -46      116
  SINCE JAN 1     68                       113    -45      116
..................................................................


WIND (MPH)
  RESULTANT WIND SPEED   9   RESULTANT WIND DIRECTION  SE (130)
  HIGHEST WIND SPEED    16   HIGHEST WIND DIRECTION    SE (130)
  HIGHEST GUST SPEED    24   HIGHEST GUST DIRECTION    SE (140)
  AVERAGE WIND SPEED     9.6


SKY COVER
  AVERAGE SKY COVER 0.0


WEATHER CONDITIONS
 THE FOLLOWING WEATHER WAS RECORDED YESTERDAY.
  NO SIGNIFICANT WEATHER WAS OBSERVED.


RELATIVE HUMIDITY (PERCENT)
 HIGHEST    67           700 AM
 LOWEST     23           300 PM
 AVERAGE    45

..........................................................


THE CHILDRESS CLIMATE NORMALS FOR TODAY
                         NORMAL    RECORD    YEAR
 MAXIMUM TEMPERATURE (F)   82       102      2014
 MINIMUM TEMPERATURE (F)   55        39      1898


SUNRISE AND SUNSET
MAY  6 2016...........SUNRISE   646 AM CDT   SUNSET   830 PM CDT
MAY  7 2016...........SUNRISE   645 AM CDT   SUNSET   831 PM CDT


-  INDICATES NEGATIVE NUMBERS.
R  INDICATES RECORD WAS SET OR TIED.
MM INDICATES DATA IS MISSING.
T  INDICATES TRACE AMOUNT.




$$
