000
CDUS44 KLUB 292225
CLICDS


CLIMATE REPORT
NATIONAL WEATHER SERVICE LUBBOCK, TX
525 PM CDT MON MAY 29 2017


...................................

...THE CHILDRESS CLIMATE SUMMARY FOR MAY 29 2017...
VALID TODAY AS OF 0500 PM LOCAL TIME.

CLIMATE NORMAL PERIOD 1981 TO 2010
CLIMATE RECORD PERIOD 1893 TO 2017


WEATHER ITEM   OBSERVED TIME   RECORD YEAR NORMAL DEPARTURE LAST
                VALUE   (LST)  VALUE       VALUE  FROM      YEAR
                                                  NORMAL
..................................................................
TEMPERATURE (F)
 TODAY
  MAXIMUM         88    346 PM 104    2012  87      1       87
                                      2011
  MINIMUM         56    515 AM  43    1984  62     -6       60
  AVERAGE         72                        75     -3       74

PRECIPITATION (IN)
  TODAY            0.00          1.59 1987   0.13  -0.13     0.76
  MONTH TO DATE    1.03                      2.88  -1.85     7.41
  SINCE MAR 1      5.05                      6.53  -1.48    10.18
  SINCE JAN 1      9.27                      8.31   0.96    11.43

SNOWFALL (IN)
  TODAY            0.0          MM      MM   0.0    0.0      0.0
  MONTH TO DATE    0.0                       0.0    0.0      0.0
  SINCE MAR 1      0.0                       0.6   -0.6      0.0
  SINCE JUL 1      1.5                       7.0   -5.5      7.0
  SNOW DEPTH       0

DEGREE DAYS
 HEATING
  TODAY            0                         0      0        0
  MONTH TO DATE   21                        27     -6       62
  SINCE MAR 1    380                       555   -175      387
  SINCE JUL 1   2328                      3115   -787     2555

 COOLING
  TODAY            7                        10     -3        9
  MONTH TO DATE  179                       200    -21      184
  SINCE MAR 1    314                       290     24      245
  SINCE JAN 1    329                       291     38      247
..................................................................


WIND (MPH)
  RESULTANT WIND SPEED   1   RESULTANT WIND DIRECTION   E (80)
  HIGHEST WIND SPEED    14   HIGHEST WIND DIRECTION    SE (150)
  HIGHEST GUST SPEED    19   HIGHEST GUST DIRECTION    SE (130)
  AVERAGE WIND SPEED     6.2


SKY COVER
  AVERAGE SKY COVER 0.0


WEATHER CONDITIONS
 THE FOLLOWING WEATHER WAS RECORDED TODAY.
  NO SIGNIFICANT WEATHER WAS OBSERVED.


RELATIVE HUMIDITY (PERCENT)
 HIGHEST    55           400 AM
 LOWEST     16           200 PM
 AVERAGE    36

..........................................................


THE CHILDRESS CLIMATE NORMALS FOR TOMORROW
                         NORMAL    RECORD    YEAR
 MAXIMUM TEMPERATURE (F)   88       105      1985
 MINIMUM TEMPERATURE (F)   62        48      1984


SUNRISE AND SUNSET
MAY 29 2017...........SUNRISE   631 AM CDT   SUNSET   847 PM CDT
MAY 30 2017...........SUNRISE   630 AM CDT   SUNSET   847 PM CDT


-  INDICATES NEGATIVE NUMBERS.
R  INDICATES RECORD WAS SET OR TIED.
MM INDICATES DATA IS MISSING.
T  INDICATES TRACE AMOUNT.




$$
