000
CDUS44 KLUB 040626
CLICDS


CLIMATE REPORT
NATIONAL WEATHER SERVICE LUBBOCK, TX
125 AM CDT SAT JUL 4 2015


...................................

...THE CHILDRESS CLIMATE SUMMARY FOR JULY 3 2015...

CLIMATE NORMAL PERIOD 1981 TO 2010
CLIMATE RECORD PERIOD 1893 TO 2015


WEATHER ITEM   OBSERVED TIME   RECORD YEAR NORMAL DEPARTURE LAST
                VALUE   (LST)  VALUE       VALUE  FROM      YEAR
                                                  NORMAL
..................................................................
TEMPERATURE (F)
 YESTERDAY
  MAXIMUM         92    244 PM 109    1980  95     -3       81
  MINIMUM         70    636 AM  61    1942  70      0       66
                                      1909
  AVERAGE         81                        82     -1       74

PRECIPITATION (IN)
  YESTERDAY        0.01          2.12 1914   0.08  -0.07     0.38
  MONTH TO DATE    0.03                      0.25  -0.22     0.66
  SINCE JUN 1      4.07                      4.20  -0.13     5.38
  SINCE JAN 1     23.67                     12.77  10.90    11.61

SNOWFALL (IN)
  YESTERDAY        0.0          MM      MM   0.0    0.0      0.0
  MONTH TO DATE    0.0                       0.0    0.0      0.0
  SINCE JUN 1      0.0                       0.0    0.0      0.0
  SINCE JUL 1      0.0                       0.0    0.0      0.0
  SNOW DEPTH       0

DEGREE DAYS
 HEATING
  YESTERDAY        0                         0      0        0
  MONTH TO DATE    0                         0      0        0
  SINCE JUN 1      0                         2     -2        0
  SINCE JUL 1      0                         0      0        0

 COOLING
  YESTERDAY       16                        18     -2        9
  MONTH TO DATE   51                        52     -1       34
  SINCE JUN 1    510                       473     37      479
  SINCE JAN 1    710                       785    -75      843
..................................................................


WIND (MPH)
  RESULTANT WIND SPEED   2   RESULTANT WIND DIRECTION  NE (60)
  HIGHEST WIND SPEED    18   HIGHEST WIND DIRECTION    SE (130)
  HIGHEST GUST SPEED    25   HIGHEST GUST DIRECTION    SE (130)
  AVERAGE WIND SPEED     6.1


SKY COVER
  AVERAGE SKY COVER 0.1


WEATHER CONDITIONS
 THE FOLLOWING WEATHER WAS RECORDED YESTERDAY.
  LIGHT RAIN


RELATIVE HUMIDITY (PERCENT)
 HIGHEST    90           400 AM
 LOWEST     41           600 PM
 AVERAGE    66

..........................................................


THE CHILDRESS CLIMATE NORMALS FOR TODAY
                         NORMAL    RECORD    YEAR
 MAXIMUM TEMPERATURE (F)   95       107      1928
 MINIMUM TEMPERATURE (F)   70        60      1940


SUNRISE AND SUNSET
JULY  4 2015..........SUNRISE   634 AM CDT   SUNSET   857 PM CDT
JULY  5 2015..........SUNRISE   634 AM CDT   SUNSET   857 PM CDT


-  INDICATES NEGATIVE NUMBERS.
R  INDICATES RECORD WAS SET OR TIED.
MM INDICATES DATA IS MISSING.
T  INDICATES TRACE AMOUNT.




$$
