000
CDUS44 KLUB 110627
CLICDS


CLIMATE REPORT
NATIONAL WEATHER SERVICE LUBBOCK, TX
1226 AM CST THU FEB 11 2016


...................................

...THE CHILDRESS CLIMATE SUMMARY FOR FEBRUARY 10 2016...

CLIMATE NORMAL PERIOD 1981 TO 2010
CLIMATE RECORD PERIOD 1893 TO 2016


WEATHER ITEM   OBSERVED TIME   RECORD YEAR NORMAL DEPARTURE LAST
                VALUE   (LST)  VALUE       VALUE  FROM      YEAR
                                                  NORMAL
..................................................................
TEMPERATURE (F)
 YESTERDAY
  MAXIMUM         83    406 PM  84    1999  57     26       80
  MINIMUM         30    629 AM  -1    1933  31     -1       39
  AVERAGE         57                        44     13       60

PRECIPITATION (IN)
  YESTERDAY        0.00          1.06 1903   0.04  -0.04     0.00
  MONTH TO DATE    T                         0.35  -0.35      T
  SINCE DEC 1      1.36                      1.99  -0.63     1.28
  SINCE JAN 1      0.51                      1.08  -0.57     1.08

SNOWFALL (IN)
  YESTERDAY        0.0          MM      MM   0.0    0.0      0.0
  MONTH TO DATE    0.0                       0.5   -0.5      0.0
  SINCE DEC 1      6.2                       4.9    1.3      1.5
  SINCE JUL 1      7.0                       5.8    1.2      3.5
  SNOW DEPTH       0

DEGREE DAYS
 HEATING
  YESTERDAY        8                        21    -13        5
  MONTH TO DATE  210                       217     -7      163
  SINCE DEC 1   1503                      1660   -157     1488
  SINCE JUL 1   1956                      2220   -264     2043

 COOLING
  YESTERDAY        0                         0      0        0
  MONTH TO DATE    0                         0      0        0
  SINCE DEC 1      0                         0      0        0
  SINCE JAN 1      0                         0      0        0
..................................................................


WIND (MPH)
  RESULTANT WIND SPEED   9   RESULTANT WIND DIRECTION  SW (240)
  HIGHEST WIND SPEED    25   HIGHEST WIND DIRECTION     W (260)
  HIGHEST GUST SPEED    33   HIGHEST GUST DIRECTION     W (250)
  AVERAGE WIND SPEED    11.4


SKY COVER
  AVERAGE SKY COVER 0.0


WEATHER CONDITIONS
 THE FOLLOWING WEATHER WAS RECORDED YESTERDAY.
  NO SIGNIFICANT WEATHER WAS OBSERVED.


RELATIVE HUMIDITY (PERCENT)
 HIGHEST    78           700 AM
 LOWEST      9           400 PM
 AVERAGE    44

..........................................................


THE CHILDRESS CLIMATE NORMALS FOR TODAY
                         NORMAL    RECORD    YEAR
 MAXIMUM TEMPERATURE (F)   57        92      1962
 MINIMUM TEMPERATURE (F)   31        -3      1986


SUNRISE AND SUNSET
FEBRUARY 11 2016......SUNRISE   731 AM CST   SUNSET   620 PM CST
FEBRUARY 12 2016......SUNRISE   730 AM CST   SUNSET   621 PM CST


-  INDICATES NEGATIVE NUMBERS.
R  INDICATES RECORD WAS SET OR TIED.
MM INDICATES DATA IS MISSING.
T  INDICATES TRACE AMOUNT.




$$
