000
CDUS44 KLUB 210225
CLICDS


CLIMATE REPORT
NATIONAL WEATHER SERVICE LUBBOCK, TX
825 PM CST THU NOV 20 2014


...................................

...THE CHILDRESS CLIMATE SUMMARY FOR NOVEMBER 20 2014...
VALID TODAY AS OF 0800 PM LOCAL TIME.

CLIMATE NORMAL PERIOD 1981 TO 2010
CLIMATE RECORD PERIOD 1893 TO 2014


WEATHER ITEM   OBSERVED TIME   RECORD YEAR NORMAL DEPARTURE LAST
                VALUE   (LST)  VALUE       VALUE  FROM      YEAR
                                                  NORMAL
..................................................................
TEMPERATURE (F)
 TODAY
  MAXIMUM         62    428 PM  83    2007  63     -1       79
  MINIMUM         32    651 AM  17    1937  37     -5       53
  AVERAGE         47                        50     -3       66

PRECIPITATION (IN)
  TODAY            0.00          0.38 1906   0.04  -0.04     0.00
  MONTH TO DATE    0.64                      0.88  -0.24     0.10
  SINCE SEP 1      2.59                      5.55  -2.96     1.38
  SINCE JAN 1     18.20                     22.64  -4.44    14.62

SNOWFALL (IN)
  TODAY            0.0          MM      MM   0.1   -0.1      0.0
  MONTH TO DATE    0.0                       0.4   -0.4      0.0
  SINCE SEP 1      0.0                       0.6   -0.6      0.0
  SINCE JUL 1      0.0                       0.6   -0.6      0.0
  SNOW DEPTH       0

DEGREE DAYS
 HEATING
  TODAY           18                        15      3        0
  MONTH TO DATE  352                       231    121      219
  SINCE SEP 1    415                       383     32      345
  SINCE JUL 1    415                       383     32      345

 COOLING
  TODAY            0                         0      0        1
  MONTH TO DATE    0                         7     -7        9
  SINCE SEP 1    457                       376     81      476
  SINCE JAN 1   2316                      2207    109     2407
..................................................................


WIND (MPH)
  RESULTANT WIND SPEED   4   RESULTANT WIND DIRECTION   E (70)
  HIGHEST WIND SPEED    12   HIGHEST WIND DIRECTION     N (20)
  HIGHEST GUST SPEED    15   HIGHEST GUST DIRECTION    NE (30)
  AVERAGE WIND SPEED     4.6


SKY COVER
  AVERAGE SKY COVER 0.0


WEATHER CONDITIONS
 THE FOLLOWING WEATHER WAS RECORDED TODAY.
  NO SIGNIFICANT WEATHER WAS OBSERVED.


RELATIVE HUMIDITY (PERCENT)
 HIGHEST    82           600 AM
 LOWEST     34           400 PM
 AVERAGE    58

..........................................................


THE CHILDRESS CLIMATE NORMALS FOR TOMORROW
                         NORMAL    RECORD    YEAR
 MAXIMUM TEMPERATURE (F)   62        85      1966
 MINIMUM TEMPERATURE (F)   36         6      1906


SUNRISE AND SUNSET
NOVEMBER 20 2014......SUNRISE   719 AM CST   SUNSET   534 PM CST
NOVEMBER 21 2014......SUNRISE   720 AM CST   SUNSET   534 PM CST


-  INDICATES NEGATIVE NUMBERS.
R  INDICATES RECORD WAS SET OR TIED.
MM INDICATES DATA IS MISSING.
T  INDICATES TRACE AMOUNT.




$$
