000
CDUS46 KEKA 211218
CLICEC


CLIMATE REPORT
NATIONAL WEATHER SERVICE EUREKA CA
417 AM PST SAT JAN 21 2017


...................................

...THE CRESCENT CITY CA CLIMATE SUMMARY FOR JANUARY 20 2017...

CLIMATE NORMAL PERIOD 1981 TO 2010
CLIMATE RECORD PERIOD 1894 TO 2017


WEATHER ITEM   OBSERVED TIME   RECORD YEAR NORMAL DEPARTURE LAST
                VALUE   (LST)  VALUE       VALUE  FROM      YEAR
                                                  NORMAL
..................................................................
TEMPERATURE (F)
 YESTERDAY
  MAXIMUM         50    320 AM  71    1981  55     -5       59
  MINIMUM         44    651 PM  28    1962  41      3       44
  AVERAGE         47                        48     -1       52

PRECIPITATION (IN)
  YESTERDAY        0.86          3.05 1953   0.31   0.55      T
  MONTH TO DATE   10.86                      7.52   3.34     8.63
  SINCE OCT 1     55.96                     32.76  23.20    43.31
  SINCE JAN 1     10.86                      7.52   3.34     8.63

SNOWFALL (IN)
  YESTERDAY       MM            MM      MM  MM     MM       MM
  MONTH TO DATE    0.0                      MM     MM        0.0
  SINCE DEC 1      0.0                      MM     MM        0.0
  SINCE JUL 1      0.0                      MM     MM        0.0
  SNOW DEPTH       0

DEGREE DAYS
 HEATING
  YESTERDAY       18                        17      1       13
  MONTH TO DATE  394                       340     54      286
  SINCE DEC 1    986                       879    107      781
  SINCE JUL 1   2319                      2496   -177     1950

 COOLING
  YESTERDAY        0                         0      0        0
  MONTH TO DATE    0                         0      0        0
  SINCE DEC 1      0                         0      0        0
  SINCE JAN 1      0                         0      0        0
..................................................................


WIND (MPH)
  HIGHEST WIND SPEED    36   HIGHEST WIND DIRECTION    SE (150)
  HIGHEST GUST SPEED    45   HIGHEST GUST DIRECTION     S (160)
  AVERAGE WIND SPEED    18.9


SKY COVER
  AVERAGE SKY COVER 1.0


WEATHER CONDITIONS
 THE FOLLOWING WEATHER WAS RECORDED YESTERDAY.
  RAIN
  FOG


RELATIVE HUMIDITY (PERCENT)
 HIGHEST    92
 LOWEST     80
 AVERAGE    86

..........................................................


THE CRESCENT CITY CA CLIMATE NORMALS FOR TODAY
                         NORMAL    RECORD    YEAR
 MAXIMUM TEMPERATURE (F)   54        75      1981
 MINIMUM TEMPERATURE (F)   41        22      1962


SUNRISE AND SUNSET
JANUARY 21 2017.......SUNRISE   738 AM PST   SUNSET   519 PM PST
JANUARY 22 2017.......SUNRISE   738 AM PST   SUNSET   520 PM PST


-  INDICATES NEGATIVE NUMBERS.
R  INDICATES RECORD WAS SET OR TIED.
MM INDICATES DATA IS MISSING.
T  INDICATES TRACE AMOUNT.




$$
