000
CDUS46 KEKA 140024
CLICEC


CLIMATE REPORT
NATIONAL WEATHER SERVICE EUREKA CA
517 PM PDT SUN JUL 13 2014


...................................

...THE CRESCENT CITY CA CLIMATE SUMMARY FOR JULY 13 2014...
VALID TODAY AS OF 0500 PM LOCAL TIME.

CLIMATE NORMAL PERIOD 1981 TO 2010
CLIMATE RECORD PERIOD 1894 TO 2014


WEATHER ITEM   OBSERVED TIME   RECORD YEAR NORMAL DEPARTURE LAST
                VALUE   (LST)  VALUE       VALUE  FROM      YEAR
                                                  NORMAL
..................................................................
TEMPERATURE (F)
 TODAY
  MAXIMUM         60    202 PM  72    1997  61     -1       61
  MINIMUM         53    425 AM  42    1962  51      2       48
  AVERAGE         57                        56      1       55

PRECIPITATION (IN)
  TODAY            0.00          0.26 1957   0.01  -0.01     0.00
  MONTH TO DATE    0.00                      0.27  -0.27     0.00
  SINCE JUL 1      0.00                      0.27  -0.27     0.00
  SINCE JAN 1     24.59                     37.20 -12.61    19.93

SNOWFALL (IN)
  TODAY            0.0          MM      MM  MM     MM        0.0
  MONTH TO DATE    0.0                      MM     MM        0.0
  SINCE JUN 1      0.0                      MM     MM        0.0
  SINCE JUL 1      0.0                      MM     MM        0.0
  SNOW DEPTH      MM

..................................................................


WIND (MPH)
  HIGHEST WIND SPEED     9   HIGHEST WIND DIRECTION    NW (310)
  HIGHEST GUST SPEED    12   HIGHEST GUST DIRECTION    NW (320)
  AVERAGE WIND SPEED     3.7


SKY COVER
  AVERAGE SKY COVER 1.0


WEATHER CONDITIONS
 THE FOLLOWING WEATHER WAS RECORDED TODAY.
  FOG


RELATIVE HUMIDITY (PERCENT)
 HIGHEST   100
 LOWEST     90
 AVERAGE    95

..........................................................


THE CRESCENT CITY CA CLIMATE NORMALS FOR TOMORROW
                         NORMAL    RECORD    YEAR
 MAXIMUM TEMPERATURE (F)   61        72      1953
 MINIMUM TEMPERATURE (F)   51        41      1962


SUNRISE AND SUNSET
JULY 13 2014..........SUNRISE   554 AM PDT   SUNSET   851 PM PDT
JULY 14 2014..........SUNRISE   555 AM PDT   SUNSET   851 PM PDT


-  INDICATES NEGATIVE NUMBERS.
R  INDICATES RECORD WAS SET OR TIED.
MM INDICATES DATA IS MISSING.
T  INDICATES TRACE AMOUNT.




$$
