000
CDUS46 KEKA 201216
CLICEC


CLIMATE REPORT
NATIONAL WEATHER SERVICE EUREKA CA
416 AM PST SAT DEC 20 2014


...................................

...THE CRESCENT CITY CA CLIMATE SUMMARY FOR DECEMBER 19 2014...

CLIMATE NORMAL PERIOD 1981 TO 2010
CLIMATE RECORD PERIOD 1894 TO 2014


WEATHER ITEM   OBSERVED TIME   RECORD YEAR NORMAL DEPARTURE LAST
                VALUE   (LST)  VALUE       VALUE  FROM      YEAR
                                                  NORMAL
..................................................................
TEMPERATURE (F)
 YESTERDAY
  MAXIMUM         59    114 PM  66    2005  54      5       48
  MINIMUM         48    602 AM  28    1998  41      7       37
  AVERAGE         54                        48      6       43

PRECIPITATION (IN)
  YESTERDAY        1.34          2.23 1957   0.43   0.91     0.00
  MONTH TO DATE    6.47                      6.36   0.11     1.27
  SINCE JUL 1     20.20                     22.19  -1.99     8.95
  SINCE JAN 1     44.79                     59.12 -14.33    28.88

SNOWFALL (IN)
  YESTERDAY       MM            MM      MM  MM     MM        0.0
  MONTH TO DATE    0.0                      MM     MM        0.0
  SINCE DEC 1      0.0                      MM     MM        0.0
  SINCE JUL 1      0.0                      MM     MM        0.0
  SNOW DEPTH       0

DEGREE DAYS
 HEATING
  YESTERDAY       11                        17     -6       22
  MONTH TO DATE  178                       335   -157      424
  SINCE DEC 1    178                       335   -157      424
  SINCE JUL 1   1285                      1952   -667     2016

 COOLING
  YESTERDAY        0                         0      0        0
  MONTH TO DATE    0                         0      0        0
  SINCE DEC 1      0                         0      0        0
  SINCE JAN 1      1                         0      1        4
..................................................................


WIND (MPH)
  HIGHEST WIND SPEED    28   HIGHEST WIND DIRECTION     S (190)
  HIGHEST GUST SPEED    34   HIGHEST GUST DIRECTION     S (160)
  AVERAGE WIND SPEED    12.7


SKY COVER
  AVERAGE SKY COVER 1.0


WEATHER CONDITIONS
 THE FOLLOWING WEATHER WAS RECORDED YESTERDAY.
  THUNDERSTORM
  HEAVY RAIN
  FOG


RELATIVE HUMIDITY (PERCENT)
 HIGHEST   100
 LOWEST     80
 AVERAGE    90

..........................................................


THE CRESCENT CITY CA CLIMATE NORMALS FOR TODAY
                         NORMAL    RECORD    YEAR
 MAXIMUM TEMPERATURE (F)   54        68      2005
 MINIMUM TEMPERATURE (F)   41        23      1990


SUNRISE AND SUNSET
DECEMBER 20 2014......SUNRISE   740 AM PST   SUNSET   449 PM PST
DECEMBER 21 2014......SUNRISE   741 AM PST   SUNSET   449 PM PST


-  INDICATES NEGATIVE NUMBERS.
R  INDICATES RECORD WAS SET OR TIED.
MM INDICATES DATA IS MISSING.
T  INDICATES TRACE AMOUNT.




$$
