000
CDUS46 KEKA 171209
CLICEC


CLIMATE REPORT
NATIONAL WEATHER SERVICE EUREKA CA
509 AM PDT THU AUG 17 2017


...................................

...THE CRESCENT CITY CA CLIMATE SUMMARY FOR AUGUST 16 2017...

CLIMATE NORMAL PERIOD 1981 TO 2010
CLIMATE RECORD PERIOD 1894 TO 2017


WEATHER ITEM   OBSERVED TIME   RECORD YEAR NORMAL DEPARTURE LAST
                VALUE   (LST)  VALUE       VALUE  FROM      YEAR
                                                  NORMAL
..................................................................
TEMPERATURE (F)
 YESTERDAY
  MAXIMUM         66    309 PM  73    1982  63      3       59
  MINIMUM         48    443 AM  43    2000  52     -4       52
  AVERAGE         57                        57      0       56

PRECIPITATION (IN)
  YESTERDAY        0.00          0.26 1972   0.02  -0.02     0.00
  MONTH TO DATE    0.02                      0.22  -0.20     0.00
  SINCE OCT 1     94.31                     62.80  31.51    67.46
  SINCE JAN 1     49.21                     37.56  11.65    32.78

SNOWFALL (IN)
  YESTERDAY        0.0          MM      MM  MM     MM        0.0
  MONTH TO DATE    0.0                      MM     MM        0.0
  SINCE JUN 1      0.0                      MM     MM        0.0
  SINCE JUL 1      0.0                      MM     MM        0.0
  SNOW DEPTH       0

DEGREE DAYS
 HEATING
  YESTERDAY        8                         8      0        9
  MONTH TO DATE   99                       128    -29      137
  SINCE JUN 1    663                       711    -48      624
  SINCE JUL 1    380                       402    -22      367

 COOLING
  YESTERDAY        0                         0      0        0
  MONTH TO DATE    0                         0      0        0
  SINCE JUN 1      0                         0      0        0
  SINCE JAN 1      0                         0      0        0
..................................................................


WIND (MPH)
  HIGHEST WIND SPEED    24   HIGHEST WIND DIRECTION     N (350)
  HIGHEST GUST SPEED    32   HIGHEST GUST DIRECTION     N (350)
  AVERAGE WIND SPEED     8.6


SKY COVER
  AVERAGE SKY COVER 0.4


WEATHER CONDITIONS
 THE FOLLOWING WEATHER WAS RECORDED YESTERDAY.
  FOG W/VISIBILITY <= 1/4 MILE
  HAZE


RELATIVE HUMIDITY (PERCENT)
 HIGHEST   100
 LOWEST     63
 AVERAGE    82

..........................................................


THE CRESCENT CITY CA CLIMATE NORMALS FOR TODAY
                         NORMAL    RECORD    YEAR
 MAXIMUM TEMPERATURE (F)   63        83      1960
 MINIMUM TEMPERATURE (F)   52        43      2000


SUNRISE AND SUNSET
AUGUST 17 2017........SUNRISE   628 AM PDT   SUNSET   813 PM PDT
AUGUST 18 2017........SUNRISE   629 AM PDT   SUNSET   812 PM PDT


-  INDICATES NEGATIVE NUMBERS.
R  INDICATES RECORD WAS SET OR TIED.
MM INDICATES DATA IS MISSING.
T  INDICATES TRACE AMOUNT.




$$
