000
CDUS46 KEKA 111210
CLICEC


CLIMATE REPORT
NATIONAL WEATHER SERVICE EUREKA CA
410 AM PST MON DEC 11 2017


...................................

...THE CRESCENT CITY CA CLIMATE SUMMARY FOR DECEMBER 10 2017...

CLIMATE NORMAL PERIOD 1981 TO 2010
CLIMATE RECORD PERIOD 1894 TO 2017


WEATHER ITEM   OBSERVED TIME   RECORD YEAR NORMAL DEPARTURE LAST
                VALUE   (LST)  VALUE       VALUE  FROM      YEAR
                                                  NORMAL
..................................................................
TEMPERATURE (F)
 YESTERDAY
  MAXIMUM         64    209 PM  70    1976  54     10       54
  MINIMUM         39   1224 AM  30    2009  41     -2       43
  AVERAGE         52                        47      5       49

PRECIPITATION (IN)
  YESTERDAY        0.00          2.01 1968   0.32  -0.32     0.53
  MONTH TO DATE    0.87                      2.93  -2.06     4.17
  SINCE OCT 1     12.15                     16.90  -4.75    36.13
  SINCE JAN 1     62.63                     55.69   6.94    68.91

SNOWFALL (IN)
  YESTERDAY        0.0          MM      MM  MM     MM       MM
  MONTH TO DATE    0.0                      MM     MM        0.0
  SINCE DEC 1      0.0                      MM     MM        0.0
  SINCE JUL 1      0.0                      MM     MM        0.0
  SNOW DEPTH       0

DEGREE DAYS
 HEATING
  YESTERDAY       13                        18     -5       16
  MONTH TO DATE  153                       174    -21      181
  SINCE DEC 1    153                       174    -21      181
  SINCE JUL 1   1643                      1791   -148     1514

 COOLING
  YESTERDAY        0                         0      0        0
  MONTH TO DATE    0                         0      0        0
  SINCE DEC 1      0                         0      0        0
  SINCE JAN 1      6                         0      6        0
..................................................................


WIND (MPH)
  HIGHEST WIND SPEED    10   HIGHEST WIND DIRECTION     E (90)
  HIGHEST GUST SPEED    12   HIGHEST GUST DIRECTION     E (90)
  AVERAGE WIND SPEED     5.8


SKY COVER
  AVERAGE SKY COVER 0.0


WEATHER CONDITIONS
 THE FOLLOWING WEATHER WAS RECORDED YESTERDAY.
  NO SIGNIFICANT WEATHER WAS OBSERVED.


RELATIVE HUMIDITY (PERCENT)
 HIGHEST    86
 LOWEST     34
 AVERAGE    60

..........................................................


THE CRESCENT CITY CA CLIMATE NORMALS FOR TODAY
                         NORMAL    RECORD    YEAR
 MAXIMUM TEMPERATURE (F)   54        72      1951
 MINIMUM TEMPERATURE (F)   41        23      1972


SUNRISE AND SUNSET
DECEMBER 11 2017......SUNRISE   734 AM PST   SUNSET   446 PM PST
DECEMBER 12 2017......SUNRISE   735 AM PST   SUNSET   446 PM PST


-  INDICATES NEGATIVE NUMBERS.
R  INDICATES RECORD WAS SET OR TIED.
MM INDICATES DATA IS MISSING.
T  INDICATES TRACE AMOUNT.




$$
