283
CDUS46 KEKA 211214
CLICEC


CLIMATE REPORT
NATIONAL WEATHER SERVICE EUREKA CA
414 AM PST WED FEB 21 2018


...................................

...THE CRESCENT CITY CA CLIMATE SUMMARY FOR FEBRUARY 20 2018...

CLIMATE NORMAL PERIOD 1981 TO 2010
CLIMATE RECORD PERIOD 1894 TO 2018


WEATHER ITEM   OBSERVED TIME   RECORD YEAR NORMAL DEPARTURE LAST
                VALUE   (LST)  VALUE       VALUE  FROM      YEAR
                                                  NORMAL
..................................................................
TEMPERATURE (F)
 YESTERDAY
  MAXIMUM         48    423 PM  78    1988  53     -5       MM
  MINIMUM         34    251 AM  29    1971  42     -8       MM
  AVERAGE         41                        48     -7       MM

PRECIPITATION (IN)
  YESTERDAY        0.00          1.78 1956   0.31  -0.31     0.85
  MONTH TO DATE    0.78                      6.49  -5.71    11.74
  SINCE OCT 1     25.40                     42.12 -16.72    69.06
  SINCE JAN 1     11.38                     16.88  -5.50    23.96

SNOWFALL (IN)
  YESTERDAY        0.0          MM      MM  MM     MM       MM
  MONTH TO DATE    0.0                      MM     MM        0.0
  SINCE DEC 1      0.0                      MM     MM        0.0
  SINCE JUL 1      0.0                      MM     MM        0.0
  SNOW DEPTH       0

DEGREE DAYS
 HEATING
  YESTERDAY       24                        17      7       MM
  MONTH TO DATE  290                       354    -64      236
  SINCE DEC 1   1154                      1423   -269     1428
  SINCE JUL 1   2644                      3040   -396     2761

 COOLING
  YESTERDAY        0                         0      0       MM
  MONTH TO DATE    0                         0      0        0
  SINCE DEC 1      0                         0      0        0
  SINCE JAN 1      0                         0      0        0
..................................................................


WIND (MPH)
  HIGHEST WIND SPEED    18   HIGHEST WIND DIRECTION     S (180)
  HIGHEST GUST SPEED    23   HIGHEST GUST DIRECTION     S (190)
  AVERAGE WIND SPEED     8.5


SKY COVER
  AVERAGE SKY COVER 0.8


WEATHER CONDITIONS
 THE FOLLOWING WEATHER WAS RECORDED YESTERDAY.
  NO SIGNIFICANT WEATHER WAS OBSERVED.


RELATIVE HUMIDITY (PERCENT)
 HIGHEST    75
 LOWEST     45
 AVERAGE    60

..........................................................


THE CRESCENT CITY CA CLIMATE NORMALS FOR TODAY
                         NORMAL    RECORD    YEAR
 MAXIMUM TEMPERATURE (F)   54        75      1964
 MINIMUM TEMPERATURE (F)   42        29      1952


SUNRISE AND SUNSET
FEBRUARY 21 2018......SUNRISE   704 AM PST   SUNSET   558 PM PST
FEBRUARY 22 2018......SUNRISE   702 AM PST   SUNSET   559 PM PST


-  INDICATES NEGATIVE NUMBERS.
R  INDICATES RECORD WAS SET OR TIED.
MM INDICATES DATA IS MISSING.
T  INDICATES TRACE AMOUNT.




$$
