000
CDUS46 KEKA 231214
CLICEC


CLIMATE REPORT
NATIONAL WEATHER SERVICE EUREKA CA
514 AM PDT TUE MAY 23 2017


...................................

...THE CRESCENT CITY CA CLIMATE SUMMARY FOR MAY 22 2017...

CLIMATE NORMAL PERIOD 1981 TO 2010
CLIMATE RECORD PERIOD 1894 TO 2017


WEATHER ITEM   OBSERVED TIME   RECORD YEAR NORMAL DEPARTURE LAST
                VALUE   (LST)  VALUE       VALUE  FROM      YEAR
                                                  NORMAL
..................................................................
TEMPERATURE (F)
 YESTERDAY
  MAXIMUM         66    143 PM  73    1985  59      7       57
  MINIMUM         48   1207 AM  37    2002  47      1       50
  AVERAGE         57                        53      4       54

PRECIPITATION (IN)
  YESTERDAY        0.00          1.75 1990   0.08  -0.08     0.29
  MONTH TO DATE    1.80                      2.26  -0.46     0.38
  SINCE OCT 1     92.65                     59.83  32.82    66.15
  SINCE JAN 1     47.55                     34.59  12.96    31.47

SNOWFALL (IN)
  YESTERDAY        0.0          MM      MM  MM     MM        0.0
  MONTH TO DATE    0.0                      MM     MM        0.0
  SINCE MAR 1      0.0                      MM     MM        0.0
  SINCE JUL 1      0.0                      MM     MM        0.0
  SNOW DEPTH       0

DEGREE DAYS
 HEATING
  YESTERDAY        8                        12     -4       11
  MONTH TO DATE  291                       289      2      244
  SINCE MAR 1   1157                      1273   -116      993
  SINCE JUL 1   4088                      4446   -358     3471

 COOLING
  YESTERDAY        0                         0      0        0
  MONTH TO DATE    0                         0      0        0
  SINCE MAR 1      0                         0      0        0
  SINCE JAN 1      0                         0      0        0
..................................................................


WIND (MPH)
  HIGHEST WIND SPEED    10   HIGHEST WIND DIRECTION     S (200)
  HIGHEST GUST SPEED    13   HIGHEST GUST DIRECTION     W (260)
  AVERAGE WIND SPEED     4.6


SKY COVER
  AVERAGE SKY COVER 0.1


WEATHER CONDITIONS
 THE FOLLOWING WEATHER WAS RECORDED YESTERDAY.
  FOG
  HAZE


RELATIVE HUMIDITY (PERCENT)
 HIGHEST   100
 LOWEST     72
 AVERAGE    86

..........................................................


THE CRESCENT CITY CA CLIMATE NORMALS FOR TODAY
                         NORMAL    RECORD    YEAR
 MAXIMUM TEMPERATURE (F)   59        71      1992
 MINIMUM TEMPERATURE (F)   47        37      2002


SUNRISE AND SUNSET
MAY 23 2017...........SUNRISE   450 AM PST   SUNSET   738 PM PST
MAY 24 2017...........SUNRISE   449 AM PST   SUNSET   739 PM PST


-  INDICATES NEGATIVE NUMBERS.
R  INDICATES RECORD WAS SET OR TIED.
MM INDICATES DATA IS MISSING.
T  INDICATES TRACE AMOUNT.




$$
