000
CDUS45 KGJT 022330
CLICEZ


CLIMATE REPORT
NATIONAL WEATHER SERVICE GRAND JUNCTION CO
525 PM MDT TUE JUN 2 2015


...................................

...THE CORTEZ CO CLIMATE SUMMARY FOR JUNE 2 2015...
VALID TODAY AS OF 0500 PM LOCAL TIME.

CLIMATE NORMAL PERIOD 1981 TO 2010
CLIMATE RECORD PERIOD 9999 TO 9999


WEATHER ITEM   OBSERVED TIME   RECORD YEAR NORMAL DEPARTURE LAST
                VALUE   (LST)  VALUE       VALUE  FROM      YEAR
                                                  NORMAL
..................................................................
TEMPERATURE (F)
 TODAY
  MAXIMUM         84    347 PM  MM      MM  80      4       88
  MINIMUM         47    527 AM  MM      MM  40      7       38
  AVERAGE         66                        60      6       63

PRECIPITATION (IN)
  TODAY            0.00         MM      MM   0.04  -0.04     0.00
  MONTH TO DATE    T                         0.07  -0.07     0.00
  SINCE JUN 1      T                         0.07  -0.07     0.00
  SINCE JAN 1      4.00                      5.21  -1.21     2.99

SNOWFALL (IN)
  TODAY           MM            MM      MM  MM     MM       MM
  MONTH TO DATE   MM                        MM     MM       MM
  SINCE JUN 1     MM                        MM     MM       MM
  SINCE JUL 1     MM                        MM     MM       MM
  SNOW DEPTH      MM

DEGREE DAYS
 HEATING
  TODAY            0                         5     -5        2
  MONTH TO DATE    0                        11    -11        2
  SINCE JUN 1      0                        11    -11        2
  SINCE JUL 1   5560                      6378   -818     6185

 COOLING
  TODAY            1                         1      0        0
  MONTH TO DATE    5                         2      3        1
  SINCE JUN 1      5                         2      3        1
  SINCE JAN 1      5                         7     -2       17
..................................................................


WIND (MPH)
  HIGHEST WIND SPEED    21   HIGHEST WIND DIRECTION     S (190)
  HIGHEST GUST SPEED    25   HIGHEST GUST DIRECTION     S (200)
  AVERAGE WIND SPEED     9.3


SKY COVER
  POSSIBLE SUNSHINE  MM
  AVERAGE SKY COVER 0.0


WEATHER CONDITIONS
 THE FOLLOWING WEATHER WAS RECORDED TODAY.
  NO SIGNIFICANT WEATHER WAS OBSERVED.


RELATIVE HUMIDITY (PERCENT)
 HIGHEST    54           500 AM
 LOWEST      8           100 PM
 AVERAGE    31

..........................................................


THE CORTEZ CO CLIMATE NORMALS FOR TOMORROW
                         NORMAL    RECORD    YEAR
 MAXIMUM TEMPERATURE (F)   81        MM        MM
 MINIMUM TEMPERATURE (F)   41        MM        MM


SUNRISE AND SUNSET
JUNE  2 2015..........SUNRISE   555 AM MDT   SUNSET   830 PM MDT
JUNE  3 2015..........SUNRISE   555 AM MDT   SUNSET   831 PM MDT


-  INDICATES NEGATIVE NUMBERS.
R  INDICATES RECORD WAS SET OR TIED.
MM INDICATES DATA IS MISSING.
T  INDICATES TRACE AMOUNT.




$$
