000
CDUS43 KPAH 050629
CLICGI


CLIMATE REPORT
NATIONAL WEATHER SERVICE PADUCAH KY
128 AM CDT WED AUG 5 2015


...................................

...THE CAPE GIRARDEAU MO CLIMATE SUMMARY FOR AUGUST 4 2015...

CLIMATE NORMAL PERIOD 1981 TO 2010
CLIMATE RECORD PERIOD 1960 TO 2015


WEATHER ITEM   OBSERVED TIME   RECORD YEAR NORMAL DEPARTURE LAST
                VALUE   (LST)  VALUE       VALUE  FROM      YEAR
                                                  NORMAL
..................................................................
TEMPERATURE (F)
 YESTERDAY
  MAXIMUM         92    222 PM 105    1964  89      3       89
  MINIMUM         72    517 AM  52    1974  67      5       59
  AVERAGE         82                        78      4

PRECIPITATION (IN)
  YESTERDAY        0.00          3.50 2009   0.09  -0.09     0.00
  MONTH TO DATE    0.00                      0.39  -0.39     0.00
  SINCE JUN 1     13.95                      7.32   6.63    10.42
  SINCE JAN 1     39.39                     28.42  10.97    28.81

DEGREE DAYS
 HEATING
  YESTERDAY        0                         0      0        0
  MONTH TO DATE    0                         0      0        0
  SINCE JUN 1      5                         4      1        0
  SINCE JUL 1      0                         0      0        0

 COOLING
  YESTERDAY       17                        13      4        9
  MONTH TO DATE   62                        52     10       37
  SINCE JUN 1    912                       786    126      671
  SINCE JAN 1   1089                       938    151      882
..................................................................


WIND (MPH)
  HIGHEST WIND SPEED    12   HIGHEST WIND DIRECTION    NE (50)
  HIGHEST GUST SPEED    16   HIGHEST GUST DIRECTION    SW (230)
  AVERAGE WIND SPEED     3.5


SKY COVER
  AVERAGE SKY COVER 0.2


WEATHER CONDITIONS
 THE FOLLOWING WEATHER WAS RECORDED YESTERDAY.
  FOG
  FOG W/VISIBILITY <= 1/4 MILE


RELATIVE HUMIDITY (PERCENT)
 HIGHEST   100
 LOWEST     52
 AVERAGE    76

..........................................................


THE CAPE GIRARDEAU MO CLIMATE NORMALS FOR TODAY
                         NORMAL    RECORD    YEAR
 MAXIMUM TEMPERATURE (F)   89       101      1982
 MINIMUM TEMPERATURE (F)   67        56      1986


SUNRISE AND SUNSET
AUGUST  5 2015........SUNRISE   606 AM CDT   SUNSET   802 PM CDT
AUGUST  6 2015........SUNRISE   607 AM CDT   SUNSET   801 PM CDT


-  INDICATES NEGATIVE NUMBERS.
R  INDICATES RECORD WAS SET OR TIED.
MM INDICATES DATA IS MISSING.
T  INDICATES TRACE AMOUNT.




$$
