000
CDUS43 KPAH 270640
CLICGI


CLIMATE REPORT
NATIONAL WEATHER SERVICE PADUCAH KY
1238 AM CST TUE JAN 27 2015


...................................

...THE CAPE GIRARDEAU MO CLIMATE SUMMARY FOR JANUARY 26 2015...

CLIMATE NORMAL PERIOD 1981 TO 2010
CLIMATE RECORD PERIOD 1960 TO 2015


WEATHER ITEM   OBSERVED TIME   RECORD YEAR NORMAL DEPARTURE LAST
                VALUE   (LST)  VALUE       VALUE  FROM      YEAR
                                                  NORMAL
..................................................................
TEMPERATURE (F)
 YESTERDAY
  MAXIMUM         40    410 PM  61    1974  43     -3       59
  MINIMUM         29   1149 PM  -2    1978  24      5       20
  AVERAGE         35                        34      1

PRECIPITATION (IN)
  YESTERDAY        0.00          0.98 1994   0.11  -0.11     0.00
  MONTH TO DATE    4.77                      2.89   1.88     1.99
  SINCE DEC 1      7.58                      7.14   0.44     7.55
  SINCE JAN 1      4.77                      2.89   1.88     1.99

DEGREE DAYS
 HEATING
  YESTERDAY       30                        31     -1       25
  MONTH TO DATE  839                       831      8      911
  SINCE DEC 1   1580                      1731   -151     1872
  SINCE JUL 1   2576                      2582     -6     2778

 COOLING
  YESTERDAY        0                         0      0        0
  MONTH TO DATE    0                         0      0        0
  SINCE DEC 1      0                         0      0        0
  SINCE JAN 1      0                         0      0        0
..................................................................


WIND (MPH)
  HIGHEST WIND SPEED    24   HIGHEST WIND DIRECTION    NW (330)
  HIGHEST GUST SPEED    32   HIGHEST GUST DIRECTION    NW (330)
  AVERAGE WIND SPEED     8.0


SKY COVER
  AVERAGE SKY COVER 0.6


WEATHER CONDITIONS
 THE FOLLOWING WEATHER WAS RECORDED YESTERDAY.
  NO SIGNIFICANT WEATHER WAS OBSERVED.


RELATIVE HUMIDITY (PERCENT)
 HIGHEST   100
 LOWEST     70
 AVERAGE    85

..........................................................


THE CAPE GIRARDEAU MO CLIMATE NORMALS FOR TODAY
                         NORMAL    RECORD    YEAR
 MAXIMUM TEMPERATURE (F)   43        65      1999
 MINIMUM TEMPERATURE (F)   24        -7      1961


SUNRISE AND SUNSET
JANUARY 27 2015.......SUNRISE   705 AM CST   SUNSET   517 PM CST
JANUARY 28 2015.......SUNRISE   705 AM CST   SUNSET   518 PM CST


-  INDICATES NEGATIVE NUMBERS.
R  INDICATES RECORD WAS SET OR TIED.
MM INDICATES DATA IS MISSING.
T  INDICATES TRACE AMOUNT.




$$
