000
CDUS43 KPAH 290632
CLICGI


CLIMATE REPORT
NATIONAL WEATHER SERVICE PADUCAH KY
127 AM CDT SAT APR 29 2017

...................................

...THE CAPE GIRARDEAU MO CLIMATE SUMMARY FOR APRIL 28 2017...

CLIMATE NORMAL PERIOD 1981 TO 2010
CLIMATE RECORD PERIOD 1960 TO 2017

WEATHER ITEM   OBSERVED TIME   RECORD YEAR NORMAL DEPARTURE LAST
                VALUE   (LST)  VALUE       VALUE  FROM      YEAR
                                                  NORMAL
..................................................................
TEMPERATURE (F)
 YESTERDAY
  MAXIMUM         74    432 PM  87    1989  73      1       78
  MINIMUM         53    256 AM  35    1992  50      3       54
  AVERAGE         64                        61      3

PRECIPITATION (IN)
  YESTERDAY        0.26          1.56 1996   0.16   0.10     0.01
  MONTH TO DATE    8.28                      4.03   4.25     3.74
  SINCE MAR 1     11.09                      8.43   2.66     9.20
  SINCE JAN 1     14.11                     15.31  -1.20    13.98

DEGREE DAYS
 HEATING
  YESTERDAY        1                         5     -4        0
  MONTH TO DATE  144                       254   -110      184
  SINCE MAR 1    626                       813   -187      572
  SINCE JUL 1   3361                      4310   -949     3464

 COOLING
  YESTERDAY        0                         1     -1        1
  MONTH TO DATE   31                        22      9       16
  SINCE MAR 1     34                        26      8       16
  SINCE JAN 1     34                        26      8       16
..................................................................

WIND (MPH)
  HIGHEST WIND SPEED    23   HIGHEST WIND DIRECTION    NW (310)
  HIGHEST GUST SPEED    30   HIGHEST GUST DIRECTION    NW (300)
  AVERAGE WIND SPEED     6.8

SKY COVER
  AVERAGE SKY COVER 0.4

WEATHER CONDITIONS
 THE FOLLOWING WEATHER WAS RECORDED YESTERDAY.
  THUNDERSTORM
  HEAVY RAIN
  RAIN
  LIGHT RAIN
  FOG

RELATIVE HUMIDITY (PERCENT)
 HIGHEST    93
 LOWEST     68
 AVERAGE    81
..........................................................

THE CAPE GIRARDEAU MO CLIMATE NORMALS FOR TODAY
                         NORMAL    RECORD    YEAR
 MAXIMUM TEMPERATURE (F)   73        90      1987
 MINIMUM TEMPERATURE (F)   50        31      2008

SUNRISE AND SUNSET
APRIL 29 2017.........SUNRISE   606 AM CDT   SUNSET   746 PM CDT
APRIL 30 2017.........SUNRISE   604 AM CDT   SUNSET   747 PM CDT

-  INDICATES NEGATIVE NUMBERS.
R  INDICATES RECORD WAS SET OR TIED.
MM INDICATES DATA IS MISSING.
T  INDICATES TRACE AMOUNT.

$$
