000
CDUS43 KPAH 280637
CLICGI


CLIMATE REPORT
NATIONAL WEATHER SERVICE PADUCAH KY
133 AM CDT SAT MAR 28 2015


...................................

...THE CAPE GIRARDEAU MO CLIMATE SUMMARY FOR MARCH 27 2015...

CLIMATE NORMAL PERIOD 1981 TO 2010
CLIMATE RECORD PERIOD 1960 TO 2015


WEATHER ITEM   OBSERVED TIME   RECORD YEAR NORMAL DEPARTURE LAST
                VALUE   (LST)  VALUE       VALUE  FROM      YEAR
                                                  NORMAL
..................................................................
TEMPERATURE (F)
 YESTERDAY
  MAXIMUM         41    501 PM  82    2007  62    -21       61
  MINIMUM         29   1148 PM  19    2001  39    -10       43
  AVERAGE         35                        51    -16

PRECIPITATION (IN)
  YESTERDAY        T             6.73 1977   0.15  -0.15     0.03
  MONTH TO DATE    8.79                      3.77   5.02     1.84
  SINCE MAR 1      8.79                      3.77   5.02     1.84
  SINCE JAN 1     15.31                     10.65   4.66     4.98

DEGREE DAYS
 HEATING
  YESTERDAY       30                        15     15       13
  MONTH TO DATE  540                       504     36      653
  SINCE MAR 1    540                       504     36      653
  SINCE JUL 1   4318                      4001    317     4578

 COOLING
  YESTERDAY        0                         0      0        0
  MONTH TO DATE    0                         0      0        0
  SINCE MAR 1      0                         0      0        0
  SINCE JAN 1      0                         0      0        0
..................................................................


WIND (MPH)
  HIGHEST WIND SPEED    21   HIGHEST WIND DIRECTION     N (340)
  HIGHEST GUST SPEED    26   HIGHEST GUST DIRECTION    NW (330)
  AVERAGE WIND SPEED     9.2


SKY COVER
  AVERAGE SKY COVER 0.6


WEATHER CONDITIONS
 THE FOLLOWING WEATHER WAS RECORDED YESTERDAY.
  LIGHT SNOW


RELATIVE HUMIDITY (PERCENT)
 HIGHEST   100
 LOWEST     48
 AVERAGE    74

..........................................................


THE CAPE GIRARDEAU MO CLIMATE NORMALS FOR TODAY
                         NORMAL    RECORD    YEAR
 MAXIMUM TEMPERATURE (F)   63        83      1985
 MINIMUM TEMPERATURE (F)   39        25      2001


SUNRISE AND SUNSET
MARCH 28 2015.........SUNRISE   650 AM CDT   SUNSET   717 PM CDT
MARCH 29 2015.........SUNRISE   649 AM CDT   SUNSET   718 PM CDT


-  INDICATES NEGATIVE NUMBERS.
R  INDICATES RECORD WAS SET OR TIED.
MM INDICATES DATA IS MISSING.
T  INDICATES TRACE AMOUNT.




$$
