000
CDUS44 KMRX 260826
CLICHA


CLIMATE REPORT
NATIONAL WEATHER SERVICE MORRISTOWN TN
425 AM EDT MON SEP 26 2016


...................................

...THE CHATTANOOGA  ASOS CLIMATE SUMMARY FOR SEPTEMBER 25 2016...

CLIMATE NORMAL PERIOD 1981 TO 2010
CLIMATE RECORD PERIOD 1879 TO 2016


WEATHER ITEM   OBSERVED TIME   RECORD YEAR NORMAL DEPARTURE LAST
                VALUE   (LST)  VALUE       VALUE  FROM      YEAR
                                                  NORMAL
..................................................................
TEMPERATURE (F)
 YESTERDAY
  MAXIMUM         97R   314 PM  94    1931  80     17       72
  MINIMUM         66    642 AM  41    1887  58      8       61
  AVERAGE         82                        69     13       67

PRECIPITATION (IN)
  YESTERDAY        0.00          1.74 2002   0.14  -0.14     1.14
  MONTH TO DATE    1.20                      3.32  -2.12     1.88
  SINCE SEP 1      1.20                      3.32  -2.12     1.88
  SINCE JAN 1     24.54                     38.58 -14.04    42.56

DEGREE DAYS
 HEATING
  YESTERDAY        0                         1     -1        0
  MONTH TO DATE    0                         7     -7        3
  SINCE SEP 1      0                         7     -7        3
  SINCE JUL 1      0                         7     -7        3

 COOLING
  YESTERDAY       17                         5     12        2
  MONTH TO DATE  390                       218    172      238
  SINCE SEP 1    390                       218    172      238
  SINCE JAN 1   2299                      1668    631     1885
..................................................................


WIND (MPH)
  HIGHEST WIND SPEED    10   HIGHEST WIND DIRECTION    NE (50)
  HIGHEST GUST SPEED    15   HIGHEST GUST DIRECTION    NE (50)
  AVERAGE WIND SPEED     2.2


SKY COVER
  POSSIBLE SUNSHINE  MM
  AVERAGE SKY COVER 0.2


WEATHER CONDITIONS
 THE FOLLOWING WEATHER WAS RECORDED YESTERDAY.
  NO SIGNIFICANT WEATHER WAS OBSERVED.


RELATIVE HUMIDITY (PERCENT)
 HIGHEST    87           700 AM
 LOWEST     27           400 PM
 AVERAGE    57

..........................................................


THE CHATTANOOGA  ASOS CLIMATE NORMALS FOR TODAY
                         NORMAL    RECORD    YEAR
 MAXIMUM TEMPERATURE (F)   80        91      1897
 MINIMUM TEMPERATURE (F)   58        42      1940


SUNRISE AND SUNSET
SEPTEMBER 26 2016.....SUNRISE   732 AM EDT   SUNSET   731 PM EDT
SEPTEMBER 27 2016.....SUNRISE   733 AM EDT   SUNSET   730 PM EDT


-  INDICATES NEGATIVE NUMBERS.
R  INDICATES RECORD WAS SET OR TIED.
MM INDICATES DATA IS MISSING.
T  INDICATES TRACE AMOUNT.




$$
