000
CDUS44 KMRX 042222
CLICHA

CLIMATE REPORT NATIONAL WEATHER SERVICE MORRISTOWN TN
522 PM EST WED MAR 4 2015

...................................

...THE CHATTANOOGA CLIMATE SUMMARY FOR MARCH 4 2015... VALID TODAY
AS OF 500 PM LOCAL TIME.

CLIMATE NORMAL PERIOD 1981 TO 2010
CLIMATE RECORD PERIOD 1879 TO 2015


WEATHER ITEM   OBSERVED TIME   RECORD YEAR NORMAL DEPARTURE LAST
                VALUE   (LST)  VALUE       VALUE  FROM      YEAR
                                                  NORMAL
..................................................................
TEMPERATURE (F)
 TODAY
  MAXIMUM         74    347 PM  82    1976  60     14       43
  MINIMUM         54   1221 AM   9    1943  38     16       29
  AVERAGE         64                        49     15       36

PRECIPITATION (IN)
  TODAY            0.05          1.49 2008   0.16  -0.11     0.00
  MONTH TO DATE    0.46                      0.66  -0.20     0.32
  SINCE MAR 1      0.46                      0.66  -0.20     0.32
  SINCE JAN 1      7.45                     10.41  -2.96     7.91

SNOWFALL (IN)
  TODAY            0.0                       0.0    0.0      0.0
  MONTH TO DATE    0.0                       0.2   -0.2      0.0
  SINCE MAR 1      0.0                       0.2   -0.2      0.0
  SINCE JUL 1      9.5                       2.8    6.7      8.4
  SNOW DEPTH       0

DEGREE DAYS
 HEATING
  TODAY            1                        16    -15       29
  MONTH TO DATE   51                        66    -15       69
  SINCE MAR 1     51                        66    -15       69
  SINCE JUL 1   2884                      2688    196     2863

 COOLING
  TODAY            0                         0      0        0
  MONTH TO DATE    0                         0      0        0
  SINCE MAR 1      0                         0      0        0
  SINCE JAN 1      0                         0      0        0
..................................................................


WIND (MPH)
  HIGHEST WIND SPEED    25   HIGHEST WIND DIRECTION     S (190)
  HIGHEST GUST SPEED    35   HIGHEST GUST DIRECTION     S (190)
  AVERAGE WIND SPEED    12.6


SKY COVER
  POSSIBLE SUNSHINE  MM
  AVERAGE SKY COVER 0.9


WEATHER CONDITIONS
 THE FOLLOWING WEATHER WAS RECORDED TODAY.
  LIGHT RAIN
  FOG


RELATIVE HUMIDITY (PERCENT)
 HIGHEST   100          1200 AM
 LOWEST     61           400 PM
 AVERAGE    81

..........................................................


THE CHATTANOOGA  ASOS CLIMATE NORMALS FOR TOMORROW
                         NORMAL    RECORD    YEAR
 MAXIMUM TEMPERATURE (F)   60        80      1955
                                             1910
 MINIMUM TEMPERATURE (F)   38         8      1960


SUNRISE AND SUNSET
MARCH  4 2015.........SUNRISE   707 AM EST   SUNSET   639 PM EST
MARCH  5 2015.........SUNRISE   705 AM EST   SUNSET   640 PM EST


-  INDICATES NEGATIVE NUMBERS.
R  INDICATES RECORD WAS SET OR TIED.
MM INDICATES DATA IS MISSING.
T  INDICATES TRACE AMOUNT.




$$
