000
CDUS44 KMRX 260829
CLICHA


CLIMATE REPORT
NATIONAL WEATHER SERVICE MORRISTOWN TN
428 AM EDT FRI AUG 26 2016


...................................

...THE CHATTANOOGA  ASOS CLIMATE SUMMARY FOR AUGUST 25 2016...

CLIMATE NORMAL PERIOD 1981 TO 2010
CLIMATE RECORD PERIOD 1879 TO 2016


WEATHER ITEM   OBSERVED TIME   RECORD YEAR NORMAL DEPARTURE LAST
                VALUE   (LST)  VALUE       VALUE  FROM      YEAR
                                                  NORMAL
..................................................................
TEMPERATURE (F)
 YESTERDAY
  MAXIMUM         96    340 PM 100    2011  89      7       83
  MINIMUM         73    619 AM  54    1891  68      5       61
  AVERAGE         85                        79      6       72

PRECIPITATION (IN)
  YESTERDAY        0.00          2.53 1959   0.11  -0.11     0.00
  MONTH TO DATE    1.31                      2.87  -1.56     7.09
  SINCE JUN 1      5.03                     11.83  -6.80    17.48
  SINCE JAN 1     22.27                     34.65 -12.38    40.68

DEGREE DAYS
 COOLING
  YESTERDAY       20                        14      6        7
  MONTH TO DATE  459                       368     91      351
  SINCE JUN 1   1521                      1176    345     1307
  SINCE JAN 1   1797                      1372    425     1583
..................................................................


WIND (MPH)
  HIGHEST WIND SPEED    12   HIGHEST WIND DIRECTION     N (20)
  HIGHEST GUST SPEED    16   HIGHEST GUST DIRECTION    SW (210)
  AVERAGE WIND SPEED     3.6


SKY COVER
  POSSIBLE SUNSHINE  MM
  AVERAGE SKY COVER 0.4


WEATHER CONDITIONS
 THE FOLLOWING WEATHER WAS RECORDED YESTERDAY.
  NO SIGNIFICANT WEATHER WAS OBSERVED.


RELATIVE HUMIDITY (PERCENT)
 HIGHEST    87           200 AM
 LOWEST     41           200 PM
 AVERAGE    64

..........................................................


THE CHATTANOOGA  ASOS CLIMATE NORMALS FOR TODAY
                         NORMAL    RECORD    YEAR
 MAXIMUM TEMPERATURE (F)   89       101      2011
                                             1943
 MINIMUM TEMPERATURE (F)   68        55      1966


SUNRISE AND SUNSET
AUGUST 26 2016........SUNRISE   709 AM EDT   SUNSET   815 PM EDT
AUGUST 27 2016........SUNRISE   710 AM EDT   SUNSET   814 PM EDT


-  INDICATES NEGATIVE NUMBERS.
R  INDICATES RECORD WAS SET OR TIED.
MM INDICATES DATA IS MISSING.
T  INDICATES TRACE AMOUNT.




$$
