000
CDUS44 KMRX 270919
CLICHA

CLIMATE REPORT
NATIONAL WEATHER SERVICE MORRISTOWN TN
419 AM EST SAT DEC 27 2014


...................................

...THE CHATTANOOGA CLIMATE SUMMARY FOR DECEMBER 26 2014...

CLIMATE NORMAL PERIOD 1981 TO 2010
CLIMATE RECORD PERIOD 1879 TO 2014


WEATHER ITEM   OBSERVED TIME   RECORD YEAR NORMAL DEPARTURE LAST
                VALUE   (LST)  VALUE       VALUE  FROM      YEAR
                                                  NORMAL
..................................................................
TEMPERATURE (F)
 YESTERDAY
  MAXIMUM         55    349 PM  73    1889  50      5       52
  MINIMUM         31    429 AM   2    1983  32     -1       26
  AVERAGE         43                        41      2       39

PRECIPITATION (IN)
  YESTERDAY        T             1.98 1911   0.14  -0.14     0.00
  MONTH TO DATE    3.77                      4.17  -0.40     6.61
  SINCE DEC 1      3.77                      4.17  -0.40     6.61
  SINCE JAN 1     44.65                     51.75  -7.10    67.40

SNOWFALL (IN)
  YESTERDAY        0.0                       0.0   -0.0      0.0
  MONTH TO DATE    0.0                       0.2   -0.2      0.0
  SINCE DEC 1      0.0                       0.2   -0.2      0.0
  SINCE JUL 1      T                         0.2   -0.2       T
  SNOW DEPTH       0

DEGREE DAYS
 HEATING
  YESTERDAY       22                        24     -2       26
  MONTH TO DATE  491                       574    -83      493
  SINCE DEC 1    491                       574    -83      493
  SINCE JUL 1   1167                      1163      4     1124

 COOLING
  YESTERDAY        0                         0      0        0
  MONTH TO DATE    0                         0      0        4
  SINCE DEC 1      0                         0      0        4
  SINCE JAN 1   1910                      1741    169     1756
..................................................................


WIND (MPH)
  HIGHEST WIND SPEED     8   HIGHEST WIND DIRECTION    NW (320)
  HIGHEST GUST SPEED    10   HIGHEST GUST DIRECTION    NW (320)
  AVERAGE WIND SPEED     1.7


SKY COVER
  POSSIBLE SUNSHINE  MM
  AVERAGE SKY COVER  MM


WEATHER CONDITIONS
 THE FOLLOWING WEATHER WAS RECORDED YESTERDAY.
  LIGHT RAIN
  FOG
  FOG W/VISIBILITY <= 1/4 MILE


RELATIVE HUMIDITY (PERCENT)
 HIGHEST   100           400 AM
 LOWEST     54           400 PM
 AVERAGE    77

..........................................................


THE CHATTANOOGA CLIMATE NORMALS FOR TODAY
                         NORMAL    RECORD    YEAR
 MAXIMUM TEMPERATURE (F)   50        72      1982
                                             1889
 MINIMUM TEMPERATURE (F)   32         7      1925


SUNRISE AND SUNSET
DECEMBER 27 2014......SUNRISE   747 AM EST   SUNSET   536 PM EST
DECEMBER 28 2014......SUNRISE   748 AM EST   SUNSET   537 PM EST


-  INDICATES NEGATIVE NUMBERS.
R  INDICATES RECORD WAS SET OR TIED.
MM INDICATES DATA IS MISSING.
T  INDICATES TRACE AMOUNT.




$$
