000
CDUS44 KMRX 240816
CLICHA


CLIMATE REPORT
NATIONAL WEATHER SERVICE MORRISTOWN TN
415 AM EDT SUN SEP 24 2017


...................................

...THE CHATTANOOGA  ASOS CLIMATE SUMMARY FOR SEPTEMBER 23 2017...

CLIMATE NORMAL PERIOD 1981 TO 2010
CLIMATE RECORD PERIOD 1879 TO 2017


WEATHER ITEM   OBSERVED TIME   RECORD YEAR NORMAL DEPARTURE LAST
                VALUE   (LST)  VALUE       VALUE  FROM      YEAR
                                                  NORMAL
..................................................................
TEMPERATURE (F)
 YESTERDAY
  MAXIMUM         91    310 PM  95    2010  81     10       92
                                      1931
  MINIMUM         68    654 AM  40    1982  59      9       66
  AVERAGE         80                        70     10       79

PRECIPITATION (IN)
  YESTERDAY        0.06          3.59 1975   0.14  -0.08     0.00
  MONTH TO DATE    3.64                      3.04   0.60     1.20
  SINCE SEP 1      3.64                      3.04   0.60     1.20
  SINCE JAN 1     47.39                     38.30   9.09    24.54

SNOWFALL (IN)
  YESTERDAY        0.0                       0.0    0.0      0.0
  MONTH TO DATE    0.0                       0.0    0.0      0.0
  SINCE SEP 1      0.0                       0.0    0.0      0.0
  SINCE JUL 1      0.0                       0.0    0.0      0.0
  SNOW DEPTH       0

DEGREE DAYS
 HEATING
  YESTERDAY        0                         1     -1        0
  MONTH TO DATE    9                         5      4        0
  SINCE SEP 1      9                         5      4        0
  SINCE JUL 1      9                         5      4        0

 COOLING
  YESTERDAY       15                         6      9       14
  MONTH TO DATE  160                       208    -48      358
  SINCE SEP 1    160                       208    -48      358
  SINCE JAN 1   1764                      1658    106     2267
..................................................................


WIND (MPH)
  HIGHEST WIND SPEED    22   HIGHEST WIND DIRECTION     N (10)
  HIGHEST GUST SPEED    26   HIGHEST GUST DIRECTION     N (20)
  AVERAGE WIND SPEED     2.3


SKY COVER
  POSSIBLE SUNSHINE  MM
  AVERAGE SKY COVER 0.5


WEATHER CONDITIONS
 THE FOLLOWING WEATHER WAS RECORDED YESTERDAY.
  THUNDERSTORM
  LIGHT RAIN
  FOG


RELATIVE HUMIDITY (PERCENT)
 HIGHEST    93           700 AM
 LOWEST     41           300 PM
 AVERAGE    67

..........................................................


THE CHATTANOOGA  ASOS CLIMATE NORMALS FOR TODAY
                         NORMAL    RECORD    YEAR
 MAXIMUM TEMPERATURE (F)   80        94      2016
                                             2010
 MINIMUM TEMPERATURE (F)   59        41      1963


SUNRISE AND SUNSET
SEPTEMBER 24 2017.....SUNRISE   730 AM EDT   SUNSET   734 PM EDT
SEPTEMBER 25 2017.....SUNRISE   731 AM EDT   SUNSET   733 PM EDT


-  INDICATES NEGATIVE NUMBERS.
R  INDICATES RECORD WAS SET OR TIED.
MM INDICATES DATA IS MISSING.
T  INDICATES TRACE AMOUNT.




$$
