000
CDUS44 KMRX 132110
CLICHA

CLIMATE REPORT
NATIONAL WEATHER SERVICE MORRISTOWN TN
509 PM EDT SUN JUL 13 2014


...................................

...THE CHATTANOOGA CLIMATE SUMMARY FOR JULY 13 2014...
VALID TODAY AS OF 0500 PM LOCAL TIME.

CLIMATE NORMAL PERIOD 1981 TO 2010
CLIMATE RECORD PERIOD 1879 TO 2014


WEATHER ITEM   OBSERVED TIME   RECORD YEAR NORMAL DEPARTURE LAST
                VALUE   (LST)  VALUE       VALUE  FROM      YEAR
                                                  NORMAL
..................................................................
TEMPERATURE (F)
 TODAY
  MAXIMUM         93    309 PM 105    1980  90      3       85
  MINIMUM         72    601 AM  59    1974  70      2       65
                                      1898
  AVERAGE         83                        80      3       75

PRECIPITATION (IN)
  TODAY            0.00          1.45 2006   0.16  -0.16     0.00
  MONTH TO DATE    0.48                      2.05  -1.57     7.07
  SINCE JUN 1      5.47                      6.10  -0.63    11.54
  SINCE JAN 1     22.76                     28.92  -6.16    46.21

SNOWFALL (IN)
  TODAY            0.0                       0.0    0.0      0.0
  MONTH TO DATE    0.0                       0.0    0.0      0.0
  SINCE JUN 1      0.0                       0.0    0.0      0.0
  SINCE JUL 1      0.0                       0.0    0.0      0.0
  SNOW DEPTH       0

DEGREE DAYS
 HEATING
  TODAY            0                         0      0        0
  MONTH TO DATE    0                         0      0        0
  SINCE JUN 1      0                         2     -2        0
  SINCE JUL 1      0                         0      0        0

 COOLING
  TODAY           18                        15      3       10
  MONTH TO DATE  189                       191     -2      150
  SINCE JUN 1    590                       536     54      549
  SINCE JAN 1    848                       732    116      725
..................................................................


WIND (MPH)
  HIGHEST WIND SPEED    15   HIGHEST WIND DIRECTION     W (270)
  HIGHEST GUST SPEED    19   HIGHEST GUST DIRECTION     W (260)
  AVERAGE WIND SPEED     2.8


SKY COVER
  POSSIBLE SUNSHINE  MM
  AVERAGE SKY COVER  MM


WEATHER CONDITIONS
 THE FOLLOWING WEATHER WAS RECORDED TODAY.
  FOG
  HAZE


RELATIVE HUMIDITY (PERCENT)
 HIGHEST    87           200 AM
 LOWEST     44           300 PM
 AVERAGE    66

..........................................................


THE CHATTANOOGA CLIMATE NORMALS FOR TOMORROW
                         NORMAL    RECORD    YEAR
 MAXIMUM TEMPERATURE (F)   90       103      1954
 MINIMUM TEMPERATURE (F)   70        56      1967


SUNRISE AND SUNSET
JULY 13 2014..........SUNRISE   637 AM EDT   SUNSET   856 PM EDT
JULY 14 2014..........SUNRISE   637 AM EDT   SUNSET   856 PM EDT


-  INDICATES NEGATIVE NUMBERS.
R  INDICATES RECORD WAS SET OR TIED.
MM INDICATES DATA IS MISSING.
T  INDICATES TRACE AMOUNT.




$$
