968
CDUS44 KMRX 072218
CLICHA


CLIMATE REPORT
NATIONAL WEATHER SERVICE MORRISTOWN TN
518 PM EST WED DEC 7 2016


...................................

...THE CHATTANOOGA  ASOS CLIMATE SUMMARY FOR DECEMBER 7 2016...
VALID TODAY AS OF 0500 PM LOCAL TIME.

CLIMATE NORMAL PERIOD 1981 TO 2010
CLIMATE RECORD PERIOD 1879 TO 2016


WEATHER ITEM   OBSERVED TIME   RECORD YEAR NORMAL DEPARTURE LAST
                VALUE   (LST)  VALUE       VALUE  FROM      YEAR
                                                  NORMAL
..................................................................
TEMPERATURE (F)
 TODAY
  MAXIMUM         57    342 PM  78    1951  54      3       64
  MINIMUM         43    721 AM  12    1937  35      8       38
                                      1886
  AVERAGE         50                        44      6       51

PRECIPITATION (IN)
  TODAY            0.00          1.58 1957   0.17  -0.17     0.00
  MONTH TO DATE    2.89                      1.23   1.66     2.77
  SINCE DEC 1      2.89                      1.23   1.66     2.77
  SINCE JAN 1     33.42                     48.81 -15.39    59.14

SNOWFALL (IN)
  TODAY            0.0                       0.0    0.0      0.0
  MONTH TO DATE    0.0                       0.0    0.0      0.0
  SINCE DEC 1      0.0                       0.0    0.0      0.0
  SINCE JUL 1      0.0                       T      0.0      0.0
  SNOW DEPTH       0

DEGREE DAYS
 HEATING
  TODAY           15                        21     -6       14
  MONTH TO DATE  124                       140    -16      112
  SINCE DEC 1    124                       140    -16      112
  SINCE JUL 1    444                       729   -285      492

 COOLING
  TODAY            0                         0      0        0
  MONTH TO DATE    0                         0      0        0
  SINCE DEC 1      0                         0      0        0
  SINCE JAN 1   2477                      1741    736     1998
..................................................................


WIND (MPH)
  HIGHEST WIND SPEED    16   HIGHEST WIND DIRECTION     N (20)
  HIGHEST GUST SPEED    21   HIGHEST GUST DIRECTION     N (20)
  AVERAGE WIND SPEED     6.8


SKY COVER
  POSSIBLE SUNSHINE  MM
  AVERAGE SKY COVER 0.7


WEATHER CONDITIONS
 THE FOLLOWING WEATHER WAS RECORDED TODAY.
  NO SIGNIFICANT WEATHER WAS OBSERVED.


RELATIVE HUMIDITY (PERCENT)
 HIGHEST    76          1200 AM
 LOWEST     51           300 PM
 AVERAGE    64

..........................................................


THE CHATTANOOGA  ASOS CLIMATE NORMALS FOR TOMORROW
                         NORMAL    RECORD    YEAR
 MAXIMUM TEMPERATURE (F)   54        77      1978
 MINIMUM TEMPERATURE (F)   34        12      1917
                                             1886
                                             1882


SUNRISE AND SUNSET
DECEMBER  7 2016......SUNRISE   736 AM EST   SUNSET   529 PM EST
DECEMBER  8 2016......SUNRISE   737 AM EST   SUNSET   529 PM EST


-  INDICATES NEGATIVE NUMBERS.
R  INDICATES RECORD WAS SET OR TIED.
MM INDICATES DATA IS MISSING.
T  INDICATES TRACE AMOUNT.




$$
