000
CDUS41 KLWX 250525
CLICHO


CLIMATE REPORT
NATIONAL WEATHER SERVICE BALTIMORE MD/WASHINGTON DC
124 AM EDT TUE APR 25 2017


...................................

...THE CHARLOTTESVILLE VA CLIMATE SUMMARY FOR APRIL 24 2017...

CLIMATE NORMAL PERIOD 1981 TO 2010
CLIMATE RECORD PERIOD 1889 TO 2017


WEATHER ITEM   OBSERVED TIME   RECORD YEAR NORMAL DEPARTURE LAST
                VALUE   (LST)  VALUE       VALUE  FROM      YEAR
                                                  NORMAL
..................................................................
TEMPERATURE (F)
 YESTERDAY
  MAXIMUM         54    321 PM  MM      MM  70    -16       73
  MINIMUM         48    714 AM  MM      MM  45      3       47
  AVERAGE         51                        58     -7       60

PRECIPITATION (IN)
  YESTERDAY        0.75                      0.12   0.63     0.00
  MONTH TO DATE    2.50                      2.74  -0.24     1.23
  SINCE MAR 1      5.23                      6.40  -1.17     2.72
  SINCE JAN 1      8.47                     11.87  -3.40     8.84

DEGREE DAYS
 HEATING
  YESTERDAY       14                         8      6        5
  MONTH TO DATE  116                       264   -148      230
  SINCE MAR 1    620                       856   -236      573
  SINCE JUL 1   2993                      4268  -1275     3331

 COOLING
  YESTERDAY        0                         1     -1        0
  MONTH TO DATE   50                        16     34       13
  SINCE MAR 1     54                        18     36       17
  SINCE JAN 1     55                        18     37       17
..................................................................


WIND (MPH)
  HIGHEST WIND SPEED    21   HIGHEST WIND DIRECTION    NE (40)
  HIGHEST GUST SPEED    28   HIGHEST GUST DIRECTION     N (20)
  AVERAGE WIND SPEED    12.8


SKY COVER
  POSSIBLE SUNSHINE  MM
  AVERAGE SKY COVER 1.0


WEATHER CONDITIONS
 THE FOLLOWING WEATHER WAS RECORDED YESTERDAY.
  HEAVY RAIN
  RAIN
  LIGHT RAIN
  FOG


RELATIVE HUMIDITY (PERCENT)
 HIGHEST    93           600 AM
 LOWEST     89          1200 AM
 AVERAGE    91

..........................................................


THE CHARLOTTESVILLE VA CLIMATE NORMALS FOR TODAY
                         NORMAL    RECORD    YEAR
 MAXIMUM TEMPERATURE (F)   70        MM        MM
 MINIMUM TEMPERATURE (F)   46        MM        MM


SUNRISE AND SUNSET
APRIL 25 2017.........SUNRISE   624 AM EDT   SUNSET   800 PM EDT
APRIL 26 2017.........SUNRISE   623 AM EDT   SUNSET   800 PM EDT


-  INDICATES NEGATIVE NUMBERS.
R  INDICATES RECORD WAS SET OR TIED.
MM INDICATES DATA IS MISSING.
T  INDICATES TRACE AMOUNT.




$$
