000
CDUS41 KLWX 210526
CLICHO


CLIMATE REPORT
NATIONAL WEATHER SERVICE BALTIMORE MD/WASHINGTON DC
126 AM EDT FRI JUL 21 2017


...................................

...THE CHARLOTTESVILLE VA CLIMATE SUMMARY FOR JULY 20 2017...

CLIMATE NORMAL PERIOD 1981 TO 2010
CLIMATE RECORD PERIOD 1998 TO 2017


WEATHER ITEM   OBSERVED TIME   RECORD YEAR NORMAL DEPARTURE LAST
                VALUE   (LST)  VALUE       VALUE  FROM      YEAR
                                                  NORMAL
..................................................................
TEMPERATURE (F)
 YESTERDAY
  MAXIMUM         98    238 PM  MM      MM  86     12       92
  MINIMUM         71    446 AM  MM      MM  65      6       67
  AVERAGE         85                        76      9       80

PRECIPITATION (IN)
  YESTERDAY        0.00                      0.15  -0.15     0.00
  MONTH TO DATE    1.15                      2.75  -1.60     1.09
  SINCE JUN 1      3.92                      6.48  -2.56     4.84
  SINCE JAN 1     21.47                     22.95  -1.48    21.35

DEGREE DAYS
 HEATING
  YESTERDAY        0                         0      0        0
  MONTH TO DATE    0                         0      0        0
  SINCE JUN 1      1                        11    -10        0
  SINCE JUL 1      0                         0      0        0

 COOLING
  YESTERDAY       20                        11      9       15
  MONTH TO DATE  326                       215    111      279
  SINCE JUN 1    618                       434    184      566
  SINCE JAN 1    828                       520    308      679
..................................................................


WIND (MPH)
  HIGHEST WIND SPEED    13   HIGHEST WIND DIRECTION     S (190)
  HIGHEST GUST SPEED    20   HIGHEST GUST DIRECTION     W (290)
  AVERAGE WIND SPEED     2.6


SKY COVER
  POSSIBLE SUNSHINE  MM
  AVERAGE SKY COVER 0.0


WEATHER CONDITIONS
 THE FOLLOWING WEATHER WAS RECORDED YESTERDAY.
  LIGHT RAIN
  FOG
  HAZE


RELATIVE HUMIDITY (PERCENT)
 HIGHEST    93           200 AM
 LOWEST     33           200 PM
 AVERAGE    63

..........................................................


THE CHARLOTTESVILLE VA CLIMATE NORMALS FOR TODAY
                         NORMAL    RECORD    YEAR
 MAXIMUM TEMPERATURE (F)   86        MM        MM
 MINIMUM TEMPERATURE (F)   65        MM        MM


SUNRISE AND SUNSET
JULY 21 2017..........SUNRISE   608 AM EDT   SUNSET   832 PM EDT
JULY 22 2017..........SUNRISE   608 AM EDT   SUNSET   832 PM EDT


-  INDICATES NEGATIVE NUMBERS.
R  INDICATES RECORD WAS SET OR TIED.
MM INDICATES DATA IS MISSING.
T  INDICATES TRACE AMOUNT.




$$
