000
CDUS41 KLWX 210528
CLICHO


CLIMATE REPORT
NATIONAL WEATHER SERVICE BALTIMORE MD/WASHINGTON DC
1225 AM EST SAT JAN 21 2017


...................................

...THE CHARLOTTESVILLE VA CLIMATE SUMMARY FOR JANUARY 20 2017...

CLIMATE NORMAL PERIOD 1981 TO 2010
CLIMATE RECORD PERIOD 1889 TO 2017


WEATHER ITEM   OBSERVED TIME   RECORD YEAR NORMAL DEPARTURE LAST
                VALUE   (LST)  VALUE       VALUE  FROM      YEAR
                                                  NORMAL
..................................................................
TEMPERATURE (F)
 YESTERDAY
  MAXIMUM         52    443 PM  MM      MM  44      8       32
  MINIMUM         41    251 AM  MM      MM  26     15       12
  AVERAGE         47                        35     12       22

PRECIPITATION (IN)
  YESTERDAY        0.08                      0.09  -0.01     0.00
  MONTH TO DATE    1.17                      1.80  -0.63     1.45
  SINCE DEC 1      2.89                      4.95  -2.06     5.28
  SINCE JAN 1      1.17                      1.80  -0.63     1.45

DEGREE DAYS
 HEATING
  YESTERDAY       18                        30    -12       43
  MONTH TO DATE  492                       600   -108      604
  SINCE DEC 1   1225                      1445   -220     1046
  SINCE JUL 1   1750                      2336   -586     1692

 COOLING
  YESTERDAY        0                         0      0        0
  MONTH TO DATE    0                         0      0        0
  SINCE DEC 1      0                         0      0        2
  SINCE JAN 1      0                         0      0        0
..................................................................


WIND (MPH)
  HIGHEST WIND SPEED     9   HIGHEST WIND DIRECTION     S (160)
  HIGHEST GUST SPEED    12   HIGHEST GUST DIRECTION     S (190)
  AVERAGE WIND SPEED     3.7


SKY COVER
  POSSIBLE SUNSHINE  MM
  AVERAGE SKY COVER 0.8


WEATHER CONDITIONS
 THE FOLLOWING WEATHER WAS RECORDED YESTERDAY.
  RAIN
  LIGHT RAIN
  FOG


RELATIVE HUMIDITY (PERCENT)
 HIGHEST    93          1000 PM
 LOWEST     82           200 AM
 AVERAGE    88

..........................................................


THE CHARLOTTESVILLE VA CLIMATE NORMALS FOR TODAY
                         NORMAL    RECORD    YEAR
 MAXIMUM TEMPERATURE (F)   44        MM        MM
 MINIMUM TEMPERATURE (F)   26        MM        MM


SUNRISE AND SUNSET
JANUARY 21 2017.......SUNRISE   726 AM EST   SUNSET   525 PM EST
JANUARY 22 2017.......SUNRISE   726 AM EST   SUNSET   526 PM EST


-  INDICATES NEGATIVE NUMBERS.
R  INDICATES RECORD WAS SET OR TIED.
MM INDICATES DATA IS MISSING.
T  INDICATES TRACE AMOUNT.




$$
