000
CDUS41 KLWX 290523
CLICHO


CLIMATE REPORT
NATIONAL WEATHER SERVICE BALTIMORE MD/WASHINGTON DC
123 AM EDT MON MAY 29 2017


...................................

...THE CHARLOTTESVILLE VA CLIMATE SUMMARY FOR MAY 28 2017...

CLIMATE NORMAL PERIOD 1981 TO 2010
CLIMATE RECORD PERIOD 1889 TO 2017


WEATHER ITEM   OBSERVED TIME   RECORD YEAR NORMAL DEPARTURE LAST
                VALUE   (LST)  VALUE       VALUE  FROM      YEAR
                                                  NORMAL
..................................................................
TEMPERATURE (F)
 YESTERDAY
  MAXIMUM         70    524 PM  MM      MM  78     -8       88
  MINIMUM         62    501 AM  MM      MM  55      7       67
  AVERAGE         66                        67     -1       78

PRECIPITATION (IN)
  YESTERDAY        0.14                      0.15  -0.01     0.00
  MONTH TO DATE    8.78                      3.52   5.26     5.02
  SINCE MAR 1     14.31                     10.54   3.77     9.88
  SINCE JAN 1     17.55                     16.01   1.54    16.00

DEGREE DAYS
 HEATING
  YESTERDAY        0                         2     -2        0
  MONTH TO DATE   90                       116    -26      119
  SINCE MAR 1    718                      1016   -298      722
  SINCE JUL 1   3091                      4428  -1337     3480

 COOLING
  YESTERDAY        1                         3     -2       13
  MONTH TO DATE   84                        53     31       61
  SINCE MAR 1    181                        74    107       88
  SINCE JAN 1    182                        74    108       88
..................................................................


WIND (MPH)
  HIGHEST WIND SPEED    10   HIGHEST WIND DIRECTION     N (10)
  HIGHEST GUST SPEED    13   HIGHEST GUST DIRECTION     N (10)
  AVERAGE WIND SPEED     2.4


SKY COVER
  POSSIBLE SUNSHINE  MM
  AVERAGE SKY COVER 0.9


WEATHER CONDITIONS
 THE FOLLOWING WEATHER WAS RECORDED YESTERDAY.
  RAIN
  LIGHT RAIN
  FOG
  FOG W/VISIBILITY <= 1/4 MILE
  HAZE


RELATIVE HUMIDITY (PERCENT)
 HIGHEST   100          1200 AM
 LOWEST     78          1100 AM
 AVERAGE    89

..........................................................


THE CHARLOTTESVILLE VA CLIMATE NORMALS FOR TODAY
                         NORMAL    RECORD    YEAR
 MAXIMUM TEMPERATURE (F)   78        MM        MM
 MINIMUM TEMPERATURE (F)   56        MM        MM


SUNRISE AND SUNSET
MAY 29 2017...........SUNRISE   554 AM EDT   SUNSET   829 PM EDT
MAY 30 2017...........SUNRISE   553 AM EDT   SUNSET   830 PM EDT


-  INDICATES NEGATIVE NUMBERS.
R  INDICATES RECORD WAS SET OR TIED.
MM INDICATES DATA IS MISSING.
T  INDICATES TRACE AMOUNT.




$$
