000
CDUS41 KLWX 170522
CLICHO


CLIMATE REPORT
NATIONAL WEATHER SERVICE BALTIMORE MD/WASHINGTON DC
121 AM EDT THU APR 17 2014


...................................

...THE CHARLOTTESVILLE VA CLIMATE SUMMARY FOR APRIL 16 2014...

CLIMATE NORMAL PERIOD 1981 TO 2010
CLIMATE RECORD PERIOD 1889 TO 2014


WEATHER ITEM   OBSERVED TIME   RECORD YEAR NORMAL DEPARTURE LAST
                VALUE   (LST)  VALUE       VALUE  FROM      YEAR
                                                  NORMAL
..................................................................
TEMPERATURE (F)
 YESTERDAY
  MAXIMUM         50    517 PM  MM      MM  68    -18       72
  MINIMUM         31    615 AM  MM      MM  44    -13       54
  AVERAGE         41                        56    -15       63

PRECIPITATION (IN)
  YESTERDAY        0.00                      0.11  -0.11     0.01
  MONTH TO DATE    2.20                      1.81   0.39     1.74
  SINCE MAR 1      4.69                      5.47  -0.78     4.56
  SINCE JAN 1      9.78                     10.94  -1.16    11.00

DEGREE DAYS
 HEATING
  YESTERDAY       24                        10     14        2
  MONTH TO DATE  148                       192    -44      148
  SINCE MAR 1    875                       784     91      882
  SINCE JUL 1   4384                      4196    188     3939

 COOLING
  YESTERDAY        0                         1     -1        0
  MONTH TO DATE    9                         8      1       33
  SINCE MAR 1      9                        10     -1       33
  SINCE JAN 1      9                        10     -1       33
..................................................................


WIND (MPH)
  HIGHEST WIND SPEED    17   HIGHEST WIND DIRECTION     N (340)
  HIGHEST GUST SPEED    24   HIGHEST GUST DIRECTION    NW (330)
  AVERAGE WIND SPEED     7.6


SKY COVER
  POSSIBLE SUNSHINE  MM
  AVERAGE SKY COVER 0.0


WEATHER CONDITIONS
 THE FOLLOWING WEATHER WAS RECORDED YESTERDAY.
  NO SIGNIFICANT WEATHER WAS OBSERVED.


RELATIVE HUMIDITY (PERCENT)
 HIGHEST    53           400 AM
 LOWEST     24           400 PM
 AVERAGE    39

..........................................................


THE CHARLOTTESVILLE VA CLIMATE NORMALS FOR TODAY
                         NORMAL    RECORD    YEAR
 MAXIMUM TEMPERATURE (F)   68        MM        MM
 MINIMUM TEMPERATURE (F)   44        MM        MM


SUNRISE AND SUNSET
APRIL 17 2014.........SUNRISE   635 AM EDT   SUNSET   752 PM EDT
APRIL 18 2014.........SUNRISE   634 AM EDT   SUNSET   753 PM EDT


-  INDICATES NEGATIVE NUMBERS.
R  INDICATES RECORD WAS SET OR TIED.
MM INDICATES DATA IS MISSING.
T  INDICATES TRACE AMOUNT.




$$
