000
CDUS41 KLWX 250531
CLICHO


CLIMATE REPORT
NATIONAL WEATHER SERVICE BALTIMORE MD/WASHINGTON DC
131 AM EDT MON SEP 25 2017


...................................

...THE CHARLOTTESVILLE VA CLIMATE SUMMARY FOR SEPTEMBER 24 2017...

CLIMATE NORMAL PERIOD 1981 TO 2010
CLIMATE RECORD PERIOD 1998 TO 2017


WEATHER ITEM   OBSERVED TIME   RECORD YEAR NORMAL DEPARTURE LAST
                VALUE   (LST)  VALUE       VALUE  FROM      YEAR
                                                  NORMAL
..................................................................
TEMPERATURE (F)
 YESTERDAY
  MAXIMUM         90    330 PM  MM      MM  75     15       89
  MINIMUM         59    632 AM  MM      MM  52      7       64
  AVERAGE         75                        64     11       77

PRECIPITATION (IN)
  YESTERDAY        0.00                      0.18  -0.18      T
  MONTH TO DATE    1.95                      3.37  -1.42     1.05
  SINCE SEP 1      1.95                      3.37  -1.42     1.05
  SINCE JAN 1     29.29                     31.51  -2.22    27.01

DEGREE DAYS
 HEATING
  YESTERDAY        0                         3     -3        0
  MONTH TO DATE   24                        29     -5        0
  SINCE SEP 1     24                        29     -5        0
  SINCE JUL 1     24                        32     -8        0

 COOLING
  YESTERDAY       10                         2      8       12
  MONTH TO DATE  141                       102     39      275
  SINCE SEP 1    141                       102     39      275
  SINCE JAN 1   1459                      1012    447     1619
..................................................................


WIND (MPH)
  HIGHEST WIND SPEED    13   HIGHEST WIND DIRECTION     E (80)
  HIGHEST GUST SPEED    17   HIGHEST GUST DIRECTION    NE (30)
  AVERAGE WIND SPEED     3.2


SKY COVER
  POSSIBLE SUNSHINE  MM
  AVERAGE SKY COVER 0.0


WEATHER CONDITIONS
 THE FOLLOWING WEATHER WAS RECORDED YESTERDAY.
  NO SIGNIFICANT WEATHER WAS OBSERVED.


RELATIVE HUMIDITY (PERCENT)
 HIGHEST    97           200 AM
 LOWEST     41           100 PM
 AVERAGE    69

..........................................................


THE CHARLOTTESVILLE VA CLIMATE NORMALS FOR TODAY
                         NORMAL    RECORD    YEAR
 MAXIMUM TEMPERATURE (F)   75        MM        MM
 MINIMUM TEMPERATURE (F)   52        MM        MM


SUNRISE AND SUNSET
SEPTEMBER 25 2017.....SUNRISE   704 AM EDT   SUNSET   706 PM EDT
SEPTEMBER 26 2017.....SUNRISE   705 AM EDT   SUNSET   704 PM EDT


-  INDICATES NEGATIVE NUMBERS.
R  INDICATES RECORD WAS SET OR TIED.
MM INDICATES DATA IS MISSING.
T  INDICATES TRACE AMOUNT.




$$
