000
CDUS42 KCHS 010532
CLICHS


CLIMATE REPORT
NATIONAL WEATHER SERVICE CHARLESTON SC
132 AM EDT FRI AUG 1 2014


...................................

...THE NORTH CHARLESTON SC CLIMATE SUMMARY FOR JULY 31 2014...

CLIMATE NORMAL PERIOD 1981 TO 2010
CLIMATE RECORD PERIOD 1938 TO 2014


WEATHER ITEM   OBSERVED TIME   RECORD YEAR NORMAL DEPARTURE LAST
                VALUE   (LST)  VALUE       VALUE  FROM      YEAR
                                                  NORMAL
..................................................................
TEMPERATURE (F)
 YESTERDAY
  MAXIMUM         87    846 AM 101    1999  91     -4       89
  MINIMUM         75   1159 PM  63    1997  73      2       75
  AVERAGE         81                        82     -1       82

PRECIPITATION (IN)
  YESTERDAY        2.05          3.23 1949   0.21   1.84     0.38
  MONTH TO DATE    7.41                      6.53   0.88     5.35
  SINCE JUN 1     11.00                     12.18  -1.18    18.67
  SINCE JAN 1     28.25                     28.49  -0.24    42.11

DEGREE DAYS
 HEATING
  YESTERDAY        0                         0      0        0
  MONTH TO DATE    0                         0      0        0
  SINCE JUN 1      0                         1     -1        0
  SINCE JUL 1      0                         0      0        0

 COOLING
  YESTERDAY       16                        17     -1       17
  MONTH TO DATE  566                       529     37      529
  SINCE JUN 1   1084                       950    134      993
  SINCE JAN 1   1594                      1312    282     1340
..................................................................


WIND (MPH)
  HIGHEST WIND SPEED    20   HIGHEST WIND DIRECTION     E (90)
  HIGHEST GUST SPEED    26   HIGHEST GUST DIRECTION     N (340)
  AVERAGE WIND SPEED     6.5


SKY COVER
  POSSIBLE SUNSHINE  MM
  AVERAGE SKY COVER 0.8


WEATHER CONDITIONS
 THE FOLLOWING WEATHER WAS RECORDED YESTERDAY.
  THUNDERSTORM
  HEAVY RAIN
  RAIN
  LIGHT RAIN
  FOG


RELATIVE HUMIDITY (PERCENT)
 HIGHEST    94           200 PM
 LOWEST     65           900 AM
 AVERAGE    80

..........................................................


THE NORTH CHARLESTON SC CLIMATE NORMALS FOR TODAY
                         NORMAL    RECORD    YEAR
 MAXIMUM TEMPERATURE (F)   91       105      1999
 MINIMUM TEMPERATURE (F)   73        64      1966


SUNRISE AND SUNSET
AUGUST  1 2014........SUNRISE   634 AM EDT   SUNSET   819 PM EDT
AUGUST  2 2014........SUNRISE   634 AM EDT   SUNSET   818 PM EDT


-  INDICATES NEGATIVE NUMBERS.
R  INDICATES RECORD WAS SET OR TIED.
MM INDICATES DATA IS MISSING.
T  INDICATES TRACE AMOUNT.




$$
