000
CDUS42 KCHS 270601
CLICHS


CLIMATE REPORT
NATIONAL WEATHER SERVICE CHARLESTON SC
101 AM EST MON FEB 27 2017


...................................

...THE NORTH CHARLESTON SC CLIMATE SUMMARY FOR FEBRUARY 26 2017...

CLIMATE NORMAL PERIOD 1981 TO 2010
CLIMATE RECORD PERIOD 1938 TO 2017


WEATHER ITEM   OBSERVED TIME   RECORD YEAR NORMAL DEPARTURE LAST
                VALUE   (LST)  VALUE       VALUE  FROM      YEAR
                                                  NORMAL
..................................................................
TEMPERATURE (F)
 YESTERDAY
  MAXIMUM         68    359 PM  83    1996  65      3       58
  MINIMUM         43    715 AM  14    1967  43      0       32
  AVERAGE         56                        54      2       45

PRECIPITATION (IN)
  YESTERDAY        0.00          1.88 2013   0.10  -0.10     0.00
  MONTH TO DATE    0.40                      2.75  -2.35     4.89
  SINCE DEC 1      8.96                      9.57  -0.61    11.43
  SINCE JAN 1      4.18                      6.46  -2.28     8.29

SNOWFALL (IN)
  YESTERDAY        0.0                       0.0    0.0
  SINCE DEC 1      T                         0.5   -0.5
  SINCE JUL 1      T                         0.5   -0.5

DEGREE DAYS
 HEATING
  YESTERDAY        9                        11     -2       20
  MONTH TO DATE  163                       356   -193      340
  SINCE DEC 1    743                      1323   -580      998
  SINCE JUL 1    961                      1615   -654     1144

 COOLING
  YESTERDAY        0                         0      0        0
  MONTH TO DATE   15                         0     15        8
  SINCE DEC 1     37                         9     28      105
  SINCE JAN 1     30                         2     28        8
..................................................................


WIND (MPH)
  HIGHEST WIND SPEED    18   HIGHEST WIND DIRECTION    NW (320)
  HIGHEST GUST SPEED    24   HIGHEST GUST DIRECTION    NW (310)
  AVERAGE WIND SPEED     6.2


SKY COVER
  POSSIBLE SUNSHINE  MM
  AVERAGE SKY COVER 0.0


WEATHER CONDITIONS
 THE FOLLOWING WEATHER WAS RECORDED YESTERDAY.
  NO SIGNIFICANT WEATHER WAS OBSERVED.


RELATIVE HUMIDITY (PERCENT)
 HIGHEST    71          1100 PM
 LOWEST     15           300 PM
 AVERAGE    43

..........................................................


THE NORTH CHARLESTON SC CLIMATE NORMALS FOR TODAY
                         NORMAL    RECORD    YEAR
 MAXIMUM TEMPERATURE (F)   66        84      1962
 MINIMUM TEMPERATURE (F)   43        22      1967


SUNRISE AND SUNSET
FEBRUARY 27 2017......SUNRISE   650 AM EST   SUNSET   616 PM EST
FEBRUARY 28 2017......SUNRISE   649 AM EST   SUNSET   617 PM EST


-  INDICATES NEGATIVE NUMBERS.
R  INDICATES RECORD WAS SET OR TIED.
MM INDICATES DATA IS MISSING.
T  INDICATES TRACE AMOUNT.




$$
