000
CDUS42 KCHS 020602
CLICHS


CLIMATE REPORT
NATIONAL WEATHER SERVICE CHARLESTON SC
202 AM EDT SUN AUG 2 2015


...................................

...THE NORTH CHARLESTON SC CLIMATE SUMMARY FOR AUGUST 1 2015...

CLIMATE NORMAL PERIOD 1981 TO 2010
CLIMATE RECORD PERIOD 1938 TO 2015


WEATHER ITEM   OBSERVED TIME   RECORD YEAR NORMAL DEPARTURE LAST
                VALUE   (LST)  VALUE       VALUE  FROM      YEAR
                                                  NORMAL
..................................................................
TEMPERATURE (F)
 YESTERDAY
  MAXIMUM         88   1016 AM 105    1999  91     -3       90
  MINIMUM         76   1145 PM  64    1966  73      3       74
  AVERAGE         82                        82      0       82

PRECIPITATION (IN)
  YESTERDAY        T             1.48 1991   0.21  -0.21     0.00
  MONTH TO DATE    T                         0.21  -0.21     0.00
  SINCE JUN 1     15.41                     12.39   3.02    11.00
  SINCE JAN 1     30.63                     28.70   1.93    28.25

DEGREE DAYS
 HEATING
  YESTERDAY        0                         0      0        0
  MONTH TO DATE    0                         0      0        0
  SINCE JUN 1      0                         1     -1        0
  SINCE JUL 1      0                         0      0        0

 COOLING
  YESTERDAY       17                        17      0       17
  MONTH TO DATE   17                        17      0       17
  SINCE JUN 1   1119                       967    152     1101
  SINCE JAN 1   1552                      1329    223     1611
..................................................................


WIND (MPH)
  HIGHEST WIND SPEED    20   HIGHEST WIND DIRECTION     S (170)
  HIGHEST GUST SPEED    23   HIGHEST GUST DIRECTION     S (170)
  AVERAGE WIND SPEED     4.8


SKY COVER
  POSSIBLE SUNSHINE  MM
  AVERAGE SKY COVER 0.5


WEATHER CONDITIONS
 THE FOLLOWING WEATHER WAS RECORDED YESTERDAY.
  LIGHT RAIN


RELATIVE HUMIDITY (PERCENT)
 HIGHEST    88           300 AM
 LOWEST     65          1100 AM
 AVERAGE    77

..........................................................


THE NORTH CHARLESTON SC CLIMATE NORMALS FOR TODAY
                         NORMAL    RECORD    YEAR
 MAXIMUM TEMPERATURE (F)   91        99      1954
 MINIMUM TEMPERATURE (F)   73        63      1966


SUNRISE AND SUNSET
AUGUST  2 2015........SUNRISE   634 AM EDT   SUNSET   818 PM EDT
AUGUST  3 2015........SUNRISE   635 AM EDT   SUNSET   817 PM EDT


-  INDICATES NEGATIVE NUMBERS.
R  INDICATES RECORD WAS SET OR TIED.
MM INDICATES DATA IS MISSING.
T  INDICATES TRACE AMOUNT.




$$
