000
CDUS42 KCHS 170530
CLICHS

CLIMATE REPORT
NATIONAL WEATHER SERVICE CHARLESTON SC
130 AM EDT THU APR 17 2014

...................................

...THE NORTH CHARLESTON SC CLIMATE SUMMARY FOR APRIL 16 2014...

CLIMATE NORMAL PERIOD 1981 TO 2010
CLIMATE RECORD PERIOD 1938 TO 2014


WEATHER ITEM   OBSERVED TIME   RECORD YEAR NORMAL DEPARTURE LAST
                VALUE   (LST)  VALUE       VALUE  FROM      YEAR
                                                  NORMAL
..................................................................
TEMPERATURE (F)
 YESTERDAY
  MAXIMUM         62    331 PM  92    1967  77    -15       80
  MINIMUM         42    640 AM  32    1962  53    -11       58
  AVERAGE         52                        65    -13       69

PRECIPITATION (IN)
  YESTERDAY        0.00          1.12 1969   0.09  -0.09     0.00
  MONTH TO DATE    1.57                      1.57   0.00     3.57
  SINCE MAR 1      6.50                      5.28   1.22     7.64
  SINCE JAN 1     11.35                     11.95  -0.60    18.46

SNOWFALL (IN)
  YESTERDAY        0.0                       0.0    0.0
  SINCE MAR 1      0.0                       0.0    0.0
  SINCE JUL 1      T                         0.5   -0.5

DEGREE DAYS
 HEATING
  YESTERDAY       13                         3     10        0
  MONTH TO DATE   19                        62    -43       46
  SINCE MAR 1    333                       301     32      426
  SINCE JUL 1   1856                      1937    -81     1811

 COOLING
  YESTERDAY        0                         3     -3        4
  MONTH TO DATE   63                        34     29       41
  SINCE MAR 1     72                        61     11       51
  SINCE JAN 1     82                        68     14       72
..................................................................


WIND (MPH)
  HIGHEST WIND SPEED    23   HIGHEST WIND DIRECTION    NE (30)
  HIGHEST GUST SPEED    32   HIGHEST GUST DIRECTION     N (10)
  AVERAGE WIND SPEED    12.4


SKY COVER
  POSSIBLE SUNSHINE  MM
  AVERAGE SKY COVER 0.2


WEATHER CONDITIONS
 THE FOLLOWING WEATHER WAS RECORDED YESTERDAY.
  NO SIGNIFICANT WEATHER WAS OBSERVED.


RELATIVE HUMIDITY (PERCENT)
 HIGHEST    71          1100 PM
 LOWEST     32           200 PM
 AVERAGE    52

..........................................................


THE NORTH CHARLESTON SC CLIMATE NORMALS FOR TODAY
                         NORMAL    RECORD    YEAR
 MAXIMUM TEMPERATURE (F)   77        91      1967
 MINIMUM TEMPERATURE (F)   54        34      1962


SUNRISE AND SUNSET
APRIL 17 2014.........SUNRISE   648 AM EDT   SUNSET   752 PM EDT
APRIL 18 2014.........SUNRISE   647 AM EDT   SUNSET   753 PM EDT


-  INDICATES NEGATIVE NUMBERS.
R  INDICATES RECORD WAS SET OR TIED.
MM INDICATES DATA IS MISSING.
T  INDICATES TRACE AMOUNT.

$$
