000
CDUS42 KCHS 220613
CLICHS


CLIMATE REPORT
NATIONAL WEATHER SERVICE CHARLESTON SC
111 AM EST THU FEB 22 2018


...................................

...THE NORTH CHARLESTON SC CLIMATE SUMMARY FOR FEBRUARY 21 2018...

CLIMATE NORMAL PERIOD 1981 TO 2010
CLIMATE RECORD PERIOD 1938 TO 2018


WEATHER ITEM   OBSERVED TIME   RECORD YEAR NORMAL DEPARTURE LAST
                VALUE   (LST)  VALUE       VALUE  FROM      YEAR
                                                  NORMAL
..................................................................
TEMPERATURE (F)
 YESTERDAY
  MAXIMUM         81    420 PM  82    1991  64     17       71
  MINIMUM         60    631 AM  22    1958  42     18       50
                                      1942
  AVERAGE         71                        53     18       61

PRECIPITATION (IN)
  YESTERDAY        T             1.28 2005   0.11  -0.11     0.00
  MONTH TO DATE    1.26                      2.22  -0.96     0.40
  SINCE DEC 1      6.53                      9.04  -2.51     8.96
  SINCE JAN 1      4.02                      5.93  -1.91     4.18

SNOWFALL (IN)
  YESTERDAY        0.0                       0.1   -0.1
  SINCE DEC 1      5.3                       0.5    4.8
  SINCE JUL 1      5.3                       0.5    4.8

DEGREE DAYS
 HEATING
  YESTERDAY        0                        12    -12        4
  MONTH TO DATE  123                       297   -174      154
  SINCE DEC 1   1147                      1264   -117      734
  SINCE JUL 1   1433                      1556   -123      952

 COOLING
  YESTERDAY        6                         0      6        0
  MONTH TO DATE   31                         0     31        4
  SINCE DEC 1     37                         9     28       26
  SINCE JAN 1     34                         2     32       19
..................................................................


WIND (MPH)
  HIGHEST WIND SPEED    17   HIGHEST WIND DIRECTION     S (190)
  HIGHEST GUST SPEED    22   HIGHEST GUST DIRECTION     S (160)
  AVERAGE WIND SPEED     8.5


SKY COVER
  POSSIBLE SUNSHINE  MM
  AVERAGE SKY COVER 0.4


WEATHER CONDITIONS
 THE FOLLOWING WEATHER WAS RECORDED YESTERDAY.
  LIGHT RAIN
  FOG


RELATIVE HUMIDITY (PERCENT)
 HIGHEST   100          1200 AM
 LOWEST     67           400 PM
 AVERAGE    84

..........................................................


THE NORTH CHARLESTON SC CLIMATE NORMALS FOR TODAY
                         NORMAL    RECORD    YEAR
 MAXIMUM TEMPERATURE (F)   64        82      1991
 MINIMUM TEMPERATURE (F)   42        25      1947


SUNRISE AND SUNSET
FEBRUARY 22 2018......SUNRISE   656 AM EST   SUNSET   612 PM EST
FEBRUARY 23 2018......SUNRISE   655 AM EST   SUNSET   612 PM EST


-  INDICATES NEGATIVE NUMBERS.
R  INDICATES RECORD WAS SET OR TIED.
MM INDICATES DATA IS MISSING.
T  INDICATES TRACE AMOUNT.




$$
