000
CDUS42 KCHS 250522
CLICHS


CLIMATE REPORT
NATIONAL WEATHER SERVICE CHARLESTON SC
1221 AM EST THU DEC 25 2014


...................................

...THE NORTH CHARLESTON SC CLIMATE SUMMARY FOR DECEMBER 24 2014...

CLIMATE NORMAL PERIOD 1981 TO 2010
CLIMATE RECORD PERIOD 1938 TO 2014


WEATHER ITEM   OBSERVED TIME   RECORD YEAR NORMAL DEPARTURE LAST
                VALUE   (LST)  VALUE       VALUE  FROM      YEAR
                                                  NORMAL
..................................................................
TEMPERATURE (F)
 YESTERDAY
  MAXIMUM         72   1030 AM  76    1988  60     12       61
  MINIMUM         53   1242 AM  16    1989  39     14       42
  AVERAGE         63                        49     14       52

PRECIPITATION (IN)
  YESTERDAY        1.50          3.40 1978   0.11   1.39     0.04
  MONTH TO DATE    3.21                      2.36   0.85     1.49
  SINCE DEC 1      3.21                      2.36   0.85     1.49
  SINCE JAN 1     52.81                     50.28   2.53    57.45

SNOWFALL (IN)
  YESTERDAY        0.0                       0.0    0.0
  SINCE DEC 1      0.0                       0.2   -0.2
  SINCE JUL 1      0.0                       0.2   -0.2

DEGREE DAYS
 HEATING
  YESTERDAY        2                        16    -14       13
  MONTH TO DATE  284                       331    -47      198
  SINCE DEC 1    284                       331    -47      198
  SINCE JUL 1    622                       623     -1      503

 COOLING
  YESTERDAY        0                         0      0        0
  MONTH TO DATE    0                         0      0       34
  SINCE DEC 1      0                         0      0       34
  SINCE JAN 1   2769                      2297    472     2463
..................................................................


WIND (MPH)
  HIGHEST WIND SPEED    31   HIGHEST WIND DIRECTION     S (200)
  HIGHEST GUST SPEED    44   HIGHEST GUST DIRECTION    SW (210)
  AVERAGE WIND SPEED    12.0


SKY COVER
  POSSIBLE SUNSHINE  MM
  AVERAGE SKY COVER 0.9


WEATHER CONDITIONS
 THE FOLLOWING WEATHER WAS RECORDED YESTERDAY.
  THUNDERSTORM
  HEAVY RAIN
  RAIN
  LIGHT RAIN
  FOG


RELATIVE HUMIDITY (PERCENT)
 HIGHEST   100          1200 AM
 LOWEST     90           900 AM
 AVERAGE    95

..........................................................


THE NORTH CHARLESTON SC CLIMATE NORMALS FOR TODAY
                         NORMAL    RECORD    YEAR
 MAXIMUM TEMPERATURE (F)   60        80      2008
 MINIMUM TEMPERATURE (F)   38        11      1983


SUNRISE AND SUNSET
DECEMBER 25 2014......SUNRISE   721 AM EST   SUNSET   520 PM EST
DECEMBER 26 2014......SUNRISE   721 AM EST   SUNSET   521 PM EST


-  INDICATES NEGATIVE NUMBERS.
R  INDICATES RECORD WAS SET OR TIED.
MM INDICATES DATA IS MISSING.
T  INDICATES TRACE AMOUNT.




$$
