000
CDUS42 KCHS 170617
CLICHS


CLIMATE REPORT
NATIONAL WEATHER SERVICE CHARLESTON SC
217 AM EDT TUE OCT 17 2017


...................................

...THE NORTH CHARLESTON SC CLIMATE SUMMARY FOR OCTOBER 16 2017...

CLIMATE NORMAL PERIOD 1981 TO 2010
CLIMATE RECORD PERIOD 1938 TO 2017


WEATHER ITEM   OBSERVED TIME   RECORD YEAR NORMAL DEPARTURE LAST
                VALUE   (LST)  VALUE       VALUE  FROM      YEAR
                                                  NORMAL
..................................................................
TEMPERATURE (F)
 YESTERDAY
  MAXIMUM         86    140 PM  87    1942  77      9       83
  MINIMUM         59   1159 PM  38    1978  57      2       61
  AVERAGE         73                        67      6       72

PRECIPITATION (IN)
  YESTERDAY        0.05          1.55 1968   0.12  -0.07     0.00
  MONTH TO DATE    1.68                      2.23  -0.55    10.48
  SINCE SEP 1      8.43                      8.33   0.10    22.75
  SINCE JAN 1     46.87                     43.97   2.90    54.74

SNOWFALL (IN)
  YESTERDAY        0.0                       0.0    0.0
  SINCE SEP 1      0.0                       0.0    0.0
  SINCE JUL 1      T                         0.0    0.0

DEGREE DAYS
 HEATING
  YESTERDAY        0                         2     -2        0
  MONTH TO DATE    0                        20    -20        2
  SINCE SEP 1      0                        23    -23        2
  SINCE JUL 1      0                        23    -23        2

 COOLING
  YESTERDAY        8                         4      4        7
  MONTH TO DATE  185                        86     99      107
  SINCE SEP 1    574                       419    155      558
  SINCE JAN 1   2616                      2224    392     2833
..................................................................


WIND (MPH)
  HIGHEST WIND SPEED    25   HIGHEST WIND DIRECTION     N (20)
  HIGHEST GUST SPEED    31   HIGHEST GUST DIRECTION    NE (30)
  AVERAGE WIND SPEED     9.8


SKY COVER
  POSSIBLE SUNSHINE  MM
  AVERAGE SKY COVER 0.6


WEATHER CONDITIONS
 THE FOLLOWING WEATHER WAS RECORDED YESTERDAY.
  RAIN
  LIGHT RAIN
  FOG
  FOG W/VISIBILITY <= 1/4 MILE
  HAZE


RELATIVE HUMIDITY (PERCENT)
 HIGHEST   100           200 AM
 LOWEST     65          1200 PM
 AVERAGE    83

..........................................................


THE NORTH CHARLESTON SC CLIMATE NORMALS FOR TODAY
                         NORMAL    RECORD    YEAR
 MAXIMUM TEMPERATURE (F)   77        91      1972
 MINIMUM TEMPERATURE (F)   56        35      1939


SUNRISE AND SUNSET
OCTOBER 17 2017.......SUNRISE   726 AM EDT   SUNSET   644 PM EDT
OCTOBER 18 2017.......SUNRISE   727 AM EDT   SUNSET   643 PM EDT


-  INDICATES NEGATIVE NUMBERS.
R  INDICATES RECORD WAS SET OR TIED.
MM INDICATES DATA IS MISSING.
T  INDICATES TRACE AMOUNT.




$$
