000
CDUS42 KCHS 050630
CLICHS


CLIMATE REPORT
NATIONAL WEATHER SERVICE CHARLESTON SC
230 AM EDT SUN JUL 5 2015


...................................

...THE NORTH CHARLESTON SC CLIMATE SUMMARY FOR JULY 4 2015...

CLIMATE NORMAL PERIOD 1981 TO 2010
CLIMATE RECORD PERIOD 1938 TO 2015


WEATHER ITEM   OBSERVED TIME   RECORD YEAR NORMAL DEPARTURE LAST
                VALUE   (LST)  VALUE       VALUE  FROM      YEAR
                                                  NORMAL
..................................................................
TEMPERATURE (F)
 YESTERDAY
  MAXIMUM         91    334 PM  98    1993  91      0       94
  MINIMUM         70    327 AM  61    2010  72     -2       75
  AVERAGE         81                        82     -1       85

PRECIPITATION (IN)
  YESTERDAY        0.08          3.26 1983   0.20  -0.12      T
  MONTH TO DATE    1.90                      0.84   1.06     0.16
  SINCE JUN 1      9.59                      6.49   3.10     3.75
  SINCE JAN 1     24.81                     22.80   2.01    21.00

DEGREE DAYS
 HEATING
  YESTERDAY        0                         0      0        0
  MONTH TO DATE    0                         0      0        0
  SINCE JUN 1      0                         1     -1        0
  SINCE JUL 1      0                         0      0        0

 COOLING
  YESTERDAY       16                        17     -1       20
  MONTH TO DATE   62                        65     -3       75
  SINCE JUN 1    590                       486    104      593
  SINCE JAN 1   1023                       848    175     1103
..................................................................


WIND (MPH)
  HIGHEST WIND SPEED    37   HIGHEST WIND DIRECTION    SW (240)
  HIGHEST GUST SPEED    48   HIGHEST GUST DIRECTION    SW (230)
  AVERAGE WIND SPEED     7.3


SKY COVER
  POSSIBLE SUNSHINE  MM
  AVERAGE SKY COVER 0.6


WEATHER CONDITIONS
 THE FOLLOWING WEATHER WAS RECORDED YESTERDAY.
  THUNDERSTORM
  RAIN
  LIGHT RAIN


RELATIVE HUMIDITY (PERCENT)
 HIGHEST    91          1200 AM
 LOWEST     50           300 PM
 AVERAGE    71

..........................................................


THE NORTH CHARLESTON SC CLIMATE NORMALS FOR TODAY
                         NORMAL    RECORD    YEAR
 MAXIMUM TEMPERATURE (F)   91       100      1993
 MINIMUM TEMPERATURE (F)   73        58      1952


SUNRISE AND SUNSET
JULY  5 2015..........SUNRISE   617 AM EDT   SUNSET   832 PM EDT
JULY  6 2015..........SUNRISE   618 AM EDT   SUNSET   832 PM EDT


-  INDICATES NEGATIVE NUMBERS.
R  INDICATES RECORD WAS SET OR TIED.
MM INDICATES DATA IS MISSING.
T  INDICATES TRACE AMOUNT.




$$
