514
CDUS42 KCHS 070611
CLICHS


CLIMATE REPORT
NATIONAL WEATHER SERVICE CHARLESTON SC
111 AM EST SUN FEB 7 2016


...................................

...THE NORTH CHARLESTON SC CLIMATE SUMMARY FOR FEBRUARY 6 2016...

CLIMATE NORMAL PERIOD 1981 TO 2010
CLIMATE RECORD PERIOD 1938 TO 2016


WEATHER ITEM   OBSERVED TIME   RECORD YEAR NORMAL DEPARTURE LAST
                VALUE   (LST)  VALUE       VALUE  FROM      YEAR
                                                  NORMAL
..................................................................
TEMPERATURE (F)
 YESTERDAY
  MAXIMUM         56   1258 PM  77    2008  61     -5       51
                                      1989
  MINIMUM         32    456 AM  19    1996  39     -7       28
                                      1966
  AVERAGE         44                        50     -6       40

PRECIPITATION (IN)
  YESTERDAY        0.32          1.51 1986   0.11   0.21     0.00
  MONTH TO DATE    2.70                      0.67   2.03     0.86
  SINCE DEC 1      9.24                      7.49   1.75     7.79
  SINCE JAN 1      6.10                      4.38   1.72     4.39

SNOWFALL (IN)
  YESTERDAY        0.0                       0.0    0.0
  SINCE DEC 1      T                         0.3   -0.3
  SINCE JUL 1      T                         0.3   -0.3

DEGREE DAYS
 HEATING
  YESTERDAY       21                        15      6       25
  MONTH TO DATE   50                        92    -42      112
  SINCE DEC 1    708                      1059   -351      971
  SINCE JUL 1    854                      1351   -497     1309

 COOLING
  YESTERDAY        0                         0      0        0
  MONTH TO DATE    2                         0      2        0
  SINCE DEC 1     99                         9     90        4
  SINCE JAN 1      2                         2      0        4
..................................................................


WIND (MPH)
  HIGHEST WIND SPEED    20   HIGHEST WIND DIRECTION    NE (30)
  HIGHEST GUST SPEED    27   HIGHEST GUST DIRECTION    NE (30)
  AVERAGE WIND SPEED    10.5


SKY COVER
  POSSIBLE SUNSHINE  MM
  AVERAGE SKY COVER 0.6


WEATHER CONDITIONS
 THE FOLLOWING WEATHER WAS RECORDED YESTERDAY.
  RAIN
  LIGHT RAIN


RELATIVE HUMIDITY (PERCENT)
 HIGHEST    89           100 AM
 LOWEST     35           100 PM
 AVERAGE    62

..........................................................


THE NORTH CHARLESTON SC CLIMATE NORMALS FOR TODAY
                         NORMAL    RECORD    YEAR
 MAXIMUM TEMPERATURE (F)   61        79      1999
 MINIMUM TEMPERATURE (F)   39        19      1978


SUNRISE AND SUNSET
FEBRUARY  7 2016......SUNRISE   711 AM EST   SUNSET   558 PM EST
FEBRUARY  8 2016......SUNRISE   710 AM EST   SUNSET   559 PM EST


-  INDICATES NEGATIVE NUMBERS.
R  INDICATES RECORD WAS SET OR TIED.
MM INDICATES DATA IS MISSING.
T  INDICATES TRACE AMOUNT.




$$
