000
CDUS43 KDVN 220907
CLICID


CLIMATE REPORT
NATIONAL WEATHER SERVICE QUAD CITIES IA IL
406 AM CDT THU JUN 22 2017


...................................

...THE CEDAR RAPIDS IA CLIMATE SUMMARY FOR JUNE 21 2017...

CLIMATE NORMAL PERIOD 1981 TO 2010
CLIMATE RECORD PERIOD 1891 TO 2017


WEATHER ITEM   OBSERVED TIME   RECORD YEAR NORMAL DEPARTURE LAST
                VALUE   (LST)  VALUE       VALUE  FROM      YEAR
                                                  NORMAL
..................................................................
TEMPERATURE (F)
 YESTERDAY
  MAXIMUM         74   1159 PM 100    1988  82     -8       86
  MINIMUM         57    512 AM  44    1992  61     -4       61
  AVERAGE         66                        71     -5       74

PRECIPITATION (IN)
  YESTERDAY        0.22         MM      MM   0.18   0.04     0.37
  MONTH TO DATE    1.73                      3.34  -1.61     2.61
  SINCE JUN 1      1.73                      3.34  -1.61     2.61
  SINCE JAN 1     14.11                     14.78  -0.67    11.27

DEGREE DAYS
 HEATING
  YESTERDAY        0                         1     -1        0
  MONTH TO DATE    2                        29    -27        4
  SINCE JUN 1      2                        29    -27        4
  SINCE JUL 1   5736                      6866  -1130     5653

 COOLING
  YESTERDAY        1                         7     -6        9
  MONTH TO DATE  171                       100     71      173
  SINCE JUN 1    171                       100     71      173
  SINCE JAN 1    209                       149     60      233
..................................................................


WIND (MPH)
  HIGHEST WIND SPEED    21   HIGHEST WIND DIRECTION    SE (120)
  HIGHEST GUST SPEED    26   HIGHEST GUST DIRECTION     N (350)
  AVERAGE WIND SPEED     8.7


SKY COVER
  POSSIBLE SUNSHINE  MM
  AVERAGE SKY COVER 0.4


WEATHER CONDITIONS
 THE FOLLOWING WEATHER WAS RECORDED YESTERDAY.
  THUNDERSTORM
  RAIN
  LIGHT RAIN
  FOG


RELATIVE HUMIDITY (PERCENT)
 HIGHEST   100           300 AM
 LOWEST     66          1200 PM
 AVERAGE    83

..........................................................


THE CEDAR RAPIDS IA CLIMATE NORMALS FOR TODAY
                         NORMAL    RECORD    YEAR
 MAXIMUM TEMPERATURE (F)   82       100      1911
 MINIMUM TEMPERATURE (F)   61        44      1902


SUNRISE AND SUNSET
JUNE 22 2017..........SUNRISE   532 AM CDT   SUNSET   846 PM CDT
JUNE 23 2017..........SUNRISE   532 AM CDT   SUNSET   846 PM CDT


-  INDICATES NEGATIVE NUMBERS.
R  INDICATES RECORD WAS SET OR TIED.
MM INDICATES DATA IS MISSING.
T  INDICATES TRACE AMOUNT.




$$
