000
CDUS43 KDVN 022121
CLICID


CLIMATE REPORT
NATIONAL WEATHER SERVICE QUAD CITIES IA IL
420 PM CDT MON MAY 2 2016


...................................

...THE CEDAR RAPIDS IA CLIMATE SUMMARY FOR MAY 2 2016...
VALID TODAY AS OF 0400 PM LOCAL TIME.

CLIMATE NORMAL PERIOD 1981 TO 2010
CLIMATE RECORD PERIOD 1891 TO 2016


WEATHER ITEM   OBSERVED TIME   RECORD YEAR NORMAL DEPARTURE LAST
                VALUE   (LST)  VALUE       VALUE  FROM      YEAR
                                                  NORMAL
..................................................................
TEMPERATURE (F)
 TODAY
  MAXIMUM         60    141 PM  91    1901  67     -7       75
  MINIMUM         39    339 AM  26    1961  44     -5       MM
  AVERAGE         50                        55     -5       MM

PRECIPITATION (IN)
  TODAY            0.00         MM      MM   0.13  -0.13     0.00
  MONTH TO DATE    0.22                      0.26  -0.04     0.00
  SINCE MAR 1      4.98                      5.41  -0.43     4.24
  SINCE JAN 1      5.58                      7.55  -1.97     5.57

DEGREE DAYS
 HEATING
  TODAY           15                        10      5       MM
  MONTH TO DATE   33                        20     13       MM
  SINCE MAR 1   1184                      1382   -198     1291
  SINCE JUL 1   5495                      6665  -1170     6818

 COOLING
  TODAY            0                         0      0       MM
  MONTH TO DATE    0                         0      0       MM
  SINCE MAR 1      3                         7     -4        0
  SINCE JAN 1      3                         7     -4        0
..................................................................


WIND (MPH)
  HIGHEST WIND SPEED    13   HIGHEST WIND DIRECTION     E (70)
  HIGHEST GUST SPEED    14   HIGHEST GUST DIRECTION    NE (60)
  AVERAGE WIND SPEED     6.7


SKY COVER
  POSSIBLE SUNSHINE  MM
  AVERAGE SKY COVER 0.8


WEATHER CONDITIONS
 THE FOLLOWING WEATHER WAS RECORDED TODAY.
  FOG


RELATIVE HUMIDITY (PERCENT)
 HIGHEST   100          1200 AM
 LOWEST     57           200 PM
 AVERAGE    79

..........................................................


THE CEDAR RAPIDS IA CLIMATE NORMALS FOR TOMORROW
                         NORMAL    RECORD    YEAR
 MAXIMUM TEMPERATURE (F)   67        90      1949
 MINIMUM TEMPERATURE (F)   44        25      2005


SUNRISE AND SUNSET
MAY  2 2016...........SUNRISE   601 AM CDT   SUNSET   807 PM CDT
MAY  3 2016...........SUNRISE   600 AM CDT   SUNSET   808 PM CDT


-  INDICATES NEGATIVE NUMBERS.
R  INDICATES RECORD WAS SET OR TIED.
MM INDICATES DATA IS MISSING.
T  INDICATES TRACE AMOUNT.




$$
