000
CDUS43 KDVN 231003
CLICID


CLIMATE REPORT
NATIONAL WEATHER SERVICE QUAD CITIES IA IL
402 AM CST TUE JAN 23 2018


...................................

...THE CEDAR RAPIDS IA CLIMATE SUMMARY FOR JANUARY 22 2018...

CLIMATE NORMAL PERIOD 1981 TO 2010
CLIMATE RECORD PERIOD 1891 TO 2018


WEATHER ITEM   OBSERVED TIME   RECORD YEAR NORMAL DEPARTURE LAST
                VALUE   (LST)  VALUE       VALUE  FROM      YEAR
                                                  NORMAL
..................................................................
TEMPERATURE (F)
 YESTERDAY
  MAXIMUM         53   1215 PM  58    2002  28     25       37
  MINIMUM         33   1022 PM -27    1930  11     22       29
  AVERAGE         43                        20     23       33

PRECIPITATION (IN)
  YESTERDAY        0.29         MM      MM   0.03   0.26     0.00
  MONTH TO DATE    0.45                      0.63  -0.18     1.42
  SINCE DEC 1      1.06                      2.05  -0.99     2.67
  SINCE JAN 1      0.45                      0.63  -0.18     1.42

DEGREE DAYS
 HEATING
  YESTERDAY       22                        46    -24       32
  MONTH TO DATE 1072                      1007     65      914
  SINCE DEC 1   2347                      2300     47     2210
  SINCE JUL 1   3605                      3746   -141     3127

 COOLING
  YESTERDAY        0                         0      0        0
  MONTH TO DATE    0                         0      0        0
  SINCE DEC 1      0                         0      0        0
  SINCE JAN 1      0                         0      0        0
..................................................................


WIND (MPH)
  HIGHEST WIND SPEED    23   HIGHEST WIND DIRECTION     E (80)
  HIGHEST GUST SPEED    26   HIGHEST GUST DIRECTION     E (80)
  AVERAGE WIND SPEED    11.0


SKY COVER
  POSSIBLE SUNSHINE  MM
  AVERAGE SKY COVER 0.8


WEATHER CONDITIONS
 THE FOLLOWING WEATHER WAS RECORDED YESTERDAY.
  THUNDERSTORM
  HEAVY RAIN
  RAIN
  LIGHT RAIN
  FOG
  FOG W/VISIBILITY <= 1/4 MILE


RELATIVE HUMIDITY (PERCENT)
 HIGHEST   100           600 AM
 LOWEST     70           300 PM
 AVERAGE    85

..........................................................


THE CEDAR RAPIDS IA CLIMATE NORMALS FOR TODAY
                         NORMAL    RECORD    YEAR
 MAXIMUM TEMPERATURE (F)   28        60      1909
 MINIMUM TEMPERATURE (F)   11       -25      1936


SUNRISE AND SUNSET
JANUARY 23 2018.......SUNRISE   727 AM CST   SUNSET   511 PM CST
JANUARY 24 2018.......SUNRISE   726 AM CST   SUNSET   512 PM CST


-  INDICATES NEGATIVE NUMBERS.
R  INDICATES RECORD WAS SET OR TIED.
MM INDICATES DATA IS MISSING.
T  INDICATES TRACE AMOUNT.




$$
