000
CDUS43 KDVN 290919
CLICID


CLIMATE REPORT
NATIONAL WEATHER SERVICE QUAD CITIES IA IL
418 AM CDT SAT APR 29 2017


...................................

...THE CEDAR RAPIDS IA CLIMATE SUMMARY FOR APRIL 28 2017...

CLIMATE NORMAL PERIOD 1981 TO 2010
CLIMATE RECORD PERIOD 1891 TO 2017


WEATHER ITEM   OBSERVED TIME   RECORD YEAR NORMAL DEPARTURE LAST
                VALUE   (LST)  VALUE       VALUE  FROM      YEAR
                                                  NORMAL
..................................................................
TEMPERATURE (F)
 YESTERDAY
  MAXIMUM         45   1158 PM  91    1970  66    -21       54
  MINIMUM         34    140 AM  24    1928  42     -8       45
  AVERAGE         40                        54    -14       50

PRECIPITATION (IN)
  YESTERDAY        0.39         MM      MM   0.12   0.27     0.13
  MONTH TO DATE    3.50                      2.80   0.70     2.31
  SINCE MAR 1      5.75                      4.90   0.85     4.11
  SINCE JAN 1      7.92                      7.04   0.88     4.71

DEGREE DAYS
 HEATING
  YESTERDAY       25                        11     14       15
  MONTH TO DATE  335                       460   -125      423
  SINCE MAR 1   1191                      1341   -150     1115
  SINCE JUL 1   5467                      6624  -1157     5426

 COOLING
  YESTERDAY        0                         0      0        0
  MONTH TO DATE    9                         0      9        3
  SINCE MAR 1      9                         0      9        3
  SINCE JAN 1      9                         0      9        3
..................................................................


WIND (MPH)
  HIGHEST WIND SPEED    20   HIGHEST WIND DIRECTION    NE (30)
  HIGHEST GUST SPEED    23   HIGHEST GUST DIRECTION    NE (50)
  AVERAGE WIND SPEED    11.5


SKY COVER
  POSSIBLE SUNSHINE  MM
  AVERAGE SKY COVER 0.8


WEATHER CONDITIONS
 THE FOLLOWING WEATHER WAS RECORDED YESTERDAY.
  RAIN
  LIGHT RAIN
  FOG


RELATIVE HUMIDITY (PERCENT)
 HIGHEST   100           200 PM
 LOWEST     70           900 AM
 AVERAGE    85

..........................................................


THE CEDAR RAPIDS IA CLIMATE NORMALS FOR TODAY
                         NORMAL    RECORD    YEAR
 MAXIMUM TEMPERATURE (F)   66        91      1952
 MINIMUM TEMPERATURE (F)   43        24      1958


SUNRISE AND SUNSET
APRIL 29 2017.........SUNRISE   605 AM CDT   SUNSET   804 PM CDT
APRIL 30 2017.........SUNRISE   604 AM CDT   SUNSET   805 PM CDT


-  INDICATES NEGATIVE NUMBERS.
R  INDICATES RECORD WAS SET OR TIED.
MM INDICATES DATA IS MISSING.
T  INDICATES TRACE AMOUNT.




$$
