000
CDUS43 KDVN 310917
CLICID


CLIMATE REPORT
NATIONAL WEATHER SERVICE QUAD CITIES IA IL
415 AM CDT SUN JUL 31 2016


...................................

...THE CEDAR RAPIDS IA CLIMATE SUMMARY FOR JULY 30 2016...

CLIMATE NORMAL PERIOD 1981 TO 2010
CLIMATE RECORD PERIOD 1891 TO 2016


WEATHER ITEM   OBSERVED TIME   RECORD YEAR NORMAL DEPARTURE LAST
                VALUE   (LST)  VALUE       VALUE  FROM      YEAR
                                                  NORMAL
..................................................................
TEMPERATURE (F)
 YESTERDAY
  MAXIMUM         82    248 PM 106    1913  83     -1       85
  MINIMUM         67   1159 PM  47    1971  62      5       59
  AVERAGE         75                        72      3       72

PRECIPITATION (IN)
  YESTERDAY        0.01         MM      MM   0.13  -0.12     0.00
  MONTH TO DATE    3.86                      4.33  -0.47     5.58
  SINCE JUN 1     12.19                      9.25   2.94    14.43
  SINCE JAN 1     20.85                     20.69   0.16    23.63

DEGREE DAYS
 HEATING
  YESTERDAY        0                         0      0        0
  MONTH TO DATE    3                         0      3        4
  SINCE JUN 1      8                        29    -21       13
  SINCE JUL 1      3                         0      3        4

 COOLING
  YESTERDAY       10                         8      2        7
  MONTH TO DATE  246                       240      6      213
  SINCE JUN 1    483                       406     77      358
  SINCE JAN 1    543                       455     88      408
..................................................................


WIND (MPH)
  HIGHEST WIND SPEED    10   HIGHEST WIND DIRECTION     E (80)
  HIGHEST GUST SPEED    14   HIGHEST GUST DIRECTION     E (80)
  AVERAGE WIND SPEED     4.8


SKY COVER
  POSSIBLE SUNSHINE  MM
  AVERAGE SKY COVER 0.7


WEATHER CONDITIONS
 THE FOLLOWING WEATHER WAS RECORDED YESTERDAY.
  LIGHT RAIN
  FOG


RELATIVE HUMIDITY (PERCENT)
 HIGHEST   100           100 AM
 LOWEST     67           100 PM
 AVERAGE    84

..........................................................


THE CEDAR RAPIDS IA CLIMATE NORMALS FOR TODAY
                         NORMAL    RECORD    YEAR
 MAXIMUM TEMPERATURE (F)   83       104      1988
 MINIMUM TEMPERATURE (F)   62        48      1971


SUNRISE AND SUNSET
JULY 31 2016..........SUNRISE   600 AM CDT   SUNSET   826 PM CDT
AUGUST  1 2016........SUNRISE   601 AM CDT   SUNSET   824 PM CDT


-  INDICATES NEGATIVE NUMBERS.
R  INDICATES RECORD WAS SET OR TIED.
MM INDICATES DATA IS MISSING.
T  INDICATES TRACE AMOUNT.




$$
