000
CDUS41 KCLE 232230
CLICLE


CLIMATE REPORT
NATIONAL WEATHER SERVICE CLEVELAND OH
530 PM EST THU NOV 23 2017


...................................

...THE CLEVELAND OH CLIMATE SUMMARY FOR NOVEMBER 23 2017...
VALID TODAY AS OF 0500 PM LOCAL TIME.

CLIMATE NORMAL PERIOD 1981 TO 2010
CLIMATE RECORD PERIOD 1871 TO 2017


WEATHER ITEM   OBSERVED TIME   RECORD YEAR NORMAL DEPARTURE LAST
                VALUE   (LST)  VALUE       VALUE  FROM      YEAR
                                                  NORMAL
..................................................................
TEMPERATURE (F)
 TODAY
  MAXIMUM         40    359 PM  75    1931  47     -7       43
  MINIMUM         26    250 AM   6    1880  35     -9       26
  AVERAGE         33                        41     -8       35

PRECIPITATION (IN)
  TODAY            0.00                      0.12  -0.12     0.08
  MONTH TO DATE    5.82                      2.79   3.03     1.25
  SINCE SEP 1     10.31                      9.67   0.64     9.59
  SINCE JAN 1     41.94                     35.21   6.73    32.96

SNOWFALL (IN)
  TODAY            0.0                       0.2   -0.2      0.0
  MONTH TO DATE    0.8                       2.7   -1.9      0.9
  SINCE SEP 1      0.8                       2.9   -2.1      0.9
  SINCE JUL 1      0.8                       2.9   -2.1      0.9
  SNOW DEPTH       0

DEGREE DAYS
 HEATING
  TODAY           32                        24      8       30
  MONTH TO DATE  498                       456     42      357
  SINCE SEP 1    756                       904   -148      586
  SINCE JUL 1    758                       916   -158      586

 COOLING
  TODAY            0                         0      0        0
  MONTH TO DATE    0                         0      0        8
  SINCE SEP 1    222                       101    121      236
  SINCE JAN 1   1113                       816    297     1320
..................................................................


WIND (MPH)
  HIGHEST WIND SPEED    16   HIGHEST WIND DIRECTION     S (200)
  HIGHEST GUST SPEED    20   HIGHEST GUST DIRECTION    SW (210)


SKY COVER
  POSSIBLE SUNSHINE  MM
  AVERAGE SKY COVER 0.8


WEATHER CONDITIONS
 THE FOLLOWING WEATHER WAS RECORDED TODAY.
  NO SIGNIFICANT WEATHER WAS OBSERVED.


RELATIVE HUMIDITY (PERCENT)
 HIGHEST    75           300 AM
 LOWEST     50           400 PM
 AVERAGE    63

..........................................................


THE CLEVELAND OH CLIMATE NORMALS FOR TOMORROW
                         NORMAL    RECORD    YEAR
 MAXIMUM TEMPERATURE (F)   47        70      1931
 MINIMUM TEMPERATURE (F)   34         7      1950


SUNRISE AND SUNSET
NOVEMBER 23 2017......SUNRISE   726 AM EST   SUNSET   502 PM EST
NOVEMBER 24 2017......SUNRISE   727 AM EST   SUNSET   501 PM EST


-  INDICATES NEGATIVE NUMBERS.
R  INDICATES RECORD WAS SET OR TIED.
MM INDICATES DATA IS MISSING.
T  INDICATES TRACE AMOUNT.




$$
