000
CDUS44 KHGX 040740
CLICLL


CLIMATE REPORT
NATIONAL WEATHER SERVICE HOUSTON/GALVESTON TX
239 AM CDT WED MAY 4 2016


...................................

...THE COLLEGE STATION CLIMATE SUMMARY FOR MAY 3 2016...

CLIMATE NORMAL PERIOD 1981 TO 2010
CLIMATE RECORD PERIOD 1902 TO 2016


WEATHER ITEM   OBSERVED TIME   RECORD YEAR NORMAL DEPARTURE LAST
                VALUE   (LST)  VALUE       VALUE  FROM      YEAR
                                                  NORMAL
..................................................................
TEMPERATURE (F)
 YESTERDAY
  MAXIMUM         75    405 PM  93    1920  83     -8       83
  MINIMUM         53    622 AM  43    2013  63    -10       58
  AVERAGE         64                        73     -9       71

PRECIPITATION (IN)
  YESTERDAY        0.00          2.67 1904   0.13  -0.13     0.00
  MONTH TO DATE    0.01                      0.39  -0.38     0.00
  SINCE MAR 1      9.86                      6.22   3.64    10.63
  SINCE JAN 1     12.48                     12.31   0.17    18.04

SNOWFALL (IN)
  YESTERDAY        0.0
  MONTH TO DATE    0.0
  SINCE JUL 1      0.0

DEGREE DAYS
 HEATING
  YESTERDAY        1                         0      1        0
  MONTH TO DATE    2                         0      2        0
  SINCE MAR 1    101                       219   -118      227
  SINCE JUL 1   1148                      1606   -458     1768

 COOLING
  YESTERDAY        0                         8     -8        6
  MONTH TO DATE   10                        24    -14       16
  SINCE MAR 1    256                       235     21      254
  SINCE JAN 1    281                       263     18      255
..................................................................


WIND (MPH)
  HIGHEST WIND SPEED    20   HIGHEST WIND DIRECTION     N (360)
  HIGHEST GUST SPEED    26   HIGHEST GUST DIRECTION     N (350)
  AVERAGE WIND SPEED     9.2


SKY COVER
  AVERAGE SKY COVER 0.2


WEATHER CONDITIONS
 THE FOLLOWING WEATHER WAS RECORDED YESTERDAY.
  NO SIGNIFICANT WEATHER WAS OBSERVED.


RELATIVE HUMIDITY (PERCENT)
 HIGHEST    93           500 AM
 LOWEST     38           400 PM
 AVERAGE    66

..........................................................


THE COLLEGE STATION CLIMATE NORMALS FOR TODAY
                         NORMAL    RECORD    YEAR
 MAXIMUM TEMPERATURE (F)   83        96      1947
 MINIMUM TEMPERATURE (F)   63        42      2013
                                             1954


SUNRISE AND SUNSET
MAY  4 2016...........SUNRISE   639 AM CDT   SUNSET   806 PM CDT
MAY  5 2016...........SUNRISE   638 AM CDT   SUNSET   807 PM CDT


-  INDICATES NEGATIVE NUMBERS.
R  INDICATES RECORD WAS SET OR TIED.
MM INDICATES DATA IS MISSING.
T  INDICATES TRACE AMOUNT.




$$
