000
CDUS44 KHGX 030725
CLICLL


CLIMATE REPORT
NATIONAL WEATHER SERVICE HOUSTON/GALVESTON TX
223 AM CDT FRI JUL 3 2015


...................................

...THE COLLEGE STATION CLIMATE SUMMARY FOR JULY 2 2015...

CLIMATE NORMAL PERIOD 1981 TO 2010
CLIMATE RECORD PERIOD 1902 TO 2015


WEATHER ITEM   OBSERVED TIME   RECORD YEAR NORMAL DEPARTURE LAST
                VALUE   (LST)  VALUE       VALUE  FROM      YEAR
                                                  NORMAL
..................................................................
TEMPERATURE (F)
 YESTERDAY
  MAXIMUM         91    425 PM 105    2009  94     -3       95
  MINIMUM         71    548 AM  65    1924  74     -3       72
  AVERAGE         81                        84     -3       84

PRECIPITATION (IN)
  YESTERDAY        0.00          2.85 1929   0.09  -0.09     0.00
  MONTH TO DATE    0.12                      0.18  -0.06     0.00
  SINCE JUN 1      5.33                      4.63   0.70     1.61
  SINCE JAN 1     33.10                     20.88  12.22    15.64

SNOWFALL (IN)
  YESTERDAY        0.0
  MONTH TO DATE    0.0
  SINCE JUL 1      0.0

DEGREE DAYS
 HEATING
  YESTERDAY        0                         0      0        0
  MONTH TO DATE    0                         0      0        0
  SINCE JUN 1      0                         0      0        0
  SINCE JUL 1      0                         0      0        0

 COOLING
  YESTERDAY       16                        19     -3       19
  MONTH TO DATE   32                        38     -6       39
  SINCE JUN 1    537                       554    -17      566
  SINCE JAN 1   1108                      1142    -34     1053
..................................................................


WIND (MPH)
  HIGHEST WIND SPEED    21   HIGHEST WIND DIRECTION     S (170)
  HIGHEST GUST SPEED    26   HIGHEST GUST DIRECTION     S (160)
  AVERAGE WIND SPEED     9.3


SKY COVER
  AVERAGE SKY COVER 0.3


WEATHER CONDITIONS
 THE FOLLOWING WEATHER WAS RECORDED YESTERDAY.
  FOG


RELATIVE HUMIDITY (PERCENT)
 HIGHEST    93          1200 AM
 LOWEST     49           300 PM
 AVERAGE    71

..........................................................


THE COLLEGE STATION CLIMATE NORMALS FOR TODAY
                         NORMAL    RECORD    YEAR
 MAXIMUM TEMPERATURE (F)   94       103      2009
 MINIMUM TEMPERATURE (F)   74        63      1924


SUNRISE AND SUNSET
JULY  3 2015..........SUNRISE   627 AM CDT   SUNSET   832 PM CDT
JULY  4 2015..........SUNRISE   628 AM CDT   SUNSET   832 PM CDT


-  INDICATES NEGATIVE NUMBERS.
R  INDICATES RECORD WAS SET OR TIED.
MM INDICATES DATA IS MISSING.
T  INDICATES TRACE AMOUNT.




$$
