000
CDUS44 KHGX 260735
CLICLL


CLIMATE REPORT
NATIONAL WEATHER SERVICE HOUSTON/GALVESTON TX
224 AM CDT THU MAY 26 2016


...................................

...THE COLLEGE STATION CLIMATE SUMMARY FOR MAY 25 2016...

CLIMATE NORMAL PERIOD 1981 TO 2010
CLIMATE RECORD PERIOD 1902 TO 2016


WEATHER ITEM   OBSERVED TIME   RECORD YEAR NORMAL DEPARTURE LAST
                VALUE   (LST)  VALUE       VALUE  FROM      YEAR
                                                  NORMAL
..................................................................
TEMPERATURE (F)
 YESTERDAY
  MAXIMUM         89    221 PM  97    2011  88      1       85
  MINIMUM         77   1159 PM  55    1947  69      8       66
  AVERAGE         83                        78      5       76

PRECIPITATION (IN)
  YESTERDAY        0.00          2.31 2015   0.15  -0.15     2.31
  MONTH TO DATE    4.24                      3.45   0.79     8.61
  SINCE MAR 1     14.09                      9.28   4.81    19.24
  SINCE JAN 1     16.71                     15.37   1.34    26.65

SNOWFALL (IN)
  YESTERDAY        0.0
  MONTH TO DATE    0.0
  SINCE JUL 1      0.0

DEGREE DAYS
 HEATING
  YESTERDAY        0                         0      0        0
  MONTH TO DATE    2                         0      2        0
  SINCE MAR 1    101                       219   -118      227
  SINCE JUL 1   1148                      1606   -458     1768

 COOLING
  YESTERDAY       18                        13      5       11
  MONTH TO DATE  218                       265    -47      257
  SINCE MAR 1    464                       476    -12      495
  SINCE JAN 1    489                       504    -15      496
..................................................................


WIND (MPH)
  HIGHEST WIND SPEED    22   HIGHEST WIND DIRECTION     S (160)
  HIGHEST GUST SPEED    35   HIGHEST GUST DIRECTION    SE (140)
  AVERAGE WIND SPEED    13.7


SKY COVER
  AVERAGE SKY COVER 0.6


WEATHER CONDITIONS
 THE FOLLOWING WEATHER WAS RECORDED YESTERDAY.
  NO SIGNIFICANT WEATHER WAS OBSERVED.


RELATIVE HUMIDITY (PERCENT)
 HIGHEST    91           300 AM
 LOWEST     63           100 PM
 AVERAGE    77

..........................................................


THE COLLEGE STATION CLIMATE NORMALS FOR TODAY
                         NORMAL    RECORD    YEAR
 MAXIMUM TEMPERATURE (F)   88        96      1958
 MINIMUM TEMPERATURE (F)   69        56      1934


SUNRISE AND SUNSET
MAY 26 2016...........SUNRISE   625 AM CDT   SUNSET   820 PM CDT
MAY 27 2016...........SUNRISE   625 AM CDT   SUNSET   821 PM CDT


-  INDICATES NEGATIVE NUMBERS.
R  INDICATES RECORD WAS SET OR TIED.
MM INDICATES DATA IS MISSING.
T  INDICATES TRACE AMOUNT.




$$
