000
CDUS44 KHGX 062221
CLICLL


CLIMATE REPORT
NATIONAL WEATHER SERVICE HOUSTON/GALVESTON TX
420 PM CST SAT FEB 6 2016


...................................

...THE COLLEGE STATION CLIMATE SUMMARY FOR FEBRUARY 6 2016...
VALID TODAY AS OF 400 PM LOCAL TIME.

CLIMATE NORMAL PERIOD 1981 TO 2010
CLIMATE RECORD PERIOD 1902 TO 2016


WEATHER ITEM   OBSERVED TIME   RECORD YEAR NORMAL DEPARTURE LAST
                VALUE   (LST)  VALUE       VALUE  FROM      YEAR
                                                  NORMAL
..................................................................
TEMPERATURE (F)
 TODAY
  MAXIMUM         55    258 PM  82    1921  63     -8       57
  MINIMUM         39    641 AM  19    1989  43     -4       37
  AVERAGE         47                        53     -6       47

PRECIPITATION (IN)
  TODAY            0.10          1.85 1939   0.10   0.00     0.00
  MONTH TO DATE    0.10                      0.59  -0.49     0.32
  SINCE DEC 1      9.48                      7.06   2.42     9.55
  SINCE JAN 1      1.40                      3.83  -2.43     6.98

SNOWFALL (IN)
  TODAY           MM
  MONTH TO DATE    0.0
  SINCE JUL 1      0.0

DEGREE DAYS
 HEATING
  TODAY           18                        13      5       18
  MONTH TO DATE   78                        78      0      109
  SINCE DEC 1    764                       931   -167      958
  SINCE JUL 1    911                      1156   -245     1253

 COOLING
  TODAY            0                         1     -1        0
  MONTH TO DATE    4                         3      1        0
  SINCE DEC 1     44                        30     14       10
  SINCE JAN 1      8                        14     -6        0
..................................................................


WIND (MPH)
  HIGHEST WIND SPEED    25   HIGHEST WIND DIRECTION    NW (320)
  HIGHEST GUST SPEED    33   HIGHEST GUST DIRECTION    NW (300)
  AVERAGE WIND SPEED    11.8


SKY COVER
  AVERAGE SKY COVER 0.3


WEATHER CONDITIONS
 THE FOLLOWING WEATHER WAS RECORDED TODAY.
  THUNDERSTORM
  LIGHT RAIN


RELATIVE HUMIDITY (PERCENT)
 HIGHEST   100           600 AM
 LOWEST     50          1200 PM
 AVERAGE    75

..........................................................


THE COLLEGE STATION CLIMATE NORMALS FOR TOMORROW
                         NORMAL    RECORD    YEAR
 MAXIMUM TEMPERATURE (F)   63        83      1999
 MINIMUM TEMPERATURE (F)   43        11      1933


SUNRISE AND SUNSET
FEBRUARY  6 2016......SUNRISE   714 AM CST   SUNSET   606 PM CST
FEBRUARY  7 2016......SUNRISE   713 AM CST   SUNSET   607 PM CST


-  INDICATES NEGATIVE NUMBERS.
R  INDICATES RECORD WAS SET OR TIED.
MM INDICATES DATA IS MISSING.
T  INDICATES TRACE AMOUNT.




$$
