000
CDUS44 KHGX 230840
CLICLL


CLIMATE REPORT
NATIONAL WEATHER SERVICE HOUSTON/GALVESTON TX
229 AM CST TUE JAN 23 2018


...................................

...THE COLLEGE STATION CLIMATE SUMMARY FOR JANUARY 22 2018...

CLIMATE NORMAL PERIOD 1981 TO 2010
CLIMATE RECORD PERIOD 1902 TO 2018


WEATHER ITEM   OBSERVED TIME   RECORD YEAR NORMAL DEPARTURE LAST
                VALUE   (LST)  VALUE       VALUE  FROM      YEAR
                                                  NORMAL
..................................................................
TEMPERATURE (F)
 YESTERDAY
  MAXIMUM         68    114 AM  82    1911  61      7       67
  MINIMUM         44   1148 PM  18    1954  41      3       51
                                      1930
  AVERAGE         56                        51      5       59

PRECIPITATION (IN)
  YESTERDAY        0.09          2.90 2015   0.11  -0.02      T
  MONTH TO DATE    0.45                      2.29  -1.84     3.73
  SINCE DEC 1      3.95                      5.52  -1.57     6.50
  SINCE JAN 1      0.45                      2.29  -1.84     3.73

SNOWFALL (IN)
  YESTERDAY       MM
  MONTH TO DATE    T
  SINCE JUL 1      5.0

DEGREE DAYS
 HEATING
  YESTERDAY        9                        14     -5        6
  MONTH TO DATE  417                       321     96      196
  SINCE DEC 1    835                       732    103      515
  SINCE JUL 1    982                       957     25      584

 COOLING
  YESTERDAY        0                         0      0        0
  MONTH TO DATE    3                         0      3       35
  SINCE DEC 1     16                        16      0       79
  SINCE JAN 1      3                         0      3       35
..................................................................


WIND (MPH)
  HIGHEST WIND SPEED    24   HIGHEST WIND DIRECTION    NW (330)
  HIGHEST GUST SPEED    29   HIGHEST GUST DIRECTION     N (340)
  AVERAGE WIND SPEED    10.4


SKY COVER
  AVERAGE SKY COVER 0.2


WEATHER CONDITIONS
 THE FOLLOWING WEATHER WAS RECORDED YESTERDAY.
  LIGHT RAIN


RELATIVE HUMIDITY (PERCENT)
 HIGHEST    87          1200 AM
 LOWEST     21           500 PM
 AVERAGE    54

..........................................................


THE COLLEGE STATION CLIMATE NORMALS FOR TODAY
                         NORMAL    RECORD    YEAR
 MAXIMUM TEMPERATURE (F)   61        86      1972
 MINIMUM TEMPERATURE (F)   41         8      1940


SUNRISE AND SUNSET
JANUARY 23 2018.......SUNRISE   721 AM CST   SUNSET   554 PM CST
JANUARY 24 2018.......SUNRISE   721 AM CST   SUNSET   555 PM CST


-  INDICATES NEGATIVE NUMBERS.
R  INDICATES RECORD WAS SET OR TIED.
MM INDICATES DATA IS MISSING.
T  INDICATES TRACE AMOUNT.




$$
