000
CDUS42 KGSP 162135
CLICLT

CLIMATE REPORT
NATIONAL WEATHER SERVICE GREENVILLE-SPARTANBURG SC
433 PM EST TUE JAN 16 2018


...................................

...THE CHARLOTTE NC CLIMATE SUMMARY FOR JANUARY 16 2018...
VALID TODAY AS OF 400 PM LOCAL TIME.

CLIMATE NORMAL PERIOD 1981 TO 2010
CLIMATE RECORD PERIOD 1878 TO 2018


WEATHER ITEM   OBSERVED TIME   RECORD YEAR NORMAL DEPARTURE LAST
                VALUE   (LST)  VALUE       VALUE  FROM      YEAR
                                                  NORMAL
..................................................................
TEMPERATURE (F)
 TODAY
  MAXIMUM         49    259 PM  74    1974  50     -1       54
  MINIMUM         18    337 AM   5    1893  29    -11       50
  AVERAGE         34                        40     -6       52

PRECIPITATION (IN)
  TODAY            0.00          1.69 1954   0.11  -0.11     0.00
  MONTH TO DATE    0.58                      1.80  -1.22     2.71
  SINCE DEC 1      2.70                      5.05  -2.35     5.62
  SINCE JAN 1      0.58                      1.80  -1.22     2.71

SNOWFALL (IN)
  TODAY            0.0          10.0  1965   0.1   -0.1      0.0
  MONTH TO DATE    0.0                       1.0   -1.0      1.1
  SINCE DEC 1      0.1                       1.3   -1.2      1.1
  SINCE JUL 1      0.1                       1.4   -1.3      1.1
  SNOW DEPTH       0

DEGREE DAYS
 HEATING
  TODAY           31                        25      6       13
  MONTH TO DATE  502                       400    102      323
  SINCE DEC 1   1114                      1101     13      948
  SINCE JUL 1   1640                      1737    -97     1366

 COOLING
  TODAY            0                         0      0        0
  MONTH TO DATE    0                         0      0        0
  SINCE DEC 1      0                         1     -1        0
  SINCE JAN 1      0                         0      0        0
..................................................................


WIND (MPH)
  HIGHEST WIND SPEED    15   HIGHEST WIND DIRECTION     S (190)
  HIGHEST GUST SPEED    18   HIGHEST GUST DIRECTION     S (180)
  AVERAGE WIND SPEED     4.3


SKY COVER
  POSSIBLE SUNSHINE  MM
  AVERAGE SKY COVER 0.3


WEATHER CONDITIONS
 THE FOLLOWING WEATHER WAS RECORDED TODAY.
  NO SIGNIFICANT WEATHER WAS OBSERVED.


RELATIVE HUMIDITY (PERCENT)
 HIGHEST    84           600 AM
 LOWEST     34           200 PM
 AVERAGE    59

..........................................................


THE CHARLOTTE NC CLIMATE NORMALS FOR TOMORROW
                         NORMAL    RECORD    YEAR
 MAXIMUM TEMPERATURE (F)   51        75      1943
 MINIMUM TEMPERATURE (F)   29         5      1977


SUNRISE AND SUNSET
JANUARY 16 2018.......SUNRISE   731 AM EST   SUNSET   536 PM EST
JANUARY 17 2018.......SUNRISE   731 AM EST   SUNSET   537 PM EST


-  INDICATES NEGATIVE NUMBERS.
R  INDICATES RECORD WAS SET OR TIED.
MM INDICATES DATA IS MISSING.
T  INDICATES TRACE AMOUNT.




$$
