000
CDUS42 KGSP 302136
CLICLT

CLIMATE REPORT
NATIONAL WEATHER SERVICE GREENVILLE-SPARTANBURG SC
436 PM EST FRI JAN 30 2015


...................................

...THE CHARLOTTE NC CLIMATE SUMMARY FOR JANUARY 30 2015...
VALID TODAY AS OF 0435 PM LOCAL TIME.

CLIMATE NORMAL PERIOD 1981 TO 2010
CLIMATE RECORD PERIOD 1878 TO 2015


WEATHER ITEM   OBSERVED TIME   RECORD YEAR NORMAL DEPARTURE LAST
                VALUE   (LST)  VALUE       VALUE  FROM      YEAR
                                                  NORMAL
..................................................................
TEMPERATURE (F)
 TODAY
  MAXIMUM         49    304 PM  78    2002  52     -3       39
  MINIMUM         40    801 AM   4    1966  30     10        5
  AVERAGE         45                        41      4       22

PRECIPITATION (IN)
  TODAY            0.00          1.13 1960   0.11  -0.11     0.00
  MONTH TO DATE    2.80                      3.30  -0.50     2.91
  SINCE DEC 1      5.37                      6.55  -1.18    10.04
  SINCE JAN 1      2.80                      3.30  -0.50     2.91

SNOWFALL (IN)
  TODAY            0.0           3.9  1936   0.0    0.0      0.0
  MONTH TO DATE    0.0                       2.0   -2.0      0.9
  SINCE DEC 1      0.0                       2.3   -2.3      0.9
  SINCE JUL 1      T                         2.4   -2.4      0.9
  SNOW DEPTH       0

DEGREE DAYS
 HEATING
  TODAY           20                        24     -4       43
  MONTH TO DATE  722                       744    -22      876
  SINCE DEC 1   1312                      1445   -133     1453
  SINCE JUL 1   1970                      2081   -111     2103

 COOLING
  TODAY            0                         0      0        0
  MONTH TO DATE    0                         0      0        0
  SINCE DEC 1      0                         1     -1        8
  SINCE JAN 1      0                         0      0        0
..................................................................


WIND (MPH)
  HIGHEST WIND SPEED    26   HIGHEST WIND DIRECTION    NW (320)
  HIGHEST GUST SPEED    33   HIGHEST GUST DIRECTION    NW (310)
  AVERAGE WIND SPEED    12.7


SKY COVER
  POSSIBLE SUNSHINE  MM
  AVERAGE SKY COVER 0.3


WEATHER CONDITIONS
 THE FOLLOWING WEATHER WAS RECORDED TODAY.
  NO SIGNIFICANT WEATHER WAS OBSERVED.


RELATIVE HUMIDITY (PERCENT)
 HIGHEST    54           800 AM
 LOWEST     23           300 PM
 AVERAGE    39

..........................................................


THE CHARLOTTE NC CLIMATE NORMALS FOR TOMORROW
                         NORMAL    RECORD    YEAR
 MAXIMUM TEMPERATURE (F)   52        77      1975
 MINIMUM TEMPERATURE (F)   30         4      1966


SUNRISE AND SUNSET
JANUARY 30 2015.......SUNRISE   725 AM EST   SUNSET   550 PM EST
JANUARY 31 2015.......SUNRISE   724 AM EST   SUNSET   551 PM EST


-  INDICATES NEGATIVE NUMBERS.
R  INDICATES RECORD WAS SET OR TIED.
MM INDICATES DATA IS MISSING.
T  INDICATES TRACE AMOUNT.

$$

OUTLAW
