000
CDUS42 KGSP 220635
CLICLT

CLIMATE REPORT
NATIONAL WEATHER SERVICE GREENVILLE-SPARTANBURG SC
135 AM EST SUN JAN 22 2017


...................................

...THE CHARLOTTE NC CLIMATE SUMMARY FOR JANUARY 21 2017...

CLIMATE NORMAL PERIOD 1981 TO 2010
CLIMATE RECORD PERIOD 1878 TO 2017


WEATHER ITEM   OBSERVED TIME   RECORD YEAR NORMAL DEPARTURE LAST
                VALUE   (LST)  VALUE       VALUE  FROM      YEAR
                                                  NORMAL
..................................................................
TEMPERATURE (F)
 YESTERDAY
  MAXIMUM         57    201 PM  73    1935  51      6       49
  MINIMUM         53    843 AM  -5    1985  30     23       22
  AVERAGE         55                        40     15       36

PRECIPITATION (IN)
  YESTERDAY        0.99          2.28 1993   0.11   0.88      T
  MONTH TO DATE    3.79                      2.35   1.44     1.40
  SINCE DEC 1      6.70                      5.60   1.10    10.10
  SINCE JAN 1      3.79                      2.35   1.44     1.40

SNOWFALL (IN)
  YESTERDAY        0.0           0.5  1983   0.1   -0.1      0.0
  MONTH TO DATE    1.1                       1.4   -0.3       T
  SINCE DEC 1      1.1                       1.7   -0.6       T
  SINCE JUL 1      1.1                       1.8   -0.7       T
  SNOW DEPTH       0

DEGREE DAYS
 HEATING
  YESTERDAY       10                        25    -15       29
  MONTH TO DATE  370                       525   -155      545
  SINCE DEC 1    995                      1226   -231      846
  SINCE JUL 1   1413                      1862   -449     1312

 COOLING
  YESTERDAY        0                         0      0        0
  MONTH TO DATE    0                         0      0        0
  SINCE DEC 1      0                         1     -1       12
  SINCE JAN 1      0                         0      0        0
..................................................................


WIND (MPH)
  HIGHEST WIND SPEED    15   HIGHEST WIND DIRECTION    NE (60)
  HIGHEST GUST SPEED    20   HIGHEST GUST DIRECTION     E (70)
  AVERAGE WIND SPEED     5.2


SKY COVER
  POSSIBLE SUNSHINE  MM
  AVERAGE SKY COVER 1.0


WEATHER CONDITIONS
 THE FOLLOWING WEATHER WAS RECORDED YESTERDAY.
  RAIN
  LIGHT RAIN
  FOG
  FOG W/VISIBILITY <= 1/4 MILE


RELATIVE HUMIDITY (PERCENT)
 HIGHEST   100           200 AM
 LOWEST     86          1200 PM
 AVERAGE    93

..........................................................


THE CHARLOTTE NC CLIMATE NORMALS FOR TODAY
                         NORMAL    RECORD    YEAR
 MAXIMUM TEMPERATURE (F)   51        74      1937
 MINIMUM TEMPERATURE (F)   30         5      1970


SUNRISE AND SUNSET
JANUARY 22 2017.......SUNRISE   729 AM EST   SUNSET   542 PM EST
JANUARY 23 2017.......SUNRISE   729 AM EST   SUNSET   543 PM EST


-  INDICATES NEGATIVE NUMBERS.
R  INDICATES RECORD WAS SET OR TIED.
MM INDICATES DATA IS MISSING.
T  INDICATES TRACE AMOUNT.

$$

OUTLAW
