000
CDUS42 KGSP 240632
CLICLT

CLIMATE REPORT
NATIONAL WEATHER SERVICE GREENVILLE-SPARTANBURG SC
230 AM EDT THU APR 24 2014


...................................

...THE CHARLOTTE NC CLIMATE SUMMARY FOR APRIL 23 2014...

CLIMATE NORMAL PERIOD 1981 TO 2010
CLIMATE RECORD PERIOD 1878 TO 2014


WEATHER ITEM   OBSERVED TIME   RECORD YEAR NORMAL DEPARTURE LAST
                VALUE   (LST)  VALUE       VALUE  FROM      YEAR
                                                  NORMAL
..................................................................
TEMPERATURE (F)
 YESTERDAY
  MAXIMUM         77    437 PM  91    1980  74      3       69
                                      1963
                                      1960
  MINIMUM         50    600 AM  35    1986  49      1       46
  AVERAGE         64                        61      3       58

PRECIPITATION (IN)
  YESTERDAY        0.00          1.58 1883   0.11  -0.11     0.00
  MONTH TO DATE    6.43                      2.36   4.07     1.83
  SINCE MAR 1     10.91                      6.37   4.54     5.27
  SINCE JAN 1     17.83                     13.10   4.73    13.02

SNOWFALL (IN)
  YESTERDAY        0.0           0.0    MM   0.0    0.0      0.0
  MONTH TO DATE    0.0                       0.0    0.0      0.0
  SINCE MAR 1      T                         0.6   -0.6       T
  SINCE JUL 1      9.3                       4.3    5.0      2.7
  SNOW DEPTH       0

DEGREE DAYS
 HEATING
  YESTERDAY        1                         5     -4        7
  MONTH TO DATE  139                       169    -30      133
  SINCE MAR 1    680                       602     78      714
  SINCE JUL 1   3356                      3301     55     3119

 COOLING
  YESTERDAY        0                         1     -1        0
  MONTH TO DATE   22                        22      0       40
  SINCE MAR 1     22                        27     -5       43
  SINCE JAN 1     23                        27     -4       43
..................................................................


WIND (MPH)
  HIGHEST WIND SPEED    15   HIGHEST WIND DIRECTION     N (340)
  HIGHEST GUST SPEED    22   HIGHEST GUST DIRECTION    NE (30)
  AVERAGE WIND SPEED     6.6


SKY COVER
  POSSIBLE SUNSHINE  MM
  AVERAGE SKY COVER 0.0


WEATHER CONDITIONS
 THE FOLLOWING WEATHER WAS RECORDED YESTERDAY.
  FOG


RELATIVE HUMIDITY (PERCENT)
 HIGHEST   100           200 AM
 LOWEST     15           400 PM
 AVERAGE    58

..........................................................


THE CHARLOTTE NC CLIMATE NORMALS FOR TODAY
                         NORMAL    RECORD    YEAR
 MAXIMUM TEMPERATURE (F)   74        96      1925
 MINIMUM TEMPERATURE (F)   49        36      1893


SUNRISE AND SUNSET
APRIL 24 2014.........SUNRISE   640 AM EDT   SUNSET   804 PM EDT
APRIL 25 2014.........SUNRISE   639 AM EDT   SUNSET   805 PM EDT


-  INDICATES NEGATIVE NUMBERS.
R  INDICATES RECORD WAS SET OR TIED.
MM INDICATES DATA IS MISSING.
T  INDICATES TRACE AMOUNT.




$$
