000
CDUS42 KGSP 252051 RRB
CLICLT

CLIMATE REPORT
NATIONAL WEATHER SERVICE GREENVILLE-SPARTANBURG SC
449 PM EDT TUE JUL 25 2017


...................................

...THE CHARLOTTE NC CLIMATE SUMMARY FOR JULY 25 2017...
VALID TODAY AS OF 400 PM LOCAL TIME.

CLIMATE NORMAL PERIOD 1981 TO 2010
CLIMATE RECORD PERIOD 1878 TO 2017


WEATHER ITEM   OBSERVED TIME   RECORD YEAR NORMAL DEPARTURE LAST
                VALUE   (LST)  VALUE       VALUE  FROM      YEAR
                                                  NORMAL
..................................................................
TEMPERATURE (F)
 TODAY
  MAXIMUM         94    259 PM 101    2010  89      5       98
  MINIMUM         73    452 AM  62    1947  68      5       76
  AVERAGE         84                        79      5       87

PRECIPITATION (IN)
  TODAY            0.00          2.34 1937   0.13  -0.13     0.00
  MONTH TO DATE    3.75                      2.87   0.88     1.55
  SINCE JUN 1      8.05                      6.61   1.44     4.37
  SINCE JAN 1     28.97                     23.57   5.40    19.66

SNOWFALL (IN)
  TODAY            0.0           0.0    MM   0.0    0.0      0.0
  MONTH TO DATE    0.0                       0.0    0.0      0.0
  SINCE JUN 1      0.0                       0.0    0.0      0.0
  SINCE JUL 1      0.0                       0.0    0.0      0.0
  SNOW DEPTH       0

DEGREE DAYS
 HEATING
  TODAY            0                         0      0        0
  MONTH TO DATE    0                         0      0        0
  SINCE JUN 1      0                         3     -3        0
  SINCE JUL 1      0                         0      0        0

 COOLING
  TODAY           19                        14      5       22
  MONTH TO DATE  424                       343     81      438
  SINCE JUN 1    756                       654    102      848
  SINCE JAN 1   1059                       817    242     1093
..................................................................


WIND (MPH)
  HIGHEST WIND SPEED    10   HIGHEST WIND DIRECTION     N (20)
  HIGHEST GUST SPEED    16   HIGHEST GUST DIRECTION    NE (60)
  AVERAGE WIND SPEED     3.3


SKY COVER
  POSSIBLE SUNSHINE  MM
  AVERAGE SKY COVER 0.8


WEATHER CONDITIONS
 THE FOLLOWING WEATHER WAS RECORDED TODAY.
  FOG
  HAZE


RELATIVE HUMIDITY (PERCENT)
 HIGHEST    94           200 AM
 LOWEST     36           300 PM
 AVERAGE    65

..........................................................


THE CHARLOTTE NC CLIMATE NORMALS FOR TOMORROW
                         NORMAL    RECORD    YEAR
 MAXIMUM TEMPERATURE (F)   89       100      2005
                                             1940
                                             1914
 MINIMUM TEMPERATURE (F)   68        60      1904


SUNRISE AND SUNSET
JULY 25 2017..........SUNRISE   628 AM EDT   SUNSET   832 PM EDT
JULY 26 2017..........SUNRISE   628 AM EDT   SUNSET   832 PM EDT


-  INDICATES NEGATIVE NUMBERS.
R  INDICATES RECORD WAS SET OR TIED.
MM INDICATES DATA IS MISSING.
T  INDICATES TRACE AMOUNT.




$$
JPT
