000
CDUS42 KGSP 200642 RRA
CLICLT

CLIMATE REPORT
NATIONAL WEATHER SERVICE GREENVILLE-SPARTANBURG SC
139 AM EST MON FEB 20 2017


...................................

...THE CHARLOTTE NC CLIMATE SUMMARY FOR FEBRUARY 19 2017...

CLIMATE NORMAL PERIOD 1981 TO 2010
CLIMATE RECORD PERIOD 1878 TO 2017


WEATHER ITEM   OBSERVED TIME   RECORD YEAR NORMAL DEPARTURE LAST
                VALUE   (LST)  VALUE       VALUE  FROM      YEAR
                                                  NORMAL
..................................................................
TEMPERATURE (F)
 YESTERDAY
  MAXIMUM         72    431 PM  76    2014  56     16       58
                                      1939
  MINIMUM         37    650 AM   8    1958  34      3       30
  AVERAGE         55                        45     10       44

PRECIPITATION (IN)
  YESTERDAY        0.00          2.08 1884   0.13  -0.13     0.00
  MONTH TO DATE    1.12                      2.16  -1.04     1.70
  SINCE DEC 1      9.75                      8.82   0.93    12.68
  SINCE JAN 1      6.84                      5.57   1.27     3.98

SNOWFALL (IN)
  YESTERDAY        0.0           1.4  1999   0.0    0.0      0.0
  MONTH TO DATE    0.0                       0.8   -0.8       T
  SINCE DEC 1      1.1                       3.2   -2.1      3.3
  SINCE JUL 1      1.1                       3.3   -2.2      3.3
  SNOW DEPTH       0

DEGREE DAYS
 HEATING
  YESTERDAY       10                        20    -10       21
  MONTH TO DATE  252                       420   -168      451
  SINCE DEC 1   1411                      1891   -480     1539
  SINCE JUL 1   1829                      2527   -698     2005

 COOLING
  YESTERDAY        0                         0      0        0
  MONTH TO DATE    5                         0      5        0
  SINCE DEC 1      5                         1      4       12
  SINCE JAN 1      5                         0      5        0
..................................................................


WIND (MPH)
  HIGHEST WIND SPEED    15   HIGHEST WIND DIRECTION     W (290)
  HIGHEST GUST SPEED    20   HIGHEST GUST DIRECTION    NW (330)
  AVERAGE WIND SPEED     5.1


SKY COVER
  POSSIBLE SUNSHINE  MM
  AVERAGE SKY COVER 0.2


WEATHER CONDITIONS
 THE FOLLOWING WEATHER WAS RECORDED YESTERDAY.
  FOG


RELATIVE HUMIDITY (PERCENT)
 HIGHEST    96           600 AM
 LOWEST     35           400 PM
 AVERAGE    66

..........................................................


THE CHARLOTTE NC CLIMATE NORMALS FOR TODAY
                         NORMAL    RECORD    YEAR
 MAXIMUM TEMPERATURE (F)   56        77      2014
 MINIMUM TEMPERATURE (F)   34         7      2015


SUNRISE AND SUNSET
FEBRUARY 20 2017......SUNRISE   704 AM EST   SUNSET   611 PM EST
FEBRUARY 21 2017......SUNRISE   703 AM EST   SUNSET   612 PM EST


-  INDICATES NEGATIVE NUMBERS.
R  INDICATES RECORD WAS SET OR TIED.
MM INDICATES DATA IS MISSING.
T  INDICATES TRACE AMOUNT.




$$

LEV
