000
CDUS42 KGSP 092130 RRA
CLICLT

CLIMATE REPORT
NATIONAL WEATHER SERVICE GREENVILLE-SPARTANBURG SC
428 PM EST TUE FEB 9 2016


...................................

...THE CHARLOTTE NC CLIMATE SUMMARY FOR FEBRUARY 9 2016...
VALID TODAY AS OF 400 PM LOCAL TIME.

CLIMATE NORMAL PERIOD 1981 TO 2010
CLIMATE RECORD PERIOD 1878 TO 2016


WEATHER ITEM   OBSERVED TIME   RECORD YEAR NORMAL DEPARTURE LAST
                VALUE   (LST)  VALUE       VALUE  FROM      YEAR
                                                  NORMAL
..................................................................
TEMPERATURE (F)
 TODAY
  MAXIMUM         42   1203 PM  77    1994  54    -12       61
  MINIMUM         30    728 AM   6    1895  32     -2       51
  AVERAGE         36                        43     -7       56

PRECIPITATION (IN)
  TODAY            0.00          1.81 1944   0.11  -0.11     0.87
  MONTH TO DATE    0.75                      0.98  -0.23     1.27
  SINCE DEC 1     11.73                      7.64   4.09     6.64
  SINCE JAN 1      3.03                      4.39  -1.36     4.07

SNOWFALL (IN)
  TODAY            0.0           6.6  1948   0.0    0.0      0.0
  MONTH TO DATE    T                         0.4   -0.4      0.0
  SINCE DEC 1      3.3                       2.8    0.5      0.0
  SINCE JUL 1      3.3                       2.9    0.4       T
  SNOW DEPTH       0

DEGREE DAYS
 HEATING
  TODAY           29                        22      7        9
  MONTH TO DATE  161                       207    -46      187
  SINCE DEC 1   1249                      1678   -429     1536
  SINCE JUL 1   1715                      2314   -599     2194

 COOLING
  TODAY            0                         0      0        0
  MONTH TO DATE    0                         0      0        0
  SINCE DEC 1     12                         1     11        0
  SINCE JAN 1      0                         0      0        0
..................................................................


WIND (MPH)
  HIGHEST WIND SPEED    18   HIGHEST WIND DIRECTION     W (270)
  HIGHEST GUST SPEED    25   HIGHEST GUST DIRECTION     W (260)
  AVERAGE WIND SPEED     8.3


SKY COVER
  POSSIBLE SUNSHINE  MM
  AVERAGE SKY COVER 0.8


WEATHER CONDITIONS
 THE FOLLOWING WEATHER WAS RECORDED TODAY.
  NO SIGNIFICANT WEATHER WAS OBSERVED.


RELATIVE HUMIDITY (PERCENT)
 HIGHEST    85          1200 AM
 LOWEST     34          1200 PM
 AVERAGE    60

..........................................................


THE CHARLOTTE NC CLIMATE NORMALS FOR TOMORROW
                         NORMAL    RECORD    YEAR
 MAXIMUM TEMPERATURE (F)   54        76      1938
 MINIMUM TEMPERATURE (F)   32         8      1934


SUNRISE AND SUNSET
FEBRUARY  9 2016......SUNRISE   717 AM EST   SUNSET   600 PM EST
FEBRUARY 10 2016......SUNRISE   716 AM EST   SUNSET   601 PM EST


-  INDICATES NEGATIVE NUMBERS.
R  INDICATES RECORD WAS SET OR TIED.
MM INDICATES DATA IS MISSING.
T  INDICATES TRACE AMOUNT.




$$
JPT
