000
CDUS42 KGSP 290635
CLICLT

CLIMATE REPORT
NATIONAL WEATHER SERVICE GREENVILLE-SPARTANBURG SC
231 AM EDT FRI APR 29 2016


...................................

...THE CHARLOTTE NC CLIMATE SUMMARY FOR APRIL 28 2016...

CLIMATE NORMAL PERIOD 1981 TO 2010
CLIMATE RECORD PERIOD 1878 TO 2016


WEATHER ITEM   OBSERVED TIME   RECORD YEAR NORMAL DEPARTURE LAST
                VALUE   (LST)  VALUE       VALUE  FROM      YEAR
                                                  NORMAL
..................................................................
TEMPERATURE (F)
 YESTERDAY
  MAXIMUM         86    151 PM  90    1943  75     11       69
  MINIMUM         64   1103 PM  36    2005  50     14       38
                                      2004
                                      1967
  AVERAGE         75                        63     12       54

PRECIPITATION (IN)
  YESTERDAY        T             2.23 2013   0.10  -0.10     0.00
  MONTH TO DATE    1.25                      2.86  -1.61     6.14
  SINCE MAR 1      2.10                      6.87  -4.77     8.33
  SINCE JAN 1      8.88                     13.60  -4.72    14.15

SNOWFALL (IN)
  YESTERDAY        0.0           T    1928   0.0    0.0      0.0
  MONTH TO DATE    0.0                       0.1   -0.1      0.0
  SINCE MAR 1      0.0                       0.7   -0.7      0.0
  SINCE JUL 1      3.3                       4.4   -1.1      3.1
  SNOW DEPTH       0

DEGREE DAYS
 HEATING
  YESTERDAY        0                         4     -4       11
  MONTH TO DATE  152                       191    -39      120
  SINCE MAR 1    383                       624   -241      456
  SINCE JUL 1   2525                      3323   -798     3227

 COOLING
  YESTERDAY       10                         2      8        0
  MONTH TO DATE   49                        32     17       56
  SINCE MAR 1     86                        37     49       63
  SINCE JAN 1     86                        37     49       63
..................................................................


WIND (MPH)
  HIGHEST WIND SPEED    23   HIGHEST WIND DIRECTION    SW (210)
  HIGHEST GUST SPEED    28   HIGHEST GUST DIRECTION     S (200)
  AVERAGE WIND SPEED     7.7


SKY COVER
  POSSIBLE SUNSHINE  MM
  AVERAGE SKY COVER 0.5


WEATHER CONDITIONS
 THE FOLLOWING WEATHER WAS RECORDED YESTERDAY.
  LIGHT RAIN


RELATIVE HUMIDITY (PERCENT)
 HIGHEST    87           700 AM
 LOWEST     44           200 PM
 AVERAGE    66

..........................................................


THE CHARLOTTE NC CLIMATE NORMALS FOR TODAY
                         NORMAL    RECORD    YEAR
 MAXIMUM TEMPERATURE (F)   75        91      1888
 MINIMUM TEMPERATURE (F)   51        33      1973


SUNRISE AND SUNSET
APRIL 29 2016.........SUNRISE   634 AM EDT   SUNSET   808 PM EDT
APRIL 30 2016.........SUNRISE   633 AM EDT   SUNSET   809 PM EDT


-  INDICATES NEGATIVE NUMBERS.
R  INDICATES RECORD WAS SET OR TIED.
MM INDICATES DATA IS MISSING.
T  INDICATES TRACE AMOUNT.

$$
