000
CDUS42 KGSP 252038
CLICLT

CLIMATE REPORT
NATIONAL WEATHER SERVICE GREENVILLE-SPARTANBURG SC
438 PM EDT MON MAY 25 2015


...................................

...THE CHARLOTTE NC CLIMATE SUMMARY FOR MAY 25 2015...
VALID TODAY AS OF 0435 PM LOCAL TIME.

CLIMATE NORMAL PERIOD 1981 TO 2010
CLIMATE RECORD PERIOD 1878 TO 2015


WEATHER ITEM   OBSERVED TIME   RECORD YEAR NORMAL DEPARTURE LAST
                VALUE   (LST)  VALUE       VALUE  FROM      YEAR
                                                  NORMAL
..................................................................
TEMPERATURE (F)
 TODAY
  MAXIMUM         85    316 PM  95    1953  81      4       81
                                      1926
  MINIMUM         59    533 AM  41    2013  59      0       59
  AVERAGE         72                        70      2       70

PRECIPITATION (IN)
  TODAY            0.00          2.24 1939   0.11  -0.11     0.00
  MONTH TO DATE    T                         2.49  -2.49     2.70
  SINCE MAR 1      8.33                      9.54  -1.21    14.52
  SINCE JAN 1     14.15                     16.27  -2.12    21.44

SNOWFALL (IN)
  TODAY            0.0           0.0    MM   0.0    0.0      0.0
  MONTH TO DATE    0.0                       0.0    0.0       T
  SINCE MAR 1      0.0                       0.6   -0.6       T
  SINCE JUL 1      3.1                       4.3   -1.2      9.3
  SNOW DEPTH       0

DEGREE DAYS
 HEATING
  TODAY            0                         1     -1        0
  MONTH TO DATE   15                        49    -34       35
  SINCE MAR 1    483                       682   -199      721
  SINCE JUL 1   3254                      3381   -127     3397

 COOLING
  TODAY            7                         6      1        5
  MONTH TO DATE  156                        87     69      129
  SINCE MAR 1    219                       124     95      167
  SINCE JAN 1    219                       124     95      168
..................................................................


WIND (MPH)
  HIGHEST WIND SPEED    14   HIGHEST WIND DIRECTION     S (170)
  HIGHEST GUST SPEED    17   HIGHEST GUST DIRECTION     S (190)
  AVERAGE WIND SPEED     5.0


SKY COVER
  POSSIBLE SUNSHINE  MM
  AVERAGE SKY COVER 0.3


WEATHER CONDITIONS
 THE FOLLOWING WEATHER WAS RECORDED TODAY.
  NO SIGNIFICANT WEATHER WAS OBSERVED.


RELATIVE HUMIDITY (PERCENT)
 HIGHEST    78           500 AM
 LOWEST     36          1200 PM
 AVERAGE    57

..........................................................


THE CHARLOTTE NC CLIMATE NORMALS FOR TOMORROW
                         NORMAL    RECORD    YEAR
 MAXIMUM TEMPERATURE (F)   81        96      1926
 MINIMUM TEMPERATURE (F)   59        45      1979


SUNRISE AND SUNSET
MAY 25 2015...........SUNRISE   614 AM EDT   SUNSET   828 PM EDT
MAY 26 2015...........SUNRISE   613 AM EDT   SUNSET   829 PM EDT


-  INDICATES NEGATIVE NUMBERS.
R  INDICATES RECORD WAS SET OR TIED.
MM INDICATES DATA IS MISSING.
T  INDICATES TRACE AMOUNT.

$$

OUTLAW
