000
CDUS46 KLOX 200916
CLICMA


CLIMATE REPORT
NATIONAL WEATHER SERVICE LOS ANGELES/OXNARD CA
108 AM PST FRI JAN 20 2017


...................................

...THE CAMARILLO AIRPORT CA CLIMATE SUMMARY FOR JANUARY 19 2017...

CLIMATE NORMAL PERIOD 1981 TO 2010
CLIMATE RECORD PERIOD 1948 TO 2017


WEATHER ITEM   OBSERVED TIME   RECORD YEAR NORMAL DEPARTURE LAST
                VALUE   (LST)  VALUE       VALUE  FROM      YEAR
                                                  NORMAL
..................................................................
TEMPERATURE (F)
 YESTERDAY
  MAXIMUM         61    129 PM  88    1971  66     -5       61
  MINIMUM         52   1121 PM  33    2007  43      9       51
  AVERAGE         57                        54      3       56

PRECIPITATION (IN)
  YESTERDAY        1.03          2.43 1969   0.11   0.92     0.14
  MONTH TO DATE    4.24                      2.53   1.71     2.26
  SINCE OCT 1      8.90                      6.53   2.37     2.82
  SINCE JAN 1      4.24                      2.53   1.71     2.26

SNOWFALL (IN)
  YESTERDAY        0.0
  MONTH TO DATE    0.0
  SINCE DEC 1      0.0
  SINCE JUL 1      0.0

DEGREE DAYS
 HEATING
  YESTERDAY        8                        11     -3        9
  MONTH TO DATE  198                       209    -11      192
  SINCE DEC 1    464                       558    -94      470
  SINCE JUL 1    627                       890   -263      615

 COOLING
  YESTERDAY        0                         0      0        0
  MONTH TO DATE    0                         0      0        0
  SINCE DEC 1      5                         2      3        4
  SINCE JAN 1      0                         0      0        0
..................................................................


WIND (MPH)
  HIGHEST WIND SPEED    23   HIGHEST WIND DIRECTION     W (260)
  HIGHEST GUST SPEED    28   HIGHEST GUST DIRECTION     W (270)
  AVERAGE WIND SPEED    10.1


SKY COVER
  POSSIBLE SUNSHINE  MM
  AVERAGE SKY COVER 0.4


WEATHER CONDITIONS
 THE FOLLOWING WEATHER WAS RECORDED YESTERDAY.
  HEAVY RAIN
  RAIN
  LIGHT RAIN
  FOG


RELATIVE HUMIDITY (PERCENT)
 HIGHEST   100           200 AM
 LOWEST     64          1200 PM
 AVERAGE    82

..........................................................


THE CAMARILLO AIRPORT CA CLIMATE NORMALS FOR TODAY
                         NORMAL    RECORD    YEAR
 MAXIMUM TEMPERATURE (F)   66        88      1968
 MINIMUM TEMPERATURE (F)   43        30      1963


SUNRISE AND SUNSET
JANUARY 20 2017.......SUNRISE   700 AM PST   SUNSET   515 PM PST
JANUARY 21 2017.......SUNRISE   700 AM PST   SUNSET   516 PM PST


-  INDICATES NEGATIVE NUMBERS.
R  INDICATES RECORD WAS SET OR TIED.
MM INDICATES DATA IS MISSING.
T  INDICATES TRACE AMOUNT.




$$
