000
CDUS46 KLOX 170113
CLICMA


CLIMATE REPORT
NATIONAL WEATHER SERVICE LOS ANGELES/OXNARD CA
612 PM PDT WED APR 16 2014


...................................

...THE CAMARILLO CLIMATE SUMMARY FOR APRIL 16 2014...
VALID TODAY AS OF 0600 PM LOCAL TIME.

CLIMATE NORMAL PERIOD 1981 TO 2010
CLIMATE RECORD PERIOD 1948 TO 2014


WEATHER ITEM   OBSERVED TIME   RECORD YEAR NORMAL DEPARTURE LAST
                VALUE   (LST)  VALUE       VALUE  FROM      YEAR
                                                  NORMAL
..................................................................
TEMPERATURE (F)
 TODAY
  MAXIMUM         68    123 PM  88    1999  69     -1       67
  MINIMUM         50    554 AM  36    2009  48      2       45
  AVERAGE         59                        58      1       56

PRECIPITATION (IN)
  TODAY            0.00          0.50 1978   0.03  -0.03     0.00
  MONTH TO DATE    0.05                      0.33  -0.28     0.00
  SINCE JUL 1      5.00                     14.40  -9.40     4.78
  SINCE JAN 1      4.18                     10.16  -5.98     2.07

SNOWFALL (IN)
  TODAY            0.0
  MONTH TO DATE    0.0
  SINCE MAR 1      0.0
  SINCE JUL 1      0.0

DEGREE DAYS
 HEATING
  TODAY            6                         7     -1        9
  MONTH TO DATE   99                       117    -18       59
  SINCE MAR 1    250                       394   -144      261
  SINCE JUL 1   1203                      1730   -527     1401

 COOLING
  TODAY            0                         0      0        0
  MONTH TO DATE    2                         0      2        0
  SINCE MAR 1     14                         4     10        4
  SINCE JAN 1     42                        13     29       24
..................................................................


WIND (MPH)
  HIGHEST WIND SPEED    13   HIGHEST WIND DIRECTION    SW (220)
  HIGHEST GUST SPEED    17   HIGHEST GUST DIRECTION    SW (220)
  AVERAGE WIND SPEED     4.7


SKY COVER
  POSSIBLE SUNSHINE  MM
  AVERAGE SKY COVER 0.1


WEATHER CONDITIONS
 THE FOLLOWING WEATHER WAS RECORDED TODAY.
  FOG
  HAZE


RELATIVE HUMIDITY (PERCENT)
 HIGHEST    93           200 AM
 LOWEST     63          1200 PM
 AVERAGE    78

..........................................................


THE CAMARILLO CLIMATE NORMALS FOR TOMORROW
                         NORMAL    RECORD    YEAR
 MAXIMUM TEMPERATURE (F)   69        85      1999
 MINIMUM TEMPERATURE (F)   48        40      2009
                                             1976


SUNRISE AND SUNSET
APRIL 16 2014.........SUNRISE   624 AM PDT   SUNSET   729 PM PDT
APRIL 17 2014.........SUNRISE   623 AM PDT   SUNSET   730 PM PDT


-  INDICATES NEGATIVE NUMBERS.
R  INDICATES RECORD WAS SET OR TIED.
MM INDICATES DATA IS MISSING.
T  INDICATES TRACE AMOUNT.




$$
