000
CDUS46 KLOX 250909
CLICMA


CLIMATE REPORT
NATIONAL WEATHER SERVICE LOS ANGELES/OXNARD CA
208 AM PDT MON MAY 25 2015


...................................

...THE CAMARILLO AIRPORT CA CLIMATE SUMMARY FOR MAY 24 2015...

CLIMATE NORMAL PERIOD 1981 TO 2010
CLIMATE RECORD PERIOD 1948 TO 2015


WEATHER ITEM   OBSERVED TIME   RECORD YEAR NORMAL DEPARTURE LAST
                VALUE   (LST)  VALUE       VALUE  FROM      YEAR
                                                  NORMAL
..................................................................
TEMPERATURE (F)
 YESTERDAY
  MAXIMUM         70   1206 PM  79    2006  71     -1       68
  MINIMUM         50    433 AM  42    1960  53     -3       59
  AVERAGE         60                        62     -2       64

PRECIPITATION (IN)
  YESTERDAY        0.00          0.11 1993   0.00   0.00     0.00
  MONTH TO DATE    0.22                      0.30  -0.08     0.01
  SINCE OCT 1      8.35                     14.92  -6.57     4.97
  SINCE JAN 1      3.44                     10.92  -7.48     4.19

SNOWFALL (IN)
  YESTERDAY        0.0
  MONTH TO DATE    0.0
  SINCE MAR 1      0.0
  SINCE JUL 1      0.0

DEGREE DAYS
 HEATING
  YESTERDAY        5                         3      2        1
  MONTH TO DATE   94                       103     -9       53
  SINCE MAR 1    302                       587   -285      349
  SINCE JUL 1    959                      1923   -964     1302

 COOLING
  YESTERDAY        0                         0      0        0
  MONTH TO DATE    1                         0      1       78
  SINCE MAR 1     70                        11     59      112
  SINCE JAN 1    109                        20     89      140
..................................................................


WIND (MPH)
  HIGHEST WIND SPEED    16   HIGHEST WIND DIRECTION    SW (210)
  HIGHEST GUST SPEED    21   HIGHEST GUST DIRECTION     S (190)
  AVERAGE WIND SPEED     4.7


SKY COVER
  POSSIBLE SUNSHINE  MM
  AVERAGE SKY COVER 0.3


WEATHER CONDITIONS
 THE FOLLOWING WEATHER WAS RECORDED YESTERDAY.
  NO SIGNIFICANT WEATHER WAS OBSERVED.


RELATIVE HUMIDITY (PERCENT)
 HIGHEST    83           300 AM
 LOWEST     53          1100 AM
 AVERAGE    68

..........................................................


THE CAMARILLO AIRPORT CA CLIMATE NORMALS FOR TODAY
                         NORMAL    RECORD    YEAR
 MAXIMUM TEMPERATURE (F)   71        81      1968
 MINIMUM TEMPERATURE (F)   53        43      1980


SUNRISE AND SUNSET
MAY 25 2015...........SUNRISE   548 AM PDT   SUNSET   758 PM PDT
MAY 26 2015...........SUNRISE   548 AM PDT   SUNSET   759 PM PDT


-  INDICATES NEGATIVE NUMBERS.
R  INDICATES RECORD WAS SET OR TIED.
MM INDICATES DATA IS MISSING.
T  INDICATES TRACE AMOUNT.




$$
