000
CDUS46 KLOX 010129
CLICMA


CLIMATE REPORT
NATIONAL WEATHER SERVICE LOS ANGELES/OXNARD CA
629 PM PDT TUE MAY 31 2016


...................................

...THE CAMARILLO CLIMATE SUMMARY FOR MAY 31 2016...
VALID TODAY AS OF 0600 PM LOCAL TIME.

CLIMATE NORMAL PERIOD 1981 TO 2010
CLIMATE RECORD PERIOD 1948 TO 2016


WEATHER ITEM   OBSERVED TIME   RECORD YEAR NORMAL DEPARTURE LAST
                VALUE   (LST)  VALUE       VALUE  FROM      YEAR
                                                  NORMAL
..................................................................
TEMPERATURE (F)
 TODAY
  MAXIMUM         69    119 PM  80    2004  71     -2       70
  MINIMUM         57    200 AM  44    1949  54      3       56
  AVERAGE         63                        63      0       63

PRECIPITATION (IN)
  TODAY            0.00          0.01 1969   0.00   0.00     0.00
  MONTH TO DATE    T                         0.31  -0.31     0.22
  SINCE OCT 1      5.98                     14.93  -8.95     8.35
  SINCE JAN 1      5.42                     10.93  -5.51     3.44

SNOWFALL (IN)
  TODAY            0.0
  MONTH TO DATE    0.0
  SINCE MAR 1      0.0
  SINCE JUL 1      0.0

DEGREE DAYS
 HEATING
  TODAY            2                         3     -1        2
  MONTH TO DATE   85                       124    -39      109
  SINCE MAR 1    379                       607   -228      317
  SINCE JUL 1   1196                      1943   -747      974

 COOLING
  TODAY            0                         0      0        0
  MONTH TO DATE    0                        11    -11        1
  SINCE MAR 1     13                        22     -9       70
  SINCE JAN 1     71                        31     40      109
..................................................................


WIND (MPH)
  HIGHEST WIND SPEED    15   HIGHEST WIND DIRECTION    SW (230)
  HIGHEST GUST SPEED    20   HIGHEST GUST DIRECTION    SW (220)
  AVERAGE WIND SPEED     5.7


SKY COVER
  POSSIBLE SUNSHINE  MM
  AVERAGE SKY COVER 0.8


WEATHER CONDITIONS
 THE FOLLOWING WEATHER WAS RECORDED TODAY.
  HAZE


RELATIVE HUMIDITY (PERCENT)
 HIGHEST    87           500 AM
 LOWEST     61          1200 PM
 AVERAGE    74

..........................................................


THE CAMARILLO CLIMATE NORMALS FOR TOMORROW
                         NORMAL    RECORD    YEAR
 MAXIMUM TEMPERATURE (F)   71        79      2013
 MINIMUM TEMPERATURE (F)   55        42      1955


SUNRISE AND SUNSET
MAY 31 2016...........SUNRISE   546 AM PDT   SUNSET   803 PM PDT
JUNE  1 2016..........SUNRISE   545 AM PDT   SUNSET   803 PM PDT


-  INDICATES NEGATIVE NUMBERS.
R  INDICATES RECORD WAS SET OR TIED.
MM INDICATES DATA IS MISSING.
T  INDICATES TRACE AMOUNT.




$$
