000
CDUS46 KLOX 160910
CLICMA


CLIMATE REPORT
NATIONAL WEATHER SERVICE LOS ANGELES/OXNARD CA
210 AM PDT TUE SEP 16 2014


...................................

...THE CAMARILLO AIRPORT CA CLIMATE SUMMARY FOR SEPTEMBER 15 2014...

CLIMATE NORMAL PERIOD 1981 TO 2010
CLIMATE RECORD PERIOD 1948 TO 2014


WEATHER ITEM   OBSERVED TIME   RECORD YEAR NORMAL DEPARTURE LAST
                VALUE   (LST)  VALUE       VALUE  FROM      YEAR
                                                  NORMAL
..................................................................
TEMPERATURE (F)
 YESTERDAY
  MAXIMUM         90R   234 PM  90    2012  77     13       79
  MINIMUM         69    500 AM  46    1952  57     12       58
  AVERAGE         80                        67     13       69

PRECIPITATION (IN)
  YESTERDAY        0.00          0.02 1976   0.00   0.00     0.00
  MONTH TO DATE    T                         0.05  -0.05     0.00
  SINCE JUL 1      0.03                      0.11  -0.08     0.04
  SINCE JAN 1      4.22                     11.09  -6.87     2.19

SNOWFALL (IN)
  YESTERDAY        0.0
  MONTH TO DATE    0.0
  SINCE SEP 1      0.0
  SINCE JUL 1      0.0

DEGREE DAYS
 HEATING
  YESTERDAY        0                         0      0        0
  MONTH TO DATE    0                         0      0        0
  SINCE SEP 1      0                         0      0        0
  SINCE JUL 1      0                        15    -15        3

 COOLING
  YESTERDAY       15                         2     13        4
  MONTH TO DATE  140                        43     97       89
  SINCE SEP 1    140                        43     97       89
  SINCE JAN 1    777                       255    522      558
..................................................................


WIND (MPH)
  HIGHEST WIND SPEED    10   HIGHEST WIND DIRECTION    SW (230)
  HIGHEST GUST SPEED    15   HIGHEST GUST DIRECTION     W (250)
  AVERAGE WIND SPEED     4.1


SKY COVER
  POSSIBLE SUNSHINE  MM
  AVERAGE SKY COVER 0.0


WEATHER CONDITIONS
 THE FOLLOWING WEATHER WAS RECORDED YESTERDAY.
  HAZE


RELATIVE HUMIDITY (PERCENT)
 HIGHEST    78           600 AM
 LOWEST     41          1200 PM
 AVERAGE    60

..........................................................


THE CAMARILLO AIRPORT CA CLIMATE NORMALS FOR TODAY
                         NORMAL    RECORD    YEAR
 MAXIMUM TEMPERATURE (F)   77        91      1958
 MINIMUM TEMPERATURE (F)   57        47      1970


SUNRISE AND SUNSET
SEPTEMBER 16 2014.....SUNRISE   640 AM PDT   SUNSET   701 PM PDT
SEPTEMBER 17 2014.....SUNRISE   641 AM PDT   SUNSET   700 PM PDT


-  INDICATES NEGATIVE NUMBERS.
R  INDICATES RECORD WAS SET OR TIED.
MM INDICATES DATA IS MISSING.
T  INDICATES TRACE AMOUNT.




$$
