000
CDUS46 KLOX 270111
CLICMA


CLIMATE REPORT
NATIONAL WEATHER SERVICE LOS ANGELES/OXNARD CA
511 PM PST FRI DEC 26 2014


...................................

...THE CAMARILLO CLIMATE SUMMARY FOR DECEMBER 26 2014...
VALID TODAY AS OF 0500 PM LOCAL TIME.

CLIMATE NORMAL PERIOD 1981 TO 2010
CLIMATE RECORD PERIOD 1948 TO 2014


WEATHER ITEM   OBSERVED TIME   RECORD YEAR NORMAL DEPARTURE LAST
                VALUE   (LST)  VALUE       VALUE  FROM      YEAR
                                                  NORMAL
..................................................................
TEMPERATURE (F)
 TODAY
  MAXIMUM         63    337 PM  82    2013  65     -2       82
  MINIMUM         42    114 AM  31    1954  43     -1       47
  AVERAGE         53                        54     -1       65

PRECIPITATION (IN)
  TODAY            0.00          0.94 1971   0.11  -0.11     0.00
  MONTH TO DATE    4.08                      1.37   2.71     0.22
  SINCE JUL 1      4.94                      3.55   1.39     0.82
  SINCE JAN 1      9.13                     14.53  -5.40     2.97

SNOWFALL (IN)
  TODAY            0.0
  MONTH TO DATE    0.0
  SINCE DEC 1      0.0
  SINCE JUL 1      0.0

DEGREE DAYS
 HEATING
  TODAY           12                        11      1        0
  MONTH TO DATE  150                       295   -145      245
  SINCE DEC 1    150                       295   -145      245
  SINCE JUL 1    237                       627   -390      469

 COOLING
  TODAY            0                         0      0        0
  MONTH TO DATE    4                         0      4       21
  SINCE DEC 1      4                         0      4       21
  SINCE JAN 1   1013                       330    683      655
..................................................................


WIND (MPH)
  HIGHEST WIND SPEED    30   HIGHEST WIND DIRECTION     E (70)
  HIGHEST GUST SPEED    36   HIGHEST GUST DIRECTION    NE (60)
  AVERAGE WIND SPEED    14.5


SKY COVER
  POSSIBLE SUNSHINE  MM
  AVERAGE SKY COVER 0.0


WEATHER CONDITIONS
 THE FOLLOWING WEATHER WAS RECORDED TODAY.
  NO SIGNIFICANT WEATHER WAS OBSERVED.


RELATIVE HUMIDITY (PERCENT)
 HIGHEST    57           100 AM
 LOWEST     14           100 PM
 AVERAGE    36

..........................................................


THE CAMARILLO CLIMATE NORMALS FOR TOMORROW
                         NORMAL    RECORD    YEAR
 MAXIMUM TEMPERATURE (F)   65        84      2013
 MINIMUM TEMPERATURE (F)   43        29      1966


SUNRISE AND SUNSET
DECEMBER 26 2014......SUNRISE   701 AM PST   SUNSET   453 PM PST
DECEMBER 27 2014......SUNRISE   701 AM PST   SUNSET   454 PM PST


-  INDICATES NEGATIVE NUMBERS.
R  INDICATES RECORD WAS SET OR TIED.
MM INDICATES DATA IS MISSING.
T  INDICATES TRACE AMOUNT.




$$
