000
CDUS46 KLOX 230919
CLICMA


CLIMATE REPORT
NATIONAL WEATHER SERVICE LOS ANGELES/OXNARD CA
219 AM PDT TUE MAY 23 2017


...................................

...THE CAMARILLO AIRPORT CA CLIMATE SUMMARY FOR MAY 22 2017...

CLIMATE NORMAL PERIOD 1981 TO 2010
CLIMATE RECORD PERIOD 1948 TO 2017


WEATHER ITEM   OBSERVED TIME   RECORD YEAR NORMAL DEPARTURE LAST
                VALUE   (LST)  VALUE       VALUE  FROM      YEAR
                                                  NORMAL
..................................................................
TEMPERATURE (F)
 YESTERDAY
  MAXIMUM         71   1106 AM  85    2005  71      0       71
  MINIMUM         57   1159 PM  36    1933  53      4       49
  AVERAGE         64                        62      2       60

PRECIPITATION (IN)
  YESTERDAY        0.00          0.24 2006   0.01  -0.01     0.00
  MONTH TO DATE    0.08                      0.30  -0.22      T
  SINCE OCT 1     19.44                     14.92   4.52     5.98
  SINCE JAN 1     14.78                     10.92   3.86     5.42

SNOWFALL (IN)
  YESTERDAY        0.0
  MONTH TO DATE    0.0
  SINCE MAR 1      0.0
  SINCE JUL 1      0.0

DEGREE DAYS
 HEATING
  YESTERDAY        1                         3     -2        5
  MONTH TO DATE   67                        97    -30       61
  SINCE MAR 1    326                       581   -255      355
  SINCE JUL 1   1314                      1917   -603     1172

 COOLING
  YESTERDAY        0                         0      0        0
  MONTH TO DATE   19                         0     19        0
  SINCE MAR 1     39                        11     28       13
  SINCE JAN 1     40                        20     20       71
..................................................................


WIND (MPH)
  HIGHEST WIND SPEED    13   HIGHEST WIND DIRECTION     W (260)
  HIGHEST GUST SPEED    17   HIGHEST GUST DIRECTION    SW (230)
  AVERAGE WIND SPEED     4.6


SKY COVER
  POSSIBLE SUNSHINE  MM
  AVERAGE SKY COVER 0.4


WEATHER CONDITIONS
 THE FOLLOWING WEATHER WAS RECORDED YESTERDAY.
  FOG
  HAZE


RELATIVE HUMIDITY (PERCENT)
 HIGHEST    93           100 AM
 LOWEST     61           100 PM
 AVERAGE    77

..........................................................


THE CAMARILLO AIRPORT CA CLIMATE NORMALS FOR TODAY
                         NORMAL    RECORD    YEAR
 MAXIMUM TEMPERATURE (F)   71        85      1930
 MINIMUM TEMPERATURE (F)   53        38      1960
                                             1927


SUNRISE AND SUNSET
MAY 23 2017...........SUNRISE   549 AM PDT   SUNSET   757 PM PDT
MAY 24 2017...........SUNRISE   549 AM PDT   SUNSET   758 PM PDT


-  INDICATES NEGATIVE NUMBERS.
R  INDICATES RECORD WAS SET OR TIED.
MM INDICATES DATA IS MISSING.
T  INDICATES TRACE AMOUNT.




$$
