000
CDUS46 KLOX 240902
CLICMA


CLIMATE REPORT
NATIONAL WEATHER SERVICE LOS ANGELES/OXNARD CA
102 AM PST SAT FEB 24 2018


...................................

...THE CAMARILLO AIRPORT CA CLIMATE SUMMARY FOR FEBRUARY 23 2018...

CLIMATE NORMAL PERIOD 1981 TO 2010
CLIMATE RECORD PERIOD 1923 TO 2018


WEATHER ITEM   OBSERVED TIME   RECORD YEAR NORMAL DEPARTURE LAST
                VALUE   (LST)  VALUE       VALUE  FROM      YEAR
                                                  NORMAL
..................................................................
TEMPERATURE (F)
 YESTERDAY
  MAXIMUM         63    340 PM  89    1954  65     -2       60
  MINIMUM         36    644 AM  31    1960  43     -7       40
  AVERAGE         50                        54     -4       50

PRECIPITATION (IN)
  YESTERDAY        0.00          2.03 1998   0.15  -0.15     0.00
  MONTH TO DATE    0.12                      3.03  -2.91     5.92
  SINCE OCT 1      1.21                     10.50  -9.29    18.83
  SINCE JAN 1      1.14                      6.50  -5.36    14.17

SNOWFALL (IN)
  YESTERDAY        0.0
  MONTH TO DATE    0.0
  SINCE DEC 1      0.0
  SINCE JUL 1      0.0

DEGREE DAYS
 HEATING
  YESTERDAY       15                        11      4       15
  MONTH TO DATE  172                       263    -91      165
  SINCE DEC 1    511                       950   -439      751
  SINCE JUL 1    598                      1282   -684      914

 COOLING
  YESTERDAY        0                         0      0        0
  MONTH TO DATE    3                         0      3        0
  SINCE DEC 1     69                         9     60        6
  SINCE JAN 1     42                         7     35        1
..................................................................


WIND (MPH)
  HIGHEST WIND SPEED    23   HIGHEST WIND DIRECTION     E (70)
  HIGHEST GUST SPEED    28   HIGHEST GUST DIRECTION     W (260)
  AVERAGE WIND SPEED     9.0


SKY COVER
  POSSIBLE SUNSHINE  MM
  AVERAGE SKY COVER 0.0


WEATHER CONDITIONS
 THE FOLLOWING WEATHER WAS RECORDED YESTERDAY.
  NO SIGNIFICANT WEATHER WAS OBSERVED.


RELATIVE HUMIDITY (PERCENT)
 HIGHEST    76           700 AM
 LOWEST     16           300 PM
 AVERAGE    46

..........................................................


THE CAMARILLO AIRPORT CA CLIMATE NORMALS FOR TODAY
                         NORMAL    RECORD    YEAR
 MAXIMUM TEMPERATURE (F)   65        84      2016
 MINIMUM TEMPERATURE (F)   43        34      1964
                                             1953


SUNRISE AND SUNSET
FEBRUARY 24 2018......SUNRISE   631 AM PST   SUNSET   548 PM PST
FEBRUARY 25 2018......SUNRISE   630 AM PST   SUNSET   549 PM PST


-  INDICATES NEGATIVE NUMBERS.
R  INDICATES RECORD WAS SET OR TIED.
MM INDICATES DATA IS MISSING.
T  INDICATES TRACE AMOUNT.




$$
