000
CDUS46 KLOX 070111
CLICMA


CLIMATE REPORT
NATIONAL WEATHER SERVICE LOS ANGELES/OXNARD CA
611 PM PDT MON JUL 6 2015


...................................

...THE CAMARILLO CLIMATE SUMMARY FOR JULY 6 2015...
VALID TODAY AS OF 0600 PM LOCAL TIME.

CLIMATE NORMAL PERIOD 1981 TO 2010
CLIMATE RECORD PERIOD 1948 TO 2015


WEATHER ITEM   OBSERVED TIME   RECORD YEAR NORMAL DEPARTURE LAST
                VALUE   (LST)  VALUE       VALUE  FROM      YEAR
                                                  NORMAL
..................................................................
TEMPERATURE (F)
 TODAY
  MAXIMUM         73    224 PM  87    2011  75     -2       83
  MINIMUM         62    736 AM  44    1948  58      4       63
  AVERAGE         68                        66      2       73

PRECIPITATION (IN)
  TODAY            0.00          T    2001   0.00   0.00     0.00
  MONTH TO DATE    0.00                      0.00   0.00     0.00
  SINCE OCT 1      8.43                     14.98  -6.55     4.97
  SINCE JAN 1      3.52                     10.98  -7.46     4.19

SNOWFALL (IN)
  TODAY            0.0
  MONTH TO DATE    0.0
  SINCE JUN 1      0.0
  SINCE JUL 1      0.0

DEGREE DAYS
 HEATING
  TODAY            0                         0      0        0
  MONTH TO DATE    0                         1     -1        0
  SINCE JUN 1      4                        44    -40       12
  SINCE JUL 1      0                         1     -1        0

 COOLING
  TODAY            3                         2      1        8
  MONTH TO DATE   26                        12     14       38
  SINCE JUN 1     86                        35     51       83
  SINCE JAN 1    195                        66    129      231
..................................................................


WIND (MPH)
  HIGHEST WIND SPEED    14   HIGHEST WIND DIRECTION    SW (240)
  HIGHEST GUST SPEED    18   HIGHEST GUST DIRECTION     W (260)
  AVERAGE WIND SPEED     6.0


SKY COVER
  POSSIBLE SUNSHINE  MM
  AVERAGE SKY COVER 0.8


WEATHER CONDITIONS
 THE FOLLOWING WEATHER WAS RECORDED TODAY.
  FOG


RELATIVE HUMIDITY (PERCENT)
 HIGHEST    84           100 AM
 LOWEST     61           100 PM
 AVERAGE    73

..........................................................


THE CAMARILLO CLIMATE NORMALS FOR TOMORROW
                         NORMAL    RECORD    YEAR
 MAXIMUM TEMPERATURE (F)   75        84      2011
                                             1992
 MINIMUM TEMPERATURE (F)   58        48      1948


SUNRISE AND SUNSET
JULY  6 2015..........SUNRISE   550 AM PDT   SUNSET   812 PM PDT
JULY  7 2015..........SUNRISE   551 AM PDT   SUNSET   811 PM PDT


-  INDICATES NEGATIVE NUMBERS.
R  INDICATES RECORD WAS SET OR TIED.
MM INDICATES DATA IS MISSING.
T  INDICATES TRACE AMOUNT.




$$
