000
CDUS41 KILN 210540
CLICMH


CLIMATE REPORT
NATIONAL WEATHER SERVICE WILMINGTON OH
1229 AM EST TUE FEB 21 2017


...................................

...THE COLUMBUS OH CLIMATE SUMMARY FOR FEBRUARY 20 2017...

CLIMATE NORMAL PERIOD 1981 TO 2010
CLIMATE RECORD PERIOD 1869 TO 2017


WEATHER ITEM   OBSERVED TIME   RECORD YEAR NORMAL DEPARTURE LAST
                VALUE   (LST)  VALUE       VALUE  FROM      YEAR
                                                  NORMAL
..................................................................
TEMPERATURE (F)
 YESTERDAY
  MAXIMUM         65    406 PM  68    2016  42     23       68
                                      1891
  MINIMUM         38    322 AM  -9    1885  26     12       44
  AVERAGE         52                        34     18       56

PRECIPITATION (IN)
  YESTERDAY        0.00          1.94 1882   0.08  -0.08     0.00
  MONTH TO DATE    1.12                      1.61  -0.49     1.85
  SINCE DEC 1      7.04                      7.31  -0.27     7.85
  SINCE JAN 1      3.95                      4.34  -0.39     2.97

SNOWFALL (IN)
  YESTERDAY        0.0           5.8  1911   0.2   -0.2      0.0
  MONTH TO DATE    0.6                       4.3   -3.7      7.8
  SINCE DEC 1      7.6                      18.5  -10.9     13.2
  SINCE JUL 1      7.6                      19.6  -12.0     13.2
  SNOW DEPTH       0

DEGREE DAYS
 HEATING
  YESTERDAY       13                        31    -18        9
  MONTH TO DATE  533                       664   -131      678
  SINCE DEC 1   2401                      2742   -341     2428
  SINCE JUL 1   3167                      3756   -589     3233

 COOLING
  YESTERDAY        0                         0      0        0
  MONTH TO DATE    0                         0      0        0
  SINCE DEC 1      0                         0      0        0
  SINCE JAN 1      0                         0      0        0
..................................................................


WIND (MPH)
  RESULTANT WIND SPEED   4   RESULTANT WIND DIRECTION   E (110)
  HIGHEST WIND SPEED    12   HIGHEST WIND DIRECTION     E (100)
  HIGHEST GUST SPEED    14   HIGHEST GUST DIRECTION     E (100)
  AVERAGE WIND SPEED     4.4


SKY COVER
  POSSIBLE SUNSHINE  MM
  AVERAGE SKY COVER 0.9


WEATHER CONDITIONS
 THE FOLLOWING WEATHER WAS RECORDED YESTERDAY.
  FOG
  FOG W/VISIBILITY <= 1/4 MILE
  HAZE


RELATIVE HUMIDITY (PERCENT)
 HIGHEST    93          1000 AM
 LOWEST     37           400 PM
 AVERAGE    65

..........................................................


THE COLUMBUS OH CLIMATE NORMALS FOR TODAY
                         NORMAL    RECORD    YEAR
 MAXIMUM TEMPERATURE (F)   42        71      1997
 MINIMUM TEMPERATURE (F)   26        -8      1885


SUNRISE AND SUNSET
FEBRUARY 21 2017......SUNRISE   716 AM EST   SUNSET   615 PM EST
FEBRUARY 22 2017......SUNRISE   715 AM EST   SUNSET   616 PM EST


-  INDICATES NEGATIVE NUMBERS.
R  INDICATES RECORD WAS SET OR TIED.
MM INDICATES DATA IS MISSING.
T  INDICATES TRACE AMOUNT.




$$
