000
CDUS41 KILN 012056
CLICMH


CLIMATE REPORT
NATIONAL WEATHER SERVICE WILMINGTON OH
454 PM EDT SAT OCT 1 2016


...................................

...THE COLUMBUS OH CLIMATE SUMMARY FOR OCTOBER 1 2016...
VALID TODAY AS OF 0400 PM LOCAL TIME.

CLIMATE NORMAL PERIOD 1981 TO 2010
CLIMATE RECORD PERIOD 1869 TO 2016


WEATHER ITEM   OBSERVED TIME   RECORD YEAR NORMAL DEPARTURE LAST
                VALUE   (LST)  VALUE       VALUE  FROM      YEAR
                                                  NORMAL
..................................................................
TEMPERATURE (F)
 TODAY
  MAXIMUM         67    239 PM  89    1952  71     -4       61
  MINIMUM         52    318 AM  30    1899  50      2       51
  AVERAGE         60                        60      0       56

PRECIPITATION (IN)
  TODAY            0.00          2.23 1881   0.08  -0.08     0.00
  MONTH TO DATE    0.00                      0.08  -0.08     0.00
  SINCE SEP 1      4.68                      2.92   1.76     3.21
  SINCE JAN 1     31.94                     30.61   1.33    35.07

SNOWFALL (IN)
  TODAY            0.0          MM      MM   0.0    0.0      0.0
  MONTH TO DATE    0.0                       0.0    0.0      0.0
  SINCE SEP 1      0.0                       0.0    0.0      0.0
  SINCE JUL 1      0.0                       0.0    0.0      0.0
  SNOW DEPTH       0

DEGREE DAYS
 HEATING
  TODAY            5                         6     -1        9
  MONTH TO DATE    5                         6     -1        9
  SINCE SEP 1     23                        75    -52       31
  SINCE JUL 1     23                        75    -52       36

 COOLING
  TODAY            0                         2     -2        0
  MONTH TO DATE    0                         2     -2        0
  SINCE SEP 1    188                       124     64      166
  SINCE JAN 1   1281                      1013    268     1022
..................................................................


WIND (MPH)
  HIGHEST WIND SPEED    15   HIGHEST WIND DIRECTION     S (200)
  HIGHEST GUST SPEED    18   HIGHEST GUST DIRECTION    SW (210)
  AVERAGE WIND SPEED     5.6


SKY COVER
  POSSIBLE SUNSHINE  MM
  AVERAGE SKY COVER 0.5


WEATHER CONDITIONS
 THE FOLLOWING WEATHER WAS RECORDED TODAY.
  FOG


RELATIVE HUMIDITY (PERCENT)
 HIGHEST   100          1200 AM
 LOWEST     68           200 PM
 AVERAGE    84

..........................................................


THE COLUMBUS OH CLIMATE NORMALS FOR TOMORROW
                         NORMAL    RECORD    YEAR
 MAXIMUM TEMPERATURE (F)   70        88      1919
 MINIMUM TEMPERATURE (F)   50        32      1974
                                             1908
                                             1886


SUNRISE AND SUNSET
OCTOBER  1 2016.......SUNRISE   728 AM EDT   SUNSET   713 PM EDT
OCTOBER  2 2016.......SUNRISE   729 AM EDT   SUNSET   711 PM EDT


-  INDICATES NEGATIVE NUMBERS.
R  INDICATES RECORD WAS SET OR TIED.
MM INDICATES DATA IS MISSING.
T  INDICATES TRACE AMOUNT.




$$
