000
CDUS41 KILN 270537
CLICMH


CLIMATE REPORT
NATIONAL WEATHER SERVICE WILMINGTON OH
136 AM EDT FRI MAR 27 2015


...................................

...THE COLUMBUS OH CLIMATE SUMMARY FOR MARCH 26 2015...

CLIMATE NORMAL PERIOD 1981 TO 2010
CLIMATE RECORD PERIOD 1869 TO 2015


WEATHER ITEM   OBSERVED TIME   RECORD YEAR NORMAL DEPARTURE LAST
                VALUE   (LST)  VALUE       VALUE  FROM      YEAR
                                                  NORMAL
..................................................................
TEMPERATURE (F)
 YESTERDAY
  MAXIMUM         47    359 AM  80    1907  55     -8       37
  MINIMUM         36   1159 PM  13    2001  36      0       17
  AVERAGE         42                        46     -4       27

PRECIPITATION (IN)
  YESTERDAY        0.45          1.55 1949   0.11   0.34     0.00
  MONTH TO DATE    3.85                      2.46   1.39     1.33
  SINCE MAR 1      3.85                      2.46   1.39     1.33
  SINCE JAN 1      8.42                      7.44   0.98     6.12

SNOWFALL (IN)
  YESTERDAY        0.0           2.3  1930   0.0    0.0      0.0
  MONTH TO DATE    5.4                       3.8    1.6      3.3
  SINCE MAR 1      5.4                       3.8    1.6      3.3
  SINCE JUL 1     33.4                      25.2    8.2     54.3
  SNOW DEPTH       0

DEGREE DAYS
 HEATING
  YESTERDAY       23                        19      4       38
  MONTH TO DATE  692                       624     68      735
  SINCE MAR 1    692                       624     68      735
  SINCE JUL 1   5246                      4619    627     5119

 COOLING
  YESTERDAY        0                         0      0        0
  MONTH TO DATE    0                         0      0        0
  SINCE MAR 1      0                         0      0        0
  SINCE JAN 1      0                         0      0        0
..................................................................


WIND (MPH)
  RESULTANT WIND SPEED   6   RESULTANT WIND DIRECTION   N (340)
  HIGHEST WIND SPEED    18   HIGHEST WIND DIRECTION    NW (310)
  HIGHEST GUST SPEED    22   HIGHEST GUST DIRECTION    NW (330)
  AVERAGE WIND SPEED     8.4


SKY COVER
  POSSIBLE SUNSHINE  MM
  AVERAGE SKY COVER 1.0


WEATHER CONDITIONS
 THE FOLLOWING WEATHER WAS RECORDED YESTERDAY.
  HEAVY RAIN
  RAIN
  LIGHT RAIN
  FOG


RELATIVE HUMIDITY (PERCENT)
 HIGHEST   100           600 AM
 LOWEST     79           800 PM
 AVERAGE    90

..........................................................


THE COLUMBUS OH CLIMATE NORMALS FOR TODAY
                         NORMAL    RECORD    YEAR
 MAXIMUM TEMPERATURE (F)   56        81      2007
                                             1950
                                             1910
 MINIMUM TEMPERATURE (F)   36        15      1955
                                             1894


SUNRISE AND SUNSET
MARCH 27 2015.........SUNRISE   724 AM EDT   SUNSET   751 PM EDT
MARCH 28 2015.........SUNRISE   722 AM EDT   SUNSET   752 PM EDT


-  INDICATES NEGATIVE NUMBERS.
R  INDICATES RECORD WAS SET OR TIED.
MM INDICATES DATA IS MISSING.
T  INDICATES TRACE AMOUNT.




$$
