000
CDUS41 KILN 230535
CLICMH


CLIMATE REPORT
NATIONAL WEATHER SERVICE WILMINGTON OH
135 AM EDT THU MAR 23 2017


...................................

...THE COLUMBUS OH CLIMATE SUMMARY FOR MARCH 22 2017...

CLIMATE NORMAL PERIOD 1981 TO 2010
CLIMATE RECORD PERIOD 1869 TO 2017


WEATHER ITEM   OBSERVED TIME   RECORD YEAR NORMAL DEPARTURE LAST
                VALUE   (LST)  VALUE       VALUE  FROM      YEAR
                                                  NORMAL
..................................................................
TEMPERATURE (F)
 YESTERDAY
  MAXIMUM         42    337 PM  85    2012  54    -12       62
  MINIMUM         27   1159 PM   6    1888  35     -8       34
                                      1885
  AVERAGE         35                        44     -9       48

PRECIPITATION (IN)
  YESTERDAY        0.00          1.75 1879   0.10  -0.10     0.00
  MONTH TO DATE    2.72                      2.03   0.69     2.67
  SINCE MAR 1      2.72                      2.03   0.69     2.67
  SINCE JAN 1      8.18                      7.01   1.17     7.08

SNOWFALL (IN)
  YESTERDAY        0.0           4.0  1968   0.1   -0.1      0.0
  MONTH TO DATE    1.7                       3.5   -1.8      2.3
  SINCE MAR 1      1.7                       3.5   -1.8      2.3
  SINCE JUL 1      9.3                      24.9  -15.6     16.8
  SNOW DEPTH       0

DEGREE DAYS
 HEATING
  YESTERDAY       30                        21      9       17
  MONTH TO DATE  594                       544     50      399
  SINCE MAR 1    594                       544     50      399
  SINCE JUL 1   3863                      4539   -676     3840

 COOLING
  YESTERDAY        0                         0      0        0
  MONTH TO DATE    0                         0      0        0
  SINCE MAR 1      0                         0      0        0
  SINCE JAN 1      4                         0      4        0
..................................................................


WIND (MPH)
  RESULTANT WIND SPEED  13   RESULTANT WIND DIRECTION   N (20)
  HIGHEST WIND SPEED    24   HIGHEST WIND DIRECTION     N (350)
  HIGHEST GUST SPEED    30   HIGHEST GUST DIRECTION     N (360)
  AVERAGE WIND SPEED    12.7


SKY COVER
  POSSIBLE SUNSHINE  MM
  AVERAGE SKY COVER 0.3


WEATHER CONDITIONS
 THE FOLLOWING WEATHER WAS RECORDED YESTERDAY.
  NO SIGNIFICANT WEATHER WAS OBSERVED.


RELATIVE HUMIDITY (PERCENT)
 HIGHEST    64          1200 AM
 LOWEST     32           500 PM
 AVERAGE    48

..........................................................


THE COLUMBUS OH CLIMATE NORMALS FOR TODAY
                         NORMAL    RECORD    YEAR
 MAXIMUM TEMPERATURE (F)   54        81      1907
 MINIMUM TEMPERATURE (F)   35         9      1885


SUNRISE AND SUNSET
MARCH 23 2017.........SUNRISE   730 AM EDT   SUNSET   747 PM EDT
MARCH 24 2017.........SUNRISE   728 AM EDT   SUNSET   748 PM EDT


-  INDICATES NEGATIVE NUMBERS.
R  INDICATES RECORD WAS SET OR TIED.
MM INDICATES DATA IS MISSING.
T  INDICATES TRACE AMOUNT.




$$
