000
CDUS41 KILN 280607
CLICMH


CLIMATE REPORT
NATIONAL WEATHER SERVICE WILMINGTON OH
203 AM EDT FRI AUG 28 2015


...................................

...THE COLUMBUS OH CLIMATE SUMMARY FOR AUGUST 27 2015...

CLIMATE NORMAL PERIOD 1981 TO 2010
CLIMATE RECORD PERIOD 1869 TO 2015


WEATHER ITEM   OBSERVED TIME   RECORD YEAR NORMAL DEPARTURE LAST
                VALUE   (LST)  VALUE       VALUE  FROM      YEAR
                                                  NORMAL
..................................................................
TEMPERATURE (F)
 YESTERDAY
  MAXIMUM         77    341 PM 100    1948  83     -6       91
  MINIMUM         59   1159 PM  46    1968  63     -4       70
  AVERAGE         68                        73     -5       81

PRECIPITATION (IN)
  YESTERDAY        0.00          1.89 1992   0.11  -0.11     0.13
  MONTH TO DATE    3.07                      2.88   0.19     3.06
  SINCE JUN 1     15.20                     11.68   3.52    11.82
  SINCE JAN 1     31.34                     27.25   4.09    28.67

SNOWFALL (IN)
  YESTERDAY        0.0                       0.0    0.0      0.0
  MONTH TO DATE    0.0                       0.0    0.0      0.0
  SINCE JUN 1      0.0                       0.0    0.0      0.0
  SINCE JUL 1      0.0                       0.0    0.0      0.0
  SNOW DEPTH       0

DEGREE DAYS
 HEATING
  YESTERDAY        0                         0      0        0
  MONTH TO DATE    5                         0      5        0
  SINCE JUN 1     25                        19      6        1
  SINCE JUL 1      5                         0      5        0

 COOLING
  YESTERDAY        3                         8     -5       16
  MONTH TO DATE  190                       250    -60      280
  SINCE JUN 1    670                       776   -106      820
  SINCE JAN 1    823                       858    -35      975
..................................................................


WIND (MPH)
  RESULTANT WIND SPEED   1   RESULTANT WIND DIRECTION   N (20)
  HIGHEST WIND SPEED    21   HIGHEST WIND DIRECTION    NW (310)
  HIGHEST GUST SPEED    10   HIGHEST GUST DIRECTION     E (100)
  AVERAGE WIND SPEED     2.6


SKY COVER
  POSSIBLE SUNSHINE  MM
  AVERAGE SKY COVER 0.7


WEATHER CONDITIONS
 THE FOLLOWING WEATHER WAS RECORDED YESTERDAY.
  NO SIGNIFICANT WEATHER WAS OBSERVED.


RELATIVE HUMIDITY (PERCENT)
 HIGHEST    84          1100 PM
 LOWEST     43           600 PM
 AVERAGE    64

..........................................................


THE COLUMBUS OH CLIMATE NORMALS FOR TODAY
                         NORMAL    RECORD    YEAR
 MAXIMUM TEMPERATURE (F)   83        97      1948
 MINIMUM TEMPERATURE (F)   63        44      1887


SUNRISE AND SUNSET
AUGUST 28 2015........SUNRISE   655 AM EDT   SUNSET   810 PM EDT
AUGUST 29 2015........SUNRISE   656 AM EDT   SUNSET   808 PM EDT


-  INDICATES NEGATIVE NUMBERS.
R  INDICATES RECORD WAS SET OR TIED.
MM INDICATES DATA IS MISSING.
T  INDICATES TRACE AMOUNT.




$$
