000
CDUS41 KILN 180544
CLICMH


CLIMATE REPORT
NATIONAL WEATHER SERVICE WILMINGTON OH
1244 AM EST MON DEC 18 2017


...................................

...THE COLUMBUS OH CLIMATE SUMMARY FOR DECEMBER 17 2017...

CLIMATE NORMAL PERIOD 1981 TO 2010
CLIMATE RECORD PERIOD 1869 TO 2017


WEATHER ITEM   OBSERVED TIME   RECORD YEAR NORMAL DEPARTURE LAST
                VALUE   (LST)  VALUE       VALUE  FROM      YEAR
                                                  NORMAL
..................................................................
TEMPERATURE (F)
 YESTERDAY
  MAXIMUM         42    406 PM  67    1984  39      3       54
  MINIMUM         31    612 AM -12    1989  26      5       25
  AVERAGE         37                        33      4       40

PRECIPITATION (IN)
  YESTERDAY        T             1.71 2001   0.09  -0.09     1.07
  MONTH TO DATE    0.70                      1.64  -0.94     2.34
  SINCE DEC 1      0.70                      1.64  -0.94     2.34
  SINCE JAN 1     45.55                     37.98   7.57    37.03

SNOWFALL (IN)
  YESTERDAY        0.0           4.1  1981   0.1   -0.1      0.0
  MONTH TO DATE    3.2                       2.2    1.0      4.8
  SINCE DEC 1      3.2                       2.2    1.0      4.8
  SINCE JUL 1      3.2                       3.3   -0.1      4.8
  SNOW DEPTH       0

DEGREE DAYS
 HEATING
  YESTERDAY       28                        32     -4       25
  MONTH TO DATE  524                       504     20      594
  SINCE DEC 1    524                       504     20      594
  SINCE JUL 1   1443                      1518    -75     1360

 COOLING
  YESTERDAY        0                         0      0        0
  MONTH TO DATE    0                         0      0        0
  SINCE DEC 1      0                         0      0        0
  SINCE JAN 1   1095                      1024     71     1327
..................................................................


WIND (MPH)
  RESULTANT WIND SPEED   3   RESULTANT WIND DIRECTION   S (160)
  HIGHEST WIND SPEED     9   HIGHEST WIND DIRECTION     S (190)
  HIGHEST GUST SPEED    11   HIGHEST GUST DIRECTION     S (200)
  AVERAGE WIND SPEED     3.3


SKY COVER
  POSSIBLE SUNSHINE  MM
  AVERAGE SKY COVER 0.8


WEATHER CONDITIONS
 THE FOLLOWING WEATHER WAS RECORDED YESTERDAY.
  LIGHT RAIN


RELATIVE HUMIDITY (PERCENT)
 HIGHEST    82           800 AM
 LOWEST     70          1200 AM
 AVERAGE    76

..........................................................


THE COLUMBUS OH CLIMATE NORMALS FOR TODAY
                         NORMAL    RECORD    YEAR
 MAXIMUM TEMPERATURE (F)   39        63      1967
 MINIMUM TEMPERATURE (F)   26        -7      1989


SUNRISE AND SUNSET
DECEMBER 18 2017......SUNRISE   748 AM EST   SUNSET   508 PM EST
DECEMBER 19 2017......SUNRISE   749 AM EST   SUNSET   509 PM EST


-  INDICATES NEGATIVE NUMBERS.
R  INDICATES RECORD WAS SET OR TIED.
MM INDICATES DATA IS MISSING.
T  INDICATES TRACE AMOUNT.




$$
