000
CDUS41 KILN 170617
CLICMH


CLIMATE REPORT
NATIONAL WEATHER SERVICE WILMINGTON OH
215 AM EDT WED SEP 17 2014


...................................

...THE COLUMBUS OH CLIMATE SUMMARY FOR SEPTEMBER 16 2014...

CLIMATE NORMAL PERIOD 1981 TO 2010
CLIMATE RECORD PERIOD 1869 TO 2014


WEATHER ITEM   OBSERVED TIME   RECORD YEAR NORMAL DEPARTURE LAST
                VALUE   (LST)  VALUE       VALUE  FROM      YEAR
                                                  NORMAL
..................................................................
TEMPERATURE (F)
 YESTERDAY
  MAXIMUM         67    510 PM  96    1939  77    -10       73
                                      1897
  MINIMUM         51   1159 PM  40    1916  57     -6       54
  AVERAGE         59                        67     -8       64

PRECIPITATION (IN)
  YESTERDAY        0.00          1.46 1996   0.09  -0.09     0.08
  MONTH TO DATE    0.61                      1.58  -0.97     0.96
  SINCE SEP 1      0.61                      1.58  -0.97     0.96
  SINCE JAN 1     31.12                     29.27   1.85    27.60

SNOWFALL (IN)
  YESTERDAY        0.0                       0.0    0.0      0.0
  MONTH TO DATE    0.0                       0.0    0.0      0.0
  SINCE SEP 1      0.0                       0.0    0.0      0.0
  SINCE JUL 1      0.0                       0.0    0.0      0.0
  SNOW DEPTH       0

DEGREE DAYS
 HEATING
  YESTERDAY        6                         2      4        1
  MONTH TO DATE   23                        16      7       19
  SINCE SEP 1     23                        16      7       19
  SINCE JUL 1     23                        16      7       23

 COOLING
  YESTERDAY        0                         4     -4        0
  MONTH TO DATE  107                        88     19      106
  SINCE SEP 1    107                        88     19      106
  SINCE JAN 1   1129                       977    152     1107
..................................................................


WIND (MPH)
  RESULTANT WIND SPEED   3   RESULTANT WIND DIRECTION   N (340)
  HIGHEST WIND SPEED    13   HIGHEST WIND DIRECTION     N (340)
  HIGHEST GUST SPEED    18   HIGHEST GUST DIRECTION     N (340)
  AVERAGE WIND SPEED     3.9


SKY COVER
  POSSIBLE SUNSHINE  MM
  AVERAGE SKY COVER 0.7


WEATHER CONDITIONS
 THE FOLLOWING WEATHER WAS RECORDED YESTERDAY.
  FOG
  HAZE


RELATIVE HUMIDITY (PERCENT)
 HIGHEST    84          1200 AM
 LOWEST     52           500 PM
 AVERAGE    68

..........................................................


THE COLUMBUS OH CLIMATE NORMALS FOR TODAY
                         NORMAL    RECORD    YEAR
 MAXIMUM TEMPERATURE (F)   77        94      1955
 MINIMUM TEMPERATURE (F)   56        37      1959


SUNRISE AND SUNSET
SEPTEMBER 17 2014.....SUNRISE   714 AM EDT   SUNSET   737 PM EDT
SEPTEMBER 18 2014.....SUNRISE   715 AM EDT   SUNSET   735 PM EDT


-  INDICATES NEGATIVE NUMBERS.
R  INDICATES RECORD WAS SET OR TIED.
MM INDICATES DATA IS MISSING.
T  INDICATES TRACE AMOUNT.




$$
