000
CDUS43 KILX 280707
CLICMI


CLIMATE REPORT
NATIONAL WEATHER SERVICE LINCOLN IL
207 AM CDT SAT MAY 28 2016


...................................

...THE CHAMPAIGN IL AIRPORT CLIMATE SUMMARY FOR MAY 27 2016...

CLIMATE NORMAL PERIOD 1981 TO 2010
CLIMATE RECORD PERIOD 9999 TO 9999


WEATHER ITEM   OBSERVED TIME   RECORD YEAR NORMAL DEPARTURE LAST
                VALUE   (LST)  VALUE       VALUE  FROM      YEAR
                                                  NORMAL
..................................................................
TEMPERATURE (F)
 YESTERDAY
  MAXIMUM         83   1231 PM  MM      MM  79      4       82
  MINIMUM         64    447 AM  MM      MM  55      9       59
  AVERAGE         74                        67      7       71

PRECIPITATION (IN)
  YESTERDAY        0.45         MM      MM   0.13   0.32      T
  MONTH TO DATE    2.43                      3.98  -1.55     3.00
  SINCE MAR 1      8.75                     10.52  -1.77     7.15
  SINCE JAN 1     10.41                     14.59  -4.18     8.82

DEGREE DAYS
 HEATING
  YESTERDAY        0                         2     -2        0
  MONTH TO DATE  153                       133     20       77
  SINCE MAR 1   1072                      1295   -223     1278
  SINCE JUL 1   4759                      5797  -1038     6154

 COOLING
  YESTERDAY        9                         4      5        6
  MONTH TO DATE   45                        64    -19      133
  SINCE MAR 1     59                        75    -16      136
  SINCE JAN 1     59                        75    -16      136
..................................................................


WIND (MPH)
  HIGHEST WIND SPEED    37   HIGHEST WIND DIRECTION     S (170)
  HIGHEST GUST SPEED    44   HIGHEST GUST DIRECTION     S (170)
  AVERAGE WIND SPEED    14.0


SKY COVER
  POSSIBLE SUNSHINE  MM
  AVERAGE SKY COVER 0.5


WEATHER CONDITIONS
 THE FOLLOWING WEATHER WAS RECORDED YESTERDAY.
  THUNDERSTORM
  HEAVY RAIN
  RAIN
  LIGHT RAIN
  FOG


RELATIVE HUMIDITY (PERCENT)
 HIGHEST    93           200 AM
 LOWEST     58          1200 PM
 AVERAGE    76

..........................................................


THE CHAMPAIGN IL AIRPORT CLIMATE NORMALS FOR TODAY
                         NORMAL    RECORD    YEAR
 MAXIMUM TEMPERATURE (F)   79        MM        MM
 MINIMUM TEMPERATURE (F)   55        MM        MM


SUNRISE AND SUNSET
MAY 28 2016...........SUNRISE   528 AM CDT   SUNSET   813 PM CDT
MAY 29 2016...........SUNRISE   527 AM CDT   SUNSET   814 PM CDT


-  INDICATES NEGATIVE NUMBERS.
R  INDICATES RECORD WAS SET OR TIED.
MM INDICATES DATA IS MISSING.
T  INDICATES TRACE AMOUNT.




$$
