000
CDUS43 KILX 190641
CLICMI


CLIMATE REPORT
NATIONAL WEATHER SERVICE LINCOLN IL
1241 AM CST SUN NOV 19 2017


...................................

...THE CHAMPAIGN IL AIRPORT CLIMATE SUMMARY FOR NOVEMBER 18 2017...

CLIMATE NORMAL PERIOD 1981 TO 2010
CLIMATE RECORD PERIOD 9999 TO 9999


WEATHER ITEM   OBSERVED TIME   RECORD YEAR NORMAL DEPARTURE LAST
                VALUE   (LST)  VALUE       VALUE  FROM      YEAR
                                                  NORMAL
..................................................................
TEMPERATURE (F)
 YESTERDAY
  MAXIMUM         64    931 AM  MM      MM  50     14       70
  MINIMUM         35   1159 PM  MM      MM  31      4       40
  AVERAGE         50                        40     10       55

PRECIPITATION (IN)
  YESTERDAY        0.86         MM      MM   0.12   0.74     0.45
  MONTH TO DATE    2.30                      2.10   0.20     1.16
  SINCE SEP 1      9.43                      8.52   0.91     9.42
  SINCE JAN 1     31.53                     35.80  -4.27    33.92

DEGREE DAYS
 HEATING
  YESTERDAY       15                        24     -9       10
  MONTH TO DATE  379                       368     11      231
  SINCE SEP 1    667                       820   -153      423
  SINCE JUL 1    671                       829   -158      431

 COOLING
  YESTERDAY        0                         0      0        0
  MONTH TO DATE    0                         0      0       11
  SINCE SEP 1    238                       117    121      263
  SINCE JAN 1   1126                       944    182     1284
..................................................................


WIND (MPH)
  HIGHEST WIND SPEED    36   HIGHEST WIND DIRECTION     N (350)
  HIGHEST GUST SPEED    44   HIGHEST GUST DIRECTION     N (340)
  AVERAGE WIND SPEED    19.6


SKY COVER
  POSSIBLE SUNSHINE  MM
  AVERAGE SKY COVER 1.0


WEATHER CONDITIONS
 THE FOLLOWING WEATHER WAS RECORDED YESTERDAY.
  THUNDERSTORM
  HEAVY RAIN
  RAIN
  LIGHT RAIN
  FOG


RELATIVE HUMIDITY (PERCENT)
 HIGHEST    93           700 AM
 LOWEST     77           100 AM
 AVERAGE    85

..........................................................


THE CHAMPAIGN IL AIRPORT CLIMATE NORMALS FOR TODAY
                         NORMAL    RECORD    YEAR
 MAXIMUM TEMPERATURE (F)   49        MM        MM
 MINIMUM TEMPERATURE (F)   31        MM        MM


SUNRISE AND SUNSET
NOVEMBER 19 2017......SUNRISE   643 AM CST   SUNSET   434 PM CST
NOVEMBER 20 2017......SUNRISE   644 AM CST   SUNSET   433 PM CST


-  INDICATES NEGATIVE NUMBERS.
R  INDICATES RECORD WAS SET OR TIED.
MM INDICATES DATA IS MISSING.
T  INDICATES TRACE AMOUNT.




$$
