000
CDUS43 KILX 260633
CLICMI


CLIMATE REPORT
NATIONAL WEATHER SERVICE LINCOLN IL
132 AM CDT SAT JUL 26 2014


...................................

...THE CHAMPAIGN IL AIRPORT CLIMATE SUMMARY FOR JULY 25 2014...

CLIMATE NORMAL PERIOD 1981 TO 2010
CLIMATE RECORD PERIOD 9999 TO 9999


WEATHER ITEM   OBSERVED TIME   RECORD YEAR NORMAL DEPARTURE LAST
                VALUE   (LST)  VALUE       VALUE  FROM      YEAR
                                                  NORMAL
..................................................................
TEMPERATURE (F)
 YESTERDAY
  MAXIMUM         73    341 PM  MM      MM  84    -11       78
  MINIMUM         55    509 AM  MM      MM  64     -9       53
  AVERAGE         64                        74    -10       66

PRECIPITATION (IN)
  YESTERDAY        0.05         MM      MM   0.13  -0.08     0.00
  MONTH TO DATE    5.09                      3.62   1.47     4.70
  SINCE JUN 1     11.43                      7.79   3.64     7.95
  SINCE JAN 1     25.97                     22.95   3.02    23.63

DEGREE DAYS
 HEATING
  YESTERDAY        1                         0      1        0
  MONTH TO DATE    6                         0      6        0
  SINCE JUN 1      6                        17    -11       13
  SINCE JUL 1      6                         0      6        0

 COOLING
  YESTERDAY        0                         9     -9        1
  MONTH TO DATE  132                       234   -102      240
  SINCE JUN 1    413                       457    -44      459
  SINCE JAN 1    565                       549     16      591
..................................................................


WIND (MPH)
  HIGHEST WIND SPEED    23   HIGHEST WIND DIRECTION     S (170)
  HIGHEST GUST SPEED    30   HIGHEST GUST DIRECTION     S (170)
  AVERAGE WIND SPEED     6.9


SKY COVER
  POSSIBLE SUNSHINE  MM
  AVERAGE SKY COVER 0.2


WEATHER CONDITIONS
 THE FOLLOWING WEATHER WAS RECORDED YESTERDAY.
  LIGHT RAIN
  FOG


RELATIVE HUMIDITY (PERCENT)
 HIGHEST    93           200 AM
 LOWEST     66           600 PM
 AVERAGE    80

..........................................................


THE CHAMPAIGN IL AIRPORT CLIMATE NORMALS FOR TODAY
                         NORMAL    RECORD    YEAR
 MAXIMUM TEMPERATURE (F)   83        MM        MM
 MINIMUM TEMPERATURE (F)   64        MM        MM


SUNRISE AND SUNSET
JULY 26 2014..........SUNRISE   546 AM CDT   SUNSET   813 PM CDT
JULY 27 2014..........SUNRISE   547 AM CDT   SUNSET   812 PM CDT


-  INDICATES NEGATIVE NUMBERS.
R  INDICATES RECORD WAS SET OR TIED.
MM INDICATES DATA IS MISSING.
T  INDICATES TRACE AMOUNT.




$$
