000
CDUS43 KILX 250659
CLICMI


CLIMATE REPORT
NATIONAL WEATHER SERVICE LINCOLN IL
1249 AM CST THU DEC 25 2014


...................................

...THE CHAMPAIGN IL AIRPORT CLIMATE SUMMARY FOR DECEMBER 24 2014...

CLIMATE NORMAL PERIOD 1981 TO 2010
CLIMATE RECORD PERIOD 9999 TO 9999


WEATHER ITEM   OBSERVED TIME   RECORD YEAR NORMAL DEPARTURE LAST
                VALUE   (LST)  VALUE       VALUE  FROM      YEAR
                                                  NORMAL
..................................................................
TEMPERATURE (F)
 YESTERDAY
  MAXIMUM         44    110 AM  MM      MM  34     10       20
  MINIMUM         35   1218 PM  MM      MM  19     16        4
  AVERAGE         40                        27     13       12

PRECIPITATION (IN)
  YESTERDAY        0.33         MM      MM   0.10   0.23     0.00
  MONTH TO DATE    1.52                      1.89  -0.37     1.87
  SINCE DEC 1      1.52                      1.89  -0.37     1.87
  SINCE JAN 1     38.91                     39.09  -0.18    31.76

DEGREE DAYS
 HEATING
  YESTERDAY       25                        38    -13       53
  MONTH TO DATE  748                       845    -97      921
  SINCE DEC 1    748                       845    -97      921
  SINCE JUL 1   2098                      2009     89     2115

 COOLING
  YESTERDAY        0                         0      0        0
  MONTH TO DATE    0                         0      0        0
  SINCE DEC 1      0                         0      0        0
  SINCE JAN 1    948                       945      3     1067
..................................................................


WIND (MPH)
  HIGHEST WIND SPEED    23   HIGHEST WIND DIRECTION     W (270)
  HIGHEST GUST SPEED    28   HIGHEST GUST DIRECTION     W (260)
  AVERAGE WIND SPEED    13.5


SKY COVER
  POSSIBLE SUNSHINE  MM
  AVERAGE SKY COVER 1.0


WEATHER CONDITIONS
 THE FOLLOWING WEATHER WAS RECORDED YESTERDAY.
  LIGHT RAIN
  LIGHT SNOW
  FOG


RELATIVE HUMIDITY (PERCENT)
 HIGHEST    92           300 AM
 LOWEST     85           400 AM
 AVERAGE    89

..........................................................


THE CHAMPAIGN IL AIRPORT CLIMATE NORMALS FOR TODAY
                         NORMAL    RECORD    YEAR
 MAXIMUM TEMPERATURE (F)   34        MM        MM
 MINIMUM TEMPERATURE (F)   19        MM        MM


SUNRISE AND SUNSET
DECEMBER 25 2014......SUNRISE   713 AM CST   SUNSET   433 PM CST
DECEMBER 26 2014......SUNRISE   714 AM CST   SUNSET   434 PM CST


-  INDICATES NEGATIVE NUMBERS.
R  INDICATES RECORD WAS SET OR TIED.
MM INDICATES DATA IS MISSING.
T  INDICATES TRACE AMOUNT.




$$
