000
CDUS43 KILX 270631
CLICMI


CLIMATE REPORT
NATIONAL WEATHER SERVICE LINCOLN IL
130 AM CDT TUE SEP 27 2016


...................................

...THE CHAMPAIGN IL AIRPORT CLIMATE SUMMARY FOR SEPTEMBER 26 2016...

CLIMATE NORMAL PERIOD 1981 TO 2010
CLIMATE RECORD PERIOD 9999 TO 9999


WEATHER ITEM   OBSERVED TIME   RECORD YEAR NORMAL DEPARTURE LAST
                VALUE   (LST)  VALUE       VALUE  FROM      YEAR
                                                  NORMAL
..................................................................
TEMPERATURE (F)
 YESTERDAY
  MAXIMUM         74    310 PM  MM      MM  74      0       80
  MINIMUM         50   1001 PM  MM      MM  49      1       58
  AVERAGE         62                        61      1       69

PRECIPITATION (IN)
  YESTERDAY        0.24         MM      MM   0.11   0.13     0.00
  MONTH TO DATE    5.47                      2.87   2.60     5.94
  SINCE SEP 1      5.47                      2.87   2.60     5.94
  SINCE JAN 1     29.97                     30.15  -0.18    31.14

DEGREE DAYS
 HEATING
  YESTERDAY        3                         6     -3        0
  MONTH TO DATE    4                        57    -53       20
  SINCE SEP 1      4                        57    -53       20
  SINCE JUL 1     12                        66    -54       26

 COOLING
  YESTERDAY        0                         2     -2        4
  MONTH TO DATE  198                        92    106      195
  SINCE SEP 1    198                        92    106      195
  SINCE JAN 1   1219                       919    300     1059
..................................................................


WIND (MPH)
  HIGHEST WIND SPEED    22   HIGHEST WIND DIRECTION     W (290)
  HIGHEST GUST SPEED    28   HIGHEST GUST DIRECTION     W (280)
  AVERAGE WIND SPEED    10.5


SKY COVER
  POSSIBLE SUNSHINE  MM
  AVERAGE SKY COVER 0.3


WEATHER CONDITIONS
 THE FOLLOWING WEATHER WAS RECORDED YESTERDAY.
  HEAVY RAIN
  RAIN
  LIGHT RAIN
  FOG


RELATIVE HUMIDITY (PERCENT)
 HIGHEST    93           600 AM
 LOWEST     20           400 PM
 AVERAGE    57

..........................................................


THE CHAMPAIGN IL AIRPORT CLIMATE NORMALS FOR TODAY
                         NORMAL    RECORD    YEAR
 MAXIMUM TEMPERATURE (F)   74        MM        MM
 MINIMUM TEMPERATURE (F)   48        MM        MM


SUNRISE AND SUNSET
SEPTEMBER 27 2016.....SUNRISE   646 AM CDT   SUNSET   641 PM CDT
SEPTEMBER 28 2016.....SUNRISE   647 AM CDT   SUNSET   639 PM CDT


-  INDICATES NEGATIVE NUMBERS.
R  INDICATES RECORD WAS SET OR TIED.
MM INDICATES DATA IS MISSING.
T  INDICATES TRACE AMOUNT.




$$
