000
CDUS43 KILX 282134
CLICMI


CLIMATE REPORT
NATIONAL WEATHER SERVICE LINCOLN IL
433 PM CDT SUN AUG 28 2016


...................................

...THE CHAMPAIGN IL AIRPORT CLIMATE SUMMARY FOR AUGUST 28 2016...
VALID TODAY AS OF 0400 PM LOCAL TIME.

CLIMATE NORMAL PERIOD 1981 TO 2010
CLIMATE RECORD PERIOD 9999 TO 9999


WEATHER ITEM   OBSERVED TIME   RECORD YEAR NORMAL DEPARTURE LAST
                VALUE   (LST)  VALUE       VALUE  FROM      YEAR
                                                  NORMAL
..................................................................
TEMPERATURE (F)
 TODAY
  MAXIMUM         89    205 PM  MM      MM  83      6       80
  MINIMUM         68    315 AM  MM      MM  60      8       57
  AVERAGE         79                        71      8       69

PRECIPITATION (IN)
  TODAY            0.00         MM      MM   0.15  -0.15     0.00
  MONTH TO DATE    3.99                      3.20   0.79     2.64
  SINCE JUN 1     13.99                     11.71   2.28    13.78
  SINCE JAN 1     24.50                     26.87  -2.37    25.19

DEGREE DAYS
 HEATING
  TODAY            0                         0      0        0
  MONTH TO DATE    0                         0      0        5
  SINCE JUN 1     10                        19     -9       12
  SINCE JUL 1      8                         2      6        6

 COOLING
  TODAY           14                         6      8        4
  MONTH TO DATE  290                       212     78      184
  SINCE JUN 1    888                       717    171      681
  SINCE JAN 1    988                       809    179      835
..................................................................


WIND (MPH)
  HIGHEST WIND SPEED    10   HIGHEST WIND DIRECTION    SE (130)
  HIGHEST GUST SPEED    14   HIGHEST GUST DIRECTION    SE (120)
  AVERAGE WIND SPEED     2.2


SKY COVER
  POSSIBLE SUNSHINE  MM
  AVERAGE SKY COVER 0.1


WEATHER CONDITIONS
 THE FOLLOWING WEATHER WAS RECORDED TODAY.
  FOG


RELATIVE HUMIDITY (PERCENT)
 HIGHEST    97           200 AM
 LOWEST     56           200 PM
 AVERAGE    77

..........................................................


THE CHAMPAIGN IL AIRPORT CLIMATE NORMALS FOR TOMORROW
                         NORMAL    RECORD    YEAR
 MAXIMUM TEMPERATURE (F)   83        MM        MM
 MINIMUM TEMPERATURE (F)   59        MM        MM


SUNRISE AND SUNSET
AUGUST 28 2016........SUNRISE   618 AM CDT   SUNSET   730 PM CDT
AUGUST 29 2016........SUNRISE   618 AM CDT   SUNSET   729 PM CDT


-  INDICATES NEGATIVE NUMBERS.
R  INDICATES RECORD WAS SET OR TIED.
MM INDICATES DATA IS MISSING.
T  INDICATES TRACE AMOUNT.




$$
