000
CDUS43 KILX 262150
CLICMI


CLIMATE REPORT
NATIONAL WEATHER SERVICE LINCOLN IL
448 PM CDT WED JUL 26 2017


...................................

...THE CHAMPAIGN IL AIRPORT CLIMATE SUMMARY FOR JULY 26 2017...
VALID TODAY AS OF 0400 PM LOCAL TIME.

CLIMATE NORMAL PERIOD 1981 TO 2010
CLIMATE RECORD PERIOD 9999 TO 9999


WEATHER ITEM   OBSERVED TIME   RECORD YEAR NORMAL DEPARTURE LAST
                VALUE   (LST)  VALUE       VALUE  FROM      YEAR
                                                  NORMAL
..................................................................
TEMPERATURE (F)
 TODAY
  MAXIMUM         88    257 PM  MM      MM  83      5       83
  MINIMUM         62    328 AM  MM      MM  64     -2       67
  AVERAGE         75                        74      1       75

PRECIPITATION (IN)
  TODAY            0.00         MM      MM   0.13  -0.13     0.00
  MONTH TO DATE    2.61                      3.75  -1.14     4.26
  SINCE JUN 1      4.17                      7.92  -3.75     9.45
  SINCE JAN 1     20.29                     23.08  -2.79    19.96

DEGREE DAYS
 HEATING
  TODAY            0                         0      0        0
  MONTH TO DATE    0                         0      0        8
  SINCE JUN 1      3                        17    -14       10
  SINCE JUL 1      0                         0      0        8

 COOLING
  TODAY           10                         9      1       10
  MONTH TO DATE  296                       243     53      260
  SINCE JUN 1    568                       466    102      550
  SINCE JAN 1    667                       558    109      650
..................................................................


WIND (MPH)
  HIGHEST WIND SPEED     9   HIGHEST WIND DIRECTION    SE (150)
  HIGHEST GUST SPEED    12   HIGHEST GUST DIRECTION     S (160)
  AVERAGE WIND SPEED     5.8


SKY COVER
  POSSIBLE SUNSHINE  MM
  AVERAGE SKY COVER 0.2


WEATHER CONDITIONS
 THE FOLLOWING WEATHER WAS RECORDED TODAY.
  NO SIGNIFICANT WEATHER WAS OBSERVED.


RELATIVE HUMIDITY (PERCENT)
 HIGHEST    93           100 AM
 LOWEST     68           200 PM
 AVERAGE    81

..........................................................


THE CHAMPAIGN IL AIRPORT CLIMATE NORMALS FOR TOMORROW
                         NORMAL    RECORD    YEAR
 MAXIMUM TEMPERATURE (F)   83        MM        MM
 MINIMUM TEMPERATURE (F)   64        MM        MM


SUNRISE AND SUNSET
JULY 26 2017..........SUNRISE   546 AM CDT   SUNSET   813 PM CDT
JULY 27 2017..........SUNRISE   547 AM CDT   SUNSET   812 PM CDT


-  INDICATES NEGATIVE NUMBERS.
R  INDICATES RECORD WAS SET OR TIED.
MM INDICATES DATA IS MISSING.
T  INDICATES TRACE AMOUNT.




$$
