000
CDUS43 KILX 070642
CLICMI


CLIMATE REPORT
NATIONAL WEATHER SERVICE LINCOLN IL
1242 AM CST WED DEC 7 2016


...................................

...THE CHAMPAIGN IL AIRPORT CLIMATE SUMMARY FOR DECEMBER 6 2016...

CLIMATE NORMAL PERIOD 1981 TO 2010
CLIMATE RECORD PERIOD 9999 TO 9999


WEATHER ITEM   OBSERVED TIME   RECORD YEAR NORMAL DEPARTURE LAST
                VALUE   (LST)  VALUE       VALUE  FROM      YEAR
                                                  NORMAL
..................................................................
TEMPERATURE (F)
 YESTERDAY
  MAXIMUM         38    346 PM  MM      MM  40     -2       49
  MINIMUM         30   1159 PM  MM      MM  24      6       28
  AVERAGE         34                        32      2       39

PRECIPITATION (IN)
  YESTERDAY        T            MM      MM   0.08  -0.08     0.05
  MONTH TO DATE    0.40                      0.53  -0.13     0.12
  SINCE DEC 1      0.40                      0.53  -0.13     0.12
  SINCE JAN 1     36.01                     37.73  -1.72    36.72

DEGREE DAYS
 HEATING
  YESTERDAY       31                        33     -2       26
  MONTH TO DATE  174                       192    -18      177
  SINCE DEC 1    174                       192    -18      177
  SINCE JUL 1    907                      1356   -449     1044

 COOLING
  YESTERDAY        0                         0      0        0
  MONTH TO DATE    0                         0      0        0
  SINCE DEC 1      0                         0      0        0
  SINCE JAN 1   1284                       945    339     1085
..................................................................


WIND (MPH)
  HIGHEST WIND SPEED    25   HIGHEST WIND DIRECTION    NW (300)
  HIGHEST GUST SPEED    31   HIGHEST GUST DIRECTION     W (290)
  AVERAGE WIND SPEED    11.7


SKY COVER
  POSSIBLE SUNSHINE  MM
  AVERAGE SKY COVER 0.6


WEATHER CONDITIONS
 THE FOLLOWING WEATHER WAS RECORDED YESTERDAY.
  LIGHT SNOW
  FOG
  HAZE


RELATIVE HUMIDITY (PERCENT)
 HIGHEST    92           500 AM
 LOWEST     72           900 PM
 AVERAGE    82

..........................................................


THE CHAMPAIGN IL AIRPORT CLIMATE NORMALS FOR TODAY
                         NORMAL    RECORD    YEAR
 MAXIMUM TEMPERATURE (F)   39        MM        MM
 MINIMUM TEMPERATURE (F)   24        MM        MM


SUNRISE AND SUNSET
DECEMBER  7 2016......SUNRISE   702 AM CST   SUNSET   428 PM CST
DECEMBER  8 2016......SUNRISE   703 AM CST   SUNSET   428 PM CST


-  INDICATES NEGATIVE NUMBERS.
R  INDICATES RECORD WAS SET OR TIED.
MM INDICATES DATA IS MISSING.
T  INDICATES TRACE AMOUNT.




$$
