000
CDUS43 KILX 210640
CLICMI


CLIMATE REPORT
NATIONAL WEATHER SERVICE LINCOLN IL
139 AM CDT THU AUG 21 2014


...................................

...THE CHAMPAIGN IL AIRPORT CLIMATE SUMMARY FOR AUGUST 20 2014...

CLIMATE NORMAL PERIOD 1981 TO 2010
CLIMATE RECORD PERIOD 9999 TO 9999


WEATHER ITEM   OBSERVED TIME   RECORD YEAR NORMAL DEPARTURE LAST
                VALUE   (LST)  VALUE       VALUE  FROM      YEAR
                                                  NORMAL
..................................................................
TEMPERATURE (F)
 YESTERDAY
  MAXIMUM         80    912 AM  MM      MM  83     -3       86
  MINIMUM         61    500 AM  MM      MM  61      0       61
  AVERAGE         71                        72     -1       74

PRECIPITATION (IN)
  YESTERDAY        0.13         MM      MM   0.13   0.00     0.00
  MONTH TO DATE    0.67                      2.07  -1.40     0.08
  SINCE JUN 1     12.99                     10.58   2.41     8.36
  SINCE JAN 1     27.53                     25.74   1.79    24.04

DEGREE DAYS
 HEATING
  YESTERDAY        0                         0      0        0
  MONTH TO DATE    2                         0      2        7
  SINCE JUN 1      9                        19    -10       28
  SINCE JUL 1      9                         2      7       15

 COOLING
  YESTERDAY        6                         7     -1        9
  MONTH TO DATE  118                       157    -39      115
  SINCE JUN 1    558                       662   -104      584
  SINCE JAN 1    710                       754    -44      716
..................................................................


WIND (MPH)
  HIGHEST WIND SPEED    15   HIGHEST WIND DIRECTION    SW (230)
  HIGHEST GUST SPEED    18   HIGHEST GUST DIRECTION    SW (220)
  AVERAGE WIND SPEED     6.2


SKY COVER
  POSSIBLE SUNSHINE  MM
  AVERAGE SKY COVER 0.3


WEATHER CONDITIONS
 THE FOLLOWING WEATHER WAS RECORDED YESTERDAY.
  THUNDERSTORM
  RAIN
  LIGHT RAIN
  FOG
  FOG W/VISIBILITY <= 1/4 MILE


RELATIVE HUMIDITY (PERCENT)
 HIGHEST   100           200 AM
 LOWEST     74           900 AM
 AVERAGE    87

..........................................................


THE CHAMPAIGN IL AIRPORT CLIMATE NORMALS FOR TODAY
                         NORMAL    RECORD    YEAR
 MAXIMUM TEMPERATURE (F)   83        MM        MM
 MINIMUM TEMPERATURE (F)   61        MM        MM


SUNRISE AND SUNSET
AUGUST 21 2014........SUNRISE   610 AM CDT   SUNSET   741 PM CDT
AUGUST 22 2014........SUNRISE   611 AM CDT   SUNSET   740 PM CDT


-  INDICATES NEGATIVE NUMBERS.
R  INDICATES RECORD WAS SET OR TIED.
MM INDICATES DATA IS MISSING.
T  INDICATES TRACE AMOUNT.




$$
