000
CDUS43 KILX 310631
CLICMI


CLIMATE REPORT
NATIONAL WEATHER SERVICE LINCOLN IL
130 AM CDT SUN JUL 31 2016


...................................

...THE CHAMPAIGN IL AIRPORT CLIMATE SUMMARY FOR JULY 30 2016...

CLIMATE NORMAL PERIOD 1981 TO 2010
CLIMATE RECORD PERIOD 9999 TO 9999


WEATHER ITEM   OBSERVED TIME   RECORD YEAR NORMAL DEPARTURE LAST
                VALUE   (LST)  VALUE       VALUE  FROM      YEAR
                                                  NORMAL
..................................................................
TEMPERATURE (F)
 YESTERDAY
  MAXIMUM         81    412 PM  MM      MM  83     -2       86
  MINIMUM         63    521 AM  MM      MM  63      0       61
  AVERAGE         72                        73     -1       74

PRECIPITATION (IN)
  YESTERDAY        0.00         MM      MM   0.11  -0.11     0.00
  MONTH TO DATE    4.81                      4.22   0.59     2.79
  SINCE JUN 1     10.00                      8.39   1.61    11.14
  SINCE JAN 1     20.51                     23.55  -3.04    22.55

DEGREE DAYS
 HEATING
  YESTERDAY        0                         0      0        0
  MONTH TO DATE    8                         0      8        1
  SINCE JUN 1     10                        17     -7        7
  SINCE JUL 1      8                         0      8        1

 COOLING
  YESTERDAY        7                         8     -1        9
  MONTH TO DATE  299                       275     24      256
  SINCE JUN 1    589                       498     91      487
  SINCE JAN 1    689                       590     99      641
..................................................................


WIND (MPH)
  HIGHEST WIND SPEED    12   HIGHEST WIND DIRECTION     W (290)
  HIGHEST GUST SPEED    19   HIGHEST GUST DIRECTION     N (340)
  AVERAGE WIND SPEED     5.5


SKY COVER
  POSSIBLE SUNSHINE  MM
  AVERAGE SKY COVER 0.4


WEATHER CONDITIONS
 THE FOLLOWING WEATHER WAS RECORDED YESTERDAY.
  FOG


RELATIVE HUMIDITY (PERCENT)
 HIGHEST   100           500 AM
 LOWEST     62           200 PM
 AVERAGE    81

..........................................................


THE CHAMPAIGN IL AIRPORT CLIMATE NORMALS FOR TODAY
                         NORMAL    RECORD    YEAR
 MAXIMUM TEMPERATURE (F)   83        MM        MM
 MINIMUM TEMPERATURE (F)   63        MM        MM


SUNRISE AND SUNSET
JULY 31 2016..........SUNRISE   551 AM CDT   SUNSET   807 PM CDT
AUGUST  1 2016........SUNRISE   552 AM CDT   SUNSET   806 PM CDT


-  INDICATES NEGATIVE NUMBERS.
R  INDICATES RECORD WAS SET OR TIED.
MM INDICATES DATA IS MISSING.
T  INDICATES TRACE AMOUNT.




$$
