000
CDUS43 KTOP 282139
CLICNK


CLIMATE REPORT
NATIONAL WEATHER SERVICE TOPEKA KS
432 PM CDT SUN AUG 28 2016


...................................

...THE CONCORDIA KS CLIMATE SUMMARY FOR AUGUST 28 2016...
VALID TODAY AS OF 0400 PM LOCAL TIME.

CLIMATE NORMAL PERIOD 1981 TO 2010
CLIMATE RECORD PERIOD 1885 TO 2016


WEATHER ITEM   OBSERVED TIME   RECORD YEAR NORMAL DEPARTURE LAST
                VALUE   (LST)  VALUE       VALUE  FROM      YEAR
                                                  NORMAL
..................................................................
TEMPERATURE (F)
 TODAY
  MAXIMUM         90    236 PM 107    2000  87      3       84
  MINIMUM         67    351 AM  48    1988  63      4       64
                                      1976
                                      1917
  AVERAGE         79                        75      4       74

PRECIPITATION (IN)
  TODAY            0.00          2.20 1960   0.10  -0.10     0.18
  MONTH TO DATE    4.86                      2.86   2.00     4.20
  SINCE JUN 1     12.20                     10.83   1.37    13.88
  SINCE JAN 1     24.37                     20.82   3.55    21.96

SNOWFALL (IN)
  TODAY            0.0           T    1945   0.0    0.0      0.0
  MONTH TO DATE    0.0                       0.0    0.0      0.0
  SINCE JAN 1     12.3                      13.7   -1.4      5.6
  SINCE JUL 1      0.0                       0.0    0.0      0.0
  SNOW DEPTH       0

DEGREE DAYS
 HEATING
  TODAY            0                         0      0        0
  MONTH TO DATE    0                         0      0        2
  SINCE JUN 1      1                        13    -12        4
  SINCE JUL 1      1                         0      1        2

 COOLING
  TODAY           14                        10      4        9
  MONTH TO DATE  328                       347    -19      264
  SINCE JUN 1   1195                      1048    147      969
  SINCE JAN 1   1255                      1137    118     1024
..................................................................


WIND (MPH)
  HIGHEST WIND SPEED    18   HIGHEST WIND DIRECTION     S (180)
  HIGHEST GUST SPEED    23   HIGHEST GUST DIRECTION     S (170)
  AVERAGE WIND SPEED     7.5



WEATHER CONDITIONS
 THE FOLLOWING WEATHER WAS RECORDED TODAY.
  FOG


RELATIVE HUMIDITY (PERCENT)
 HIGHEST    97          1200 AM
 LOWEST     50           200 PM
 AVERAGE    74

..........................................................


THE CONCORDIA KS CLIMATE NORMALS FOR TOMORROW
                         NORMAL    RECORD    YEAR
 MAXIMUM TEMPERATURE (F)   87       104      1947
                                             1898
 MINIMUM TEMPERATURE (F)   63        45      1893


SUNRISE AND SUNSET
AUGUST 28 2016........SUNRISE   656 AM CDT   SUNSET   807 PM CDT
AUGUST 29 2016........SUNRISE   657 AM CDT   SUNSET   805 PM CDT


-  INDICATES NEGATIVE NUMBERS.
R  INDICATES RECORD WAS SET OR TIED.
MM INDICATES DATA IS MISSING.
T  INDICATES TRACE AMOUNT.




$$
