916
CDUS43 KTOP 290705
CLICNK


CLIMATE REPORT
NATIONAL WEATHER SERVICE TOPEKA KS
204 AM CDT FRI JUL 29 2016


...................................

...THE CONCORDIA KS CLIMATE SUMMARY FOR JULY 28 2016...

CLIMATE NORMAL PERIOD 1981 TO 2010
CLIMATE RECORD PERIOD 1885 TO 2016


WEATHER ITEM   OBSERVED TIME   RECORD YEAR NORMAL DEPARTURE LAST
                VALUE   (LST)  VALUE       VALUE  FROM      YEAR
                                                  NORMAL
..................................................................
TEMPERATURE (F)
 YESTERDAY
  MAXIMUM         90    347 PM 105    1980  91     -1       96
                                      1940
                                      1931
  MINIMUM         65    537 PM  54    1994  68     -3       73
                                      1984
  AVERAGE         78                        79     -1       85

PRECIPITATION (IN)
  YESTERDAY        1.32          3.19 1907   0.10   1.22     0.00
  MONTH TO DATE    5.75                      3.58   2.17     3.57
  SINCE JUN 1      6.92                      7.63  -0.71     9.68
  SINCE JAN 1     19.09                     17.62   1.47    17.76

SNOWFALL (IN)
  YESTERDAY        0.0           T    1972   0.0    0.0      0.0
  MONTH TO DATE    0.0                       0.0    0.0      0.0
  SINCE JAN 1     12.3                      13.7   -1.4      5.6
  SINCE JUL 1      0.0                       0.0    0.0      0.0
  SNOW DEPTH       0

DEGREE DAYS
 HEATING
  YESTERDAY        0                         0      0        0
  MONTH TO DATE    1                         0      1        0
  SINCE JUN 1      1                        13    -12        2
  SINCE JUL 1      1                         0      1        0

 COOLING
  YESTERDAY       13                        14     -1       20
  MONTH TO DATE  414                       388     26      366
  SINCE JUN 1    835                       653    182      675
  SINCE JAN 1    895                       742    153      730
..................................................................


WIND (MPH)
  HIGHEST WIND SPEED    58   HIGHEST WIND DIRECTION     W (270)
  HIGHEST GUST SPEED    72   HIGHEST GUST DIRECTION     W (270)
  AVERAGE WIND SPEED     5.6


SKY COVER
  AVERAGE SKY COVER 0.3


WEATHER CONDITIONS
 THE FOLLOWING WEATHER WAS RECORDED YESTERDAY.
  THUNDERSTORM
  HEAVY RAIN
  RAIN
  LIGHT RAIN
  FOG


RELATIVE HUMIDITY (PERCENT)
 HIGHEST    93          1100 PM
 LOWEST     41           300 PM
 AVERAGE    67

..........................................................


THE CONCORDIA KS CLIMATE NORMALS FOR TODAY
                         NORMAL    RECORD    YEAR
 MAXIMUM TEMPERATURE (F)   91       107      1980
 MINIMUM TEMPERATURE (F)   68        51      1994


SUNRISE AND SUNSET
JULY 29 2016..........SUNRISE   628 AM CDT   SUNSET   846 PM CDT
JULY 30 2016..........SUNRISE   629 AM CDT   SUNSET   845 PM CDT


-  INDICATES NEGATIVE NUMBERS.
R  INDICATES RECORD WAS SET OR TIED.
MM INDICATES DATA IS MISSING.
T  INDICATES TRACE AMOUNT.




$$
