000
CDUS43 KTOP 012132
CLICNK


CLIMATE REPORT
NATIONAL WEATHER SERVICE TOPEKA KS
431 PM CDT TUE SEP 1 2015


...................................

...THE CONCORDIA KS CLIMATE SUMMARY FOR SEPTEMBER 1 2015...
VALID TODAY AS OF 0400 PM LOCAL TIME.

CLIMATE NORMAL PERIOD 1981 TO 2010
CLIMATE RECORD PERIOD 1885 TO 2015


WEATHER ITEM   OBSERVED TIME   RECORD YEAR NORMAL DEPARTURE LAST
                VALUE   (LST)  VALUE       VALUE  FROM      YEAR
                                                  NORMAL
..................................................................
TEMPERATURE (F)
 TODAY
  MAXIMUM         93    211 PM 106    1990  86      7       82
                                      1922
  MINIMUM         71    643 AM  48    1956  62      9       60
  AVERAGE         82                        74      8       71

PRECIPITATION (IN)
  TODAY            0.00          3.75 1935   0.10  -0.10      T
  MONTH TO DATE    0.00                      0.10  -0.10      T
  SINCE SEP 1      0.00                      0.10  -0.10      T
  SINCE JAN 1     21.96                     21.20   0.76    20.66

SNOWFALL (IN)
  TODAY            0.0           0.0    MM   0.0    0.0      0.0
  MONTH TO DATE    0.0                       0.0    0.0      0.0
  SINCE JAN 1      5.6                      13.7   -8.1     16.9
  SINCE JUL 1      0.0                       0.0    0.0      0.0
  SNOW DEPTH       0

DEGREE DAYS
 HEATING
  TODAY            0                         0      0        0
  MONTH TO DATE    0                         0      0        0
  SINCE SEP 1      0                         0      0        0
  SINCE JUL 1      2                         3     -1        2

 COOLING
  TODAY           17                         9      8        6
  MONTH TO DATE   17                         9      8        6
  SINCE SEP 1     17                         9      8        6
  SINCE JAN 1   1056                      1175   -119     1215
..................................................................


WIND (MPH)
  HIGHEST WIND SPEED    24   HIGHEST WIND DIRECTION     S (160)
  HIGHEST GUST SPEED    30   HIGHEST GUST DIRECTION     S (200)
  AVERAGE WIND SPEED    16.8



WEATHER CONDITIONS
 THE FOLLOWING WEATHER WAS RECORDED TODAY.
  NO SIGNIFICANT WEATHER WAS OBSERVED.


RELATIVE HUMIDITY (PERCENT)
 HIGHEST    73           400 AM
 LOWEST     38           100 PM
 AVERAGE    56

..........................................................


THE CONCORDIA KS CLIMATE NORMALS FOR TOMORROW
                         NORMAL    RECORD    YEAR
 MAXIMUM TEMPERATURE (F)   85       109      2000
 MINIMUM TEMPERATURE (F)   62        45      1893


SUNRISE AND SUNSET
SEPTEMBER  1 2015.....SUNRISE   659 AM CDT   SUNSET   802 PM CDT
SEPTEMBER  2 2015.....SUNRISE   700 AM CDT   SUNSET   800 PM CDT


-  INDICATES NEGATIVE NUMBERS.
R  INDICATES RECORD WAS SET OR TIED.
MM INDICATES DATA IS MISSING.
T  INDICATES TRACE AMOUNT.




$$
