000
CDUS43 KTOP 010633
CLICNK


CLIMATE REPORT
NATIONAL WEATHER SERVICE TOPEKA KS
133 AM CDT MON MAY 1 2017


...................................

...THE CONCORDIA KS CLIMATE SUMMARY FOR APRIL 30 2017...

CLIMATE NORMAL PERIOD 1981 TO 2010
CLIMATE RECORD PERIOD 1885 TO 2017


WEATHER ITEM   OBSERVED TIME   RECORD YEAR NORMAL DEPARTURE LAST
                VALUE   (LST)  VALUE       VALUE  FROM      YEAR
                                                  NORMAL
..................................................................
TEMPERATURE (F)
 YESTERDAY
  MAXIMUM         44    201 PM  92    1965  69    -25       56
  MINIMUM         36   1159 PM  22    1907  47    -11       46
  AVERAGE         40                        58    -18       51

PRECIPITATION (IN)
  YESTERDAY        0.64          1.20 1972   0.10   0.54     0.10
  MONTH TO DATE    5.34                      2.45   2.89     1.90
  SINCE MAR 1      8.53                      4.46   4.07     2.35
  SINCE JAN 1     10.38                      5.83   4.55     3.91

SNOWFALL (IN)
  YESTERDAY        0.0           T    1994   0.0    0.0      0.0
  MONTH TO DATE    0.0                       0.5   -0.5      0.0
  SINCE JAN 1      2.1                      13.7  -11.6     12.3
  SINCE JUL 1      4.3                      20.2  -15.9     13.6
  SNOW DEPTH       0

DEGREE DAYS
 HEATING
  YESTERDAY       25                         8     17       14
  MONTH TO DATE  348                       373    -25      266
  SINCE MAR 1    917                      1057   -140      754
  SINCE JUL 1   4418                      5264   -846     4225

 COOLING
  YESTERDAY        0                         1     -1        0
  MONTH TO DATE   15                        16     -1        8
  SINCE MAR 1     19                        17      2       11
  SINCE JAN 1     19                        17      2       11
..................................................................


WIND (MPH)
  HIGHEST WIND SPEED    37   HIGHEST WIND DIRECTION    NE (40)
  HIGHEST GUST SPEED    49   HIGHEST GUST DIRECTION    NE (40)
  AVERAGE WIND SPEED    18.1


SKY COVER
  AVERAGE SKY COVER 1.0


WEATHER CONDITIONS
 THE FOLLOWING WEATHER WAS RECORDED YESTERDAY.
  THUNDERSTORM
  HEAVY RAIN
  RAIN
  LIGHT RAIN
  FOG


RELATIVE HUMIDITY (PERCENT)
 HIGHEST   100          1200 AM
 LOWEST     92           100 AM
 AVERAGE    96

..........................................................


THE CONCORDIA KS CLIMATE NORMALS FOR TODAY
                         NORMAL    RECORD    YEAR
 MAXIMUM TEMPERATURE (F)   70        92      1959
 MINIMUM TEMPERATURE (F)   47        24      1909


SUNRISE AND SUNSET
MAY  1 2017...........SUNRISE   631 AM CDT   SUNSET   825 PM CDT
MAY  2 2017...........SUNRISE   630 AM CDT   SUNSET   826 PM CDT


-  INDICATES NEGATIVE NUMBERS.
R  INDICATES RECORD WAS SET OR TIED.
MM INDICATES DATA IS MISSING.
T  INDICATES TRACE AMOUNT.




$$
