000
CDUS43 KTOP 230635
CLICNK


CLIMATE REPORT
NATIONAL WEATHER SERVICE TOPEKA KS
134 AM CDT WED AUG 23 2017


...................................

...THE CONCORDIA KS CLIMATE SUMMARY FOR AUGUST 22 2017...

CLIMATE NORMAL PERIOD 1981 TO 2010
CLIMATE RECORD PERIOD 1885 TO 2017


WEATHER ITEM   OBSERVED TIME   RECORD YEAR NORMAL DEPARTURE LAST
                VALUE   (LST)  VALUE       VALUE  FROM      YEAR
                                                  NORMAL
..................................................................
TEMPERATURE (F)
 YESTERDAY
  MAXIMUM         82    310 PM 103    1921  88     -6       86
  MINIMUM         58   1159 PM  49    2009  65     -7       63
                                      1891
  AVERAGE         70                        76     -6       75

PRECIPITATION (IN)
  YESTERDAY        0.00          1.59 1933   0.09  -0.09     0.00
                                      1927
  MONTH TO DATE    2.77                      2.28   0.49     2.45
  SINCE JUN 1      8.45                     10.25  -1.80     9.79
  SINCE JAN 1     26.83                     20.24   6.59    21.96

SNOWFALL (IN)
  YESTERDAY        0.0           0.0    MM   0.0    0.0      0.0
  MONTH TO DATE    0.0                       0.0    0.0      0.0
  SINCE JAN 1      2.1                      13.7  -11.6     12.3
  SINCE JUL 1      0.0                       0.0    0.0      0.0
  SNOW DEPTH       0

DEGREE DAYS
 HEATING
  YESTERDAY        0                         0      0        0
  MONTH TO DATE    0                         0      0        0
  SINCE JUN 1      2                        13    -11        1
  SINCE JUL 1      0                         0      0        1

 COOLING
  YESTERDAY        5                        11     -6       10
  MONTH TO DATE  173                       283   -110      275
  SINCE JUN 1   1003                       984     19     1142
  SINCE JAN 1   1081                      1073      8     1202
..................................................................


WIND (MPH)
  HIGHEST WIND SPEED    18   HIGHEST WIND DIRECTION    NE (30)
  HIGHEST GUST SPEED    23   HIGHEST GUST DIRECTION    NE (40)
  AVERAGE WIND SPEED     9.9


SKY COVER
  AVERAGE SKY COVER 0.2


WEATHER CONDITIONS
 THE FOLLOWING WEATHER WAS RECORDED YESTERDAY.
  NO SIGNIFICANT WEATHER WAS OBSERVED.


RELATIVE HUMIDITY (PERCENT)
 HIGHEST   100           500 AM
 LOWEST     36          1200 PM
 AVERAGE    68

..........................................................


THE CONCORDIA KS CLIMATE NORMALS FOR TODAY
                         NORMAL    RECORD    YEAR
 MAXIMUM TEMPERATURE (F)   88       105      1936
 MINIMUM TEMPERATURE (F)   65        41      1891


SUNRISE AND SUNSET
AUGUST 23 2017........SUNRISE   651 AM CDT   SUNSET   815 PM CDT
AUGUST 24 2017........SUNRISE   652 AM CDT   SUNSET   813 PM CDT


-  INDICATES NEGATIVE NUMBERS.
R  INDICATES RECORD WAS SET OR TIED.
MM INDICATES DATA IS MISSING.
T  INDICATES TRACE AMOUNT.

$$
