000
CDUS43 KTOP 222240
CLICNK


CLIMATE REPORT
NATIONAL WEATHER SERVICE TOPEKA KS
437 PM CST WED FEB 22 2017


...................................

...THE CONCORDIA KS CLIMATE SUMMARY FOR FEBRUARY 22 2017...
VALID TODAY AS OF 430 PM LOCAL TIME.

CLIMATE NORMAL PERIOD 1981 TO 2010
CLIMATE RECORD PERIOD 1885 TO 2017


WEATHER ITEM   OBSERVED TIME   RECORD YEAR NORMAL DEPARTURE LAST
                VALUE   (LST)  VALUE       VALUE  FROM      YEAR
                                                  NORMAL
..................................................................
TEMPERATURE (F)
 TODAY
  MAXIMUM         77R   216 PM  76    1982  46     31       54
  MINIMUM         50    423 AM  -3    1889  24     26       24
  AVERAGE         64                        35     29       39

PRECIPITATION (IN)
  TODAY            0.00          0.88 1922   0.04  -0.04     0.00
  MONTH TO DATE    0.02                      0.60  -0.58     0.51
  SINCE DEC 1      2.70                      2.03   0.67     4.20
  SINCE JAN 1      1.77                      1.18   0.59     1.56

SNOWFALL (IN)
  TODAY           MM             4.8  1971   0.2   MM        0.0
  MONTH TO DATE    T                         4.2   -4.2      4.7
  SINCE JAN 1      1.0                       9.9   -8.9     12.3
  SINCE JUL 1      3.2                      16.4  -13.2     13.6
  SNOW DEPTH      MM

DEGREE DAYS
 HEATING
  TODAY            1                        30    -29       26
  MONTH TO DATE  493                       728   -235      599
  SINCE DEC 1   2639                      2940   -301     2563
  SINCE JUL 1   3336                      4032   -696     3331

 COOLING
  TODAY            0                         0      0        0
  MONTH TO DATE    0                         0      0        0
  SINCE DEC 1      0                         0      0        0
  SINCE JAN 1      0                         0      0        0
..................................................................


WIND (MPH)
  HIGHEST WIND SPEED    23   HIGHEST WIND DIRECTION     S (200)
  HIGHEST GUST SPEED    29   HIGHEST GUST DIRECTION     S (200)
  AVERAGE WIND SPEED    15.0



WEATHER CONDITIONS
 THE FOLLOWING WEATHER WAS RECORDED TODAY.
  NO SIGNIFICANT WEATHER WAS OBSERVED.


RELATIVE HUMIDITY (PERCENT)
 HIGHEST    56           300 AM
 LOWEST     22           100 PM
 AVERAGE    39

..........................................................


THE CONCORDIA KS CLIMATE NORMALS FOR TOMORROW
                         NORMAL    RECORD    YEAR
 MAXIMUM TEMPERATURE (F)   46        80      1918
 MINIMUM TEMPERATURE (F)   25        -7      1889


SUNRISE AND SUNSET
FEBRUARY 22 2017......SUNRISE   713 AM CST   SUNSET   615 PM CST
FEBRUARY 23 2017......SUNRISE   712 AM CST   SUNSET   617 PM CST


-  INDICATES NEGATIVE NUMBERS.
R  INDICATES RECORD WAS SET OR TIED.
MM INDICATES DATA IS MISSING.
T  INDICATES TRACE AMOUNT.




$$
