000
CDUS43 KICT 100640
CLICNU


CLIMATE REPORT
NATIONAL WEATHER SERVICE WICHITA KS
1239 AM CST SAT DEC 10 2016


...................................

...THE CHANUTE KS CLIMATE SUMMARY FOR DECEMBER 9 2016...

CLIMATE NORMAL PERIOD 1981 TO 2010
CLIMATE RECORD PERIOD 1894 TO 2016


WEATHER ITEM   OBSERVED TIME   RECORD YEAR NORMAL DEPARTURE LAST
                VALUE   (LST)  VALUE       VALUE  FROM      YEAR
                                                  NORMAL
..................................................................
TEMPERATURE (F)
 YESTERDAY
  MAXIMUM         31    308 PM  72    1940  45    -14       66
  MINIMUM         12    632 AM  -8    2005  26    -14       35
  AVERAGE         22                        36    -14       51

PRECIPITATION (IN)
  YESTERDAY        0.00          1.95 1911   0.06  -0.06     0.00
  MONTH TO DATE    0.33                      0.59  -0.26     0.00
  SINCE DEC 1      0.33                      0.59  -0.26     0.00
  SINCE JAN 1     36.45                     40.91  -4.46    39.69

DEGREE DAYS
 HEATING
  YESTERDAY       43                        29     14       14
  MONTH TO DATE  267                       249     18      195
  SINCE DEC 1    267                       249     18      195
  SINCE JUL 1    745                      1101   -356      838

 COOLING
  YESTERDAY        0                         0      0        0
  MONTH TO DATE    0                         0      0        0
  SINCE DEC 1      0                         0      0        0
  SINCE JAN 1   1846                      1532    314     1612
..................................................................


WIND (MPH)
  HIGHEST WIND SPEED    12   HIGHEST WIND DIRECTION     S (160)
  HIGHEST GUST SPEED    15   HIGHEST GUST DIRECTION    SE (140)
  AVERAGE WIND SPEED     5.2


SKY COVER
  POSSIBLE SUNSHINE  MM
  AVERAGE SKY COVER 0.5


WEATHER CONDITIONS
 THE FOLLOWING WEATHER WAS RECORDED YESTERDAY.
  NO SIGNIFICANT WEATHER WAS OBSERVED.


RELATIVE HUMIDITY (PERCENT)
 HIGHEST    88           600 AM
 LOWEST     47           100 PM
 AVERAGE    68

..........................................................


THE CHANUTE KS CLIMATE NORMALS FOR TODAY
                         NORMAL    RECORD    YEAR
 MAXIMUM TEMPERATURE (F)   45        72      1939
 MINIMUM TEMPERATURE (F)   26        -3      1917


SUNRISE AND SUNSET
DECEMBER 10 2016......SUNRISE   726 AM CST   SUNSET   503 PM CST
DECEMBER 11 2016......SUNRISE   727 AM CST   SUNSET   504 PM CST


-  INDICATES NEGATIVE NUMBERS.
R  INDICATES RECORD WAS SET OR TIED.
MM INDICATES DATA IS MISSING.
T  INDICATES TRACE AMOUNT.




$$
