000
CDUS43 KICT 050625
CLICNU


CLIMATE REPORT
NATIONAL WEATHER SERVICE WICHITA KS
125 AM CDT THU MAY 5 2016


...................................

...THE CHANUTE KS CLIMATE SUMMARY FOR MAY 4 2016...

CLIMATE NORMAL PERIOD 1981 TO 2010
CLIMATE RECORD PERIOD 1894 TO 2016


WEATHER ITEM   OBSERVED TIME   RECORD YEAR NORMAL DEPARTURE LAST
                VALUE   (LST)  VALUE       VALUE  FROM      YEAR
                                                  NORMAL
..................................................................
TEMPERATURE (F)
 YESTERDAY
  MAXIMUM         74    301 PM  94    2014  73      1       83
  MINIMUM         47   1159 PM  33    1954  52     -5       58
  AVERAGE         61                        63     -2       71

PRECIPITATION (IN)
  YESTERDAY        0.00          2.04 1913   0.16  -0.16     0.00
  MONTH TO DATE    T                         0.63  -0.63      T
  SINCE MAR 1      6.88                      8.07  -1.19     5.08
  SINCE JAN 1      7.96                     11.23  -3.27     6.39

DEGREE DAYS
 HEATING
  YESTERDAY        4                         4      0        0
  MONTH TO DATE   41                        18     23        7
  SINCE MAR 1    604                       848   -244      689
  SINCE JUL 1   3569                      4420   -851     4379

 COOLING
  YESTERDAY        0                         2     -2        6
  MONTH TO DATE    0                         6     -6       12
  SINCE MAR 1     24                        37    -13       34
  SINCE JAN 1     24                        37    -13       34
..................................................................


WIND (MPH)
  HIGHEST WIND SPEED    24   HIGHEST WIND DIRECTION     N (350)
  HIGHEST GUST SPEED    28   HIGHEST GUST DIRECTION     N (350)
  AVERAGE WIND SPEED     9.5


SKY COVER
  POSSIBLE SUNSHINE  MM
  AVERAGE SKY COVER 0.0


WEATHER CONDITIONS
 THE FOLLOWING WEATHER WAS RECORDED YESTERDAY.
  NO SIGNIFICANT WEATHER WAS OBSERVED.


RELATIVE HUMIDITY (PERCENT)
 HIGHEST    77           300 AM
 LOWEST     25           300 PM
 AVERAGE    51

..........................................................


THE CHANUTE KS CLIMATE NORMALS FOR TODAY
                         NORMAL    RECORD    YEAR
 MAXIMUM TEMPERATURE (F)   73        93      1909
 MINIMUM TEMPERATURE (F)   53        34      1944


SUNRISE AND SUNSET
MAY  5 2016...........SUNRISE   621 AM CDT   SUNSET   816 PM CDT
MAY  6 2016...........SUNRISE   620 AM CDT   SUNSET   817 PM CDT


-  INDICATES NEGATIVE NUMBERS.
R  INDICATES RECORD WAS SET OR TIED.
MM INDICATES DATA IS MISSING.
T  INDICATES TRACE AMOUNT.




$$
