000
CDUS41 KGYX 240808
CLICON


CLIMATE REPORT
NATIONAL WEATHER SERVICE GRAY ME
407 AM EDT WED AUG 24 2016


...................................

...THE CONCORD NH CLIMATE SUMMARY FOR AUGUST 23 2016...

CLIMATE NORMAL PERIOD 1981 TO 2010
CLIMATE RECORD PERIOD 1868 TO 2016


WEATHER ITEM   OBSERVED TIME   RECORD YEAR NORMAL DEPARTURE LAST
                VALUE   (LST)  VALUE       VALUE  FROM      YEAR
                                                  NORMAL
..................................................................
TEMPERATURE (F)
 YESTERDAY
  MAXIMUM         83    229 PM  93    1918  80      3       79
  MINIMUM         46    531 AM  36    1894  55     -9       61
  AVERAGE         65                        68     -3       70

PRECIPITATION (IN)
  YESTERDAY        0.00          2.15 1916   0.10  -0.10      T
  MONTH TO DATE    1.75                      2.43  -0.68     3.96
  SINCE JUN 1      5.34                      9.86  -4.52    11.29
  SINCE JAN 1     18.04                     25.52  -7.48    21.74

SNOWFALL (IN)
  YESTERDAY        0.0           0.0  2002   0.0    0.0      0.0
                                      2001
                                      2000
  MONTH TO DATE    0.0                       0.0    0.0      0.0
  SINCE JUN 1      0.0                       0.0    0.0      0.0
  SINCE JUL 1      0.0                       0.0    0.0      0.0
  SNOW DEPTH       0

DEGREE DAYS
 HEATING
  YESTERDAY        0                         1     -1        0
  MONTH TO DATE    1                        18    -17        0
  SINCE JUN 1     54                       120    -66      103
  SINCE JUL 1     12                        35    -23        8

 COOLING
  YESTERDAY        0                         4     -4        5
  MONTH TO DATE  192                       112     80      135
  SINCE JUN 1    524                       368    156      394
  SINCE JAN 1    564                       386    178      460
..................................................................


WIND (MPH)
  RESULTANT WIND SPEED   3   RESULTANT WIND DIRECTION   W (270)
  HIGHEST WIND SPEED    14   HIGHEST WIND DIRECTION    SW (240)
  HIGHEST GUST SPEED    20   HIGHEST GUST DIRECTION     W (260)
  AVERAGE WIND SPEED     4.3


SKY COVER
  AVERAGE SKY COVER 0.0


WEATHER CONDITIONS
 THE FOLLOWING WEATHER WAS RECORDED YESTERDAY.
  NO SIGNIFICANT WEATHER WAS OBSERVED.


RELATIVE HUMIDITY (PERCENT)
 HIGHEST    93           300 AM
 LOWEST     28           200 PM
 AVERAGE    61

..........................................................


THE CONCORD NH CLIMATE NORMALS FOR TODAY
                         NORMAL    RECORD    YEAR
 MAXIMUM TEMPERATURE (F)   80        95      1947
 MINIMUM TEMPERATURE (F)   55        38      1987
                                             1975


SUNRISE AND SUNSET
AUGUST 24 2016........SUNRISE   602 AM EDT   SUNSET   734 PM EDT
AUGUST 25 2016........SUNRISE   603 AM EDT   SUNSET   732 PM EDT


-  INDICATES NEGATIVE NUMBERS.
R  INDICATES RECORD WAS SET OR TIED.
MM INDICATES DATA IS MISSING.
T  INDICATES TRACE AMOUNT.




$$
