000
CDUS41 KGYX 312053
CLICON


CLIMATE REPORT
NATIONAL WEATHER SERVICE GRAY ME
453 PM EDT TUE MAY 31 2016


...................................

...THE CONCORD NH CLIMATE SUMMARY FOR MAY 31 2016...
VALID TODAY AS OF 0400 PM LOCAL TIME.

CLIMATE NORMAL PERIOD 1981 TO 2010
CLIMATE RECORD PERIOD 1868 TO 2016


WEATHER ITEM   OBSERVED TIME   RECORD YEAR NORMAL DEPARTURE LAST
                VALUE   (LST)  VALUE       VALUE  FROM      YEAR
                                                  NORMAL
..................................................................
TEMPERATURE (F)
 TODAY
  MAXIMUM         86    249 PM  94    2013  73     13       72
  MINIMUM         65    457 AM  28    1961  48     17       48
  AVERAGE         76                        60     16       60

PRECIPITATION (IN)
  TODAY            0.00          2.46 1940   0.13  -0.13     0.47
  MONTH TO DATE    2.63                      3.66  -1.03     0.65
  SINCE MAR 1      6.95                     10.34  -3.39     4.39
  SINCE JAN 1     12.70                     15.66  -2.96    10.45

SNOWFALL (IN)
  TODAY            0.0           0.0  2002   0.0    0.0      0.0
                                      2001
                                      2000
  MONTH TO DATE    0.0                       0.0    0.0      0.0
  SINCE MAR 1      5.0                      13.9   -8.9      7.9
  SINCE JUL 1     29.7                      61.4  -31.7     92.1
  SNOW DEPTH       0

DEGREE DAYS
 HEATING
  TODAY            0                         6     -6        5
  MONTH TO DATE  262                       304    -42      156
  SINCE MAR 1   1670                      1890   -220     1913
  SINCE JUL 1   6019                      7150  -1131     7367

 COOLING
  TODAY           11                         1     10        0
  MONTH TO DATE   44                        16     28       66
  SINCE MAR 1     44                        18     26       66
  SINCE JAN 1     44                        18     26       66
..................................................................


WIND (MPH)
  HIGHEST WIND SPEED    18   HIGHEST WIND DIRECTION     W (290)
  HIGHEST GUST SPEED    25   HIGHEST GUST DIRECTION     W (280)
  AVERAGE WIND SPEED     7.6


SKY COVER
  POSSIBLE SUNSHINE  MM
  AVERAGE SKY COVER 0.0


WEATHER CONDITIONS
 THE FOLLOWING WEATHER WAS RECORDED TODAY.
  NO SIGNIFICANT WEATHER WAS OBSERVED.


RELATIVE HUMIDITY (PERCENT)
 HIGHEST    87          1200 AM
 LOWEST     25           300 PM
 AVERAGE    56

..........................................................


THE CONCORD NH CLIMATE NORMALS FOR TOMORROW
                         NORMAL    RECORD    YEAR
 MAXIMUM TEMPERATURE (F)   73        94      2013
                                             1879
 MINIMUM TEMPERATURE (F)   48        31      1967


SUNRISE AND SUNSET
MAY 31 2016...........SUNRISE   509 AM EDT   SUNSET   819 PM EDT
JUNE  1 2016..........SUNRISE   509 AM EDT   SUNSET   820 PM EDT


-  INDICATES NEGATIVE NUMBERS.
R  INDICATES RECORD WAS SET OR TIED.
MM INDICATES DATA IS MISSING.
T  INDICATES TRACE AMOUNT.




$$
