000
CDUS41 KGYX 300802
CLICON


CLIMATE REPORT
NATIONAL WEATHER SERVICE GRAY ME
402 AM EDT TUE MAY 30 2017


...................................

...THE CONCORD NH CLIMATE SUMMARY FOR MAY 29 2017...

CLIMATE NORMAL PERIOD 1981 TO 2010
CLIMATE RECORD PERIOD 1868 TO 2017


WEATHER ITEM   OBSERVED TIME   RECORD YEAR NORMAL DEPARTURE LAST
                VALUE   (LST)  VALUE       VALUE  FROM      YEAR
                                                  NORMAL
..................................................................
TEMPERATURE (F)
 YESTERDAY
  MAXIMUM         54    832 AM  94    1978  73    -19       71
  MINIMUM         47   1159 PM  29    1970  47      0       53
  AVERAGE         51                        60     -9       62

PRECIPITATION (IN)
  YESTERDAY        0.06          2.42 1984   0.12  -0.06     0.00
  MONTH TO DATE    5.74                      3.40   2.34     2.50
  SINCE MAR 1     13.95                     10.08   3.87     6.82
  SINCE JAN 1     18.90                     15.40   3.50    12.57

SNOWFALL (IN)
  YESTERDAY        0.0           0.0  2002   0.0    0.0      0.0
                                      2001
                                      2000
  MONTH TO DATE    0.0                       0.2   -0.2      0.0
  SINCE MAR 1     29.3                      14.1   15.2      5.0
  SINCE JUL 1     86.3                      61.6   24.7     29.7
  SNOW DEPTH       0

DEGREE DAYS
 HEATING
  YESTERDAY       14                         6      8        3
  MONTH TO DATE  313                       292     21      262
  SINCE MAR 1   1887                      1879      8     1670
  SINCE JUL 1   6385                      7139   -754     6019

 COOLING
  YESTERDAY        0                         1     -1        0
  MONTH TO DATE   24                        12     12       32
  SINCE MAR 1     32                        14     18       32
  SINCE JAN 1     32                        14     18       32
..................................................................


WIND (MPH)
  RESULTANT WIND SPEED   4   RESULTANT WIND DIRECTION   E (90)
  HIGHEST WIND SPEED    13   HIGHEST WIND DIRECTION     E (80)
  HIGHEST GUST SPEED    17   HIGHEST GUST DIRECTION     E (80)
  AVERAGE WIND SPEED     4.9


SKY COVER
  AVERAGE SKY COVER 1.0


WEATHER CONDITIONS
 THE FOLLOWING WEATHER WAS RECORDED YESTERDAY.
  LIGHT RAIN
  FOG


RELATIVE HUMIDITY (PERCENT)
 HIGHEST    93           300 PM
 LOWEST     83          1200 AM
 AVERAGE    88

..........................................................


THE CONCORD NH CLIMATE NORMALS FOR TODAY
                         NORMAL    RECORD    YEAR
 MAXIMUM TEMPERATURE (F)   73        95      1929
                                             1871
 MINIMUM TEMPERATURE (F)   47        30      1967


SUNRISE AND SUNSET
MAY 30 2017...........SUNRISE   510 AM EDT   SUNSET   818 PM EDT
MAY 31 2017...........SUNRISE   509 AM EDT   SUNSET   819 PM EDT


-  INDICATES NEGATIVE NUMBERS.
R  INDICATES RECORD WAS SET OR TIED.
MM INDICATES DATA IS MISSING.
T  INDICATES TRACE AMOUNT.




$$
