000
CDUS41 KGYX 300808
CLICON


CLIMATE REPORT
NATIONAL WEATHER SERVICE GRAY ME
407 AM EDT THU JUL 30 2015


...................................

...THE CONCORD NH CLIMATE SUMMARY FOR JULY 29 2015...

CLIMATE NORMAL PERIOD 1981 TO 2010
CLIMATE RECORD PERIOD 1868 TO 2015


WEATHER ITEM   OBSERVED TIME   RECORD YEAR NORMAL DEPARTURE LAST
                VALUE   (LST)  VALUE       VALUE  FROM      YEAR
                                                  NORMAL
..................................................................
TEMPERATURE (F)
 YESTERDAY
  MAXIMUM         96R   234 PM  95    1949  83     13       76
  MINIMUM         62    409 AM  43    1978  58      4       55
  AVERAGE         79                        70      9       66

PRECIPITATION (IN)
  YESTERDAY        0.00          2.44 1921   0.13  -0.13     0.00
  MONTH TO DATE    1.95                      3.49  -1.54     7.24
  SINCE JUN 1      7.25                      7.18   0.07    11.07
  SINCE JAN 1     17.70                     22.84  -5.14    28.81

SNOWFALL (IN)
  YESTERDAY        0.0           0.0  2002   0.0    0.0      0.0
                                      2001
                                      2000
  MONTH TO DATE    0.0                       0.0    0.0      0.0
  SINCE JUN 1      0.0                       0.0    0.0      0.0
  SINCE JUL 1      0.0                       0.0    0.0      0.0
  SNOW DEPTH       0

DEGREE DAYS
 HEATING
  YESTERDAY        0                         0      0        0
  MONTH TO DATE    8                        13     -5        0
  SINCE JUN 1    103                        98      5       56
  SINCE JUL 1      8                        13     -5        0

 COOLING
  YESTERDAY       14                         6      8        1
  MONTH TO DATE  173                       164      9      174
  SINCE JUN 1    238                       248    -10      247
  SINCE JAN 1    304                       266     38      249
..................................................................


WIND (MPH)
  RESULTANT WIND SPEED   2   RESULTANT WIND DIRECTION   W (280)
  HIGHEST WIND SPEED    14   HIGHEST WIND DIRECTION    NW (330)
  HIGHEST GUST SPEED    18   HIGHEST GUST DIRECTION    NW (330)
  AVERAGE WIND SPEED     3.4


SKY COVER
  AVERAGE SKY COVER 0.1


WEATHER CONDITIONS
 THE FOLLOWING WEATHER WAS RECORDED YESTERDAY.
  NO SIGNIFICANT WEATHER WAS OBSERVED.


RELATIVE HUMIDITY (PERCENT)
 HIGHEST    93           100 AM
 LOWEST     33           200 PM
 AVERAGE    63

..........................................................


THE CONCORD NH CLIMATE NORMALS FOR TODAY
                         NORMAL    RECORD    YEAR
 MAXIMUM TEMPERATURE (F)   83        98      1917
 MINIMUM TEMPERATURE (F)   58        40      1956


SUNRISE AND SUNSET
JULY 30 2015..........SUNRISE   534 AM EDT   SUNSET   810 PM EDT
JULY 31 2015..........SUNRISE   535 AM EDT   SUNSET   809 PM EDT


-  INDICATES NEGATIVE NUMBERS.
R  INDICATES RECORD WAS SET OR TIED.
MM INDICATES DATA IS MISSING.
T  INDICATES TRACE AMOUNT.




$$
