000
CDUS41 KGYX 040934
CLICON


CLIMATE REPORT
NATIONAL WEATHER SERVICE GRAY ME
434 AM EST WED MAR 4 2015


...................................

...THE CONCORD NH CLIMATE SUMMARY FOR MARCH 3 2015...

CLIMATE NORMAL PERIOD 1981 TO 2010
CLIMATE RECORD PERIOD 1868 TO 2015


WEATHER ITEM   OBSERVED TIME   RECORD YEAR NORMAL DEPARTURE LAST
                VALUE   (LST)  VALUE       VALUE  FROM      YEAR
                                                  NORMAL
..................................................................
TEMPERATURE (F)
 YESTERDAY
  MAXIMUM         29    440 PM  62    1874  39    -10       20
  MINIMUM          5    653 AM -13    1884  18    -13       -1
  AVERAGE         17                        29    -12       10

PRECIPITATION (IN)
  YESTERDAY        0.11          0.89 1942   0.10   0.01     0.00
  MONTH TO DATE    0.23                      0.30  -0.07     0.00
  SINCE MAR 1      0.23                      0.30  -0.07     0.00
  SINCE JAN 1      6.29                      5.62   0.67     7.32

SNOWFALL (IN)
  YESTERDAY        1.0           8.8  1994   0.5    0.5      0.0
  MONTH TO DATE    4.0                       1.4    2.6      0.0
  SINCE MAR 1      4.0                       1.4    2.6      0.0
  SINCE JUL 1     88.2                      48.9   39.3     69.8
  SNOW DEPTH      23

DEGREE DAYS
 HEATING
  YESTERDAY       48                        36     12       55
  MONTH TO DATE  148                       110     38      146
  SINCE MAR 1    148                       110     38      146
  SINCE JUL 1   5602                      5370    232     5615

 COOLING
  YESTERDAY        0                         0      0        0
  MONTH TO DATE    0                         0      0        0
  SINCE MAR 1      0                         0      0        0
  SINCE JAN 1      0                         0      0        0
..................................................................


WIND (MPH)
  RESULTANT WIND SPEED   2   RESULTANT WIND DIRECTION  SW (230)
  HIGHEST WIND SPEED    21   HIGHEST WIND DIRECTION     S (170)
  HIGHEST GUST SPEED    29   HIGHEST GUST DIRECTION    NW (320)
  AVERAGE WIND SPEED     7.7


SKY COVER
  AVERAGE SKY COVER 0.3


WEATHER CONDITIONS
 THE FOLLOWING WEATHER WAS RECORDED YESTERDAY.
  LIGHT SNOW
  FOG
  HAZE


RELATIVE HUMIDITY (PERCENT)
 HIGHEST    88          1000 PM
 LOWEST     25          1200 PM
 AVERAGE    57

..........................................................


THE CONCORD NH CLIMATE NORMALS FOR TODAY
                         NORMAL    RECORD    YEAR
 MAXIMUM TEMPERATURE (F)   40        61      1880
 MINIMUM TEMPERATURE (F)   19       -10      1982


SUNRISE AND SUNSET
MARCH  4 2015.........SUNRISE   618 AM EST   SUNSET   539 PM EST
MARCH  5 2015.........SUNRISE   616 AM EST   SUNSET   540 PM EST


-  INDICATES NEGATIVE NUMBERS.
R  INDICATES RECORD WAS SET OR TIED.
MM INDICATES DATA IS MISSING.
T  INDICATES TRACE AMOUNT.




$$
