000
CDUS41 KGYX 300802
CLICON


CLIMATE REPORT
NATIONAL WEATHER SERVICE GRAY ME
401 AM EDT FRI SEP 30 2016


...................................

...THE CONCORD NH CLIMATE SUMMARY FOR SEPTEMBER 29 2016...

CLIMATE NORMAL PERIOD 1981 TO 2010
CLIMATE RECORD PERIOD 1868 TO 2016


WEATHER ITEM   OBSERVED TIME   RECORD YEAR NORMAL DEPARTURE LAST
                VALUE   (LST)  VALUE       VALUE  FROM      YEAR
                                                  NORMAL
..................................................................
TEMPERATURE (F)
 YESTERDAY
  MAXIMUM         67    231 PM  86    1952  67      0       80
  MINIMUM         39    610 AM  25    1947  42     -3       62
  AVERAGE         53                        54     -1       71

PRECIPITATION (IN)
  YESTERDAY        0.00          3.35 2011   0.13  -0.13     0.23
  MONTH TO DATE    2.94                      3.25  -0.31     1.77
  SINCE SEP 1      2.94                      3.25  -0.31     1.77
  SINCE JAN 1     21.12                     29.52  -8.40    25.11

SNOWFALL (IN)
  YESTERDAY        0.0           T    1911   0.0    0.0      0.0
  MONTH TO DATE    0.0                       0.0    0.0      0.0
  SINCE SEP 1      0.0                       0.0    0.0      0.0
  SINCE JUL 1      0.0                       0.0    0.0      0.0
  SNOW DEPTH       0

DEGREE DAYS
 HEATING
  YESTERDAY       12                        11      1        0
  MONTH TO DATE   91                       175    -84       76
  SINCE SEP 1     91                       175    -84       76
  SINCE JUL 1    103                       223   -120       84

 COOLING
  YESTERDAY        0                         0      0        6
  MONTH TO DATE   91                        37     54       95
  SINCE SEP 1     91                        37     54       95
  SINCE JAN 1    715                       450    265      595
..................................................................


WIND (MPH)
  RESULTANT WIND SPEED   3   RESULTANT WIND DIRECTION   E (70)
  HIGHEST WIND SPEED    16   HIGHEST WIND DIRECTION    NE (50)
  HIGHEST GUST SPEED    23   HIGHEST GUST DIRECTION    NE (60)
  AVERAGE WIND SPEED     3.5


SKY COVER
  AVERAGE SKY COVER 0.2


WEATHER CONDITIONS
 THE FOLLOWING WEATHER WAS RECORDED YESTERDAY.
  FOG
  FOG W/VISIBILITY <= 1/4 MILE


RELATIVE HUMIDITY (PERCENT)
 HIGHEST    92           300 AM
 LOWEST     37           300 PM
 AVERAGE    65

..........................................................


THE CONCORD NH CLIMATE NORMALS FOR TODAY
                         NORMAL    RECORD    YEAR
 MAXIMUM TEMPERATURE (F)   67        86      1986
                                             1922
 MINIMUM TEMPERATURE (F)   41        20      1941


SUNRISE AND SUNSET
SEPTEMBER 30 2016.....SUNRISE   643 AM EDT   SUNSET   628 PM EDT
OCTOBER  1 2016.......SUNRISE   644 AM EDT   SUNSET   626 PM EDT


-  INDICATES NEGATIVE NUMBERS.
R  INDICATES RECORD WAS SET OR TIED.
MM INDICATES DATA IS MISSING.
T  INDICATES TRACE AMOUNT.




$$
