000
CDUS41 KGYX 250805
CLICON


CLIMATE REPORT
NATIONAL WEATHER SERVICE GRAY ME
405 AM EDT MON SEP 25 2017


...................................

...THE CONCORD NH CLIMATE SUMMARY FOR SEPTEMBER 24 2017...

CLIMATE NORMAL PERIOD 1981 TO 2010
CLIMATE RECORD PERIOD 1868 TO 2017


WEATHER ITEM   OBSERVED TIME   RECORD YEAR NORMAL DEPARTURE LAST
                VALUE   (LST)  VALUE       VALUE  FROM      YEAR
                                                  NORMAL
..................................................................
TEMPERATURE (F)
 YESTERDAY
  MAXIMUM         91R   239 PM  90    2010  69     22       68
  MINIMUM         57    610 AM  24    1963  44     13       39
  AVERAGE         74                        57     17       54

PRECIPITATION (IN)
  YESTERDAY        0.00          2.95 1898   0.13  -0.13     0.00
  MONTH TO DATE    2.98                      2.63   0.35     2.68
  SINCE SEP 1      2.98                      2.63   0.35     2.68
  SINCE JAN 1     31.50                     28.90   2.60    20.86

SNOWFALL (IN)
  YESTERDAY        0.0           0.0  2002   0.0    0.0      0.0
                                      2001
                                      2000
  MONTH TO DATE    0.0                       0.0    0.0      0.0
  SINCE SEP 1      0.0                       0.0    0.0      0.0
  SINCE JUL 1      0.0                       0.0    0.0      0.0
  SNOW DEPTH       0

DEGREE DAYS
 HEATING
  YESTERDAY        0                         9     -9       11
  MONTH TO DATE   57                       125    -68       31
  SINCE SEP 1     57                       125    -68       31
  SINCE JUL 1    110                       173    -63       43

 COOLING
  YESTERDAY        9                         1      8        0
  MONTH TO DATE   73                        37     36       91
  SINCE SEP 1     73                        37     36       91
  SINCE JAN 1    518                       450     68      715
..................................................................


WIND (MPH)
  RESULTANT WIND SPEED   1   RESULTANT WIND DIRECTION  SE (130)
  HIGHEST WIND SPEED     8   HIGHEST WIND DIRECTION     N (360)
  HIGHEST GUST SPEED    10   HIGHEST GUST DIRECTION    NW (330)
  AVERAGE WIND SPEED     1.4


SKY COVER
  AVERAGE SKY COVER 0.0


WEATHER CONDITIONS
 THE FOLLOWING WEATHER WAS RECORDED YESTERDAY.
  FOG


RELATIVE HUMIDITY (PERCENT)
 HIGHEST    97          1200 AM
 LOWEST     44           100 PM
 AVERAGE    71

..........................................................


THE CONCORD NH CLIMATE NORMALS FOR TODAY
                         NORMAL    RECORD    YEAR
 MAXIMUM TEMPERATURE (F)   69        89      1970
 MINIMUM TEMPERATURE (F)   43        26      1963


SUNRISE AND SUNSET
SEPTEMBER 25 2017.....SUNRISE   637 AM EDT   SUNSET   638 PM EDT
SEPTEMBER 26 2017.....SUNRISE   638 AM EDT   SUNSET   636 PM EDT


-  INDICATES NEGATIVE NUMBERS.
R  INDICATES RECORD WAS SET OR TIED.
MM INDICATES DATA IS MISSING.
T  INDICATES TRACE AMOUNT.




$$
