000
CDUS41 KGYX 232040
CLICON


CLIMATE REPORT
NATIONAL WEATHER SERVICE GRAY ME
440 PM EDT WED JUL 23 2014


...................................

...THE CONCORD NH CLIMATE SUMMARY FOR JULY 23 2014...
VALID TODAY AS OF 0400 PM LOCAL TIME.

CLIMATE NORMAL PERIOD 1981 TO 2010
CLIMATE RECORD PERIOD 1868 TO 2014


WEATHER ITEM   OBSERVED TIME   RECORD YEAR NORMAL DEPARTURE LAST
                VALUE   (LST)  VALUE       VALUE  FROM      YEAR
                                                  NORMAL
..................................................................
TEMPERATURE (F)
 TODAY
  MAXIMUM         91    234 PM 100    1978  83      8       77
  MINIMUM         67    503 AM  41    1871  58      9       64
  AVERAGE         79                        70      9       71

PRECIPITATION (IN)
  TODAY            0.00          2.40 2013   0.13  -0.13     2.40
  MONTH TO DATE    5.64                      2.75   2.89     6.27
  SINCE JUN 1      9.47                      6.44   3.03    13.05
  SINCE JAN 1     27.21                     22.10   5.11    25.81

SNOWFALL (IN)
  TODAY            0.0           0.0  2002   0.0    0.0      0.0
                                      2001
                                      2000
  MONTH TO DATE    0.0                       0.0    0.0      0.0
  SINCE JUN 1      0.0                       0.0    0.0      0.0
  SINCE JUL 1      0.0                       0.0    0.0      0.0
  SNOW DEPTH       0

DEGREE DAYS
 HEATING
  TODAY            0                         0      0        0
  MONTH TO DATE    0                        13    -13        0
  SINCE JUN 1     56                        98    -42       72
  SINCE JUL 1      0                        13    -13        0

 COOLING
  TODAY           14                         6      8        6
  MONTH TO DATE  156                       128     28      237
  SINCE JUN 1    229                       212     17      346
  SINCE JAN 1    231                       230      1      367
..................................................................


WIND (MPH)
  HIGHEST WIND SPEED    17   HIGHEST WIND DIRECTION     S (200)
  HIGHEST GUST SPEED    23   HIGHEST GUST DIRECTION    SW (210)
  AVERAGE WIND SPEED     6.5


SKY COVER
  POSSIBLE SUNSHINE  MM
  AVERAGE SKY COVER 0.2


WEATHER CONDITIONS
 THE FOLLOWING WEATHER WAS RECORDED TODAY.
  THUNDERSTORM
  FOG


RELATIVE HUMIDITY (PERCENT)
 HIGHEST    93           400 AM
 LOWEST     50           100 PM
 AVERAGE    72

..........................................................


THE CONCORD NH CLIMATE NORMALS FOR TOMORROW
                         NORMAL    RECORD    YEAR
 MAXIMUM TEMPERATURE (F)   83       100      1870
 MINIMUM TEMPERATURE (F)   58        42      1985


SUNRISE AND SUNSET
JULY 23 2014..........SUNRISE   527 AM EDT   SUNSET   817 PM EDT
JULY 24 2014..........SUNRISE   528 AM EDT   SUNSET   816 PM EDT


-  INDICATES NEGATIVE NUMBERS.
R  INDICATES RECORD WAS SET OR TIED.
MM INDICATES DATA IS MISSING.
T  INDICATES TRACE AMOUNT.




$$
