000
CDUS41 KGYX 250814
CLICON


CLIMATE REPORT
NATIONAL WEATHER SERVICE GRAY ME
414 AM EDT SAT MAR 25 2017


...................................

...THE CONCORD NH CLIMATE SUMMARY FOR MARCH 24 2017...

CLIMATE NORMAL PERIOD 1981 TO 2010
CLIMATE RECORD PERIOD 1868 TO 2017


WEATHER ITEM   OBSERVED TIME   RECORD YEAR NORMAL DEPARTURE LAST
                VALUE   (LST)  VALUE       VALUE  FROM      YEAR
                                                  NORMAL
..................................................................
TEMPERATURE (F)
 YESTERDAY
  MAXIMUM         34   1159 PM  69    1928  47    -13       41
                                      1913
  MINIMUM         24    420 AM -16    1875  25     -1       32
  AVERAGE         29                        36     -7       37

PRECIPITATION (IN)
  YESTERDAY        0.17          0.89 1993   0.12   0.05      T
  MONTH TO DATE    1.83                      2.50  -0.67     1.86
  SINCE MAR 1      1.83                      2.50  -0.67     1.86
  SINCE JAN 1      6.78                      7.82  -1.04     7.61

SNOWFALL (IN)
  YESTERDAY        0.3          10.4  1993   0.3    0.0      0.0
  MONTH TO DATE   16.2                       9.3    6.9      2.3
  SINCE MAR 1     16.2                       9.3    6.9      2.3
  SINCE JUL 1     73.2                      56.8   16.4     27.0
  SNOW DEPTH       9

DEGREE DAYS
 HEATING
  YESTERDAY       36                        29      7       28
  MONTH TO DATE  897                       795    102      621
  SINCE MAR 1    897                       795    102      621
  SINCE JUL 1   5395                      6055   -660     4970

 COOLING
  YESTERDAY        0                         0      0        0
  MONTH TO DATE    0                         0      0        0
  SINCE MAR 1      0                         0      0        0
  SINCE JAN 1      0                         0      0        0
..................................................................


WIND (MPH)
  RESULTANT WIND SPEED   3   RESULTANT WIND DIRECTION   S (160)
  HIGHEST WIND SPEED    17   HIGHEST WIND DIRECTION     S (170)
  HIGHEST GUST SPEED    24   HIGHEST GUST DIRECTION     S (170)
  AVERAGE WIND SPEED     3.6


SKY COVER
  AVERAGE SKY COVER 0.8


WEATHER CONDITIONS
 THE FOLLOWING WEATHER WAS RECORDED YESTERDAY.
  LIGHT RAIN
  SNOW
  LIGHT SNOW
  FOG


RELATIVE HUMIDITY (PERCENT)
 HIGHEST    96           600 PM
 LOWEST     43           900 AM
 AVERAGE    70

..........................................................


THE CONCORD NH CLIMATE NORMALS FOR TODAY
                         NORMAL    RECORD    YEAR
 MAXIMUM TEMPERATURE (F)   47        73      1913
                                             1910
 MINIMUM TEMPERATURE (F)   26        -1      1906


SUNRISE AND SUNSET
MARCH 25 2017.........SUNRISE   640 AM EDT   SUNSET   705 PM EDT
MARCH 26 2017.........SUNRISE   638 AM EDT   SUNSET   706 PM EDT


-  INDICATES NEGATIVE NUMBERS.
R  INDICATES RECORD WAS SET OR TIED.
MM INDICATES DATA IS MISSING.
T  INDICATES TRACE AMOUNT.




$$
