000
CDUS41 KGYX 082143
CLICON


CLIMATE REPORT
NATIONAL WEATHER SERVICE GRAY ME
443 PM EST THU DEC 8 2016


...................................

...THE CONCORD NH CLIMATE SUMMARY FOR DECEMBER 8 2016...
VALID TODAY AS OF 0400 PM LOCAL TIME.

CLIMATE NORMAL PERIOD 1981 TO 2010
CLIMATE RECORD PERIOD 1868 TO 2016


WEATHER ITEM   OBSERVED TIME   RECORD YEAR NORMAL DEPARTURE LAST
                VALUE   (LST)  VALUE       VALUE  FROM      YEAR
                                                  NORMAL
..................................................................
TEMPERATURE (F)
 TODAY
  MAXIMUM         42    221 PM  58    1951  39      3       40
  MINIMUM         27    746 AM -11    1964  20      7       23
                                      1902
  AVERAGE         35                        30      5       32

PRECIPITATION (IN)
  TODAY            0.00          1.40 1974   0.11  -0.11     0.00
  MONTH TO DATE    1.07                      0.88   0.19     0.46
  SINCE DEC 1      1.07                      0.88   0.19     0.46
  SINCE JAN 1     30.82                     38.29  -7.47    33.99

SNOWFALL (IN)
  TODAY            0.0           7.9  1996   0.4   -0.4      0.0
  MONTH TO DATE    2.7                       3.0   -0.3      0.0
  SINCE DEC 1      2.7                       3.0   -0.3      0.0
  SINCE JUL 1      3.4                       5.6   -2.2      0.0
  SNOW DEPTH       2

DEGREE DAYS
 HEATING
  TODAY           30                        35     -5       33
  MONTH TO DATE  237                       271    -34      228
  SINCE DEC 1    237                       271    -34      228
  SINCE JUL 1   1489                      1831   -342     1508

 COOLING
  TODAY            0                         0      0        0
  MONTH TO DATE    0                         0      0        0
  SINCE DEC 1      0                         0      0        0
  SINCE JAN 1    715                       452    263      595
..................................................................


WIND (MPH)
  HIGHEST WIND SPEED    10   HIGHEST WIND DIRECTION     W (280)
  HIGHEST GUST SPEED    15   HIGHEST GUST DIRECTION    SW (240)
  AVERAGE WIND SPEED     2.8


SKY COVER
  POSSIBLE SUNSHINE  MM
  AVERAGE SKY COVER 0.8


WEATHER CONDITIONS
 THE FOLLOWING WEATHER WAS RECORDED TODAY.
  FOG
  FOG W/VISIBILITY <= 1/4 MILE


RELATIVE HUMIDITY (PERCENT)
 HIGHEST    92           100 AM
 LOWEST     51           300 PM
 AVERAGE    72

..........................................................


THE CONCORD NH CLIMATE NORMALS FOR TOMORROW
                         NORMAL    RECORD    YEAR
 MAXIMUM TEMPERATURE (F)   39        58      1889
 MINIMUM TEMPERATURE (F)   20       -12      1902


SUNRISE AND SUNSET
DECEMBER  8 2016......SUNRISE   706 AM EST   SUNSET   411 PM EST
DECEMBER  9 2016......SUNRISE   706 AM EST   SUNSET   411 PM EST


-  INDICATES NEGATIVE NUMBERS.
R  INDICATES RECORD WAS SET OR TIED.
MM INDICATES DATA IS MISSING.
T  INDICATES TRACE AMOUNT.




$$
