000
CDUS41 KGYX 010802
CLICON


CLIMATE REPORT
NATIONAL WEATHER SERVICE GRAY ME
402 AM EDT WED OCT 1 2014


...................................

...THE CONCORD NH CLIMATE SUMMARY FOR SEPTEMBER 30 2014...

CLIMATE NORMAL PERIOD 1981 TO 2010
CLIMATE RECORD PERIOD 1868 TO 2014


WEATHER ITEM   OBSERVED TIME   RECORD YEAR NORMAL DEPARTURE LAST
                VALUE   (LST)  VALUE       VALUE  FROM      YEAR
                                                  NORMAL
..................................................................
TEMPERATURE (F)
 YESTERDAY
  MAXIMUM         62    254 PM  86    1986  67     -5       73
                                      1922
  MINIMUM         55    735 AM  20    1941  41     14       39
  AVERAGE         59                        54      5       56

PRECIPITATION (IN)
  YESTERDAY        0.00          3.72 1920   0.13  -0.13     0.00
  MONTH TO DATE    0.42                      3.38  -2.96     4.81
  SINCE SEP 1      0.42                      3.38  -2.96     4.81
  SINCE JAN 1     33.30                     29.65   3.65    33.10

SNOWFALL (IN)
  YESTERDAY        0.0           T    1992   0.0    0.0      0.0
  MONTH TO DATE    0.0                       0.0    0.0      0.0
  SINCE SEP 1      0.0                       0.0    0.0      0.0
  SINCE JUL 1      0.0                       0.0    0.0      0.0
  SNOW DEPTH       0

DEGREE DAYS
 HEATING
  YESTERDAY        6                        11     -5        9
  MONTH TO DATE  189                       186      3      199
  SINCE SEP 1    189                       187      2      199
  SINCE JUL 1    221                       235    -14      229

 COOLING
  YESTERDAY        0                         0      0        0
  MONTH TO DATE   50                        37     13       46
  SINCE SEP 1     50                        37     13       46
  SINCE JAN 1    381                       450    -69      537
..................................................................


WIND (MPH)
  RESULTANT WIND SPEED   3   RESULTANT WIND DIRECTION  NE (60)
  HIGHEST WIND SPEED     9   HIGHEST WIND DIRECTION    NE (30)
  HIGHEST GUST SPEED    11   HIGHEST GUST DIRECTION     N (20)
  AVERAGE WIND SPEED     3.8


SKY COVER
  AVERAGE SKY COVER 1.0


WEATHER CONDITIONS
 THE FOLLOWING WEATHER WAS RECORDED YESTERDAY.
  FOG


RELATIVE HUMIDITY (PERCENT)
 HIGHEST    93          1200 AM
 LOWEST     78          1200 PM
 AVERAGE    86

..........................................................


THE CONCORD NH CLIMATE NORMALS FOR TODAY
                         NORMAL    RECORD    YEAR
 MAXIMUM TEMPERATURE (F)   66        87      1922
 MINIMUM TEMPERATURE (F)   41        24      1925


SUNRISE AND SUNSET
OCTOBER  1 2014.......SUNRISE   643 AM EDT   SUNSET   627 PM EDT
OCTOBER  2 2014.......SUNRISE   644 AM EDT   SUNSET   625 PM EDT


-  INDICATES NEGATIVE NUMBERS.
R  INDICATES RECORD WAS SET OR TIED.
MM INDICATES DATA IS MISSING.
T  INDICATES TRACE AMOUNT.




$$
