000
CDUS45 KPUB 301108
CLICOS


CLIMATE REPORT
NATIONAL WEATHER SERVICE PUEBLO
507 AM MDT MON MAY 30 2016


...................................

...THE COLORADO SPRINGS CO CLIMATE SUMMARY FOR MAY 29 2016...

CLIMATE NORMAL PERIOD 1981 TO 2010
CLIMATE RECORD PERIOD 1872 TO 2016


WEATHER ITEM   OBSERVED TIME   RECORD YEAR NORMAL DEPARTURE LAST
                VALUE   (LST)  VALUE       VALUE  FROM      YEAR
                                                  NORMAL
..................................................................
TEMPERATURE (F)
 YESTERDAY
  MAXIMUM         76   1245 PM  93    2000  73      3       67
  MINIMUM         44    322 AM  31    1947  47     -3       46
  AVERAGE         60                        60      0       57

PRECIPITATION (IN)
  YESTERDAY        0.21          1.34 1990   0.08   0.13     0.24
  MONTH TO DATE    2.10                      1.86   0.24     8.13
  SINCE MAR 1      5.11                      4.28   0.83     9.91
  SINCE JAN 1      6.65                      4.94   1.71    12.23

SNOWFALL (IN)
  YESTERDAY        0.0           0.2  1975   0.0    0.0       T
  MONTH TO DATE    T                         0.7   -0.7       T
  SINCE MAR 1     23.6                      13.7    9.9      5.6
  SINCE JUL 1     50.7                      37.7   13.0     46.5
  SNOW DEPTH       0

DEGREE DAYS
 HEATING
  YESTERDAY        5                         6     -1        8
  MONTH TO DATE  306                       279     27      376
  SINCE MAR 1   1559                      1638    -79     1534
  SINCE JUL 1   5462                      6201   -739     5755

 COOLING
  YESTERDAY        0                         1     -1        0
  MONTH TO DATE    2                         5     -3        0
  SINCE MAR 1      2                         6     -4        0
  SINCE JAN 1      2                         6     -4        0
..................................................................


WIND (MPH)
  HIGHEST WIND SPEED    28   HIGHEST WIND DIRECTION     N (360)
  HIGHEST GUST SPEED    37   HIGHEST GUST DIRECTION     N (10)
  AVERAGE WIND SPEED     7.8


SKY COVER
  POSSIBLE SUNSHINE  MM
  AVERAGE SKY COVER 0.6


WEATHER CONDITIONS
 THE FOLLOWING WEATHER WAS RECORDED YESTERDAY.
  THUNDERSTORM
  HEAVY RAIN
  RAIN
  LIGHT RAIN


RELATIVE HUMIDITY (PERCENT)
 HIGHEST    76           300 AM
 LOWEST     27          1200 PM
 AVERAGE    52

..........................................................


THE COLORADO SPRINGS CO CLIMATE NORMALS FOR TODAY
                         NORMAL    RECORD    YEAR
 MAXIMUM TEMPERATURE (F)   73        94      2000
 MINIMUM TEMPERATURE (F)   47        33      1924


SUNRISE AND SUNSET
MAY 30 2016...........SUNRISE   536 AM MDT   SUNSET   817 PM MDT
MAY 31 2016...........SUNRISE   536 AM MDT   SUNSET   818 PM MDT


-  INDICATES NEGATIVE NUMBERS.
R  INDICATES RECORD WAS SET OR TIED.
MM INDICATES DATA IS MISSING.
T  INDICATES TRACE AMOUNT.




$$
