000
CDUS45 KPUB 201036
CLICOS


CLIMATE REPORT
NATIONAL WEATHER SERVICE PUEBLO
436 AM MDT MON OCT 20 2014


...................................

...THE COLORADO SPRINGS CO CLIMATE SUMMARY FOR OCTOBER 19 2014...

CLIMATE NORMAL PERIOD 1981 TO 2010
CLIMATE RECORD PERIOD 1872 TO 2014


WEATHER ITEM   OBSERVED TIME   RECORD YEAR NORMAL DEPARTURE LAST
                VALUE   (LST)  VALUE       VALUE  FROM      YEAR
                                                  NORMAL
..................................................................
TEMPERATURE (F)
 YESTERDAY
  MAXIMUM         74    132 PM  84    2003  62     12       61
  MINIMUM         42    118 AM  16    1916  35      7       25
  AVERAGE         58                        48     10       43

PRECIPITATION (IN)
  YESTERDAY        0.00          0.78 1962   0.02  -0.02     0.00
  MONTH TO DATE    2.96                      0.53   2.43     0.36
  SINCE SEP 1      3.57                      1.72   1.85     5.16
  SINCE JAN 1     16.62                     15.51   1.11    18.82

SNOWFALL (IN)
  YESTERDAY        0.0           3.0  1949   0.1   -0.1      0.0
  MONTH TO DATE    T                         1.4   -1.4      0.2
  SINCE SEP 1      T                         1.6   -1.6      0.2
  SINCE JUL 1      T                         1.6   -1.6      0.2
  SNOW DEPTH       0

DEGREE DAYS
 HEATING
  YESTERDAY        7                        17    -10       22
  MONTH TO DATE  214                       259    -45      288
  SINCE SEP 1    301                       418   -117      361
  SINCE JUL 1    331                       449   -118      371

 COOLING
  YESTERDAY        0                         0      0        0
  MONTH TO DATE    0                         0      0        0
  SINCE SEP 1     60                        36     24       92
  SINCE JAN 1    487                       454     33      694
..................................................................


WIND (MPH)
  HIGHEST WIND SPEED    15   HIGHEST WIND DIRECTION     N (340)
  HIGHEST GUST SPEED    19   HIGHEST GUST DIRECTION     N (340)
  AVERAGE WIND SPEED     6.7


SKY COVER
  POSSIBLE SUNSHINE  MM
  AVERAGE SKY COVER 0.4


WEATHER CONDITIONS
 THE FOLLOWING WEATHER WAS RECORDED YESTERDAY.
  NO SIGNIFICANT WEATHER WAS OBSERVED.


RELATIVE HUMIDITY (PERCENT)
 HIGHEST    82           100 AM
 LOWEST     19           100 PM
 AVERAGE    51

..........................................................


THE COLORADO SPRINGS CO CLIMATE NORMALS FOR TODAY
                         NORMAL    RECORD    YEAR
 MAXIMUM TEMPERATURE (F)   62        79      2012
                                             2007
                                             2003
 MINIMUM TEMPERATURE (F)   35        17      1916


SUNRISE AND SUNSET
OCTOBER 20 2014.......SUNRISE   713 AM MDT   SUNSET   613 PM MDT
OCTOBER 21 2014.......SUNRISE   714 AM MDT   SUNSET   612 PM MDT


-  INDICATES NEGATIVE NUMBERS.
R  INDICATES RECORD WAS SET OR TIED.
MM INDICATES DATA IS MISSING.
T  INDICATES TRACE AMOUNT.




$$
