000
CDUS45 KPUB 281058
CLICOS


CLIMATE REPORT
NATIONAL WEATHER SERVICE PUEBLO
458 AM MDT SAT MAR 28 2015


...................................

...THE COLORADO SPRINGS CO CLIMATE SUMMARY FOR MARCH 27 2015...

CLIMATE NORMAL PERIOD 1981 TO 2010
CLIMATE RECORD PERIOD 1872 TO 2015


WEATHER ITEM   OBSERVED TIME   RECORD YEAR NORMAL DEPARTURE LAST
                VALUE   (LST)  VALUE       VALUE  FROM      YEAR
                                                  NORMAL
..................................................................
TEMPERATURE (F)
 YESTERDAY
  MAXIMUM         67    341 PM  76    1988  55     12       55
  MINIMUM         30    455 AM  -1    1931  29      1       34
  AVERAGE         49                        42      7       45

PRECIPITATION (IN)
  YESTERDAY        0.00          1.47 1906   0.04  -0.04     0.00
  MONTH TO DATE    0.81                      0.86  -0.05     0.42
  SINCE MAR 1      0.81                      0.86  -0.05     0.42
  SINCE JAN 1      3.13                      1.52   1.61     1.31

SNOWFALL (IN)
  YESTERDAY        0.0          10.0  1906   0.3   -0.3      0.0
  MONTH TO DATE    3.9                       7.1   -3.2      2.8
  SINCE MAR 1      3.9                       7.1   -3.2      2.8
  SINCE JUL 1     44.8                      31.1   13.7     26.9
  SNOW DEPTH       0

DEGREE DAYS
 HEATING
  YESTERDAY       16                        23     -7       20
  MONTH TO DATE  628                       714    -86      707
  SINCE MAR 1    628                       714    -86      707
  SINCE JUL 1   4849                      5277   -428     5194

 COOLING
  YESTERDAY        0                         0      0        0
  MONTH TO DATE    0                         0      0        0
  SINCE MAR 1      0                         0      0        0
  SINCE JAN 1      0                         0      0        0
..................................................................


WIND (MPH)
  HIGHEST WIND SPEED    15   HIGHEST WIND DIRECTION     S (160)
  HIGHEST GUST SPEED    19   HIGHEST GUST DIRECTION    SE (150)
  AVERAGE WIND SPEED     6.5


SKY COVER
  POSSIBLE SUNSHINE  MM
  AVERAGE SKY COVER 0.4


WEATHER CONDITIONS
 THE FOLLOWING WEATHER WAS RECORDED YESTERDAY.
  NO SIGNIFICANT WEATHER WAS OBSERVED.


RELATIVE HUMIDITY (PERCENT)
 HIGHEST    72           400 AM
 LOWEST     20           300 PM
 AVERAGE    46

..........................................................


THE COLORADO SPRINGS CO CLIMATE NORMALS FOR TODAY
                         NORMAL    RECORD    YEAR
 MAXIMUM TEMPERATURE (F)   55        80      1963
 MINIMUM TEMPERATURE (F)   29        -3      1899


SUNRISE AND SUNSET
MARCH 28 2015.........SUNRISE   650 AM MDT   SUNSET   718 PM MDT
MARCH 29 2015.........SUNRISE   649 AM MDT   SUNSET   719 PM MDT


-  INDICATES NEGATIVE NUMBERS.
R  INDICATES RECORD WAS SET OR TIED.
MM INDICATES DATA IS MISSING.
T  INDICATES TRACE AMOUNT.




$$
