000
CDUS45 KPUB 211032
CLICOS


CLIMATE REPORT
NATIONAL WEATHER SERVICE PUEBLO
432 AM MDT SAT OCT 21 2017


...................................

...THE COLORADO SPRINGS CO CLIMATE SUMMARY FOR OCTOBER 20 2017...

CLIMATE NORMAL PERIOD 1981 TO 2010
CLIMATE RECORD PERIOD 1872 TO 2017


WEATHER ITEM   OBSERVED TIME   RECORD YEAR NORMAL DEPARTURE LAST
                VALUE   (LST)  VALUE       VALUE  FROM      YEAR
                                                  NORMAL
..................................................................
TEMPERATURE (F)
 YESTERDAY
  MAXIMUM         76    128 PM  79    2012  62     14       58
                                      2007
                                      2003
  MINIMUM         43    318 AM  17    1916  35      8       31
  AVERAGE         60                        48     12       45

PRECIPITATION (IN)
  YESTERDAY        0.00          0.40 1996   0.03  -0.03     0.00
  MONTH TO DATE    0.17                      0.56  -0.39      T
  SINCE SEP 1      2.94                      1.75   1.19     0.16
  SINCE JAN 1     18.22                     15.54   2.68    13.60

SNOWFALL (IN)
  YESTERDAY        0.0           4.0  1996   0.2   -0.2      0.0
  MONTH TO DATE    0.3                       1.6   -1.3      0.0
  SINCE SEP 1      0.3                       1.8   -1.5      0.0
  SINCE JUL 1      0.3                       1.8   -1.5       T
  SNOW DEPTH       0

DEGREE DAYS
 HEATING
  YESTERDAY        5                        17    -12       20
  MONTH TO DATE  235                       276    -41      163
  SINCE SEP 1    367                       435    -68      226
  SINCE JUL 1    376                       466    -90      247

 COOLING
  YESTERDAY        0                         0      0        0
  MONTH TO DATE    0                         0      0        7
  SINCE SEP 1     91                        36     55       82
  SINCE JAN 1    639                       454    185      708
..................................................................


WIND (MPH)
  HIGHEST WIND SPEED    32   HIGHEST WIND DIRECTION    SW (220)
  HIGHEST GUST SPEED    39   HIGHEST GUST DIRECTION    SW (210)
  AVERAGE WIND SPEED    11.8


SKY COVER
  POSSIBLE SUNSHINE  MM
  AVERAGE SKY COVER 0.5


WEATHER CONDITIONS
 THE FOLLOWING WEATHER WAS RECORDED YESTERDAY.
  NO SIGNIFICANT WEATHER WAS OBSERVED.


RELATIVE HUMIDITY (PERCENT)
 HIGHEST    65          1200 AM
 LOWEST     17           300 PM
 AVERAGE    41

..........................................................


THE COLORADO SPRINGS CO CLIMATE NORMALS FOR TODAY
                         NORMAL    RECORD    YEAR
 MAXIMUM TEMPERATURE (F)   61        84      2003
 MINIMUM TEMPERATURE (F)   34        11      1911


SUNRISE AND SUNSET
OCTOBER 21 2017.......SUNRISE   715 AM MDT   SUNSET   612 PM MDT
OCTOBER 22 2017.......SUNRISE   716 AM MDT   SUNSET   610 PM MDT


-  INDICATES NEGATIVE NUMBERS.
R  INDICATES RECORD WAS SET OR TIED.
MM INDICATES DATA IS MISSING.
T  INDICATES TRACE AMOUNT.




$$
