000
CDUS45 KPUB 270023
CLICOS


CLIMATE REPORT
NATIONAL WEATHER SERVICE PUEBLO
623 PM MDT TUE AUG 26 2014


...................................

...THE COLORADO SPRINGS CO CLIMATE SUMMARY FOR AUGUST 26 2014...
VALID TODAY AS OF 0500 PM LOCAL TIME.

CLIMATE NORMAL PERIOD 1981 TO 2010
CLIMATE RECORD PERIOD 1872 TO 2014


WEATHER ITEM   OBSERVED TIME   RECORD YEAR NORMAL DEPARTURE LAST
                VALUE   (LST)  VALUE       VALUE  FROM      YEAR
                                                  NORMAL
..................................................................
TEMPERATURE (F)
 TODAY
  MAXIMUM         72   1249 PM  95    2007  80     -8       87
  MINIMUM         58    716 AM  34    1910  54      4       59
  AVERAGE         65                        67     -2       73

PRECIPITATION (IN)
  TODAY            T             1.62 1944   0.09  -0.09     0.00
  MONTH TO DATE    2.32                      2.90  -0.58     5.65
  SINCE JUN 1      8.24                      8.24   0.00    10.86
  SINCE JAN 1     13.03                     13.35  -0.32    13.59

SNOWFALL (IN)
  TODAY            0.0           0.0  2002   0.0    0.0      0.0
  MONTH TO DATE    T                         0.0    0.0       T
  SINCE JUN 1      T                         0.0    0.0       T
  SINCE JUL 1      T                         0.0    0.0       T
  SNOW DEPTH       0

DEGREE DAYS
 HEATING
  TODAY            0                         1     -1        0
  MONTH TO DATE    5                        11     -6        5
  SINCE JUN 1     67                       100    -33       35
  SINCE JUL 1     28                        21      7       10

 COOLING
  TODAY            0                         3     -3        8
  MONTH TO DATE  105                       119    -14      137
  SINCE JUN 1    403                       393     10      525
  SINCE JAN 1    416                       403     13      547
..................................................................


WIND (MPH)
  HIGHEST WIND SPEED    15   HIGHEST WIND DIRECTION    NW (310)
  HIGHEST GUST SPEED    18   HIGHEST GUST DIRECTION    NW (310)
  AVERAGE WIND SPEED     5.8


SKY COVER
  POSSIBLE SUNSHINE  MM
  AVERAGE SKY COVER 0.8


WEATHER CONDITIONS
 THE FOLLOWING WEATHER WAS RECORDED TODAY.
  THUNDERSTORM
  LIGHT RAIN


RELATIVE HUMIDITY (PERCENT)
 HIGHEST    90           100 AM
 LOWEST     53           400 PM
 AVERAGE    72

..........................................................


THE COLORADO SPRINGS CO CLIMATE NORMALS FOR TOMORROW
                         NORMAL    RECORD    YEAR
 MAXIMUM TEMPERATURE (F)   80        94      1962
                                             1960
 MINIMUM TEMPERATURE (F)   54        39      1992


SUNRISE AND SUNSET
AUGUST 26 2014........SUNRISE   623 AM MDT   SUNSET   738 PM MDT
AUGUST 27 2014........SUNRISE   623 AM MDT   SUNSET   737 PM MDT


-  INDICATES NEGATIVE NUMBERS.
R  INDICATES RECORD WAS SET OR TIED.
MM INDICATES DATA IS MISSING.
T  INDICATES TRACE AMOUNT.




$$
