000
CDUS45 KPUB 290022
CLICOS


CLIMATE REPORT
NATIONAL WEATHER SERVICE PUEBLO
621 PM MDT WED JUN 28 2017


...................................

...THE COLORADO SPRINGS CO CLIMATE SUMMARY FOR JUNE 28 2017...
VALID TODAY AS OF 0500 PM LOCAL TIME.

CLIMATE NORMAL PERIOD 1981 TO 2010
CLIMATE RECORD PERIOD 1872 TO 2017


WEATHER ITEM   OBSERVED TIME   RECORD YEAR NORMAL DEPARTURE LAST
                VALUE   (LST)  VALUE       VALUE  FROM      YEAR
                                                  NORMAL
..................................................................
TEMPERATURE (F)
 TODAY
  MAXIMUM         89    410 PM  98    1990  83      6       85
                                      1963
  MINIMUM         59    458 AM  42    1985  55      4       58
  AVERAGE         74                        69      5       72

PRECIPITATION (IN)
  TODAY            0.00          1.62 1995   0.07  -0.07     0.04
  MONTH TO DATE    0.44                      2.35  -1.91     0.70
  SINCE JUN 1      0.44                      2.35  -1.91     0.70
  SINCE JAN 1      6.56                      7.46  -0.90     7.63

SNOWFALL (IN)
  TODAY            0.0           0.0  2015   0.0    0.0      0.0
  MONTH TO DATE    0.0                       0.0    0.0       T
  SINCE JUN 1      0.0                       0.0    0.0       T
  SINCE JUL 1     25.2                      37.7  -12.5     50.7
  SNOW DEPTH       0

DEGREE DAYS
 HEATING
  TODAY            0                         1     -1        0
  MONTH TO DATE   19                        76    -57        8
  SINCE JUN 1     19                        76    -57        8
  SINCE JUL 1   5097                      6289  -1192     5484

 COOLING
  TODAY            9                         5      4        7
  MONTH TO DATE  151                        72     79      170
  SINCE JUN 1    151                        72     79      170
  SINCE JAN 1    153                        82     71      172
..................................................................


WIND (MPH)
  HIGHEST WIND SPEED    29   HIGHEST WIND DIRECTION     S (160)
  HIGHEST GUST SPEED    35   HIGHEST GUST DIRECTION     S (160)
  AVERAGE WIND SPEED    13.9


SKY COVER
  POSSIBLE SUNSHINE  MM
  AVERAGE SKY COVER 0.3


WEATHER CONDITIONS
 THE FOLLOWING WEATHER WAS RECORDED TODAY.
  NO SIGNIFICANT WEATHER WAS OBSERVED.


RELATIVE HUMIDITY (PERCENT)
 HIGHEST    47           500 AM
 LOWEST     14           400 PM
 AVERAGE    31

..........................................................


THE COLORADO SPRINGS CO CLIMATE NORMALS FOR TOMORROW
                         NORMAL    RECORD    YEAR
 MAXIMUM TEMPERATURE (F)   84        99      1990
 MINIMUM TEMPERATURE (F)   55        44      1932


SUNRISE AND SUNSET
JUNE 28 2017..........SUNRISE   536 AM MDT   SUNSET   828 PM MDT
JUNE 29 2017..........SUNRISE   537 AM MDT   SUNSET   828 PM MDT


-  INDICATES NEGATIVE NUMBERS.
R  INDICATES RECORD WAS SET OR TIED.
MM INDICATES DATA IS MISSING.
T  INDICATES TRACE AMOUNT.




$$
