000
CDUS43 KLSX 300731
CLICOU


CLIMATE REPORT
NATIONAL WEATHER SERVICE ST LOUIS MO
228 AM CDT THU OCT 30 2014


...................................

...THE COLUMBIA ASOS CLIMATE SUMMARY FOR OCTOBER 29 2014...

CLIMATE NORMAL PERIOD 1981 TO 2010
CLIMATE RECORD PERIOD 1890 TO 2014


WEATHER ITEM   OBSERVED TIME   RECORD YEAR NORMAL DEPARTURE LAST
                VALUE   (LST)  VALUE       VALUE  FROM      YEAR
                                                  NORMAL
..................................................................
TEMPERATURE (F)
 YESTERDAY
  MAXIMUM         59    303 PM  86    1937  63     -4       60
  MINIMUM         39    605 AM  19    1895  42     -3       48
  AVERAGE         49                        52     -3       54

PRECIPITATION (IN)
  YESTERDAY        0.00          1.25 2009   0.09  -0.09     0.39
  MONTH TO DATE   10.16                      3.12   7.04     1.59
  SINCE SEP 1     16.31                      6.99   9.32     4.01
  SINCE JAN 1     40.60                     36.74   3.86    37.10

SNOWFALL (IN)
  YESTERDAY        0.0           T    1925   0.0    0.0      0.0
  MONTH TO DATE    0.0                       0.1   -0.1      0.0
  SINCE SEP 1      0.0                       0.1   -0.1      0.0
  SINCE JUL 1      0.0                       0.1   -0.1      0.0
  SNOW DEPTH       0

DEGREE DAYS
 HEATING
  YESTERDAY       16                        13      3       11
  MONTH TO DATE  206                       270    -64      296
  SINCE SEP 1    253                       336    -83      312
  SINCE JUL 1    253                       338    -85      312

 COOLING
  YESTERDAY        0                         0      0        0
  MONTH TO DATE   18                        15      3       47
  SINCE SEP 1    156                       159     -3      254
  SINCE JAN 1   1266                      1242     24     1321
..................................................................


WIND (MPH)
  HIGHEST WIND SPEED    14   HIGHEST WIND DIRECTION    NW (310)
  HIGHEST GUST SPEED    21   HIGHEST GUST DIRECTION     N (340)
  AVERAGE WIND SPEED     6.0


SKY COVER
  AVERAGE SKY COVER 0.0


WEATHER CONDITIONS
 THE FOLLOWING WEATHER WAS RECORDED YESTERDAY.
  NO SIGNIFICANT WEATHER WAS OBSERVED.


RELATIVE HUMIDITY (PERCENT)
 HIGHEST    79
 LOWEST     37
 AVERAGE    58

..........................................................


THE COLUMBIA ASOS CLIMATE NORMALS FOR TODAY
                         NORMAL    RECORD    YEAR
 MAXIMUM TEMPERATURE (F)   62        89      1950
 MINIMUM TEMPERATURE (F)   41        20      1925
                                             1917


SUNRISE AND SUNSET
OCTOBER 30 2014.......SUNRISE   734 AM CDT   SUNSET   611 PM CDT
OCTOBER 31 2014.......SUNRISE   735 AM CDT   SUNSET   610 PM CDT


-  INDICATES NEGATIVE NUMBERS.
R  INDICATES RECORD WAS SET OR TIED.
MM INDICATES DATA IS MISSING.
T  INDICATES TRACE AMOUNT.




$$
