000
CDUS43 KLSX 160729
CLICOU


CLIMATE REPORT
NATIONAL WEATHER SERVICE ST LOUIS MO
128 AM CST MON JAN 16 2017


...................................

...THE COLUMBIA ASOS CLIMATE SUMMARY FOR JANUARY 15 2017...

CLIMATE NORMAL PERIOD 1981 TO 2010
CLIMATE RECORD PERIOD 1890 TO 2017


WEATHER ITEM   OBSERVED TIME   RECORD YEAR NORMAL DEPARTURE LAST
                VALUE   (LST)  VALUE       VALUE  FROM      YEAR
                                                  NORMAL
..................................................................
TEMPERATURE (F)
 YESTERDAY
  MAXIMUM         35   1159 PM  71    1901  38     -3       50
  MINIMUM         30   1234 AM -11    1979  21      9       25
  AVERAGE         33                        29      4       38

PRECIPITATION (IN)
  YESTERDAY        0.08          1.00 1907   0.05   0.03      T
  MONTH TO DATE    0.26                      0.93  -0.67     0.69
  SINCE DEC 1      1.27                      3.37  -2.10     7.73
  SINCE JAN 1      0.26                      0.93  -0.67     0.69

SNOWFALL (IN)
  YESTERDAY        0.0           4.8  1924   0.2   -0.2      0.0
  MONTH TO DATE    1.0                       2.9   -1.9      4.0
  SINCE DEC 1      1.5                       7.3   -5.8      4.0
  SINCE JUL 1      1.5                       8.2   -6.7      4.0
  SNOW DEPTH       0

DEGREE DAYS
 HEATING
  YESTERDAY       32                        36     -4       27
  MONTH TO DATE  538                       536      2      496
  SINCE DEC 1   1555                      1546      9     1179
  SINCE JUL 1   2138                      2531   -393     1875

 COOLING
  YESTERDAY        0                         0      0        0
  MONTH TO DATE    0                         0      0        0
  SINCE DEC 1      0                         0      0        0
  SINCE JAN 1      0                         0      0        0
..................................................................


WIND (MPH)
  HIGHEST WIND SPEED    14   HIGHEST WIND DIRECTION    SE (120)
  HIGHEST GUST SPEED    17   HIGHEST GUST DIRECTION     E (100)
  AVERAGE WIND SPEED     7.9


SKY COVER
  AVERAGE SKY COVER 1.0


WEATHER CONDITIONS
 THE FOLLOWING WEATHER WAS RECORDED YESTERDAY.
  LIGHT RAIN
  LT FREEZING RAIN
  FOG


RELATIVE HUMIDITY (PERCENT)
 HIGHEST   100
 LOWEST     92
 AVERAGE    96

..........................................................


THE COLUMBIA ASOS CLIMATE NORMALS FOR TODAY
                         NORMAL    RECORD    YEAR
 MAXIMUM TEMPERATURE (F)   38        70      2012
 MINIMUM TEMPERATURE (F)   21       -15      1977


SUNRISE AND SUNSET
JANUARY 16 2017.......SUNRISE   725 AM CST   SUNSET   513 PM CST
JANUARY 17 2017.......SUNRISE   725 AM CST   SUNSET   514 PM CST


-  INDICATES NEGATIVE NUMBERS.
R  INDICATES RECORD WAS SET OR TIED.
MM INDICATES DATA IS MISSING.
T  INDICATES TRACE AMOUNT.




$$
