000
CDUS43 KLSX 300745
CLICOU


CLIMATE REPORT
NATIONAL WEATHER SERVICE ST LOUIS MO
245 AM CDT TUE SEP 30 2014


...................................

...THE COLUMBIA ASOS CLIMATE SUMMARY FOR SEPTEMBER 29 2014...

CLIMATE NORMAL PERIOD 1981 TO 2010
CLIMATE RECORD PERIOD 1890 TO 2014


WEATHER ITEM   OBSERVED TIME   RECORD YEAR NORMAL DEPARTURE LAST
                VALUE   (LST)  VALUE       VALUE  FROM      YEAR
                                                  NORMAL
..................................................................
TEMPERATURE (F)
 YESTERDAY
  MAXIMUM         85    329 PM  99    1953  73     12       75
  MINIMUM         59    616 AM  30    1899  50      9       51
  AVERAGE         72                        62     10       63

PRECIPITATION (IN)
  YESTERDAY        0.00          1.50 1988   0.13  -0.13     0.00
  MONTH TO DATE    6.15                      3.75   2.40     2.42
  SINCE SEP 1      6.15                      3.75   2.40     2.42
  SINCE JAN 1     30.44                     33.50  -3.06    35.51

SNOWFALL (IN)
  YESTERDAY        0.0           0.0  2013   0.0    0.0      0.0
  MONTH TO DATE    0.0                       0.0    0.0      0.0
  SINCE SEP 1      0.0                       0.0    0.0      0.0
  SINCE JUL 1      0.0                       0.0    0.0      0.0
  SNOW DEPTH       0

DEGREE DAYS
 HEATING
  YESTERDAY        0                         5     -5        2
  MONTH TO DATE   47                        59    -12       14
  SINCE SEP 1     47                        59    -12       14
  SINCE JUL 1     47                        61    -14       14

 COOLING
  YESTERDAY        7                         2      5        0
  MONTH TO DATE  131                       142    -11      207
  SINCE SEP 1    131                       142    -11      207
  SINCE JAN 1   1241                      1225     16     1274
..................................................................


WIND (MPH)
  HIGHEST WIND SPEED     9   HIGHEST WIND DIRECTION    NW (300)
  HIGHEST GUST SPEED    12   HIGHEST GUST DIRECTION    NW (300)
  AVERAGE WIND SPEED     3.4


SKY COVER
  AVERAGE SKY COVER 0.0


WEATHER CONDITIONS
 THE FOLLOWING WEATHER WAS RECORDED YESTERDAY.
  NO SIGNIFICANT WEATHER WAS OBSERVED.


RELATIVE HUMIDITY (PERCENT)
 HIGHEST    90
 LOWEST     37
 AVERAGE    64

..........................................................


THE COLUMBIA ASOS CLIMATE NORMALS FOR TODAY
                         NORMAL    RECORD    YEAR
 MAXIMUM TEMPERATURE (F)   73        95      1897
 MINIMUM TEMPERATURE (F)   50        26      1895


SUNRISE AND SUNSET
SEPTEMBER 30 2014.....SUNRISE   704 AM CDT   SUNSET   653 PM CDT
OCTOBER  1 2014.......SUNRISE   705 AM CDT   SUNSET   652 PM CDT


-  INDICATES NEGATIVE NUMBERS.
R  INDICATES RECORD WAS SET OR TIED.
MM INDICATES DATA IS MISSING.
T  INDICATES TRACE AMOUNT.




$$
