000
CDUS43 KLSX 040737
CLICOU


CLIMATE REPORT
NATIONAL WEATHER SERVICE ST LOUIS MO
234 AM CDT TUE AUG 4 2015


...................................

...THE COLUMBIA ASOS CLIMATE SUMMARY FOR AUGUST 3 2015...

CLIMATE NORMAL PERIOD 1981 TO 2010
CLIMATE RECORD PERIOD 1890 TO 2015


WEATHER ITEM   OBSERVED TIME   RECORD YEAR NORMAL DEPARTURE LAST
                VALUE   (LST)  VALUE       VALUE  FROM      YEAR
                                                  NORMAL
..................................................................
TEMPERATURE (F)
 YESTERDAY
  MAXIMUM         89    334 PM 104    1930  88      1       90
  MINIMUM         70    455 AM  54    1974  67      3       64
                                      1950
                                      1891
  AVERAGE         80                        77      3       77

PRECIPITATION (IN)
  YESTERDAY        0.00          2.31 1910   0.12  -0.12     0.00
  MONTH TO DATE    0.03                      0.38  -0.35     0.01
  SINCE JUN 1     15.99                      9.22   6.77     6.54
  SINCE JAN 1     28.85                     25.77   3.08    21.36

SNOWFALL (IN)
  YESTERDAY        0.0           0.0  2013   0.0    0.0      0.0
  MONTH TO DATE    0.0                       0.0    0.0      0.0
  SINCE JUN 1      0.0                       0.0    0.0      0.0
  SINCE JUL 1      0.0                       0.0    0.0      0.0
  SNOW DEPTH       0

DEGREE DAYS
 HEATING
  YESTERDAY        0                         0      0        0
  MONTH TO DATE    0                         0      0        0
  SINCE JUN 1      8                        11     -3        0
  SINCE JUL 1      1                         0      1        0

 COOLING
  YESTERDAY       15                        12      3       12
  MONTH TO DATE   42                        36      6       29
  SINCE JUN 1    751                       666     85      582
  SINCE JAN 1    870                       769    101      742
..................................................................


WIND (MPH)
  HIGHEST WIND SPEED    13   HIGHEST WIND DIRECTION    SW (220)
  HIGHEST GUST SPEED    16   HIGHEST GUST DIRECTION    NW (300)
  AVERAGE WIND SPEED     5.8


SKY COVER
  AVERAGE SKY COVER 0.0


WEATHER CONDITIONS
 THE FOLLOWING WEATHER WAS RECORDED YESTERDAY.
  HAZE


RELATIVE HUMIDITY (PERCENT)
 HIGHEST    90
 LOWEST     50
 AVERAGE    70

..........................................................


THE COLUMBIA ASOS CLIMATE NORMALS FOR TODAY
                         NORMAL    RECORD    YEAR
 MAXIMUM TEMPERATURE (F)   88       108      1918
 MINIMUM TEMPERATURE (F)   67        44      1894


SUNRISE AND SUNSET
AUGUST  4 2015........SUNRISE   612 AM CDT   SUNSET   817 PM CDT
AUGUST  5 2015........SUNRISE   613 AM CDT   SUNSET   816 PM CDT


-  INDICATES NEGATIVE NUMBERS.
R  INDICATES RECORD WAS SET OR TIED.
MM INDICATES DATA IS MISSING.
T  INDICATES TRACE AMOUNT.




$$
