000
CDUS43 KLSX 310739
CLICOU


CLIMATE REPORT
NATIONAL WEATHER SERVICE ST LOUIS MO
237 AM CDT WED AUG 31 2016


...................................

...THE COLUMBIA ASOS CLIMATE SUMMARY FOR AUGUST 30 2016...

CLIMATE NORMAL PERIOD 1981 TO 2010
CLIMATE RECORD PERIOD 1890 TO 2016


WEATHER ITEM   OBSERVED TIME   RECORD YEAR NORMAL DEPARTURE LAST
                VALUE   (LST)  VALUE       VALUE  FROM      YEAR
                                                  NORMAL
..................................................................
TEMPERATURE (F)
 YESTERDAY
  MAXIMUM         87   1114 AM 104    1947  85      2       86
  MINIMUM         70   1148 PM  44    1893  63      7       67
  AVERAGE         79                        74      5       77

PRECIPITATION (IN)
  YESTERDAY        0.00          1.28 1983   0.14  -0.14     0.00
  MONTH TO DATE    5.53                      4.22   1.31     3.14
  SINCE JUN 1     17.90                     13.06   4.84    19.10
  SINCE JAN 1     28.03                     29.61  -1.58    31.96

SNOWFALL (IN)
  YESTERDAY        0.0           0.0  2015   0.0    0.0      0.0
  MONTH TO DATE    0.0                       0.0    0.0      0.0
  SINCE JUN 1      0.0                       0.0    0.0      0.0
  SINCE JUL 1      0.0                       0.0    0.0      0.0
  SNOW DEPTH       0

DEGREE DAYS
 HEATING
  YESTERDAY        0                         0      0        0
  MONTH TO DATE    0                         0      0        1
  SINCE JUN 1      0                        11    -11        9
  SINCE JUL 1      0                         0      0        2

 COOLING
  YESTERDAY       14                         9      5       12
  MONTH TO DATE  359                       339     20      278
  SINCE JUN 1   1177                       969    208      987
  SINCE JAN 1   1301                      1072    229     1106
..................................................................


WIND (MPH)
  HIGHEST WIND SPEED    20   HIGHEST WIND DIRECTION     N (360)
  HIGHEST GUST SPEED    23   HIGHEST GUST DIRECTION     N (360)
  AVERAGE WIND SPEED     3.8


SKY COVER
  AVERAGE SKY COVER 0.1


WEATHER CONDITIONS
 THE FOLLOWING WEATHER WAS RECORDED YESTERDAY.
  THUNDERSTORM
  FOG


RELATIVE HUMIDITY (PERCENT)
 HIGHEST   100
 LOWEST     70
 AVERAGE    85

..........................................................


THE COLUMBIA ASOS CLIMATE NORMALS FOR TODAY
                         NORMAL    RECORD    YEAR
 MAXIMUM TEMPERATURE (F)   85       103      1913
 MINIMUM TEMPERATURE (F)   63        40      1915


SUNRISE AND SUNSET
AUGUST 31 2016........SUNRISE   637 AM CDT   SUNSET   740 PM CDT
SEPTEMBER  1 2016.....SUNRISE   638 AM CDT   SUNSET   738 PM CDT


-  INDICATES NEGATIVE NUMBERS.
R  INDICATES RECORD WAS SET OR TIED.
MM INDICATES DATA IS MISSING.
T  INDICATES TRACE AMOUNT.




$$
