000
CDUS43 KLSX 060732
CLICOU


CLIMATE REPORT
NATIONAL WEATHER SERVICE ST LOUIS MO
130 AM CST TUE DEC 6 2016


...................................

...THE COLUMBIA ASOS CLIMATE SUMMARY FOR DECEMBER 5 2016...

CLIMATE NORMAL PERIOD 1981 TO 2010
CLIMATE RECORD PERIOD 1890 TO 2016


WEATHER ITEM   OBSERVED TIME   RECORD YEAR NORMAL DEPARTURE LAST
                VALUE   (LST)  VALUE       VALUE  FROM      YEAR
                                                  NORMAL
..................................................................
TEMPERATURE (F)
 YESTERDAY
  MAXIMUM         46    323 PM  74    1998  44      2       57
  MINIMUM         27    339 AM  -4    1895  27      0       31
  AVERAGE         37                        35      2       44

PRECIPITATION (IN)
  YESTERDAY        0.00          1.22 2014   0.09  -0.09     0.00
  MONTH TO DATE    0.39                      0.46  -0.07      T
  SINCE DEC 1      0.39                      0.46  -0.07      T
  SINCE JAN 1     39.44                     40.64  -1.20    42.71

SNOWFALL (IN)
  YESTERDAY        0.0           5.6  1942   0.1   -0.1      0.0
  MONTH TO DATE    T                         0.5   -0.5       T
  SINCE DEC 1      T                         0.5   -0.5       T
  SINCE JUL 1      T                         1.4   -1.4       T
  SNOW DEPTH       0

DEGREE DAYS
 HEATING
  YESTERDAY       28                        30     -2       21
  MONTH TO DATE  140                       144     -4      123
  SINCE DEC 1    140                       144     -4      123
  SINCE JUL 1    723                      1129   -406      819

 COOLING
  YESTERDAY        0                         0      0        0
  MONTH TO DATE    0                         0      0        0
  SINCE DEC 1      0                         0      0        0
  SINCE JAN 1   1632                      1249    383     1387
..................................................................


WIND (MPH)
  HIGHEST WIND SPEED    16   HIGHEST WIND DIRECTION    SE (140)
  HIGHEST GUST SPEED    18   HIGHEST GUST DIRECTION    SE (140)
  AVERAGE WIND SPEED     7.6


SKY COVER
  AVERAGE SKY COVER 0.4


WEATHER CONDITIONS
 THE FOLLOWING WEATHER WAS RECORDED YESTERDAY.
  FOG
  FOG W/VISIBILITY <= 1/4 MILE


RELATIVE HUMIDITY (PERCENT)
 HIGHEST   100
 LOWEST     76
 AVERAGE    88

..........................................................


THE COLUMBIA ASOS CLIMATE NORMALS FOR TODAY
                         NORMAL    RECORD    YEAR
 MAXIMUM TEMPERATURE (F)   44        73      1951
 MINIMUM TEMPERATURE (F)   26        -2      1950


SUNRISE AND SUNSET
DECEMBER  6 2016......SUNRISE   713 AM CST   SUNSET   447 PM CST
DECEMBER  7 2016......SUNRISE   714 AM CST   SUNSET   447 PM CST


-  INDICATES NEGATIVE NUMBERS.
R  INDICATES RECORD WAS SET OR TIED.
MM INDICATES DATA IS MISSING.
T  INDICATES TRACE AMOUNT.




$$
