000
CDUS43 KLSX 282334
CLICOU


CLIMATE REPORT
NATIONAL WEATHER SERVICE ST LOUIS MO
534 PM CST FRI NOV 28 2014


...................................

...THE COLUMBIA ASOS CLIMATE SUMMARY FOR NOVEMBER 28 2014...
VALID TODAY AS OF 0500 PM LOCAL TIME.

CLIMATE NORMAL PERIOD 1981 TO 2010
CLIMATE RECORD PERIOD 1890 TO 2014


WEATHER ITEM   OBSERVED TIME   RECORD YEAR NORMAL DEPARTURE LAST
                VALUE   (LST)  VALUE       VALUE  FROM      YEAR
                                                  NORMAL
..................................................................
TEMPERATURE (F)
 TODAY
  MAXIMUM         59    315 PM  74    1905  47     12       45
  MINIMUM         27    213 AM   7    1896  29     -2       20
  AVERAGE         43                        38      5       33

PRECIPITATION (IN)
  TODAY            0.00          1.25 1968   0.11  -0.11     0.00
  MONTH TO DATE    1.32                      3.04  -1.72     1.47
  SINCE SEP 1     17.65                     10.22   7.43     6.72
  SINCE JAN 1     41.94                     39.97   1.97    39.81

SNOWFALL (IN)
  TODAY            0.0           6.0  1971   0.1   -0.1      0.0
  MONTH TO DATE    0.8                       0.8    0.0      0.0
  SINCE SEP 1      0.8                       0.8    0.0      0.0
  SINCE JUL 1      0.8                       0.8    0.0      0.0
  SNOW DEPTH       0

DEGREE DAYS
 HEATING
  TODAY           22                        27     -5       32
  MONTH TO DATE  755                       565    190      633
  SINCE SEP 1   1049                       928    121      957
  SINCE JUL 1   1049                       930    119      957

 COOLING
  TODAY            0                         0      0        0
  MONTH TO DATE    0                         0      0        0
  SINCE SEP 1    156                       164     -8      255
  SINCE JAN 1   1266                      1247     19     1322
..................................................................


WIND (MPH)
  HIGHEST WIND SPEED    23   HIGHEST WIND DIRECTION     S (190)
  HIGHEST GUST SPEED    29   HIGHEST GUST DIRECTION    SW (210)
  AVERAGE WIND SPEED    12.7


SKY COVER
  AVERAGE SKY COVER 0.0



RELATIVE HUMIDITY (PERCENT)
 HIGHEST    85           100 AM
 LOWEST     37           200 PM
 AVERAGE    61

..........................................................


THE COLUMBIA ASOS CLIMATE NORMALS FOR TOMORROW
                         NORMAL    RECORD    YEAR
 MAXIMUM TEMPERATURE (F)   47        76      1933
 MINIMUM TEMPERATURE (F)   29         0      1929


SUNRISE AND SUNSET
NOVEMBER 28 2014......SUNRISE   705 AM CST   SUNSET   448 PM CST
NOVEMBER 29 2014......SUNRISE   706 AM CST   SUNSET   448 PM CST


-  INDICATES NEGATIVE NUMBERS.
R  INDICATES RECORD WAS SET OR TIED.
MM INDICATES DATA IS MISSING.
T  INDICATES TRACE AMOUNT.




$$
