000
CDUS45 KRIW 310029
CLICPR


CLIMATE REPORT
NATIONAL WEATHER SERVICE RIVERTON WY
529 PM MST FRI JAN 30 2015


...................................

...THE CASPER WY CLIMATE SUMMARY FOR JANUARY 30 2015...
VALID TODAY AS OF 0500 PM LOCAL TIME.

CLIMATE NORMAL PERIOD 1981 TO 2010
CLIMATE RECORD PERIOD 1939 TO 2015


WEATHER ITEM   OBSERVED TIME   RECORD YEAR NORMAL DEPARTURE LAST
                VALUE   (LST)  VALUE       VALUE  FROM      YEAR
                                                  NORMAL
..................................................................
TEMPERATURE (F)
 TODAY
  MAXIMUM         45        MM  60    1971  35     10       34
  MINIMUM         28        MM -26    1985  14     14        6
  AVERAGE         37                        25     12       20

PRECIPITATION (IN)
  TODAY            0.00          0.17 1943   0.01  -0.01     0.02
  MONTH TO DATE    0.51                      0.49   0.02     0.74
  SINCE DEC 1      1.76                      0.98   0.78     1.94
  SINCE JAN 1      0.51                      0.49   0.02     0.74

SNOWFALL (IN)
  TODAY            0.0                       0.3   -0.3      0.4
  MONTH TO DATE    6.1                       8.8   -2.7     14.2
  SINCE DEC 1     23.9                      19.8    4.1     29.9
  SINCE JUL 1     38.7                      39.3   -0.6     54.7
  SNOW DEPTH       0

DEGREE DAYS
 HEATING
  TODAY           28                        40    -12       45
  MONTH TO DATE 1148                      1205    -57     1217
  SINCE DEC 1   2272                      2480   -208     2593
  SINCE JUL 1   4047                      4334   -287     4437

 COOLING
  TODAY            0                         0      0        0
  MONTH TO DATE    0                         0      0        0
  SINCE DEC 1      0                         0      0        0
  SINCE JAN 1      0                         0      0        0
..................................................................


WIND (MPH)
  HIGHEST WIND SPEED    14   HIGHEST WIND DIRECTION     N (20)
  HIGHEST GUST SPEED    MM   HIGHEST GUST DIRECTION    MM
  AVERAGE WIND SPEED     7.4


SKY COVER
  POSSIBLE SUNSHINE  MM
  AVERAGE SKY COVER 0.0


WEATHER CONDITIONS
 THE FOLLOWING WEATHER WAS RECORDED TODAY.
  NO SIGNIFICANT WEATHER WAS OBSERVED.


RELATIVE HUMIDITY (PERCENT)
 HIGHEST    85           400 AM
 LOWEST     36           100 PM
 AVERAGE    61

..........................................................


THE CASPER WY CLIMATE NORMALS FOR TOMORROW
                         NORMAL    RECORD    YEAR
 MAXIMUM TEMPERATURE (F)   35        58      1971
 MINIMUM TEMPERATURE (F)   14       -24      1996
                                             1985


SUNRISE AND SUNSET
JANUARY 30 2015.......SUNRISE   723 AM MST   SUNSET   516 PM MST
JANUARY 31 2015.......SUNRISE   722 AM MST   SUNSET   517 PM MST


-  INDICATES NEGATIVE NUMBERS.
R  INDICATES RECORD WAS SET OR TIED.
MM INDICATES DATA IS MISSING.
T  INDICATES TRACE AMOUNT.




$$
