000
CDUS45 KRIW 280734
CLICPR


CLIMATE REPORT
NATIONAL WEATHER SERVICE RIVERTON WY
1234 AM MST SAT FEB 28 2015


...................................

...THE CASPER WY CLIMATE SUMMARY FOR FEBRUARY 27 2015...

CLIMATE NORMAL PERIOD 1981 TO 2010
CLIMATE RECORD PERIOD 1939 TO 2015


WEATHER ITEM   OBSERVED TIME   RECORD YEAR NORMAL DEPARTURE LAST
                VALUE   (LST)  VALUE       VALUE  FROM      YEAR
                                                  NORMAL
..................................................................
TEMPERATURE (F)
 YESTERDAY
  MAXIMUM         28    416 PM  63    1992  42    -14       49
  MINIMUM         -5    433 AM -23    1947  18    -23        0
  AVERAGE         12                        30    -18       25

PRECIPITATION (IN)
  YESTERDAY        0.00          0.21 1948   0.02  -0.02     0.00
  MONTH TO DATE    0.79                      0.55   0.24     0.58
  SINCE DEC 1      2.56                      1.55   1.01     2.52
  SINCE JAN 1      1.31                      1.06   0.25     1.32

SNOWFALL (IN)
  YESTERDAY        0.0                       0.4   -0.4      0.0
  MONTH TO DATE   12.4                       9.5    2.9      9.5
  SINCE DEC 1     36.6                      29.6    7.0     39.4
  SINCE JUL 1     51.4                      49.1    2.3     64.2
  SNOW DEPTH       T

DEGREE DAYS
 HEATING
  YESTERDAY       53                        35     18       40
  MONTH TO DATE  921                      1035   -114     1240
  SINCE DEC 1   3228                      3558   -330     3878
  SINCE JUL 1   5003                      5412   -409     5722

 COOLING
  YESTERDAY        0                         0      0        0
  MONTH TO DATE    0                         0      0        0
  SINCE DEC 1      0                         0      0        0
  SINCE JAN 1      0                         0      0        0
..................................................................


WIND (MPH)
  HIGHEST WIND SPEED    15   HIGHEST WIND DIRECTION    SW (210)
  HIGHEST GUST SPEED    18   HIGHEST GUST DIRECTION    SW (220)
  AVERAGE WIND SPEED     5.4


SKY COVER
  POSSIBLE SUNSHINE  MM
  AVERAGE SKY COVER 0.2


WEATHER CONDITIONS
 THE FOLLOWING WEATHER WAS RECORDED YESTERDAY.
  FOG
  HAZE


RELATIVE HUMIDITY (PERCENT)
 HIGHEST    87           500 AM
 LOWEST     42           400 PM
 AVERAGE    65

..........................................................


THE CASPER WY CLIMATE NORMALS FOR TODAY
                         NORMAL    RECORD    YEAR
 MAXIMUM TEMPERATURE (F)   42        61      1972
 MINIMUM TEMPERATURE (F)   18       -20      1996


SUNRISE AND SUNSET
FEBRUARY 28 2015......SUNRISE   644 AM MST   SUNSET   554 PM MST
MARCH  1 2015.........SUNRISE   642 AM MST   SUNSET   555 PM MST


-  INDICATES NEGATIVE NUMBERS.
R  INDICATES RECORD WAS SET OR TIED.
MM INDICATES DATA IS MISSING.
T  INDICATES TRACE AMOUNT.




$$
