438
CDUS45 KRIW 010034
CLICPR


CLIMATE REPORT
NATIONAL WEATHER SERVICE RIVERTON WY
634 PM MDT SAT APR 30 2016


...................................

...THE CASPER WY CLIMATE SUMMARY FOR APRIL 30 2016...
VALID TODAY AS OF 0500 PM LOCAL TIME.

CLIMATE NORMAL PERIOD 1981 TO 2010
CLIMATE RECORD PERIOD 1939 TO 2016


WEATHER ITEM   OBSERVED TIME   RECORD YEAR NORMAL DEPARTURE LAST
                VALUE   (LST)  VALUE       VALUE  FROM      YEAR
                                                  NORMAL
..................................................................
TEMPERATURE (F)
 TODAY
  MAXIMUM         42        MM  84    1992  62    -20       62
  MINIMUM         32        MM  18    1967  32      0       34
  AVERAGE         37                        47    -10       48

PRECIPITATION (IN)
  TODAY            0.32          0.92 1973   0.06   0.26     0.00
  MONTH TO DATE    3.64                      1.29   2.35     1.66
  SINCE MAR 1      5.00                      2.11   2.89     2.30
  SINCE JAN 1      6.46                      3.19   3.27     3.61

SNOWFALL (IN)
  TODAY            1.2                       0.3    0.9      0.0
  MONTH TO DATE   14.5                      11.6    2.9      4.7
  SINCE MAR 1     27.9                      22.5    5.4     14.0
  SINCE JUL 1     86.6                      71.9   14.7     65.4
  SNOW DEPTH       1

DEGREE DAYS
 HEATING
  TODAY           28                        18     10       17
  MONTH TO DATE  652                       669    -17      632
  SINCE MAR 1   1506                      1594    -88     1401
  SINCE JUL 1   6441                      7042   -601     6452

 COOLING
  TODAY            0                         0      0        0
  MONTH TO DATE    0                         0      0        0
  SINCE MAR 1      0                         0      0        0
  SINCE JAN 1      0                         0      0        0
..................................................................


WIND (MPH)
  HIGHEST WIND SPEED    21   HIGHEST WIND DIRECTION    NE (50)
  HIGHEST GUST SPEED    MM   HIGHEST GUST DIRECTION    MM
  AVERAGE WIND SPEED    10.9


SKY COVER
  POSSIBLE SUNSHINE  MM
  AVERAGE SKY COVER 1.0


WEATHER CONDITIONS
 THE FOLLOWING WEATHER WAS RECORDED TODAY.
  LIGHT RAIN
  LIGHT SNOW
  FOG


RELATIVE HUMIDITY (PERCENT)
 HIGHEST    92          1200 AM
 LOWEST     70           400 PM
 AVERAGE    81

..........................................................


THE CASPER WY CLIMATE NORMALS FOR TOMORROW
                         NORMAL    RECORD    YEAR
 MAXIMUM TEMPERATURE (F)   62        81      1959
 MINIMUM TEMPERATURE (F)   33        17      2005


SUNRISE AND SUNSET
APRIL 30 2016.........SUNRISE   600 AM MDT   SUNSET   806 PM MDT
MAY  1 2016...........SUNRISE   559 AM MDT   SUNSET   807 PM MDT


-  INDICATES NEGATIVE NUMBERS.
R  INDICATES RECORD WAS SET OR TIED.
MM INDICATES DATA IS MISSING.
T  INDICATES TRACE AMOUNT.




$$
