000
CDUS45 KRIW 300743
CLICPR


CLIMATE REPORT
NATIONAL WEATHER SERVICE RIVERTON WY
128 AM MDT MON MAR 30 2015


...................................

...THE CASPER WY CLIMATE SUMMARY FOR MARCH 29 2015...

CLIMATE NORMAL PERIOD 1981 TO 2010
CLIMATE RECORD PERIOD 1939 TO 2015


WEATHER ITEM   OBSERVED TIME   RECORD YEAR NORMAL DEPARTURE LAST
                VALUE   (LST)  VALUE       VALUE  FROM      YEAR
                                                  NORMAL
..................................................................
TEMPERATURE (F)
 YESTERDAY
  MAXIMUM         66    242 PM  74    1986  52     14       62
  MINIMUM         23    500 AM   0    1975  25     -2       34
  AVERAGE         45                        38      7       48

PRECIPITATION (IN)
  YESTERDAY        0.00          0.40 1979   0.03  -0.03     0.00
  MONTH TO DATE    0.64                      0.75  -0.11     1.36
  SINCE MAR 1      0.64                      0.75  -0.11     1.36
  SINCE JAN 1      1.95                      1.83   0.12     2.84

SNOWFALL (IN)
  YESTERDAY        0.0                       0.4   -0.4      0.0
  MONTH TO DATE    9.3                      10.1   -0.8     15.6
  SINCE MAR 1      9.3                      10.1   -0.8     15.6
  SINCE JUL 1     60.7                      59.5    1.2     81.8
  SNOW DEPTH       0

DEGREE DAYS
 HEATING
  YESTERDAY       20                        26     -6       17
  MONTH TO DATE  741                       872   -131      860
  SINCE MAR 1    741                       872   -131      860
  SINCE JUL 1   5792                      6320   -528     6624

 COOLING
  YESTERDAY        0                         0      0        0
  MONTH TO DATE    0                         0      0        0
  SINCE MAR 1      0                         0      0        0
  SINCE JAN 1      0                         0      0        0
..................................................................


WIND (MPH)
  HIGHEST WIND SPEED    23   HIGHEST WIND DIRECTION     W (260)
  HIGHEST GUST SPEED    31   HIGHEST GUST DIRECTION     W (260)
  AVERAGE WIND SPEED     9.0


SKY COVER
  POSSIBLE SUNSHINE  MM
  AVERAGE SKY COVER 0.0


WEATHER CONDITIONS
 THE FOLLOWING WEATHER WAS RECORDED YESTERDAY.
  NO SIGNIFICANT WEATHER WAS OBSERVED.


RELATIVE HUMIDITY (PERCENT)
 HIGHEST    74           600 AM
 LOWEST      8           500 PM
 AVERAGE    41

..........................................................


THE CASPER WY CLIMATE NORMALS FOR TODAY
                         NORMAL    RECORD    YEAR
 MAXIMUM TEMPERATURE (F)   52        73      1986
                                             1966
 MINIMUM TEMPERATURE (F)   25         6      1954


SUNRISE AND SUNSET
MARCH 30 2015.........SUNRISE   652 AM MDT   SUNSET   730 PM MDT
MARCH 31 2015.........SUNRISE   650 AM MDT   SUNSET   731 PM MDT


-  INDICATES NEGATIVE NUMBERS.
R  INDICATES RECORD WAS SET OR TIED.
MM INDICATES DATA IS MISSING.
T  INDICATES TRACE AMOUNT.




$$
