000
CDUS45 KRIW 230741
CLICPR


CLIMATE REPORT
NATIONAL WEATHER SERVICE RIVERTON WY
138 AM MDT THU OCT 23 2014


...................................

...THE CASPER WY CLIMATE SUMMARY FOR OCTOBER 22 2014...

CLIMATE NORMAL PERIOD 1981 TO 2010
CLIMATE RECORD PERIOD 1939 TO 2014


WEATHER ITEM   OBSERVED TIME   RECORD YEAR NORMAL DEPARTURE LAST
                VALUE   (LST)  VALUE       VALUE  FROM      YEAR
                                                  NORMAL
..................................................................
TEMPERATURE (F)
 YESTERDAY
  MAXIMUM         62    319 PM  80    2003  57      5       65
  MINIMUM         31    625 AM  10    1984  30      1       30
  AVERAGE         47                        43      4       48

PRECIPITATION (IN)
  YESTERDAY        0.00          0.69 1986   0.03  -0.03     0.00
  MONTH TO DATE    1.05                      0.81   0.24     3.03
  SINCE SEP 1      1.69                      1.89  -0.20     4.50
  SINCE JAN 1     10.07                     10.97  -0.90    13.70

SNOWFALL (IN)
  YESTERDAY        0.0                       0.3   -0.3      0.0
  MONTH TO DATE    3.2                       4.8   -1.6     16.4
  SINCE SEP 1      4.2                       6.6   -2.4     21.2
  SINCE JUL 1      4.2                       6.6   -2.4     21.2
  SNOW DEPTH       0

DEGREE DAYS
 HEATING
  YESTERDAY       18                        22     -4       17
  MONTH TO DATE  298                       405   -107      516
  SINCE SEP 1    488                       644   -156      683
  SINCE JUL 1    535                       690   -155      683

 COOLING
  YESTERDAY        0                         0      0        0
  MONTH TO DATE    0                         0      0        0
  SINCE SEP 1     29                        25      4       80
  SINCE JAN 1    357                       422    -65      618
..................................................................


WIND (MPH)
  HIGHEST WIND SPEED    22   HIGHEST WIND DIRECTION    SW (240)
  HIGHEST GUST SPEED    29   HIGHEST GUST DIRECTION    SW (210)
  AVERAGE WIND SPEED    12.3


SKY COVER
  POSSIBLE SUNSHINE  MM
  AVERAGE SKY COVER 0.0


WEATHER CONDITIONS
 THE FOLLOWING WEATHER WAS RECORDED YESTERDAY.
  NO SIGNIFICANT WEATHER WAS OBSERVED.


RELATIVE HUMIDITY (PERCENT)
 HIGHEST    61           600 AM
 LOWEST     15           400 PM
 AVERAGE    38

..........................................................


THE CASPER WY CLIMATE NORMALS FOR TODAY
                         NORMAL    RECORD    YEAR
 MAXIMUM TEMPERATURE (F)   57        81      2003
 MINIMUM TEMPERATURE (F)   29        11      1984


SUNRISE AND SUNSET
OCTOBER 23 2014.......SUNRISE   729 AM MDT   SUNSET   611 PM MDT
OCTOBER 24 2014.......SUNRISE   730 AM MDT   SUNSET   609 PM MDT


-  INDICATES NEGATIVE NUMBERS.
R  INDICATES RECORD WAS SET OR TIED.
MM INDICATES DATA IS MISSING.
T  INDICATES TRACE AMOUNT.




$$
