000
CDUS45 KRIW 300738
CLICPR


CLIMATE REPORT
NATIONAL WEATHER SERVICE RIVERTON WY
128 AM MDT MON MAY 30 2016


...................................

...THE CASPER WY CLIMATE SUMMARY FOR MAY 29 2016...

CLIMATE NORMAL PERIOD 1981 TO 2010
CLIMATE RECORD PERIOD 1939 TO 2016


WEATHER ITEM   OBSERVED TIME   RECORD YEAR NORMAL DEPARTURE LAST
                VALUE   (LST)  VALUE       VALUE  FROM      YEAR
                                                  NORMAL
..................................................................
TEMPERATURE (F)
 YESTERDAY
  MAXIMUM         75    436 PM  95    2003  72      3       56
  MINIMUM         37    458 AM  29    1947  41     -4       38
  AVERAGE         56                        56      0       47

PRECIPITATION (IN)
  YESTERDAY        T             1.19 1971   0.06  -0.06     0.43
  MONTH TO DATE    2.82                      1.89   0.93     3.89
  SINCE MAR 1      7.81                      4.00   3.81     6.19
  SINCE JAN 1      9.27                      5.08   4.19     7.50

SNOWFALL (IN)
  YESTERDAY        0.0                       0.0    0.0      0.0
  MONTH TO DATE    0.0                       2.9   -2.9      6.3
  SINCE MAR 1     27.9                      25.4    2.5     20.3
  SINCE JUL 1     86.6                      74.8   11.8     71.7
  SNOW DEPTH       0

DEGREE DAYS
 HEATING
  YESTERDAY        9                         9      0       18
  MONTH TO DATE  440                       384     56      475
  SINCE MAR 1   1946                      1978    -32     1876
  SINCE JUL 1   6881                      7426   -545     6927

 COOLING
  YESTERDAY        0                         0      0        0
  MONTH TO DATE    0                         0      0        0
  SINCE MAR 1      0                         0      0        0
  SINCE JAN 1      0                         0      0        0
..................................................................


WIND (MPH)
  HIGHEST WIND SPEED    22   HIGHEST WIND DIRECTION     W (250)
  HIGHEST GUST SPEED    28   HIGHEST GUST DIRECTION    SW (240)
  AVERAGE WIND SPEED     7.6


SKY COVER
  POSSIBLE SUNSHINE  MM
  AVERAGE SKY COVER 0.1


WEATHER CONDITIONS
 THE FOLLOWING WEATHER WAS RECORDED YESTERDAY.
  NO SIGNIFICANT WEATHER WAS OBSERVED.


RELATIVE HUMIDITY (PERCENT)
 HIGHEST    92           200 AM
 LOWEST     19           400 PM
 AVERAGE    56

..........................................................


THE CASPER WY CLIMATE NORMALS FOR TODAY
                         NORMAL    RECORD    YEAR
 MAXIMUM TEMPERATURE (F)   72        92      1984
 MINIMUM TEMPERATURE (F)   41        29      2010
                                             2006
                                             2004


SUNRISE AND SUNSET
MAY 30 2016...........SUNRISE   531 AM MDT   SUNSET   837 PM MDT
MAY 31 2016...........SUNRISE   530 AM MDT   SUNSET   838 PM MDT


-  INDICATES NEGATIVE NUMBERS.
R  INDICATES RECORD WAS SET OR TIED.
MM INDICATES DATA IS MISSING.
T  INDICATES TRACE AMOUNT.




$$
